{"id":11283,"date":"2022-09-06T14:38:01","date_gmt":"2022-09-06T12:38:01","guid":{"rendered":"https:\/\/www.landofmemory.eu\/oeuvres\/letzebuerg-ass-fraei\/"},"modified":"2022-09-06T14:38:01","modified_gmt":"2022-09-06T12:38:01","slug":"letzebuerg-ass-fraei","status":"publish","type":"oeuvres","link":"https:\/\/www.landofmemory.eu\/de\/oeuvres\/letzebuerg-ass-fraei\/","title":{"rendered":"L\u00ebtzebuerg ass fr\u00e4i"},"content":{"rendered":"\n<p>&#8222;Luxemburg ist frei&#8220;, auf Luxemburgisch &#8222;L\u00ebtzebuerg ass fr\u00e4i&#8220;, ist ein historischer Dokumentarfilm, der auf der Grundlage von Archivmaterial gedreht wurde.<\/p>\n\n<p>Der 10. September 1944 gilt als der Tag, an dem Luxemburg und seine Hauptstadt befreit wurden.<\/p>\n\n<p>Dieser 17-min\u00fctige Minifilm schildert diese denkw\u00fcrdigen Momente der Befreiung. Er erm\u00f6glicht es, diesen historischen Moment anhand von Aufnahmen aus der Zeit wiederzubeleben. Am 17. Februar 1945 zogen sich die deutschen Truppen schlie\u00dflich von luxemburgischem Territorium zur\u00fcck.\u00a0<\/p>\n\n<p>Der 1944 ver\u00f6ffentlichte Dokumentarfilm ist kostenlos auf YouTube verf\u00fcgbar:<\/p>\n<div class=\"wp-block-image\">\n<figure class=\"aligncenter size-full\"><a href=\"https:\/\/www.youtube.com\/watch?v=dlj0Qrls4rY&amp;ab_channel=FederationdesEnrolesdeForce\" target=\"_blank\" rel=\"noreferrer noopener\"><img loading=\"lazy\" decoding=\"async\" width=\"480\" height=\"360\" src=\"https:\/\/www.landofmemory.eu\/wp-content\/uploads\/2022\/08\/Latzebuerg-ass-frai.jpeg\" alt=\"L&#xEB;tzebuerg ass fr&#xE4;i\" class=\"wp-image-10623\" srcset=\"https:\/\/www.landofmemory.eu\/wp-content\/uploads\/2022\/08\/Latzebuerg-ass-frai.jpeg 480w, https:\/\/www.landofmemory.eu\/wp-content\/uploads\/2022\/08\/Latzebuerg-ass-frai-300x225.jpeg 300w\" sizes=\"auto, (max-width: 480px) 100vw, 480px\" \/><\/a><figcaption>L\u00ebtzebuerg ass fr\u00e4i sur YouTube<\/figcaption><\/figure>\n<\/div>","protected":false},"template":"","class_list":["post-11283","oeuvres","type-oeuvres","status-publish","hentry","type_oeuvre-films-guerres-mondiales"],"acf":[],"yoast_head":"<!-- This site is optimized with the Yoast SEO plugin v26.0 - https:\/\/yoast.com\/wordpress\/plugins\/seo\/ -->\n<title>L\u00ebtzebuerg ass fr\u00e4i - Land Of Memory<\/title>\n<meta name=\"description\" content=\"&quot;L\u00ebtzebuerg ass fr\u00e4i&quot; ist ein luxemburgischer Film aus dem Jahr 1944, der die Befreiung des Landes nach der Invasion der Nazis thematisiert.\" \/>\n<meta name=\"robots\" content=\"index, follow, max-snippet:-1, max-image-preview:large, max-video-preview:-1\" \/>\n<link rel=\"canonical\" href=\"https:\/\/www.landofmemory.eu\/de\/oeuvres\/letzebuerg-ass-fraei\/\" \/>\n<meta property=\"og:locale\" content=\"de_DE\" \/>\n<meta property=\"og:type\" content=\"article\" \/>\n<meta property=\"og:title\" content=\"L\u00ebtzebuerg ass fr\u00e4i - Land Of Memory\" \/>\n<meta property=\"og:description\" content=\"&quot;L\u00ebtzebuerg ass fr\u00e4i&quot; ist ein luxemburgischer Film aus dem Jahr 1944, der die Befreiung des Landes nach der Invasion der Nazis thematisiert.\" \/>\n<meta property=\"og:url\" content=\"https:\/\/www.landofmemory.eu\/de\/oeuvres\/letzebuerg-ass-fraei\/\" \/>\n<meta property=\"og:site_name\" content=\"Land Of Memory\" \/>\n<meta property=\"article:publisher\" content=\"https:\/\/www.facebook.com\/landofmemory.eu\" \/>\n<meta property=\"og:image\" content=\"https:\/\/www.landofmemory.eu\/wp-content\/uploads\/2022\/08\/Latzebuerg-ass-frai.jpeg\" \/>\n<meta name=\"twitter:card\" content=\"summary_large_image\" \/>\n<script type=\"application\/ld+json\" class=\"yoast-schema-graph\">{\"@context\":\"https:\/\/schema.org\",\"@graph\":[{\"@type\":\"WebPage\",\"@id\":\"https:\/\/www.landofmemory.eu\/de\/oeuvres\/letzebuerg-ass-fraei\/\",\"url\":\"https:\/\/www.landofmemory.eu\/de\/oeuvres\/letzebuerg-ass-fraei\/\",\"name\":\"L\u00ebtzebuerg ass fr\u00e4i - Land Of Memory\",\"isPartOf\":{\"@id\":\"https:\/\/www.landofmemory.eu\/#website\"},\"primaryImageOfPage\":{\"@id\":\"https:\/\/www.landofmemory.eu\/de\/oeuvres\/letzebuerg-ass-fraei\/#primaryimage\"},\"image\":{\"@id\":\"https:\/\/www.landofmemory.eu\/de\/oeuvres\/letzebuerg-ass-fraei\/#primaryimage\"},\"thumbnailUrl\":\"https:\/\/www.landofmemory.eu\/wp-content\/uploads\/2022\/08\/Latzebuerg-ass-frai.jpeg\",\"datePublished\":\"2022-09-06T12:38:01+00:00\",\"description\":\"\\\"L\u00ebtzebuerg ass fr\u00e4i\\\" ist ein luxemburgischer Film aus dem Jahr 1944, der die Befreiung des Landes nach der Invasion der Nazis thematisiert.\",\"breadcrumb\":{\"@id\":\"https:\/\/www.landofmemory.eu\/de\/oeuvres\/letzebuerg-ass-fraei\/#breadcrumb\"},\"inLanguage\":\"de\",\"potentialAction\":[{\"@type\":\"ReadAction\",\"target\":[\"https:\/\/www.landofmemory.eu\/de\/oeuvres\/letzebuerg-ass-fraei\/\"]}]},{\"@type\":\"ImageObject\",\"inLanguage\":\"de\",\"@id\":\"https:\/\/www.landofmemory.eu\/de\/oeuvres\/letzebuerg-ass-fraei\/#primaryimage\",\"url\":\"https:\/\/www.landofmemory.eu\/wp-content\/uploads\/2022\/08\/Latzebuerg-ass-frai.jpeg\",\"contentUrl\":\"https:\/\/www.landofmemory.eu\/wp-content\/uploads\/2022\/08\/Latzebuerg-ass-frai.jpeg\"},{\"@type\":\"BreadcrumbList\",\"@id\":\"https:\/\/www.landofmemory.eu\/de\/oeuvres\/letzebuerg-ass-fraei\/#breadcrumb\",\"itemListElement\":[{\"@type\":\"ListItem\",\"position\":1,\"name\":\"Accueil\",\"item\":\"https:\/\/www.landofmemory.eu\/\"},{\"@type\":\"ListItem\",\"position\":2,\"name\":\"L\u00ebtzebuerg ass fr\u00e4i\"}]},{\"@type\":\"WebSite\",\"@id\":\"https:\/\/www.landofmemory.eu\/#website\",\"url\":\"https:\/\/www.landofmemory.eu\/\",\"name\":\"Land Of Memory\",\"description\":\"L&#039;histoire commence ici\",\"publisher\":{\"@id\":\"https:\/\/www.landofmemory.eu\/#organization\"},\"potentialAction\":[{\"@type\":\"SearchAction\",\"target\":{\"@type\":\"EntryPoint\",\"urlTemplate\":\"https:\/\/www.landofmemory.eu\/?s={search_term_string}\"},\"query-input\":{\"@type\":\"PropertyValueSpecification\",\"valueRequired\":true,\"valueName\":\"search_term_string\"}}],\"inLanguage\":\"de\"},{\"@type\":\"Organization\",\"@id\":\"https:\/\/www.landofmemory.eu\/#organization\",\"name\":\"Land Of Memory\",\"url\":\"https:\/\/www.landofmemory.eu\/\",\"logo\":{\"@type\":\"ImageObject\",\"inLanguage\":\"de\",\"@id\":\"https:\/\/www.landofmemory.eu\/#\/schema\/logo\/image\/\",\"url\":\"https:\/\/www.landofmemory.eu\/wp-content\/uploads\/2022\/10\/logo-land-of-memory.jpg\",\"contentUrl\":\"https:\/\/www.landofmemory.eu\/wp-content\/uploads\/2022\/10\/logo-land-of-memory.jpg\",\"width\":1000,\"height\":500,\"caption\":\"Land Of Memory\"},\"image\":{\"@id\":\"https:\/\/www.landofmemory.eu\/#\/schema\/logo\/image\/\"},\"sameAs\":[\"https:\/\/www.facebook.com\/landofmemory.eu\",\"https:\/\/www.instagram.com\/landofmemory_eu\/\"]}]}<\/script>\n<!-- \/ Yoast SEO plugin. -->","yoast_head_json":{"title":"L\u00ebtzebuerg ass fr\u00e4i - Land Of Memory","description":"\"L\u00ebtzebuerg ass fr\u00e4i\" ist ein luxemburgischer Film aus dem Jahr 1944, der die Befreiung des Landes nach der Invasion der Nazis thematisiert.","robots":{"index":"index","follow":"follow","max-snippet":"max-snippet:-1","max-image-preview":"max-image-preview:large","max-video-preview":"max-video-preview:-1"},"canonical":"https:\/\/www.landofmemory.eu\/de\/oeuvres\/letzebuerg-ass-fraei\/","og_locale":"de_DE","og_type":"article","og_title":"L\u00ebtzebuerg ass fr\u00e4i - Land Of Memory","og_description":"\"L\u00ebtzebuerg ass fr\u00e4i\" ist ein luxemburgischer Film aus dem Jahr 1944, der die Befreiung des Landes nach der Invasion der Nazis thematisiert.","og_url":"https:\/\/www.landofmemory.eu\/de\/oeuvres\/letzebuerg-ass-fraei\/","og_site_name":"Land Of Memory","article_publisher":"https:\/\/www.facebook.com\/landofmemory.eu","og_image":[{"url":"https:\/\/www.landofmemory.eu\/wp-content\/uploads\/2022\/08\/Latzebuerg-ass-frai.jpeg","type":"","width":"","height":""}],"twitter_card":"summary_large_image","schema":{"@context":"https:\/\/schema.org","@graph":[{"@type":"WebPage","@id":"https:\/\/www.landofmemory.eu\/de\/oeuvres\/letzebuerg-ass-fraei\/","url":"https:\/\/www.landofmemory.eu\/de\/oeuvres\/letzebuerg-ass-fraei\/","name":"L\u00ebtzebuerg ass fr\u00e4i - Land Of Memory","isPartOf":{"@id":"https:\/\/www.landofmemory.eu\/#website"},"primaryImageOfPage":{"@id":"https:\/\/www.landofmemory.eu\/de\/oeuvres\/letzebuerg-ass-fraei\/#primaryimage"},"image":{"@id":"https:\/\/www.landofmemory.eu\/de\/oeuvres\/letzebuerg-ass-fraei\/#primaryimage"},"thumbnailUrl":"https:\/\/www.landofmemory.eu\/wp-content\/uploads\/2022\/08\/Latzebuerg-ass-frai.jpeg","datePublished":"2022-09-06T12:38:01+00:00","description":"\"L\u00ebtzebuerg ass fr\u00e4i\" ist ein luxemburgischer Film aus dem Jahr 1944, der die Befreiung des Landes nach der Invasion der Nazis thematisiert.","breadcrumb":{"@id":"https:\/\/www.landofmemory.eu\/de\/oeuvres\/letzebuerg-ass-fraei\/#breadcrumb"},"inLanguage":"de","potentialAction":[{"@type":"ReadAction","target":["https:\/\/www.landofmemory.eu\/de\/oeuvres\/letzebuerg-ass-fraei\/"]}]},{"@type":"ImageObject","inLanguage":"de","@id":"https:\/\/www.landofmemory.eu\/de\/oeuvres\/letzebuerg-ass-fraei\/#primaryimage","url":"https:\/\/www.landofmemory.eu\/wp-content\/uploads\/2022\/08\/Latzebuerg-ass-frai.jpeg","contentUrl":"https:\/\/www.landofmemory.eu\/wp-content\/uploads\/2022\/08\/Latzebuerg-ass-frai.jpeg"},{"@type":"BreadcrumbList","@id":"https:\/\/www.landofmemory.eu\/de\/oeuvres\/letzebuerg-ass-fraei\/#breadcrumb","itemListElement":[{"@type":"ListItem","position":1,"name":"Accueil","item":"https:\/\/www.landofmemory.eu\/"},{"@type":"ListItem","position":2,"name":"L\u00ebtzebuerg ass fr\u00e4i"}]},{"@type":"WebSite","@id":"https:\/\/www.landofmemory.eu\/#website","url":"https:\/\/www.landofmemory.eu\/","name":"Land Of Memory","description":"L&#039;histoire commence ici","publisher":{"@id":"https:\/\/www.landofmemory.eu\/#organization"},"potentialAction":[{"@type":"SearchAction","target":{"@type":"EntryPoint","urlTemplate":"https:\/\/www.landofmemory.eu\/?s={search_term_string}"},"query-input":{"@type":"PropertyValueSpecification","valueRequired":true,"valueName":"search_term_string"}}],"inLanguage":"de"},{"@type":"Organization","@id":"https:\/\/www.landofmemory.eu\/#organization","name":"Land Of Memory","url":"https:\/\/www.landofmemory.eu\/","logo":{"@type":"ImageObject","inLanguage":"de","@id":"https:\/\/www.landofmemory.eu\/#\/schema\/logo\/image\/","url":"https:\/\/www.landofmemory.eu\/wp-content\/uploads\/2022\/10\/logo-land-of-memory.jpg","contentUrl":"https:\/\/www.landofmemory.eu\/wp-content\/uploads\/2022\/10\/logo-land-of-memory.jpg","width":1000,"height":500,"caption":"Land Of Memory"},"image":{"@id":"https:\/\/www.landofmemory.eu\/#\/schema\/logo\/image\/"},"sameAs":["https:\/\/www.facebook.com\/landofmemory.eu","https:\/\/www.instagram.com\/landofmemory_eu\/"]}]}},"_links":{"self":[{"href":"https:\/\/www.landofmemory.eu\/de\/wp-json\/wp\/v2\/oeuvres\/11283","targetHints":{"allow":["GET"]}}],"collection":[{"href":"https:\/\/www.landofmemory.eu\/de\/wp-json\/wp\/v2\/oeuvres"}],"about":[{"href":"https:\/\/www.landofmemory.eu\/de\/wp-json\/wp\/v2\/types\/oeuvres"}],"wp:attachment":[{"href":"https:\/\/www.landofmemory.eu\/de\/wp-json\/wp\/v2\/media?parent=11283"}],"curies":[{"name":"wp","href":"https:\/\/api.w.org\/{rel}","templated":true}]}}

Lëtzebuerg ass fräi

<p>&#8222;Luxemburg ist frei&#8220;, auf Luxemburgisch &#8222;Lëtzebuerg ass fräi&#8220;, ist ein historischer Dokumentarfilm, der auf der Grundlage von Archivmaterial gedreht wurde.</p>

<p>Der 10. September 1944 gilt als der Tag, an dem Luxemburg und seine Hauptstadt befreit wurden.</p>

<p>Dieser 17-minütige Minifilm schildert diese denkwürdigen Momente der Befreiung. Er ermöglicht es, diesen historischen Moment anhand von Aufnahmen aus der Zeit wiederzubeleben. Am 17. Februar 1945 zogen sich die deutschen Truppen schließlich von luxemburgischem Territorium zurück. </p>

<p>Der 1944 veröffentlichte Dokumentarfilm ist kostenlos auf YouTube verfügbar:</p>
<div class="wp-block-image">
<figure class="aligncenter size-full"><a href="https://www.youtube.com/watch?v=dlj0Qrls4rY&amp;ab_channel=FederationdesEnrolesdeForce" target="_blank" rel="noreferrer noopener"><img loading="lazy" decoding="async" width="480" height="360" src="https://www.landofmemory.eu/wp-content/uploads/2022/08/Latzebuerg-ass-frai.jpeg" alt="L&#xEB;tzebuerg ass fr&#xE4;i" class="wp-image-10623" srcset="https://www.landofmemory.eu/wp-content/uploads/2022/08/Latzebuerg-ass-frai.jpeg 480w, https://www.landofmemory.eu/wp-content/uploads/2022/08/Latzebuerg-ass-frai-300x225.jpeg 300w" sizes="auto, (max-width: 480px) 100vw, 480px" /></a><figcaption>Lëtzebuerg ass fräi sur YouTube</figcaption></figure>
</div>

<!-- This site is optimized with the Yoast SEO plugin v26.0 - https://yoast.com/wordpress/plugins/seo/ -->
<title>Lëtzebuerg ass fräi - Land Of Memory</title>
<meta name="description" content="&quot;Lëtzebuerg ass fräi&quot; ist ein luxemburgischer Film aus dem Jahr 1944, der die Befreiung des Landes nach der Invasion der Nazis thematisiert." />
<meta name="robots" content="index, follow, max-snippet:-1, max-image-preview:large, max-video-preview:-1" />
<link rel="canonical" href="https://www.landofmemory.eu/de/oeuvres/letzebuerg-ass-fraei/" />
<meta property="og:locale" content="de_DE" />
<meta property="og:type" content="article" />
<meta property="og:title" content="Lëtzebuerg ass fräi - Land Of Memory" />
<meta property="og:description" content="&quot;Lëtzebuerg ass fräi&quot; ist ein luxemburgischer Film aus dem Jahr 1944, der die Befreiung des Landes nach der Invasion der Nazis thematisiert." />
<meta property="og:url" content="https://www.landofmemory.eu/de/oeuvres/letzebuerg-ass-fraei/" />
<meta property="og:site_name" content="Land Of Memory" />
<meta property="article:publisher" content="https://www.facebook.com/landofmemory.eu" />
<meta property="og:image" content="https://www.landofmemory.eu/wp-content/uploads/2022/08/Latzebuerg-ass-frai.jpeg" />
<meta name="twitter:card" content="summary_large_image" />
<script type="application/ld+json" class="yoast-schema-graph">{"@context":"https://schema.org","@graph":[{"@type":"WebPage","@id":"https://www.landofmemory.eu/de/oeuvres/letzebuerg-ass-fraei/","url":"https://www.landofmemory.eu/de/oeuvres/letzebuerg-ass-fraei/","name":"Lëtzebuerg ass fräi - Land Of Memory","isPartOf":{"@id":"https://www.landofmemory.eu/#website"},"primaryImageOfPage":{"@id":"https://www.landofmemory.eu/de/oeuvres/letzebuerg-ass-fraei/#primaryimage"},"image":{"@id":"https://www.landofmemory.eu/de/oeuvres/letzebuerg-ass-fraei/#primaryimage"},"thumbnailUrl":"https://www.landofmemory.eu/wp-content/uploads/2022/08/Latzebuerg-ass-frai.jpeg","datePublished":"2022-09-06T12:38:01+00:00","description":"\"Lëtzebuerg ass fräi\" ist ein luxemburgischer Film aus dem Jahr 1944, der die Befreiung des Landes nach der Invasion der Nazis thematisiert.","breadcrumb":{"@id":"https://www.landofmemory.eu/de/oeuvres/letzebuerg-ass-fraei/#breadcrumb"},"inLanguage":"de","potentialAction":[{"@type":"ReadAction","target":["https://www.landofmemory.eu/de/oeuvres/letzebuerg-ass-fraei/"]}]},{"@type":"ImageObject","inLanguage":"de","@id":"https://www.landofmemory.eu/de/oeuvres/letzebuerg-ass-fraei/#primaryimage","url":"https://www.landofmemory.eu/wp-content/uploads/2022/08/Latzebuerg-ass-frai.jpeg","contentUrl":"https://www.landofmemory.eu/wp-content/uploads/2022/08/Latzebuerg-ass-frai.jpeg"},{"@type":"BreadcrumbList","@id":"https://www.landofmemory.eu/de/oeuvres/letzebuerg-ass-fraei/#breadcrumb","itemListElement":[{"@type":"ListItem","position":1,"name":"Accueil","item":"https://www.landofmemory.eu/"},{"@type":"ListItem","position":2,"name":"Lëtzebuerg ass fräi"}]},{"@type":"WebSite","@id":"https://www.landofmemory.eu/#website","url":"https://www.landofmemory.eu/","name":"Land Of Memory","description":"L&#039;histoire commence ici","publisher":{"@id":"https://www.landofmemory.eu/#organization"},"potentialAction":[{"@type":"SearchAction","target":{"@type":"EntryPoint","urlTemplate":"https://www.landofmemory.eu/?s={search_term_string}"},"query-input":{"@type":"PropertyValueSpecification","valueRequired":true,"valueName":"search_term_string"}}],"inLanguage":"de"},{"@type":"Organization","@id":"https://www.landofmemory.eu/#organization","name":"Land Of Memory","url":"https://www.landofmemory.eu/","logo":{"@type":"ImageObject","inLanguage":"de","@id":"https://www.landofmemory.eu/#/schema/logo/image/","url":"https://www.landofmemory.eu/wp-content/uploads/2022/10/logo-land-of-memory.jpg","contentUrl":"https://www.landofmemory.eu/wp-content/uploads/2022/10/logo-land-of-memory.jpg","width":1000,"height":500,"caption":"Land Of Memory"},"image":{"@id":"https://www.landofmemory.eu/#/schema/logo/image/"},"sameAs":["https://www.facebook.com/landofmemory.eu","https://www.instagram.com/landofmemory_eu/"]}]}</script>
<!-- / Yoast SEO plugin. -->

Lëtzebuerg ass fräi - Land Of Memory

"Lëtzebuerg ass fräi" ist ein luxemburgischer Film aus dem Jahr 1944, der die Befreiung des Landes nach der Invasion der Nazis thematisiert.
