{"id":11293,"date":"2022-09-06T15:25:03","date_gmt":"2022-09-06T13:25:03","guid":{"rendered":"https:\/\/www.landofmemory.eu\/oeuvres\/emil\/"},"modified":"2022-09-06T15:25:03","modified_gmt":"2022-09-06T13:25:03","slug":"emil","status":"publish","type":"oeuvres","link":"https:\/\/www.landofmemory.eu\/de\/oeuvres\/emil\/","title":{"rendered":"Emil"},"content":{"rendered":"\n<p>Im Sommer 1943 w\u00e4hrend der Nazi-Besatzung in Luxemburg erschie\u00dft der junge Refrakt\u00e4r Emil Schwirtz zwei deutsche Gendarmen. Bei dieser Schie\u00dferei wird sein Freund F\u00e9lix Lux von den Nazis erschossen. Emil gelingt es, sich zu verstecken. Mehr als 500 deutsche Polizisten und Soldaten durchk\u00e4mmen daraufhin die D\u00f6rfer Eschdorf und Heiderscheid, um Emil und seine widerspenstigen Kollegen zu finden. Es werden 20 Geiseln bestimmt, die hingerichtet werden sollen, wenn die Schuldigen nicht gefasst werden.<\/p>\n\n<p>Der Film vermischt Interviews mit fiktiven Szenen. Er ist voller Spannung und Emotionen und sorgt f\u00fcr G\u00e4nsehaut.<\/p>\n<div class=\"wp-block-image\">\n<figure class=\"aligncenter size-full\"><a href=\"https:\/\/www.youtube.com\/watch?v=2xki3wvdtIo&amp;ab_channel=Reivaxlux\" target=\"_blank\" rel=\"noreferrer noopener\"><img loading=\"lazy\" decoding=\"async\" width=\"480\" height=\"360\" src=\"https:\/\/www.landofmemory.eu\/wp-content\/uploads\/2022\/08\/Emil.jpeg\" alt=\"Emil\" class=\"wp-image-10718\" srcset=\"https:\/\/www.landofmemory.eu\/wp-content\/uploads\/2022\/08\/Emil.jpeg 480w, https:\/\/www.landofmemory.eu\/wp-content\/uploads\/2022\/08\/Emil-300x225.jpeg 300w\" sizes=\"auto, (max-width: 480px) 100vw, 480px\" \/><\/a><figcaption>Emil, bande annonce sur YouTube<\/figcaption><\/figure>\n<\/div>","protected":false},"template":"","class_list":["post-11293","oeuvres","type-oeuvres","status-publish","hentry","type_oeuvre-films-guerres-mondiales"],"acf":[],"yoast_head":"<!-- This site is optimized with the Yoast SEO plugin v26.0 - https:\/\/yoast.com\/wordpress\/plugins\/seo\/ -->\n<title>Emil - Land Of Memory<\/title>\n<meta name=\"description\" content=\"&quot;Emil&quot; veranschaulicht \u00fcber Interviews und fiktive Szenen das Leben in einem von den Nazis besetzten Dorf in Luxemburg.\" \/>\n<meta name=\"robots\" content=\"index, follow, max-snippet:-1, max-image-preview:large, max-video-preview:-1\" \/>\n<link rel=\"canonical\" href=\"https:\/\/www.landofmemory.eu\/de\/oeuvres\/emil\/\" \/>\n<meta property=\"og:locale\" content=\"de_DE\" \/>\n<meta property=\"og:type\" content=\"article\" \/>\n<meta property=\"og:title\" content=\"Emil - Land Of Memory\" \/>\n<meta property=\"og:description\" content=\"&quot;Emil&quot; veranschaulicht \u00fcber Interviews und fiktive Szenen das Leben in einem von den Nazis besetzten Dorf in Luxemburg.\" \/>\n<meta property=\"og:url\" content=\"https:\/\/www.landofmemory.eu\/de\/oeuvres\/emil\/\" \/>\n<meta property=\"og:site_name\" content=\"Land Of Memory\" \/>\n<meta property=\"article:publisher\" content=\"https:\/\/www.facebook.com\/landofmemory.eu\" \/>\n<meta property=\"og:image\" content=\"https:\/\/www.landofmemory.eu\/wp-content\/uploads\/2022\/08\/Emil.jpeg\" \/>\n<meta name=\"twitter:card\" content=\"summary_large_image\" \/>\n<meta name=\"twitter:label1\" content=\"Gesch\u00e4tzte Lesezeit\" \/>\n\t<meta name=\"twitter:data1\" content=\"1\u00a0Minute\" \/>\n<script type=\"application\/ld+json\" class=\"yoast-schema-graph\">{\"@context\":\"https:\/\/schema.org\",\"@graph\":[{\"@type\":\"WebPage\",\"@id\":\"https:\/\/www.landofmemory.eu\/de\/oeuvres\/emil\/\",\"url\":\"https:\/\/www.landofmemory.eu\/de\/oeuvres\/emil\/\",\"name\":\"Emil - Land Of Memory\",\"isPartOf\":{\"@id\":\"https:\/\/www.landofmemory.eu\/#website\"},\"primaryImageOfPage\":{\"@id\":\"https:\/\/www.landofmemory.eu\/de\/oeuvres\/emil\/#primaryimage\"},\"image\":{\"@id\":\"https:\/\/www.landofmemory.eu\/de\/oeuvres\/emil\/#primaryimage\"},\"thumbnailUrl\":\"https:\/\/www.landofmemory.eu\/wp-content\/uploads\/2022\/08\/Emil.jpeg\",\"datePublished\":\"2022-09-06T13:25:03+00:00\",\"description\":\"\\\"Emil\\\" veranschaulicht \u00fcber Interviews und fiktive Szenen das Leben in einem von den Nazis besetzten Dorf in Luxemburg.\",\"breadcrumb\":{\"@id\":\"https:\/\/www.landofmemory.eu\/de\/oeuvres\/emil\/#breadcrumb\"},\"inLanguage\":\"de\",\"potentialAction\":[{\"@type\":\"ReadAction\",\"target\":[\"https:\/\/www.landofmemory.eu\/de\/oeuvres\/emil\/\"]}]},{\"@type\":\"ImageObject\",\"inLanguage\":\"de\",\"@id\":\"https:\/\/www.landofmemory.eu\/de\/oeuvres\/emil\/#primaryimage\",\"url\":\"https:\/\/www.landofmemory.eu\/wp-content\/uploads\/2022\/08\/Emil.jpeg\",\"contentUrl\":\"https:\/\/www.landofmemory.eu\/wp-content\/uploads\/2022\/08\/Emil.jpeg\"},{\"@type\":\"BreadcrumbList\",\"@id\":\"https:\/\/www.landofmemory.eu\/de\/oeuvres\/emil\/#breadcrumb\",\"itemListElement\":[{\"@type\":\"ListItem\",\"position\":1,\"name\":\"Accueil\",\"item\":\"https:\/\/www.landofmemory.eu\/\"},{\"@type\":\"ListItem\",\"position\":2,\"name\":\"Emil\"}]},{\"@type\":\"WebSite\",\"@id\":\"https:\/\/www.landofmemory.eu\/#website\",\"url\":\"https:\/\/www.landofmemory.eu\/\",\"name\":\"Land Of Memory\",\"description\":\"L&#039;histoire commence ici\",\"publisher\":{\"@id\":\"https:\/\/www.landofmemory.eu\/#organization\"},\"potentialAction\":[{\"@type\":\"SearchAction\",\"target\":{\"@type\":\"EntryPoint\",\"urlTemplate\":\"https:\/\/www.landofmemory.eu\/?s={search_term_string}\"},\"query-input\":{\"@type\":\"PropertyValueSpecification\",\"valueRequired\":true,\"valueName\":\"search_term_string\"}}],\"inLanguage\":\"de\"},{\"@type\":\"Organization\",\"@id\":\"https:\/\/www.landofmemory.eu\/#organization\",\"name\":\"Land Of Memory\",\"url\":\"https:\/\/www.landofmemory.eu\/\",\"logo\":{\"@type\":\"ImageObject\",\"inLanguage\":\"de\",\"@id\":\"https:\/\/www.landofmemory.eu\/#\/schema\/logo\/image\/\",\"url\":\"https:\/\/www.landofmemory.eu\/wp-content\/uploads\/2022\/10\/logo-land-of-memory.jpg\",\"contentUrl\":\"https:\/\/www.landofmemory.eu\/wp-content\/uploads\/2022\/10\/logo-land-of-memory.jpg\",\"width\":1000,\"height\":500,\"caption\":\"Land Of Memory\"},\"image\":{\"@id\":\"https:\/\/www.landofmemory.eu\/#\/schema\/logo\/image\/\"},\"sameAs\":[\"https:\/\/www.facebook.com\/landofmemory.eu\",\"https:\/\/www.instagram.com\/landofmemory_eu\/\"]}]}<\/script>\n<!-- \/ Yoast SEO plugin. -->","yoast_head_json":{"title":"Emil - Land Of Memory","description":"\"Emil\" veranschaulicht \u00fcber Interviews und fiktive Szenen das Leben in einem von den Nazis besetzten Dorf in Luxemburg.","robots":{"index":"index","follow":"follow","max-snippet":"max-snippet:-1","max-image-preview":"max-image-preview:large","max-video-preview":"max-video-preview:-1"},"canonical":"https:\/\/www.landofmemory.eu\/de\/oeuvres\/emil\/","og_locale":"de_DE","og_type":"article","og_title":"Emil - Land Of Memory","og_description":"\"Emil\" veranschaulicht \u00fcber Interviews und fiktive Szenen das Leben in einem von den Nazis besetzten Dorf in Luxemburg.","og_url":"https:\/\/www.landofmemory.eu\/de\/oeuvres\/emil\/","og_site_name":"Land Of Memory","article_publisher":"https:\/\/www.facebook.com\/landofmemory.eu","og_image":[{"url":"https:\/\/www.landofmemory.eu\/wp-content\/uploads\/2022\/08\/Emil.jpeg","type":"","width":"","height":""}],"twitter_card":"summary_large_image","twitter_misc":{"Gesch\u00e4tzte Lesezeit":"1\u00a0Minute"},"schema":{"@context":"https:\/\/schema.org","@graph":[{"@type":"WebPage","@id":"https:\/\/www.landofmemory.eu\/de\/oeuvres\/emil\/","url":"https:\/\/www.landofmemory.eu\/de\/oeuvres\/emil\/","name":"Emil - Land Of Memory","isPartOf":{"@id":"https:\/\/www.landofmemory.eu\/#website"},"primaryImageOfPage":{"@id":"https:\/\/www.landofmemory.eu\/de\/oeuvres\/emil\/#primaryimage"},"image":{"@id":"https:\/\/www.landofmemory.eu\/de\/oeuvres\/emil\/#primaryimage"},"thumbnailUrl":"https:\/\/www.landofmemory.eu\/wp-content\/uploads\/2022\/08\/Emil.jpeg","datePublished":"2022-09-06T13:25:03+00:00","description":"\"Emil\" veranschaulicht \u00fcber Interviews und fiktive Szenen das Leben in einem von den Nazis besetzten Dorf in Luxemburg.","breadcrumb":{"@id":"https:\/\/www.landofmemory.eu\/de\/oeuvres\/emil\/#breadcrumb"},"inLanguage":"de","potentialAction":[{"@type":"ReadAction","target":["https:\/\/www.landofmemory.eu\/de\/oeuvres\/emil\/"]}]},{"@type":"ImageObject","inLanguage":"de","@id":"https:\/\/www.landofmemory.eu\/de\/oeuvres\/emil\/#primaryimage","url":"https:\/\/www.landofmemory.eu\/wp-content\/uploads\/2022\/08\/Emil.jpeg","contentUrl":"https:\/\/www.landofmemory.eu\/wp-content\/uploads\/2022\/08\/Emil.jpeg"},{"@type":"BreadcrumbList","@id":"https:\/\/www.landofmemory.eu\/de\/oeuvres\/emil\/#breadcrumb","itemListElement":[{"@type":"ListItem","position":1,"name":"Accueil","item":"https:\/\/www.landofmemory.eu\/"},{"@type":"ListItem","position":2,"name":"Emil"}]},{"@type":"WebSite","@id":"https:\/\/www.landofmemory.eu\/#website","url":"https:\/\/www.landofmemory.eu\/","name":"Land Of Memory","description":"L&#039;histoire commence ici","publisher":{"@id":"https:\/\/www.landofmemory.eu\/#organization"},"potentialAction":[{"@type":"SearchAction","target":{"@type":"EntryPoint","urlTemplate":"https:\/\/www.landofmemory.eu\/?s={search_term_string}"},"query-input":{"@type":"PropertyValueSpecification","valueRequired":true,"valueName":"search_term_string"}}],"inLanguage":"de"},{"@type":"Organization","@id":"https:\/\/www.landofmemory.eu\/#organization","name":"Land Of Memory","url":"https:\/\/www.landofmemory.eu\/","logo":{"@type":"ImageObject","inLanguage":"de","@id":"https:\/\/www.landofmemory.eu\/#\/schema\/logo\/image\/","url":"https:\/\/www.landofmemory.eu\/wp-content\/uploads\/2022\/10\/logo-land-of-memory.jpg","contentUrl":"https:\/\/www.landofmemory.eu\/wp-content\/uploads\/2022\/10\/logo-land-of-memory.jpg","width":1000,"height":500,"caption":"Land Of Memory"},"image":{"@id":"https:\/\/www.landofmemory.eu\/#\/schema\/logo\/image\/"},"sameAs":["https:\/\/www.facebook.com\/landofmemory.eu","https:\/\/www.instagram.com\/landofmemory_eu\/"]}]}},"_links":{"self":[{"href":"https:\/\/www.landofmemory.eu\/de\/wp-json\/wp\/v2\/oeuvres\/11293","targetHints":{"allow":["GET"]}}],"collection":[{"href":"https:\/\/www.landofmemory.eu\/de\/wp-json\/wp\/v2\/oeuvres"}],"about":[{"href":"https:\/\/www.landofmemory.eu\/de\/wp-json\/wp\/v2\/types\/oeuvres"}],"wp:attachment":[{"href":"https:\/\/www.landofmemory.eu\/de\/wp-json\/wp\/v2\/media?parent=11293"}],"curies":[{"name":"wp","href":"https:\/\/api.w.org\/{rel}","templated":true}]}}

<p>Im Sommer 1943 während der Nazi-Besatzung in Luxemburg erschießt der junge Refraktär Emil Schwirtz zwei deutsche Gendarmen. Bei dieser Schießerei wird sein Freund Félix Lux von den Nazis erschossen. Emil gelingt es, sich zu verstecken. Mehr als 500 deutsche Polizisten und Soldaten durchkämmen daraufhin die Dörfer Eschdorf und Heiderscheid, um Emil und seine widerspenstigen Kollegen zu finden. Es werden 20 Geiseln bestimmt, die hingerichtet werden sollen, wenn die Schuldigen nicht gefasst werden.</p>

<p>Der Film vermischt Interviews mit fiktiven Szenen. Er ist voller Spannung und Emotionen und sorgt für Gänsehaut.</p>
<div class="wp-block-image">
<figure class="aligncenter size-full"><a href="https://www.youtube.com/watch?v=2xki3wvdtIo&amp;ab_channel=Reivaxlux" target="_blank" rel="noreferrer noopener"><img loading="lazy" decoding="async" width="480" height="360" src="https://www.landofmemory.eu/wp-content/uploads/2022/08/Emil.jpeg" alt="Emil" class="wp-image-10718" srcset="https://www.landofmemory.eu/wp-content/uploads/2022/08/Emil.jpeg 480w, https://www.landofmemory.eu/wp-content/uploads/2022/08/Emil-300x225.jpeg 300w" sizes="auto, (max-width: 480px) 100vw, 480px" /></a><figcaption>Emil, bande annonce sur YouTube</figcaption></figure>
</div>

<!-- This site is optimized with the Yoast SEO plugin v26.0 - https://yoast.com/wordpress/plugins/seo/ -->
<title>Emil - Land Of Memory</title>
<meta name="description" content="&quot;Emil&quot; veranschaulicht über Interviews und fiktive Szenen das Leben in einem von den Nazis besetzten Dorf in Luxemburg." />
<meta name="robots" content="index, follow, max-snippet:-1, max-image-preview:large, max-video-preview:-1" />
<link rel="canonical" href="https://www.landofmemory.eu/de/oeuvres/emil/" />
<meta property="og:locale" content="de_DE" />
<meta property="og:type" content="article" />
<meta property="og:title" content="Emil - Land Of Memory" />
<meta property="og:description" content="&quot;Emil&quot; veranschaulicht über Interviews und fiktive Szenen das Leben in einem von den Nazis besetzten Dorf in Luxemburg." />
<meta property="og:url" content="https://www.landofmemory.eu/de/oeuvres/emil/" />
<meta property="og:site_name" content="Land Of Memory" />
<meta property="article:publisher" content="https://www.facebook.com/landofmemory.eu" />
<meta property="og:image" content="https://www.landofmemory.eu/wp-content/uploads/2022/08/Emil.jpeg" />
<meta name="twitter:card" content="summary_large_image" />
<meta name="twitter:label1" content="Geschätzte Lesezeit" />
	<meta name="twitter:data1" content="1 Minute" />
<script type="application/ld+json" class="yoast-schema-graph">{"@context":"https://schema.org","@graph":[{"@type":"WebPage","@id":"https://www.landofmemory.eu/de/oeuvres/emil/","url":"https://www.landofmemory.eu/de/oeuvres/emil/","name":"Emil - Land Of Memory","isPartOf":{"@id":"https://www.landofmemory.eu/#website"},"primaryImageOfPage":{"@id":"https://www.landofmemory.eu/de/oeuvres/emil/#primaryimage"},"image":{"@id":"https://www.landofmemory.eu/de/oeuvres/emil/#primaryimage"},"thumbnailUrl":"https://www.landofmemory.eu/wp-content/uploads/2022/08/Emil.jpeg","datePublished":"2022-09-06T13:25:03+00:00","description":"\"Emil\" veranschaulicht über Interviews und fiktive Szenen das Leben in einem von den Nazis besetzten Dorf in Luxemburg.","breadcrumb":{"@id":"https://www.landofmemory.eu/de/oeuvres/emil/#breadcrumb"},"inLanguage":"de","potentialAction":[{"@type":"ReadAction","target":["https://www.landofmemory.eu/de/oeuvres/emil/"]}]},{"@type":"ImageObject","inLanguage":"de","@id":"https://www.landofmemory.eu/de/oeuvres/emil/#primaryimage","url":"https://www.landofmemory.eu/wp-content/uploads/2022/08/Emil.jpeg","contentUrl":"https://www.landofmemory.eu/wp-content/uploads/2022/08/Emil.jpeg"},{"@type":"BreadcrumbList","@id":"https://www.landofmemory.eu/de/oeuvres/emil/#breadcrumb","itemListElement":[{"@type":"ListItem","position":1,"name":"Accueil","item":"https://www.landofmemory.eu/"},{"@type":"ListItem","position":2,"name":"Emil"}]},{"@type":"WebSite","@id":"https://www.landofmemory.eu/#website","url":"https://www.landofmemory.eu/","name":"Land Of Memory","description":"L&#039;histoire commence ici","publisher":{"@id":"https://www.landofmemory.eu/#organization"},"potentialAction":[{"@type":"SearchAction","target":{"@type":"EntryPoint","urlTemplate":"https://www.landofmemory.eu/?s={search_term_string}"},"query-input":{"@type":"PropertyValueSpecification","valueRequired":true,"valueName":"search_term_string"}}],"inLanguage":"de"},{"@type":"Organization","@id":"https://www.landofmemory.eu/#organization","name":"Land Of Memory","url":"https://www.landofmemory.eu/","logo":{"@type":"ImageObject","inLanguage":"de","@id":"https://www.landofmemory.eu/#/schema/logo/image/","url":"https://www.landofmemory.eu/wp-content/uploads/2022/10/logo-land-of-memory.jpg","contentUrl":"https://www.landofmemory.eu/wp-content/uploads/2022/10/logo-land-of-memory.jpg","width":1000,"height":500,"caption":"Land Of Memory"},"image":{"@id":"https://www.landofmemory.eu/#/schema/logo/image/"},"sameAs":["https://www.facebook.com/landofmemory.eu","https://www.instagram.com/landofmemory_eu/"]}]}</script>
<!-- / Yoast SEO plugin. -->

"Emil" veranschaulicht über Interviews und fiktive Szenen das Leben in einem von den Nazis besetzten Dorf in Luxemburg.
