{"id":11296,"date":"2022-09-06T15:32:34","date_gmt":"2022-09-06T13:32:34","guid":{"rendered":"https:\/\/www.landofmemory.eu\/oeuvres\/heemwei-eng-odysee\/"},"modified":"2022-09-06T15:32:34","modified_gmt":"2022-09-06T13:32:34","slug":"heemwei-eng-odysee","status":"publish","type":"oeuvres","link":"https:\/\/www.landofmemory.eu\/de\/oeuvres\/heemwei-eng-odysee\/","title":{"rendered":"Heemw\u00e9i &#8211; eng Odysee"},"content":{"rendered":"\n<p>Auf Luxemburgisch bedeutet &#8222;Heemw\u00e9i &#8211; eng Odysee&#8220; &#8222;Heimweh &#8211; eine Odyssee&#8220;.<\/p>\n\n<p>In Frankreich scheint im September 1944 das Ende des Zweiten Weltkriegs unmittelbar bevorzustehen, als die alliierten Truppen sich Berlin n\u00e4hern. <\/p>\n\n<p>Die beiden Luxemburger Jos und Frenz beschlie\u00dfen, die Waffen niederzulegen und aus der deutschen Armee zu desertieren. Eine Reihe von geschickt erz\u00e4hlten Abenteuern f\u00fchrt uns nun auf die Spuren dieser jungen Leute, die nur eines wollen: nach Hause zur\u00fcckkehren.<\/p>\n<div class=\"wp-block-image\">\n<figure class=\"aligncenter size-large is-resized\"><a href=\"https:\/\/www.youtube.com\/watch?v=48IZyg6G6fg&amp;ab_channel=FEIERBLUMMProductionsa.s.b.l.\" target=\"_blank\" rel=\"noreferrer noopener\"><img loading=\"lazy\" decoding=\"async\" src=\"https:\/\/www.landofmemory.eu\/wp-content\/uploads\/2022\/08\/Heemwei-1024x576.jpeg\" alt=\"Heemw&#xE9;i - eng Odysee\" class=\"wp-image-10724\" width=\"768\" height=\"432\" srcset=\"https:\/\/www.landofmemory.eu\/wp-content\/uploads\/2022\/08\/Heemwei-1024x576.jpeg 1024w, https:\/\/www.landofmemory.eu\/wp-content\/uploads\/2022\/08\/Heemwei-300x169.jpeg 300w, https:\/\/www.landofmemory.eu\/wp-content\/uploads\/2022\/08\/Heemwei-768x432.jpeg 768w, https:\/\/www.landofmemory.eu\/wp-content\/uploads\/2022\/08\/Heemwei-600x338.jpeg 600w, https:\/\/www.landofmemory.eu\/wp-content\/uploads\/2022\/08\/Heemwei.jpeg 1280w\" sizes=\"auto, (max-width: 768px) 100vw, 768px\" \/><\/a><figcaption>Heemw\u00e9i &#8211; eng Odysee, bande annonce sur YouTube<\/figcaption><\/figure>\n<\/div>","protected":false},"template":"","class_list":["post-11296","oeuvres","type-oeuvres","status-publish","hentry","type_oeuvre-films-guerres-mondiales"],"acf":[],"yoast_head":"<!-- This site is optimized with the Yoast SEO plugin v26.0 - https:\/\/yoast.com\/wordpress\/plugins\/seo\/ -->\n<title>Heemw\u00e9i - eng Odysee - Land Of Memory<\/title>\n<meta name=\"description\" content=\"&quot;Heemw\u00e9i - eng Odysee&quot; erz\u00e4hlt von der Reise luxemburgischer Deserteure der deutschen Armee, die nach Hause zur\u00fcckkehren wollen.\" \/>\n<meta name=\"robots\" content=\"index, follow, max-snippet:-1, max-image-preview:large, max-video-preview:-1\" \/>\n<link rel=\"canonical\" href=\"https:\/\/www.landofmemory.eu\/de\/oeuvres\/heemwei-eng-odysee\/\" \/>\n<meta property=\"og:locale\" content=\"de_DE\" \/>\n<meta property=\"og:type\" content=\"article\" \/>\n<meta property=\"og:title\" content=\"Heemw\u00e9i - eng Odysee - Land Of Memory\" \/>\n<meta property=\"og:description\" content=\"&quot;Heemw\u00e9i - eng Odysee&quot; erz\u00e4hlt von der Reise luxemburgischer Deserteure der deutschen Armee, die nach Hause zur\u00fcckkehren wollen.\" \/>\n<meta property=\"og:url\" content=\"https:\/\/www.landofmemory.eu\/de\/oeuvres\/heemwei-eng-odysee\/\" \/>\n<meta property=\"og:site_name\" content=\"Land Of Memory\" \/>\n<meta property=\"article:publisher\" content=\"https:\/\/www.facebook.com\/landofmemory.eu\" \/>\n<meta property=\"og:image\" content=\"https:\/\/www.landofmemory.eu\/wp-content\/uploads\/2022\/08\/Heemwei-1024x576.jpeg\" \/>\n<meta name=\"twitter:card\" content=\"summary_large_image\" \/>\n<script type=\"application\/ld+json\" class=\"yoast-schema-graph\">{\"@context\":\"https:\/\/schema.org\",\"@graph\":[{\"@type\":\"WebPage\",\"@id\":\"https:\/\/www.landofmemory.eu\/de\/oeuvres\/heemwei-eng-odysee\/\",\"url\":\"https:\/\/www.landofmemory.eu\/de\/oeuvres\/heemwei-eng-odysee\/\",\"name\":\"Heemw\u00e9i - eng Odysee - Land Of Memory\",\"isPartOf\":{\"@id\":\"https:\/\/www.landofmemory.eu\/#website\"},\"primaryImageOfPage\":{\"@id\":\"https:\/\/www.landofmemory.eu\/de\/oeuvres\/heemwei-eng-odysee\/#primaryimage\"},\"image\":{\"@id\":\"https:\/\/www.landofmemory.eu\/de\/oeuvres\/heemwei-eng-odysee\/#primaryimage\"},\"thumbnailUrl\":\"https:\/\/www.landofmemory.eu\/wp-content\/uploads\/2022\/08\/Heemwei-1024x576.jpeg\",\"datePublished\":\"2022-09-06T13:32:34+00:00\",\"description\":\"\\\"Heemw\u00e9i - eng Odysee\\\" erz\u00e4hlt von der Reise luxemburgischer Deserteure der deutschen Armee, die nach Hause zur\u00fcckkehren wollen.\",\"breadcrumb\":{\"@id\":\"https:\/\/www.landofmemory.eu\/de\/oeuvres\/heemwei-eng-odysee\/#breadcrumb\"},\"inLanguage\":\"de\",\"potentialAction\":[{\"@type\":\"ReadAction\",\"target\":[\"https:\/\/www.landofmemory.eu\/de\/oeuvres\/heemwei-eng-odysee\/\"]}]},{\"@type\":\"ImageObject\",\"inLanguage\":\"de\",\"@id\":\"https:\/\/www.landofmemory.eu\/de\/oeuvres\/heemwei-eng-odysee\/#primaryimage\",\"url\":\"https:\/\/www.landofmemory.eu\/wp-content\/uploads\/2022\/08\/Heemwei-1024x576.jpeg\",\"contentUrl\":\"https:\/\/www.landofmemory.eu\/wp-content\/uploads\/2022\/08\/Heemwei-1024x576.jpeg\"},{\"@type\":\"BreadcrumbList\",\"@id\":\"https:\/\/www.landofmemory.eu\/de\/oeuvres\/heemwei-eng-odysee\/#breadcrumb\",\"itemListElement\":[{\"@type\":\"ListItem\",\"position\":1,\"name\":\"Accueil\",\"item\":\"https:\/\/www.landofmemory.eu\/\"},{\"@type\":\"ListItem\",\"position\":2,\"name\":\"Heemw\u00e9i &#8211; eng Odysee\"}]},{\"@type\":\"WebSite\",\"@id\":\"https:\/\/www.landofmemory.eu\/#website\",\"url\":\"https:\/\/www.landofmemory.eu\/\",\"name\":\"Land Of Memory\",\"description\":\"L&#039;histoire commence ici\",\"publisher\":{\"@id\":\"https:\/\/www.landofmemory.eu\/#organization\"},\"potentialAction\":[{\"@type\":\"SearchAction\",\"target\":{\"@type\":\"EntryPoint\",\"urlTemplate\":\"https:\/\/www.landofmemory.eu\/?s={search_term_string}\"},\"query-input\":{\"@type\":\"PropertyValueSpecification\",\"valueRequired\":true,\"valueName\":\"search_term_string\"}}],\"inLanguage\":\"de\"},{\"@type\":\"Organization\",\"@id\":\"https:\/\/www.landofmemory.eu\/#organization\",\"name\":\"Land Of Memory\",\"url\":\"https:\/\/www.landofmemory.eu\/\",\"logo\":{\"@type\":\"ImageObject\",\"inLanguage\":\"de\",\"@id\":\"https:\/\/www.landofmemory.eu\/#\/schema\/logo\/image\/\",\"url\":\"https:\/\/www.landofmemory.eu\/wp-content\/uploads\/2022\/10\/logo-land-of-memory.jpg\",\"contentUrl\":\"https:\/\/www.landofmemory.eu\/wp-content\/uploads\/2022\/10\/logo-land-of-memory.jpg\",\"width\":1000,\"height\":500,\"caption\":\"Land Of Memory\"},\"image\":{\"@id\":\"https:\/\/www.landofmemory.eu\/#\/schema\/logo\/image\/\"},\"sameAs\":[\"https:\/\/www.facebook.com\/landofmemory.eu\",\"https:\/\/www.instagram.com\/landofmemory_eu\/\"]}]}<\/script>\n<!-- \/ Yoast SEO plugin. -->","yoast_head_json":{"title":"Heemw\u00e9i - eng Odysee - Land Of Memory","description":"\"Heemw\u00e9i - eng Odysee\" erz\u00e4hlt von der Reise luxemburgischer Deserteure der deutschen Armee, die nach Hause zur\u00fcckkehren wollen.","robots":{"index":"index","follow":"follow","max-snippet":"max-snippet:-1","max-image-preview":"max-image-preview:large","max-video-preview":"max-video-preview:-1"},"canonical":"https:\/\/www.landofmemory.eu\/de\/oeuvres\/heemwei-eng-odysee\/","og_locale":"de_DE","og_type":"article","og_title":"Heemw\u00e9i - eng Odysee - Land Of Memory","og_description":"\"Heemw\u00e9i - eng Odysee\" erz\u00e4hlt von der Reise luxemburgischer Deserteure der deutschen Armee, die nach Hause zur\u00fcckkehren wollen.","og_url":"https:\/\/www.landofmemory.eu\/de\/oeuvres\/heemwei-eng-odysee\/","og_site_name":"Land Of Memory","article_publisher":"https:\/\/www.facebook.com\/landofmemory.eu","og_image":[{"url":"https:\/\/www.landofmemory.eu\/wp-content\/uploads\/2022\/08\/Heemwei-1024x576.jpeg","type":"","width":"","height":""}],"twitter_card":"summary_large_image","schema":{"@context":"https:\/\/schema.org","@graph":[{"@type":"WebPage","@id":"https:\/\/www.landofmemory.eu\/de\/oeuvres\/heemwei-eng-odysee\/","url":"https:\/\/www.landofmemory.eu\/de\/oeuvres\/heemwei-eng-odysee\/","name":"Heemw\u00e9i - eng Odysee - Land Of Memory","isPartOf":{"@id":"https:\/\/www.landofmemory.eu\/#website"},"primaryImageOfPage":{"@id":"https:\/\/www.landofmemory.eu\/de\/oeuvres\/heemwei-eng-odysee\/#primaryimage"},"image":{"@id":"https:\/\/www.landofmemory.eu\/de\/oeuvres\/heemwei-eng-odysee\/#primaryimage"},"thumbnailUrl":"https:\/\/www.landofmemory.eu\/wp-content\/uploads\/2022\/08\/Heemwei-1024x576.jpeg","datePublished":"2022-09-06T13:32:34+00:00","description":"\"Heemw\u00e9i - eng Odysee\" erz\u00e4hlt von der Reise luxemburgischer Deserteure der deutschen Armee, die nach Hause zur\u00fcckkehren wollen.","breadcrumb":{"@id":"https:\/\/www.landofmemory.eu\/de\/oeuvres\/heemwei-eng-odysee\/#breadcrumb"},"inLanguage":"de","potentialAction":[{"@type":"ReadAction","target":["https:\/\/www.landofmemory.eu\/de\/oeuvres\/heemwei-eng-odysee\/"]}]},{"@type":"ImageObject","inLanguage":"de","@id":"https:\/\/www.landofmemory.eu\/de\/oeuvres\/heemwei-eng-odysee\/#primaryimage","url":"https:\/\/www.landofmemory.eu\/wp-content\/uploads\/2022\/08\/Heemwei-1024x576.jpeg","contentUrl":"https:\/\/www.landofmemory.eu\/wp-content\/uploads\/2022\/08\/Heemwei-1024x576.jpeg"},{"@type":"BreadcrumbList","@id":"https:\/\/www.landofmemory.eu\/de\/oeuvres\/heemwei-eng-odysee\/#breadcrumb","itemListElement":[{"@type":"ListItem","position":1,"name":"Accueil","item":"https:\/\/www.landofmemory.eu\/"},{"@type":"ListItem","position":2,"name":"Heemw\u00e9i &#8211; eng Odysee"}]},{"@type":"WebSite","@id":"https:\/\/www.landofmemory.eu\/#website","url":"https:\/\/www.landofmemory.eu\/","name":"Land Of Memory","description":"L&#039;histoire commence ici","publisher":{"@id":"https:\/\/www.landofmemory.eu\/#organization"},"potentialAction":[{"@type":"SearchAction","target":{"@type":"EntryPoint","urlTemplate":"https:\/\/www.landofmemory.eu\/?s={search_term_string}"},"query-input":{"@type":"PropertyValueSpecification","valueRequired":true,"valueName":"search_term_string"}}],"inLanguage":"de"},{"@type":"Organization","@id":"https:\/\/www.landofmemory.eu\/#organization","name":"Land Of Memory","url":"https:\/\/www.landofmemory.eu\/","logo":{"@type":"ImageObject","inLanguage":"de","@id":"https:\/\/www.landofmemory.eu\/#\/schema\/logo\/image\/","url":"https:\/\/www.landofmemory.eu\/wp-content\/uploads\/2022\/10\/logo-land-of-memory.jpg","contentUrl":"https:\/\/www.landofmemory.eu\/wp-content\/uploads\/2022\/10\/logo-land-of-memory.jpg","width":1000,"height":500,"caption":"Land Of Memory"},"image":{"@id":"https:\/\/www.landofmemory.eu\/#\/schema\/logo\/image\/"},"sameAs":["https:\/\/www.facebook.com\/landofmemory.eu","https:\/\/www.instagram.com\/landofmemory_eu\/"]}]}},"_links":{"self":[{"href":"https:\/\/www.landofmemory.eu\/de\/wp-json\/wp\/v2\/oeuvres\/11296","targetHints":{"allow":["GET"]}}],"collection":[{"href":"https:\/\/www.landofmemory.eu\/de\/wp-json\/wp\/v2\/oeuvres"}],"about":[{"href":"https:\/\/www.landofmemory.eu\/de\/wp-json\/wp\/v2\/types\/oeuvres"}],"wp:attachment":[{"href":"https:\/\/www.landofmemory.eu\/de\/wp-json\/wp\/v2\/media?parent=11296"}],"curies":[{"name":"wp","href":"https:\/\/api.w.org\/{rel}","templated":true}]}}

Heemwéi &#8211; eng Odysee

<p>Auf Luxemburgisch bedeutet &#8222;Heemwéi &#8211; eng Odysee&#8220; &#8222;Heimweh &#8211; eine Odyssee&#8220;.</p>

<p>In Frankreich scheint im September 1944 das Ende des Zweiten Weltkriegs unmittelbar bevorzustehen, als die alliierten Truppen sich Berlin nähern. </p>

<p>Die beiden Luxemburger Jos und Frenz beschließen, die Waffen niederzulegen und aus der deutschen Armee zu desertieren. Eine Reihe von geschickt erzählten Abenteuern führt uns nun auf die Spuren dieser jungen Leute, die nur eines wollen: nach Hause zurückkehren.</p>
<div class="wp-block-image">
<figure class="aligncenter size-large is-resized"><a href="https://www.youtube.com/watch?v=48IZyg6G6fg&amp;ab_channel=FEIERBLUMMProductionsa.s.b.l." target="_blank" rel="noreferrer noopener"><img loading="lazy" decoding="async" src="https://www.landofmemory.eu/wp-content/uploads/2022/08/Heemwei-1024x576.jpeg" alt="Heemw&#xE9;i - eng Odysee" class="wp-image-10724" width="768" height="432" srcset="https://www.landofmemory.eu/wp-content/uploads/2022/08/Heemwei-1024x576.jpeg 1024w, https://www.landofmemory.eu/wp-content/uploads/2022/08/Heemwei-300x169.jpeg 300w, https://www.landofmemory.eu/wp-content/uploads/2022/08/Heemwei-768x432.jpeg 768w, https://www.landofmemory.eu/wp-content/uploads/2022/08/Heemwei-600x338.jpeg 600w, https://www.landofmemory.eu/wp-content/uploads/2022/08/Heemwei.jpeg 1280w" sizes="auto, (max-width: 768px) 100vw, 768px" /></a><figcaption>Heemwéi &#8211; eng Odysee, bande annonce sur YouTube</figcaption></figure>
</div>

<!-- This site is optimized with the Yoast SEO plugin v26.0 - https://yoast.com/wordpress/plugins/seo/ -->
<title>Heemwéi - eng Odysee - Land Of Memory</title>
<meta name="description" content="&quot;Heemwéi - eng Odysee&quot; erzählt von der Reise luxemburgischer Deserteure der deutschen Armee, die nach Hause zurückkehren wollen." />
<meta name="robots" content="index, follow, max-snippet:-1, max-image-preview:large, max-video-preview:-1" />
<link rel="canonical" href="https://www.landofmemory.eu/de/oeuvres/heemwei-eng-odysee/" />
<meta property="og:locale" content="de_DE" />
<meta property="og:type" content="article" />
<meta property="og:title" content="Heemwéi - eng Odysee - Land Of Memory" />
<meta property="og:description" content="&quot;Heemwéi - eng Odysee&quot; erzählt von der Reise luxemburgischer Deserteure der deutschen Armee, die nach Hause zurückkehren wollen." />
<meta property="og:url" content="https://www.landofmemory.eu/de/oeuvres/heemwei-eng-odysee/" />
<meta property="og:site_name" content="Land Of Memory" />
<meta property="article:publisher" content="https://www.facebook.com/landofmemory.eu" />
<meta property="og:image" content="https://www.landofmemory.eu/wp-content/uploads/2022/08/Heemwei-1024x576.jpeg" />
<meta name="twitter:card" content="summary_large_image" />
<script type="application/ld+json" class="yoast-schema-graph">{"@context":"https://schema.org","@graph":[{"@type":"WebPage","@id":"https://www.landofmemory.eu/de/oeuvres/heemwei-eng-odysee/","url":"https://www.landofmemory.eu/de/oeuvres/heemwei-eng-odysee/","name":"Heemwéi - eng Odysee - Land Of Memory","isPartOf":{"@id":"https://www.landofmemory.eu/#website"},"primaryImageOfPage":{"@id":"https://www.landofmemory.eu/de/oeuvres/heemwei-eng-odysee/#primaryimage"},"image":{"@id":"https://www.landofmemory.eu/de/oeuvres/heemwei-eng-odysee/#primaryimage"},"thumbnailUrl":"https://www.landofmemory.eu/wp-content/uploads/2022/08/Heemwei-1024x576.jpeg","datePublished":"2022-09-06T13:32:34+00:00","description":"\"Heemwéi - eng Odysee\" erzählt von der Reise luxemburgischer Deserteure der deutschen Armee, die nach Hause zurückkehren wollen.","breadcrumb":{"@id":"https://www.landofmemory.eu/de/oeuvres/heemwei-eng-odysee/#breadcrumb"},"inLanguage":"de","potentialAction":[{"@type":"ReadAction","target":["https://www.landofmemory.eu/de/oeuvres/heemwei-eng-odysee/"]}]},{"@type":"ImageObject","inLanguage":"de","@id":"https://www.landofmemory.eu/de/oeuvres/heemwei-eng-odysee/#primaryimage","url":"https://www.landofmemory.eu/wp-content/uploads/2022/08/Heemwei-1024x576.jpeg","contentUrl":"https://www.landofmemory.eu/wp-content/uploads/2022/08/Heemwei-1024x576.jpeg"},{"@type":"BreadcrumbList","@id":"https://www.landofmemory.eu/de/oeuvres/heemwei-eng-odysee/#breadcrumb","itemListElement":[{"@type":"ListItem","position":1,"name":"Accueil","item":"https://www.landofmemory.eu/"},{"@type":"ListItem","position":2,"name":"Heemwéi &#8211; eng Odysee"}]},{"@type":"WebSite","@id":"https://www.landofmemory.eu/#website","url":"https://www.landofmemory.eu/","name":"Land Of Memory","description":"L&#039;histoire commence ici","publisher":{"@id":"https://www.landofmemory.eu/#organization"},"potentialAction":[{"@type":"SearchAction","target":{"@type":"EntryPoint","urlTemplate":"https://www.landofmemory.eu/?s={search_term_string}"},"query-input":{"@type":"PropertyValueSpecification","valueRequired":true,"valueName":"search_term_string"}}],"inLanguage":"de"},{"@type":"Organization","@id":"https://www.landofmemory.eu/#organization","name":"Land Of Memory","url":"https://www.landofmemory.eu/","logo":{"@type":"ImageObject","inLanguage":"de","@id":"https://www.landofmemory.eu/#/schema/logo/image/","url":"https://www.landofmemory.eu/wp-content/uploads/2022/10/logo-land-of-memory.jpg","contentUrl":"https://www.landofmemory.eu/wp-content/uploads/2022/10/logo-land-of-memory.jpg","width":1000,"height":500,"caption":"Land Of Memory"},"image":{"@id":"https://www.landofmemory.eu/#/schema/logo/image/"},"sameAs":["https://www.facebook.com/landofmemory.eu","https://www.instagram.com/landofmemory_eu/"]}]}</script>
<!-- / Yoast SEO plugin. -->

Heemwéi - eng Odysee - Land Of Memory

"Heemwéi - eng Odysee" erzählt von der Reise luxemburgischer Deserteure der deutschen Armee, die nach Hause zurückkehren wollen.
