{"id":11304,"date":"2022-09-06T16:13:05","date_gmt":"2022-09-06T14:13:05","guid":{"rendered":"https:\/\/www.landofmemory.eu\/oeuvres\/7-erzielongen\/"},"modified":"2022-09-06T16:13:05","modified_gmt":"2022-09-06T14:13:05","slug":"7-erzielongen","status":"publish","type":"oeuvres","link":"https:\/\/www.landofmemory.eu\/de\/oeuvres\/7-erzielongen\/","title":{"rendered":"7 Erzielongen"},"content":{"rendered":"\n<p>Isidore Comes ist Literaturkritiker, Philologe, Dichter und Autor von Theaterst\u00fccken. Er ist au\u00dferdem Autor von Kurzgeschichten und Erz\u00e4hlungen auf Luxemburgisch, die die Folgen des Ersten Weltkriegs in Luxemburg thematisieren und das Landleben im 19. Jahrhundert analysieren. Er hat auch einige Kurzgeschichten auf Deutsch verfasst. Eine Sammlung von sieben Erz\u00e4hlungen, &#8222;7 Erzielongen&#8220; oder &#8222;7 Ziele&#8220;, erschien posthum im Jahr 1998. Mehrere Texte von Isidore Comes sind bisher unver\u00f6ffentlicht geblieben.<\/p>\n\n<p>Zwar machte er keine Karriere als Autor, wurde aber von seinen Zeitgenossen f\u00fcr seine Werke gelobt. Robert Bruch beschrieb sein Interesse an der Literatur wie folgt: &#8222;Ein Lehrer &#8230;, der sich nicht scheute, unser Sprechen zum Mittelpunkt all seiner Forschungen und Bestrebungen zu machen.&#8220;<\/p>\n","protected":false},"template":"","class_list":["post-11304","oeuvres","type-oeuvres","status-publish","hentry","type_oeuvre-livres-guerres-mondiales"],"acf":[],"yoast_head":"<!-- This site is optimized with the Yoast SEO plugin v26.0 - https:\/\/yoast.com\/wordpress\/plugins\/seo\/ -->\n<title>7 Erzielongen - Land Of Memory<\/title>\n<meta name=\"description\" content=\"Isidore Comes l\u00e4sst uns mit seiner Sammlung von sieben Kurzgeschichten &quot;7 Erzielongen&quot; in den Ersten Weltkrieg in Luxemburg eintauchen.\" \/>\n<meta name=\"robots\" content=\"index, follow, max-snippet:-1, max-image-preview:large, max-video-preview:-1\" \/>\n<link rel=\"canonical\" href=\"https:\/\/www.landofmemory.eu\/de\/oeuvres\/7-erzielongen\/\" \/>\n<meta property=\"og:locale\" content=\"de_DE\" \/>\n<meta property=\"og:type\" content=\"article\" \/>\n<meta property=\"og:title\" content=\"7 Erzielongen - Land Of Memory\" \/>\n<meta property=\"og:description\" content=\"Isidore Comes l\u00e4sst uns mit seiner Sammlung von sieben Kurzgeschichten &quot;7 Erzielongen&quot; in den Ersten Weltkrieg in Luxemburg eintauchen.\" \/>\n<meta property=\"og:url\" content=\"https:\/\/www.landofmemory.eu\/de\/oeuvres\/7-erzielongen\/\" \/>\n<meta property=\"og:site_name\" content=\"Land Of Memory\" \/>\n<meta property=\"article:publisher\" content=\"https:\/\/www.facebook.com\/landofmemory.eu\" \/>\n<meta name=\"twitter:card\" content=\"summary_large_image\" \/>\n<meta name=\"twitter:label1\" content=\"Gesch\u00e4tzte Lesezeit\" \/>\n\t<meta name=\"twitter:data1\" content=\"1\u00a0Minute\" \/>\n<script type=\"application\/ld+json\" class=\"yoast-schema-graph\">{\"@context\":\"https:\/\/schema.org\",\"@graph\":[{\"@type\":\"WebPage\",\"@id\":\"https:\/\/www.landofmemory.eu\/de\/oeuvres\/7-erzielongen\/\",\"url\":\"https:\/\/www.landofmemory.eu\/de\/oeuvres\/7-erzielongen\/\",\"name\":\"7 Erzielongen - Land Of Memory\",\"isPartOf\":{\"@id\":\"https:\/\/www.landofmemory.eu\/#website\"},\"datePublished\":\"2022-09-06T14:13:05+00:00\",\"description\":\"Isidore Comes l\u00e4sst uns mit seiner Sammlung von sieben Kurzgeschichten \\\"7 Erzielongen\\\" in den Ersten Weltkrieg in Luxemburg eintauchen.\",\"breadcrumb\":{\"@id\":\"https:\/\/www.landofmemory.eu\/de\/oeuvres\/7-erzielongen\/#breadcrumb\"},\"inLanguage\":\"de\",\"potentialAction\":[{\"@type\":\"ReadAction\",\"target\":[\"https:\/\/www.landofmemory.eu\/de\/oeuvres\/7-erzielongen\/\"]}]},{\"@type\":\"BreadcrumbList\",\"@id\":\"https:\/\/www.landofmemory.eu\/de\/oeuvres\/7-erzielongen\/#breadcrumb\",\"itemListElement\":[{\"@type\":\"ListItem\",\"position\":1,\"name\":\"Accueil\",\"item\":\"https:\/\/www.landofmemory.eu\/\"},{\"@type\":\"ListItem\",\"position\":2,\"name\":\"7 Erzielongen\"}]},{\"@type\":\"WebSite\",\"@id\":\"https:\/\/www.landofmemory.eu\/#website\",\"url\":\"https:\/\/www.landofmemory.eu\/\",\"name\":\"Land Of Memory\",\"description\":\"L&#039;histoire commence ici\",\"publisher\":{\"@id\":\"https:\/\/www.landofmemory.eu\/#organization\"},\"potentialAction\":[{\"@type\":\"SearchAction\",\"target\":{\"@type\":\"EntryPoint\",\"urlTemplate\":\"https:\/\/www.landofmemory.eu\/?s={search_term_string}\"},\"query-input\":{\"@type\":\"PropertyValueSpecification\",\"valueRequired\":true,\"valueName\":\"search_term_string\"}}],\"inLanguage\":\"de\"},{\"@type\":\"Organization\",\"@id\":\"https:\/\/www.landofmemory.eu\/#organization\",\"name\":\"Land Of Memory\",\"url\":\"https:\/\/www.landofmemory.eu\/\",\"logo\":{\"@type\":\"ImageObject\",\"inLanguage\":\"de\",\"@id\":\"https:\/\/www.landofmemory.eu\/#\/schema\/logo\/image\/\",\"url\":\"https:\/\/www.landofmemory.eu\/wp-content\/uploads\/2022\/10\/logo-land-of-memory.jpg\",\"contentUrl\":\"https:\/\/www.landofmemory.eu\/wp-content\/uploads\/2022\/10\/logo-land-of-memory.jpg\",\"width\":1000,\"height\":500,\"caption\":\"Land Of Memory\"},\"image\":{\"@id\":\"https:\/\/www.landofmemory.eu\/#\/schema\/logo\/image\/\"},\"sameAs\":[\"https:\/\/www.facebook.com\/landofmemory.eu\",\"https:\/\/www.instagram.com\/landofmemory_eu\/\"]}]}<\/script>\n<!-- \/ Yoast SEO plugin. -->","yoast_head_json":{"title":"7 Erzielongen - Land Of Memory","description":"Isidore Comes l\u00e4sst uns mit seiner Sammlung von sieben Kurzgeschichten \"7 Erzielongen\" in den Ersten Weltkrieg in Luxemburg eintauchen.","robots":{"index":"index","follow":"follow","max-snippet":"max-snippet:-1","max-image-preview":"max-image-preview:large","max-video-preview":"max-video-preview:-1"},"canonical":"https:\/\/www.landofmemory.eu\/de\/oeuvres\/7-erzielongen\/","og_locale":"de_DE","og_type":"article","og_title":"7 Erzielongen - Land Of Memory","og_description":"Isidore Comes l\u00e4sst uns mit seiner Sammlung von sieben Kurzgeschichten \"7 Erzielongen\" in den Ersten Weltkrieg in Luxemburg eintauchen.","og_url":"https:\/\/www.landofmemory.eu\/de\/oeuvres\/7-erzielongen\/","og_site_name":"Land Of Memory","article_publisher":"https:\/\/www.facebook.com\/landofmemory.eu","twitter_card":"summary_large_image","twitter_misc":{"Gesch\u00e4tzte Lesezeit":"1\u00a0Minute"},"schema":{"@context":"https:\/\/schema.org","@graph":[{"@type":"WebPage","@id":"https:\/\/www.landofmemory.eu\/de\/oeuvres\/7-erzielongen\/","url":"https:\/\/www.landofmemory.eu\/de\/oeuvres\/7-erzielongen\/","name":"7 Erzielongen - Land Of Memory","isPartOf":{"@id":"https:\/\/www.landofmemory.eu\/#website"},"datePublished":"2022-09-06T14:13:05+00:00","description":"Isidore Comes l\u00e4sst uns mit seiner Sammlung von sieben Kurzgeschichten \"7 Erzielongen\" in den Ersten Weltkrieg in Luxemburg eintauchen.","breadcrumb":{"@id":"https:\/\/www.landofmemory.eu\/de\/oeuvres\/7-erzielongen\/#breadcrumb"},"inLanguage":"de","potentialAction":[{"@type":"ReadAction","target":["https:\/\/www.landofmemory.eu\/de\/oeuvres\/7-erzielongen\/"]}]},{"@type":"BreadcrumbList","@id":"https:\/\/www.landofmemory.eu\/de\/oeuvres\/7-erzielongen\/#breadcrumb","itemListElement":[{"@type":"ListItem","position":1,"name":"Accueil","item":"https:\/\/www.landofmemory.eu\/"},{"@type":"ListItem","position":2,"name":"7 Erzielongen"}]},{"@type":"WebSite","@id":"https:\/\/www.landofmemory.eu\/#website","url":"https:\/\/www.landofmemory.eu\/","name":"Land Of Memory","description":"L&#039;histoire commence ici","publisher":{"@id":"https:\/\/www.landofmemory.eu\/#organization"},"potentialAction":[{"@type":"SearchAction","target":{"@type":"EntryPoint","urlTemplate":"https:\/\/www.landofmemory.eu\/?s={search_term_string}"},"query-input":{"@type":"PropertyValueSpecification","valueRequired":true,"valueName":"search_term_string"}}],"inLanguage":"de"},{"@type":"Organization","@id":"https:\/\/www.landofmemory.eu\/#organization","name":"Land Of Memory","url":"https:\/\/www.landofmemory.eu\/","logo":{"@type":"ImageObject","inLanguage":"de","@id":"https:\/\/www.landofmemory.eu\/#\/schema\/logo\/image\/","url":"https:\/\/www.landofmemory.eu\/wp-content\/uploads\/2022\/10\/logo-land-of-memory.jpg","contentUrl":"https:\/\/www.landofmemory.eu\/wp-content\/uploads\/2022\/10\/logo-land-of-memory.jpg","width":1000,"height":500,"caption":"Land Of Memory"},"image":{"@id":"https:\/\/www.landofmemory.eu\/#\/schema\/logo\/image\/"},"sameAs":["https:\/\/www.facebook.com\/landofmemory.eu","https:\/\/www.instagram.com\/landofmemory_eu\/"]}]}},"_links":{"self":[{"href":"https:\/\/www.landofmemory.eu\/de\/wp-json\/wp\/v2\/oeuvres\/11304","targetHints":{"allow":["GET"]}}],"collection":[{"href":"https:\/\/www.landofmemory.eu\/de\/wp-json\/wp\/v2\/oeuvres"}],"about":[{"href":"https:\/\/www.landofmemory.eu\/de\/wp-json\/wp\/v2\/types\/oeuvres"}],"wp:attachment":[{"href":"https:\/\/www.landofmemory.eu\/de\/wp-json\/wp\/v2\/media?parent=11304"}],"curies":[{"name":"wp","href":"https:\/\/api.w.org\/{rel}","templated":true}]}}

<p>Isidore Comes ist Literaturkritiker, Philologe, Dichter und Autor von Theaterstücken. Er ist außerdem Autor von Kurzgeschichten und Erzählungen auf Luxemburgisch, die die Folgen des Ersten Weltkriegs in Luxemburg thematisieren und das Landleben im 19. Jahrhundert analysieren. Er hat auch einige Kurzgeschichten auf Deutsch verfasst. Eine Sammlung von sieben Erzählungen, &#8222;7 Erzielongen&#8220; oder &#8222;7 Ziele&#8220;, erschien posthum im Jahr 1998. Mehrere Texte von Isidore Comes sind bisher unveröffentlicht geblieben.</p>

<p>Zwar machte er keine Karriere als Autor, wurde aber von seinen Zeitgenossen für seine Werke gelobt. Robert Bruch beschrieb sein Interesse an der Literatur wie folgt: &#8222;Ein Lehrer &#8230;, der sich nicht scheute, unser Sprechen zum Mittelpunkt all seiner Forschungen und Bestrebungen zu machen.&#8220;</p>

<!-- This site is optimized with the Yoast SEO plugin v26.0 - https://yoast.com/wordpress/plugins/seo/ -->
<title>7 Erzielongen - Land Of Memory</title>
<meta name="description" content="Isidore Comes lässt uns mit seiner Sammlung von sieben Kurzgeschichten &quot;7 Erzielongen&quot; in den Ersten Weltkrieg in Luxemburg eintauchen." />
<meta name="robots" content="index, follow, max-snippet:-1, max-image-preview:large, max-video-preview:-1" />
<link rel="canonical" href="https://www.landofmemory.eu/de/oeuvres/7-erzielongen/" />
<meta property="og:locale" content="de_DE" />
<meta property="og:type" content="article" />
<meta property="og:title" content="7 Erzielongen - Land Of Memory" />
<meta property="og:description" content="Isidore Comes lässt uns mit seiner Sammlung von sieben Kurzgeschichten &quot;7 Erzielongen&quot; in den Ersten Weltkrieg in Luxemburg eintauchen." />
<meta property="og:url" content="https://www.landofmemory.eu/de/oeuvres/7-erzielongen/" />
<meta property="og:site_name" content="Land Of Memory" />
<meta property="article:publisher" content="https://www.facebook.com/landofmemory.eu" />
<meta name="twitter:card" content="summary_large_image" />
<meta name="twitter:label1" content="Geschätzte Lesezeit" />
	<meta name="twitter:data1" content="1 Minute" />
<script type="application/ld+json" class="yoast-schema-graph">{"@context":"https://schema.org","@graph":[{"@type":"WebPage","@id":"https://www.landofmemory.eu/de/oeuvres/7-erzielongen/","url":"https://www.landofmemory.eu/de/oeuvres/7-erzielongen/","name":"7 Erzielongen - Land Of Memory","isPartOf":{"@id":"https://www.landofmemory.eu/#website"},"datePublished":"2022-09-06T14:13:05+00:00","description":"Isidore Comes lässt uns mit seiner Sammlung von sieben Kurzgeschichten \"7 Erzielongen\" in den Ersten Weltkrieg in Luxemburg eintauchen.","breadcrumb":{"@id":"https://www.landofmemory.eu/de/oeuvres/7-erzielongen/#breadcrumb"},"inLanguage":"de","potentialAction":[{"@type":"ReadAction","target":["https://www.landofmemory.eu/de/oeuvres/7-erzielongen/"]}]},{"@type":"BreadcrumbList","@id":"https://www.landofmemory.eu/de/oeuvres/7-erzielongen/#breadcrumb","itemListElement":[{"@type":"ListItem","position":1,"name":"Accueil","item":"https://www.landofmemory.eu/"},{"@type":"ListItem","position":2,"name":"7 Erzielongen"}]},{"@type":"WebSite","@id":"https://www.landofmemory.eu/#website","url":"https://www.landofmemory.eu/","name":"Land Of Memory","description":"L&#039;histoire commence ici","publisher":{"@id":"https://www.landofmemory.eu/#organization"},"potentialAction":[{"@type":"SearchAction","target":{"@type":"EntryPoint","urlTemplate":"https://www.landofmemory.eu/?s={search_term_string}"},"query-input":{"@type":"PropertyValueSpecification","valueRequired":true,"valueName":"search_term_string"}}],"inLanguage":"de"},{"@type":"Organization","@id":"https://www.landofmemory.eu/#organization","name":"Land Of Memory","url":"https://www.landofmemory.eu/","logo":{"@type":"ImageObject","inLanguage":"de","@id":"https://www.landofmemory.eu/#/schema/logo/image/","url":"https://www.landofmemory.eu/wp-content/uploads/2022/10/logo-land-of-memory.jpg","contentUrl":"https://www.landofmemory.eu/wp-content/uploads/2022/10/logo-land-of-memory.jpg","width":1000,"height":500,"caption":"Land Of Memory"},"image":{"@id":"https://www.landofmemory.eu/#/schema/logo/image/"},"sameAs":["https://www.facebook.com/landofmemory.eu","https://www.instagram.com/landofmemory_eu/"]}]}</script>
<!-- / Yoast SEO plugin. -->

Isidore Comes lässt uns mit seiner Sammlung von sieben Kurzgeschichten "7 Erzielongen" in den Ersten Weltkrieg in Luxemburg eintauchen.
