{"id":11308,"date":"2022-09-06T16:24:12","date_gmt":"2022-09-06T14:24:12","guid":{"rendered":"https:\/\/www.landofmemory.eu\/oeuvres\/luxemburg-und-der-erste-weltkrieg-literaturgeschichten\/"},"modified":"2022-09-06T16:24:12","modified_gmt":"2022-09-06T14:24:12","slug":"luxemburg-und-der-erste-weltkrieg-literaturgeschichten","status":"publish","type":"oeuvres","link":"https:\/\/www.landofmemory.eu\/de\/oeuvres\/luxemburg-und-der-erste-weltkrieg-literaturgeschichten\/","title":{"rendered":"Luxemburg und der Erste Weltkrieg.  Literaturgeschichten"},"content":{"rendered":"\n<p>&#8222;Luxemburg und der Erste Weltkrieg, Literaturgeschichten&#8220; oder &#8222;Luxemburg und der Erste Weltkrieg, Literaturgeschichte(n)&#8220; ist ein Begleitkatalog zur gleichnamigen Ausstellung. Er vertieft die Frage: &#8222;Was war also der Krieg?&#8220; aus der Sicht der Literatur.<\/p>\n\n<p>Daniela Lieb, Pierre Marson und Josiane Weber haben \u00fcber 250 zeitgen\u00f6ssische literarische und historische Dokumente gesammelt und analysiert. Darunter befinden sich Tageb\u00fccher, Briefe, Chroniken, Fotos und Objekte. Sie zeigen, wie pr\u00e4sent der Gro\u00dfe Krieg in Luxemburg war. Denn ab August 1914 wurde das neutrale Land Luxemburg von deutschen Truppen besetzt. F\u00fcr das Land war dies der Beginn einer beispiellosen Krisenzeit. <\/p>\n\n<p>Schriftsteller und Journalisten wurden zensiert und verfolgt, einige mussten ins Exil gehen. Die Ausstellungsst\u00fccke veranschaulichen Einzelschicksale oder Meinungen, die einen Einblick in die gespaltene Situation des Landes und seiner B\u00fcrger geben.<\/p>\n\n<p>Die Ausstellung war in f\u00fcnf Teile gegliedert, ebenso wie der dazugeh\u00f6rige Katalog.<\/p>\n\n<h2 class=\"wp-block-heading\">Deutsche Invasion und ihre Folgen <\/h2>\n\n<p>B\u00fccher, Fotos und Tagebucheintr\u00e4ge veranschaulichen, wie die Luxemburger den Kriegsbeginn und die traumatische Besatzung erlebt haben.<\/p>\n\n<h2 class=\"wp-block-heading\">Nicht mehr Herr im eigenen Haus sein<\/h2>\n\n<p>Es wird \u00fcber die einschr\u00e4nkende rechtliche und moralische Situation Luxemburgs und seiner B\u00fcrger w\u00e4hrend der vier Jahre der Besatzung gesprochen. Das Gef\u00fchl der &#8222;gro\u00dfen Schande&#8220;, Resignation, Scham und Kollaboration stehen im Mittelpunkt dieses Abschnitts. Man befasst sich auch mit Widerstand, Spionage und den daraus resultierenden Konsequenzen.<\/p>\n\n<h2 class=\"wp-block-heading\">Umw\u00e4lzung des Alltagslebens<\/h2>\n\n<p>&#8222;Uns\u00e4gliche M\u00fche in einer trostlosen Zeit&#8220; illustriert die Versorgungslage anhand von zwei ern\u00e4hrungsphysiologisch wichtigen Grundnahrungsmitteln: Brot und Kartoffeln. Auch die Anf\u00e4nge der organisierten Arbeiterbewegung haben ihren Ursprung im Protest gegen die Lebensmittelknappheit.<\/p>\n\n<h2 class=\"wp-block-heading\">Soziale Folgen<\/h2>\n\n<p>Mit dem Ausdruck &#8222;Im Wartesaal des Krieges&#8220; beschreibt Batty Weber die unt\u00e4tige Haltung der meisten seiner Zeitgenossen w\u00e4hrend dieser Zeit. In diesem Teil geht es um die Kriegsrealit\u00e4t au\u00dferhalb der Kampfhandlungen. Dabei geht es zum Beispiel um die Fl\u00fcchtlinge, die nach Luxemburg kommen, die Versorgung von Verwundeten oder die Leichen, die durch das Land transportiert werden. Auch die Fremdenlegion\u00e4re werden hervorgehoben. Sie waren Gegenstand zahlreicher Theaterst\u00fccke, Gedichte und Prosa und werden in der Nachkriegszeit aufgewertet.<\/p>\n\n<h2 class=\"wp-block-heading\">Unmittelbare Folgen nach dem Krieg<\/h2>\n\n<p>Es wird zum Beispiel auf die Herrschaft von Gro\u00dfherzogin Marie-Ad\u00e9la\u00efde und die Anwesenheit amerikanischer Truppen in Luxemburg zur\u00fcckgeblickt.<\/p>\n\n<p><\/p>\n","protected":false},"template":"","class_list":["post-11308","oeuvres","type-oeuvres","status-publish","hentry","type_oeuvre-livres-guerres-mondiales"],"acf":[],"yoast_head":"<!-- This site is optimized with the Yoast SEO plugin v26.0 - https:\/\/yoast.com\/wordpress\/plugins\/seo\/ -->\n<title>Luxemburg und der Erste Weltkrieg. Literaturgeschichten - Land Of Memory<\/title>\n<meta name=\"description\" content=\"&quot;Luxemburg und der Erste Weltkrieg&quot; erm\u00f6glicht es, den Ersten Weltkrieg in Luxemburg aus der Sicht der Literatur neu zu entdecken.\" \/>\n<meta name=\"robots\" content=\"index, follow, max-snippet:-1, max-image-preview:large, max-video-preview:-1\" \/>\n<link rel=\"canonical\" href=\"https:\/\/www.landofmemory.eu\/de\/oeuvres\/luxemburg-und-der-erste-weltkrieg-literaturgeschichten\/\" \/>\n<meta property=\"og:locale\" content=\"de_DE\" \/>\n<meta property=\"og:type\" content=\"article\" \/>\n<meta property=\"og:title\" content=\"Luxemburg und der Erste Weltkrieg. Literaturgeschichten - Land Of Memory\" \/>\n<meta property=\"og:description\" content=\"&quot;Luxemburg und der Erste Weltkrieg&quot; erm\u00f6glicht es, den Ersten Weltkrieg in Luxemburg aus der Sicht der Literatur neu zu entdecken.\" \/>\n<meta property=\"og:url\" content=\"https:\/\/www.landofmemory.eu\/de\/oeuvres\/luxemburg-und-der-erste-weltkrieg-literaturgeschichten\/\" \/>\n<meta property=\"og:site_name\" content=\"Land Of Memory\" \/>\n<meta property=\"article:publisher\" content=\"https:\/\/www.facebook.com\/landofmemory.eu\" \/>\n<meta name=\"twitter:card\" content=\"summary_large_image\" \/>\n<meta name=\"twitter:label1\" content=\"Gesch\u00e4tzte Lesezeit\" \/>\n\t<meta name=\"twitter:data1\" content=\"2\u00a0Minuten\" \/>\n<script type=\"application\/ld+json\" class=\"yoast-schema-graph\">{\"@context\":\"https:\/\/schema.org\",\"@graph\":[{\"@type\":\"WebPage\",\"@id\":\"https:\/\/www.landofmemory.eu\/de\/oeuvres\/luxemburg-und-der-erste-weltkrieg-literaturgeschichten\/\",\"url\":\"https:\/\/www.landofmemory.eu\/de\/oeuvres\/luxemburg-und-der-erste-weltkrieg-literaturgeschichten\/\",\"name\":\"Luxemburg und der Erste Weltkrieg. Literaturgeschichten - Land Of Memory\",\"isPartOf\":{\"@id\":\"https:\/\/www.landofmemory.eu\/#website\"},\"datePublished\":\"2022-09-06T14:24:12+00:00\",\"description\":\"\\\"Luxemburg und der Erste Weltkrieg\\\" erm\u00f6glicht es, den Ersten Weltkrieg in Luxemburg aus der Sicht der Literatur neu zu entdecken.\",\"breadcrumb\":{\"@id\":\"https:\/\/www.landofmemory.eu\/de\/oeuvres\/luxemburg-und-der-erste-weltkrieg-literaturgeschichten\/#breadcrumb\"},\"inLanguage\":\"de\",\"potentialAction\":[{\"@type\":\"ReadAction\",\"target\":[\"https:\/\/www.landofmemory.eu\/de\/oeuvres\/luxemburg-und-der-erste-weltkrieg-literaturgeschichten\/\"]}]},{\"@type\":\"BreadcrumbList\",\"@id\":\"https:\/\/www.landofmemory.eu\/de\/oeuvres\/luxemburg-und-der-erste-weltkrieg-literaturgeschichten\/#breadcrumb\",\"itemListElement\":[{\"@type\":\"ListItem\",\"position\":1,\"name\":\"Accueil\",\"item\":\"https:\/\/www.landofmemory.eu\/\"},{\"@type\":\"ListItem\",\"position\":2,\"name\":\"Luxemburg und der Erste Weltkrieg. Literaturgeschichten\"}]},{\"@type\":\"WebSite\",\"@id\":\"https:\/\/www.landofmemory.eu\/#website\",\"url\":\"https:\/\/www.landofmemory.eu\/\",\"name\":\"Land Of Memory\",\"description\":\"L&#039;histoire commence ici\",\"publisher\":{\"@id\":\"https:\/\/www.landofmemory.eu\/#organization\"},\"potentialAction\":[{\"@type\":\"SearchAction\",\"target\":{\"@type\":\"EntryPoint\",\"urlTemplate\":\"https:\/\/www.landofmemory.eu\/?s={search_term_string}\"},\"query-input\":{\"@type\":\"PropertyValueSpecification\",\"valueRequired\":true,\"valueName\":\"search_term_string\"}}],\"inLanguage\":\"de\"},{\"@type\":\"Organization\",\"@id\":\"https:\/\/www.landofmemory.eu\/#organization\",\"name\":\"Land Of Memory\",\"url\":\"https:\/\/www.landofmemory.eu\/\",\"logo\":{\"@type\":\"ImageObject\",\"inLanguage\":\"de\",\"@id\":\"https:\/\/www.landofmemory.eu\/#\/schema\/logo\/image\/\",\"url\":\"https:\/\/www.landofmemory.eu\/wp-content\/uploads\/2022\/10\/logo-land-of-memory.jpg\",\"contentUrl\":\"https:\/\/www.landofmemory.eu\/wp-content\/uploads\/2022\/10\/logo-land-of-memory.jpg\",\"width\":1000,\"height\":500,\"caption\":\"Land Of Memory\"},\"image\":{\"@id\":\"https:\/\/www.landofmemory.eu\/#\/schema\/logo\/image\/\"},\"sameAs\":[\"https:\/\/www.facebook.com\/landofmemory.eu\",\"https:\/\/www.instagram.com\/landofmemory_eu\/\"]}]}<\/script>\n<!-- \/ Yoast SEO plugin. -->","yoast_head_json":{"title":"Luxemburg und der Erste Weltkrieg. Literaturgeschichten - Land Of Memory","description":"\"Luxemburg und der Erste Weltkrieg\" erm\u00f6glicht es, den Ersten Weltkrieg in Luxemburg aus der Sicht der Literatur neu zu entdecken.","robots":{"index":"index","follow":"follow","max-snippet":"max-snippet:-1","max-image-preview":"max-image-preview:large","max-video-preview":"max-video-preview:-1"},"canonical":"https:\/\/www.landofmemory.eu\/de\/oeuvres\/luxemburg-und-der-erste-weltkrieg-literaturgeschichten\/","og_locale":"de_DE","og_type":"article","og_title":"Luxemburg und der Erste Weltkrieg. Literaturgeschichten - Land Of Memory","og_description":"\"Luxemburg und der Erste Weltkrieg\" erm\u00f6glicht es, den Ersten Weltkrieg in Luxemburg aus der Sicht der Literatur neu zu entdecken.","og_url":"https:\/\/www.landofmemory.eu\/de\/oeuvres\/luxemburg-und-der-erste-weltkrieg-literaturgeschichten\/","og_site_name":"Land Of Memory","article_publisher":"https:\/\/www.facebook.com\/landofmemory.eu","twitter_card":"summary_large_image","twitter_misc":{"Gesch\u00e4tzte Lesezeit":"2\u00a0Minuten"},"schema":{"@context":"https:\/\/schema.org","@graph":[{"@type":"WebPage","@id":"https:\/\/www.landofmemory.eu\/de\/oeuvres\/luxemburg-und-der-erste-weltkrieg-literaturgeschichten\/","url":"https:\/\/www.landofmemory.eu\/de\/oeuvres\/luxemburg-und-der-erste-weltkrieg-literaturgeschichten\/","name":"Luxemburg und der Erste Weltkrieg. Literaturgeschichten - Land Of Memory","isPartOf":{"@id":"https:\/\/www.landofmemory.eu\/#website"},"datePublished":"2022-09-06T14:24:12+00:00","description":"\"Luxemburg und der Erste Weltkrieg\" erm\u00f6glicht es, den Ersten Weltkrieg in Luxemburg aus der Sicht der Literatur neu zu entdecken.","breadcrumb":{"@id":"https:\/\/www.landofmemory.eu\/de\/oeuvres\/luxemburg-und-der-erste-weltkrieg-literaturgeschichten\/#breadcrumb"},"inLanguage":"de","potentialAction":[{"@type":"ReadAction","target":["https:\/\/www.landofmemory.eu\/de\/oeuvres\/luxemburg-und-der-erste-weltkrieg-literaturgeschichten\/"]}]},{"@type":"BreadcrumbList","@id":"https:\/\/www.landofmemory.eu\/de\/oeuvres\/luxemburg-und-der-erste-weltkrieg-literaturgeschichten\/#breadcrumb","itemListElement":[{"@type":"ListItem","position":1,"name":"Accueil","item":"https:\/\/www.landofmemory.eu\/"},{"@type":"ListItem","position":2,"name":"Luxemburg und der Erste Weltkrieg. Literaturgeschichten"}]},{"@type":"WebSite","@id":"https:\/\/www.landofmemory.eu\/#website","url":"https:\/\/www.landofmemory.eu\/","name":"Land Of Memory","description":"L&#039;histoire commence ici","publisher":{"@id":"https:\/\/www.landofmemory.eu\/#organization"},"potentialAction":[{"@type":"SearchAction","target":{"@type":"EntryPoint","urlTemplate":"https:\/\/www.landofmemory.eu\/?s={search_term_string}"},"query-input":{"@type":"PropertyValueSpecification","valueRequired":true,"valueName":"search_term_string"}}],"inLanguage":"de"},{"@type":"Organization","@id":"https:\/\/www.landofmemory.eu\/#organization","name":"Land Of Memory","url":"https:\/\/www.landofmemory.eu\/","logo":{"@type":"ImageObject","inLanguage":"de","@id":"https:\/\/www.landofmemory.eu\/#\/schema\/logo\/image\/","url":"https:\/\/www.landofmemory.eu\/wp-content\/uploads\/2022\/10\/logo-land-of-memory.jpg","contentUrl":"https:\/\/www.landofmemory.eu\/wp-content\/uploads\/2022\/10\/logo-land-of-memory.jpg","width":1000,"height":500,"caption":"Land Of Memory"},"image":{"@id":"https:\/\/www.landofmemory.eu\/#\/schema\/logo\/image\/"},"sameAs":["https:\/\/www.facebook.com\/landofmemory.eu","https:\/\/www.instagram.com\/landofmemory_eu\/"]}]}},"_links":{"self":[{"href":"https:\/\/www.landofmemory.eu\/de\/wp-json\/wp\/v2\/oeuvres\/11308","targetHints":{"allow":["GET"]}}],"collection":[{"href":"https:\/\/www.landofmemory.eu\/de\/wp-json\/wp\/v2\/oeuvres"}],"about":[{"href":"https:\/\/www.landofmemory.eu\/de\/wp-json\/wp\/v2\/types\/oeuvres"}],"wp:attachment":[{"href":"https:\/\/www.landofmemory.eu\/de\/wp-json\/wp\/v2\/media?parent=11308"}],"curies":[{"name":"wp","href":"https:\/\/api.w.org\/{rel}","templated":true}]}}

<p>&#8222;Luxemburg und der Erste Weltkrieg, Literaturgeschichten&#8220; oder &#8222;Luxemburg und der Erste Weltkrieg, Literaturgeschichte(n)&#8220; ist ein Begleitkatalog zur gleichnamigen Ausstellung. Er vertieft die Frage: &#8222;Was war also der Krieg?&#8220; aus der Sicht der Literatur.</p>

<p>Daniela Lieb, Pierre Marson und Josiane Weber haben über 250 zeitgenössische literarische und historische Dokumente gesammelt und analysiert. Darunter befinden sich Tagebücher, Briefe, Chroniken, Fotos und Objekte. Sie zeigen, wie präsent der Große Krieg in Luxemburg war. Denn ab August 1914 wurde das neutrale Land Luxemburg von deutschen Truppen besetzt. Für das Land war dies der Beginn einer beispiellosen Krisenzeit. </p>

<p>Schriftsteller und Journalisten wurden zensiert und verfolgt, einige mussten ins Exil gehen. Die Ausstellungsstücke veranschaulichen Einzelschicksale oder Meinungen, die einen Einblick in die gespaltene Situation des Landes und seiner Bürger geben.</p>

<p>Die Ausstellung war in fünf Teile gegliedert, ebenso wie der dazugehörige Katalog.</p>

<h2 class="wp-block-heading">Deutsche Invasion und ihre Folgen </h2>

<p>Bücher, Fotos und Tagebucheinträge veranschaulichen, wie die Luxemburger den Kriegsbeginn und die traumatische Besatzung erlebt haben.</p>

<h2 class="wp-block-heading">Nicht mehr Herr im eigenen Haus sein</h2>

<p>Es wird über die einschränkende rechtliche und moralische Situation Luxemburgs und seiner Bürger während der vier Jahre der Besatzung gesprochen. Das Gefühl der &#8222;großen Schande&#8220;, Resignation, Scham und Kollaboration stehen im Mittelpunkt dieses Abschnitts. Man befasst sich auch mit Widerstand, Spionage und den daraus resultierenden Konsequenzen.</p>

<h2 class="wp-block-heading">Umwälzung des Alltagslebens</h2>

<p>&#8222;Unsägliche Mühe in einer trostlosen Zeit&#8220; illustriert die Versorgungslage anhand von zwei ernährungsphysiologisch wichtigen Grundnahrungsmitteln: Brot und Kartoffeln. Auch die Anfänge der organisierten Arbeiterbewegung haben ihren Ursprung im Protest gegen die Lebensmittelknappheit.</p>

<h2 class="wp-block-heading">Soziale Folgen</h2>

<p>Mit dem Ausdruck &#8222;Im Wartesaal des Krieges&#8220; beschreibt Batty Weber die untätige Haltung der meisten seiner Zeitgenossen während dieser Zeit. In diesem Teil geht es um die Kriegsrealität außerhalb der Kampfhandlungen. Dabei geht es zum Beispiel um die Flüchtlinge, die nach Luxemburg kommen, die Versorgung von Verwundeten oder die Leichen, die durch das Land transportiert werden. Auch die Fremdenlegionäre werden hervorgehoben. Sie waren Gegenstand zahlreicher Theaterstücke, Gedichte und Prosa und werden in der Nachkriegszeit aufgewertet.</p>

<h2 class="wp-block-heading">Unmittelbare Folgen nach dem Krieg</h2>

<p>Es wird zum Beispiel auf die Herrschaft von Großherzogin Marie-Adélaïde und die Anwesenheit amerikanischer Truppen in Luxemburg zurückgeblickt.</p>

<p></p>

<!-- This site is optimized with the Yoast SEO plugin v26.0 - https://yoast.com/wordpress/plugins/seo/ -->
<title>Luxemburg und der Erste Weltkrieg. Literaturgeschichten - Land Of Memory</title>
<meta name="description" content="&quot;Luxemburg und der Erste Weltkrieg&quot; ermöglicht es, den Ersten Weltkrieg in Luxemburg aus der Sicht der Literatur neu zu entdecken." />
<meta name="robots" content="index, follow, max-snippet:-1, max-image-preview:large, max-video-preview:-1" />
<link rel="canonical" href="https://www.landofmemory.eu/de/oeuvres/luxemburg-und-der-erste-weltkrieg-literaturgeschichten/" />
<meta property="og:locale" content="de_DE" />
<meta property="og:type" content="article" />
<meta property="og:title" content="Luxemburg und der Erste Weltkrieg. Literaturgeschichten - Land Of Memory" />
<meta property="og:description" content="&quot;Luxemburg und der Erste Weltkrieg&quot; ermöglicht es, den Ersten Weltkrieg in Luxemburg aus der Sicht der Literatur neu zu entdecken." />
<meta property="og:url" content="https://www.landofmemory.eu/de/oeuvres/luxemburg-und-der-erste-weltkrieg-literaturgeschichten/" />
<meta property="og:site_name" content="Land Of Memory" />
<meta property="article:publisher" content="https://www.facebook.com/landofmemory.eu" />
<meta name="twitter:card" content="summary_large_image" />
<meta name="twitter:label1" content="Geschätzte Lesezeit" />
	<meta name="twitter:data1" content="2 Minuten" />
<script type="application/ld+json" class="yoast-schema-graph">{"@context":"https://schema.org","@graph":[{"@type":"WebPage","@id":"https://www.landofmemory.eu/de/oeuvres/luxemburg-und-der-erste-weltkrieg-literaturgeschichten/","url":"https://www.landofmemory.eu/de/oeuvres/luxemburg-und-der-erste-weltkrieg-literaturgeschichten/","name":"Luxemburg und der Erste Weltkrieg. Literaturgeschichten - Land Of Memory","isPartOf":{"@id":"https://www.landofmemory.eu/#website"},"datePublished":"2022-09-06T14:24:12+00:00","description":"\"Luxemburg und der Erste Weltkrieg\" ermöglicht es, den Ersten Weltkrieg in Luxemburg aus der Sicht der Literatur neu zu entdecken.","breadcrumb":{"@id":"https://www.landofmemory.eu/de/oeuvres/luxemburg-und-der-erste-weltkrieg-literaturgeschichten/#breadcrumb"},"inLanguage":"de","potentialAction":[{"@type":"ReadAction","target":["https://www.landofmemory.eu/de/oeuvres/luxemburg-und-der-erste-weltkrieg-literaturgeschichten/"]}]},{"@type":"BreadcrumbList","@id":"https://www.landofmemory.eu/de/oeuvres/luxemburg-und-der-erste-weltkrieg-literaturgeschichten/#breadcrumb","itemListElement":[{"@type":"ListItem","position":1,"name":"Accueil","item":"https://www.landofmemory.eu/"},{"@type":"ListItem","position":2,"name":"Luxemburg und der Erste Weltkrieg. Literaturgeschichten"}]},{"@type":"WebSite","@id":"https://www.landofmemory.eu/#website","url":"https://www.landofmemory.eu/","name":"Land Of Memory","description":"L&#039;histoire commence ici","publisher":{"@id":"https://www.landofmemory.eu/#organization"},"potentialAction":[{"@type":"SearchAction","target":{"@type":"EntryPoint","urlTemplate":"https://www.landofmemory.eu/?s={search_term_string}"},"query-input":{"@type":"PropertyValueSpecification","valueRequired":true,"valueName":"search_term_string"}}],"inLanguage":"de"},{"@type":"Organization","@id":"https://www.landofmemory.eu/#organization","name":"Land Of Memory","url":"https://www.landofmemory.eu/","logo":{"@type":"ImageObject","inLanguage":"de","@id":"https://www.landofmemory.eu/#/schema/logo/image/","url":"https://www.landofmemory.eu/wp-content/uploads/2022/10/logo-land-of-memory.jpg","contentUrl":"https://www.landofmemory.eu/wp-content/uploads/2022/10/logo-land-of-memory.jpg","width":1000,"height":500,"caption":"Land Of Memory"},"image":{"@id":"https://www.landofmemory.eu/#/schema/logo/image/"},"sameAs":["https://www.facebook.com/landofmemory.eu","https://www.instagram.com/landofmemory_eu/"]}]}</script>
<!-- / Yoast SEO plugin. -->

"Luxemburg und der Erste Weltkrieg" ermöglicht es, den Ersten Weltkrieg in Luxemburg aus der Sicht der Literatur neu zu entdecken.
