{"id":11312,"date":"2022-09-06T16:35:22","date_gmt":"2022-09-06T14:35:22","guid":{"rendered":"https:\/\/www.landofmemory.eu\/oeuvres\/und-ich-war-da\/"},"modified":"2022-09-06T16:35:22","modified_gmt":"2022-09-06T14:35:22","slug":"und-ich-war-da","status":"publish","type":"oeuvres","link":"https:\/\/www.landofmemory.eu\/de\/oeuvres\/und-ich-war-da\/","title":{"rendered":"Und ich war da"},"content":{"rendered":"\n<p>&#8222;Und ich war da&#8220; ist ein Roman von Martin Beyer, der nur auf Deutsch erh\u00e4ltlich ist. Comment se fait-il que l&#8217;un r\u00e9siste alors que l&#8217;autre devient un suiveur? C&#8217;est la question que l&#8217;auteur se pose tout au long de ce livre. Une interrogation qui ne peut laisser personne indiff\u00e9rent.<\/p>\n\n<p> Im Laufe seines Lebens hat August Unterseher viele Gelegenheiten, sich gegen das Nazi-Regime zu stellen. Er nutzt jedoch keine davon. Dies ist die Geschichte eines Mannes, der sich in die Dunkelheit seiner Zeit begibt: zuerst in der Hitlerjugend, dann als Soldat der Wehrmacht w\u00e4hrend des Russlandfeldzugs. Er war da, einfach da, weder f\u00fcr noch gegen das, was sich vor seinen Augen abspielte. Er wurde von klein auf auf dem Bauernhof seines Vaters erzogen, wo er ohne Unterlass und ohne nachzudenken arbeitete, und machte die traurige Angewohnheit, alles zu tun, was man ihm sagte.<\/p>\n\n<p>Sp\u00e4ter, als er als Kriegsversehrter in seine Heimat zur\u00fcckkehrt, meldet er sich als Gehilfe des Henkers der Nazi-Schergen. Seitdem fragt er sich jeden Tag: Aber wie bin ich nur so weit gekommen?<\/p>\n\n<p>Un homme sans qualit\u00e9s qui, \u00e0 la fin de sa vie suite \u00e0 de trop nombreux cauchemars, cherche \u00e0 comprendre pourquoi tout est arriv\u00e9 ainsi, pourquoi il a surv\u00e9cu l\u00e0 o\u00f9 d&#8217;autres sont tomb\u00e9s, pourquoi il est devenu un bourreau l\u00e0 o\u00f9 d&#8217;autres sont morts pour leurs id\u00e9aux.<\/p>\n","protected":false},"template":"","class_list":["post-11312","oeuvres","type-oeuvres","status-publish","hentry","type_oeuvre-livres-guerres-mondiales"],"acf":[],"yoast_head":"<!-- This site is optimized with the Yoast SEO plugin v26.0 - https:\/\/yoast.com\/wordpress\/plugins\/seo\/ -->\n<title>Und ich war da - Land Of Memory<\/title>\n<meta name=\"description\" content=\"&quot;Und ich war da&quot; f\u00fchrt den Leser in die Gedanken eines Mannes, der w\u00e4hrend des Zweiten Weltkriegs alle falschen Entscheidungen getroffen hat\" \/>\n<meta name=\"robots\" content=\"index, follow, max-snippet:-1, max-image-preview:large, max-video-preview:-1\" \/>\n<link rel=\"canonical\" href=\"https:\/\/www.landofmemory.eu\/de\/oeuvres\/und-ich-war-da\/\" \/>\n<meta property=\"og:locale\" content=\"de_DE\" \/>\n<meta property=\"og:type\" content=\"article\" \/>\n<meta property=\"og:title\" content=\"Und ich war da - Land Of Memory\" \/>\n<meta property=\"og:description\" content=\"&quot;Und ich war da&quot; f\u00fchrt den Leser in die Gedanken eines Mannes, der w\u00e4hrend des Zweiten Weltkriegs alle falschen Entscheidungen getroffen hat\" \/>\n<meta property=\"og:url\" content=\"https:\/\/www.landofmemory.eu\/de\/oeuvres\/und-ich-war-da\/\" \/>\n<meta property=\"og:site_name\" content=\"Land Of Memory\" \/>\n<meta property=\"article:publisher\" content=\"https:\/\/www.facebook.com\/landofmemory.eu\" \/>\n<meta name=\"twitter:card\" content=\"summary_large_image\" \/>\n<meta name=\"twitter:label1\" content=\"Gesch\u00e4tzte Lesezeit\" \/>\n\t<meta name=\"twitter:data1\" content=\"1\u00a0Minute\" \/>\n<script type=\"application\/ld+json\" class=\"yoast-schema-graph\">{\"@context\":\"https:\/\/schema.org\",\"@graph\":[{\"@type\":\"WebPage\",\"@id\":\"https:\/\/www.landofmemory.eu\/de\/oeuvres\/und-ich-war-da\/\",\"url\":\"https:\/\/www.landofmemory.eu\/de\/oeuvres\/und-ich-war-da\/\",\"name\":\"Und ich war da - Land Of Memory\",\"isPartOf\":{\"@id\":\"https:\/\/www.landofmemory.eu\/#website\"},\"datePublished\":\"2022-09-06T14:35:22+00:00\",\"description\":\"\\\"Und ich war da\\\" f\u00fchrt den Leser in die Gedanken eines Mannes, der w\u00e4hrend des Zweiten Weltkriegs alle falschen Entscheidungen getroffen hat\",\"breadcrumb\":{\"@id\":\"https:\/\/www.landofmemory.eu\/de\/oeuvres\/und-ich-war-da\/#breadcrumb\"},\"inLanguage\":\"de\",\"potentialAction\":[{\"@type\":\"ReadAction\",\"target\":[\"https:\/\/www.landofmemory.eu\/de\/oeuvres\/und-ich-war-da\/\"]}]},{\"@type\":\"BreadcrumbList\",\"@id\":\"https:\/\/www.landofmemory.eu\/de\/oeuvres\/und-ich-war-da\/#breadcrumb\",\"itemListElement\":[{\"@type\":\"ListItem\",\"position\":1,\"name\":\"Accueil\",\"item\":\"https:\/\/www.landofmemory.eu\/\"},{\"@type\":\"ListItem\",\"position\":2,\"name\":\"Und ich war da\"}]},{\"@type\":\"WebSite\",\"@id\":\"https:\/\/www.landofmemory.eu\/#website\",\"url\":\"https:\/\/www.landofmemory.eu\/\",\"name\":\"Land Of Memory\",\"description\":\"L&#039;histoire commence ici\",\"publisher\":{\"@id\":\"https:\/\/www.landofmemory.eu\/#organization\"},\"potentialAction\":[{\"@type\":\"SearchAction\",\"target\":{\"@type\":\"EntryPoint\",\"urlTemplate\":\"https:\/\/www.landofmemory.eu\/?s={search_term_string}\"},\"query-input\":{\"@type\":\"PropertyValueSpecification\",\"valueRequired\":true,\"valueName\":\"search_term_string\"}}],\"inLanguage\":\"de\"},{\"@type\":\"Organization\",\"@id\":\"https:\/\/www.landofmemory.eu\/#organization\",\"name\":\"Land Of Memory\",\"url\":\"https:\/\/www.landofmemory.eu\/\",\"logo\":{\"@type\":\"ImageObject\",\"inLanguage\":\"de\",\"@id\":\"https:\/\/www.landofmemory.eu\/#\/schema\/logo\/image\/\",\"url\":\"https:\/\/www.landofmemory.eu\/wp-content\/uploads\/2022\/10\/logo-land-of-memory.jpg\",\"contentUrl\":\"https:\/\/www.landofmemory.eu\/wp-content\/uploads\/2022\/10\/logo-land-of-memory.jpg\",\"width\":1000,\"height\":500,\"caption\":\"Land Of Memory\"},\"image\":{\"@id\":\"https:\/\/www.landofmemory.eu\/#\/schema\/logo\/image\/\"},\"sameAs\":[\"https:\/\/www.facebook.com\/landofmemory.eu\",\"https:\/\/www.instagram.com\/landofmemory_eu\/\"]}]}<\/script>\n<!-- \/ Yoast SEO plugin. -->","yoast_head_json":{"title":"Und ich war da - Land Of Memory","description":"\"Und ich war da\" f\u00fchrt den Leser in die Gedanken eines Mannes, der w\u00e4hrend des Zweiten Weltkriegs alle falschen Entscheidungen getroffen hat","robots":{"index":"index","follow":"follow","max-snippet":"max-snippet:-1","max-image-preview":"max-image-preview:large","max-video-preview":"max-video-preview:-1"},"canonical":"https:\/\/www.landofmemory.eu\/de\/oeuvres\/und-ich-war-da\/","og_locale":"de_DE","og_type":"article","og_title":"Und ich war da - Land Of Memory","og_description":"\"Und ich war da\" f\u00fchrt den Leser in die Gedanken eines Mannes, der w\u00e4hrend des Zweiten Weltkriegs alle falschen Entscheidungen getroffen hat","og_url":"https:\/\/www.landofmemory.eu\/de\/oeuvres\/und-ich-war-da\/","og_site_name":"Land Of Memory","article_publisher":"https:\/\/www.facebook.com\/landofmemory.eu","twitter_card":"summary_large_image","twitter_misc":{"Gesch\u00e4tzte Lesezeit":"1\u00a0Minute"},"schema":{"@context":"https:\/\/schema.org","@graph":[{"@type":"WebPage","@id":"https:\/\/www.landofmemory.eu\/de\/oeuvres\/und-ich-war-da\/","url":"https:\/\/www.landofmemory.eu\/de\/oeuvres\/und-ich-war-da\/","name":"Und ich war da - Land Of Memory","isPartOf":{"@id":"https:\/\/www.landofmemory.eu\/#website"},"datePublished":"2022-09-06T14:35:22+00:00","description":"\"Und ich war da\" f\u00fchrt den Leser in die Gedanken eines Mannes, der w\u00e4hrend des Zweiten Weltkriegs alle falschen Entscheidungen getroffen hat","breadcrumb":{"@id":"https:\/\/www.landofmemory.eu\/de\/oeuvres\/und-ich-war-da\/#breadcrumb"},"inLanguage":"de","potentialAction":[{"@type":"ReadAction","target":["https:\/\/www.landofmemory.eu\/de\/oeuvres\/und-ich-war-da\/"]}]},{"@type":"BreadcrumbList","@id":"https:\/\/www.landofmemory.eu\/de\/oeuvres\/und-ich-war-da\/#breadcrumb","itemListElement":[{"@type":"ListItem","position":1,"name":"Accueil","item":"https:\/\/www.landofmemory.eu\/"},{"@type":"ListItem","position":2,"name":"Und ich war da"}]},{"@type":"WebSite","@id":"https:\/\/www.landofmemory.eu\/#website","url":"https:\/\/www.landofmemory.eu\/","name":"Land Of Memory","description":"L&#039;histoire commence ici","publisher":{"@id":"https:\/\/www.landofmemory.eu\/#organization"},"potentialAction":[{"@type":"SearchAction","target":{"@type":"EntryPoint","urlTemplate":"https:\/\/www.landofmemory.eu\/?s={search_term_string}"},"query-input":{"@type":"PropertyValueSpecification","valueRequired":true,"valueName":"search_term_string"}}],"inLanguage":"de"},{"@type":"Organization","@id":"https:\/\/www.landofmemory.eu\/#organization","name":"Land Of Memory","url":"https:\/\/www.landofmemory.eu\/","logo":{"@type":"ImageObject","inLanguage":"de","@id":"https:\/\/www.landofmemory.eu\/#\/schema\/logo\/image\/","url":"https:\/\/www.landofmemory.eu\/wp-content\/uploads\/2022\/10\/logo-land-of-memory.jpg","contentUrl":"https:\/\/www.landofmemory.eu\/wp-content\/uploads\/2022\/10\/logo-land-of-memory.jpg","width":1000,"height":500,"caption":"Land Of Memory"},"image":{"@id":"https:\/\/www.landofmemory.eu\/#\/schema\/logo\/image\/"},"sameAs":["https:\/\/www.facebook.com\/landofmemory.eu","https:\/\/www.instagram.com\/landofmemory_eu\/"]}]}},"_links":{"self":[{"href":"https:\/\/www.landofmemory.eu\/de\/wp-json\/wp\/v2\/oeuvres\/11312","targetHints":{"allow":["GET"]}}],"collection":[{"href":"https:\/\/www.landofmemory.eu\/de\/wp-json\/wp\/v2\/oeuvres"}],"about":[{"href":"https:\/\/www.landofmemory.eu\/de\/wp-json\/wp\/v2\/types\/oeuvres"}],"wp:attachment":[{"href":"https:\/\/www.landofmemory.eu\/de\/wp-json\/wp\/v2\/media?parent=11312"}],"curies":[{"name":"wp","href":"https:\/\/api.w.org\/{rel}","templated":true}]}}

<p>&#8222;Und ich war da&#8220; ist ein Roman von Martin Beyer, der nur auf Deutsch erhältlich ist. Comment se fait-il que l&#8217;un résiste alors que l&#8217;autre devient un suiveur? C&#8217;est la question que l&#8217;auteur se pose tout au long de ce livre. Une interrogation qui ne peut laisser personne indifférent.</p>

<p> Im Laufe seines Lebens hat August Unterseher viele Gelegenheiten, sich gegen das Nazi-Regime zu stellen. Er nutzt jedoch keine davon. Dies ist die Geschichte eines Mannes, der sich in die Dunkelheit seiner Zeit begibt: zuerst in der Hitlerjugend, dann als Soldat der Wehrmacht während des Russlandfeldzugs. Er war da, einfach da, weder für noch gegen das, was sich vor seinen Augen abspielte. Er wurde von klein auf auf dem Bauernhof seines Vaters erzogen, wo er ohne Unterlass und ohne nachzudenken arbeitete, und machte die traurige Angewohnheit, alles zu tun, was man ihm sagte.</p>

<p>Später, als er als Kriegsversehrter in seine Heimat zurückkehrt, meldet er sich als Gehilfe des Henkers der Nazi-Schergen. Seitdem fragt er sich jeden Tag: Aber wie bin ich nur so weit gekommen?</p>

<p>Un homme sans qualités qui, à la fin de sa vie suite à de trop nombreux cauchemars, cherche à comprendre pourquoi tout est arrivé ainsi, pourquoi il a survécu là où d&#8217;autres sont tombés, pourquoi il est devenu un bourreau là où d&#8217;autres sont morts pour leurs idéaux.</p>

<!-- This site is optimized with the Yoast SEO plugin v26.0 - https://yoast.com/wordpress/plugins/seo/ -->
<title>Und ich war da - Land Of Memory</title>
<meta name="description" content="&quot;Und ich war da&quot; führt den Leser in die Gedanken eines Mannes, der während des Zweiten Weltkriegs alle falschen Entscheidungen getroffen hat" />
<meta name="robots" content="index, follow, max-snippet:-1, max-image-preview:large, max-video-preview:-1" />
<link rel="canonical" href="https://www.landofmemory.eu/de/oeuvres/und-ich-war-da/" />
<meta property="og:locale" content="de_DE" />
<meta property="og:type" content="article" />
<meta property="og:title" content="Und ich war da - Land Of Memory" />
<meta property="og:description" content="&quot;Und ich war da&quot; führt den Leser in die Gedanken eines Mannes, der während des Zweiten Weltkriegs alle falschen Entscheidungen getroffen hat" />
<meta property="og:url" content="https://www.landofmemory.eu/de/oeuvres/und-ich-war-da/" />
<meta property="og:site_name" content="Land Of Memory" />
<meta property="article:publisher" content="https://www.facebook.com/landofmemory.eu" />
<meta name="twitter:card" content="summary_large_image" />
<meta name="twitter:label1" content="Geschätzte Lesezeit" />
	<meta name="twitter:data1" content="1 Minute" />
<script type="application/ld+json" class="yoast-schema-graph">{"@context":"https://schema.org","@graph":[{"@type":"WebPage","@id":"https://www.landofmemory.eu/de/oeuvres/und-ich-war-da/","url":"https://www.landofmemory.eu/de/oeuvres/und-ich-war-da/","name":"Und ich war da - Land Of Memory","isPartOf":{"@id":"https://www.landofmemory.eu/#website"},"datePublished":"2022-09-06T14:35:22+00:00","description":"\"Und ich war da\" führt den Leser in die Gedanken eines Mannes, der während des Zweiten Weltkriegs alle falschen Entscheidungen getroffen hat","breadcrumb":{"@id":"https://www.landofmemory.eu/de/oeuvres/und-ich-war-da/#breadcrumb"},"inLanguage":"de","potentialAction":[{"@type":"ReadAction","target":["https://www.landofmemory.eu/de/oeuvres/und-ich-war-da/"]}]},{"@type":"BreadcrumbList","@id":"https://www.landofmemory.eu/de/oeuvres/und-ich-war-da/#breadcrumb","itemListElement":[{"@type":"ListItem","position":1,"name":"Accueil","item":"https://www.landofmemory.eu/"},{"@type":"ListItem","position":2,"name":"Und ich war da"}]},{"@type":"WebSite","@id":"https://www.landofmemory.eu/#website","url":"https://www.landofmemory.eu/","name":"Land Of Memory","description":"L&#039;histoire commence ici","publisher":{"@id":"https://www.landofmemory.eu/#organization"},"potentialAction":[{"@type":"SearchAction","target":{"@type":"EntryPoint","urlTemplate":"https://www.landofmemory.eu/?s={search_term_string}"},"query-input":{"@type":"PropertyValueSpecification","valueRequired":true,"valueName":"search_term_string"}}],"inLanguage":"de"},{"@type":"Organization","@id":"https://www.landofmemory.eu/#organization","name":"Land Of Memory","url":"https://www.landofmemory.eu/","logo":{"@type":"ImageObject","inLanguage":"de","@id":"https://www.landofmemory.eu/#/schema/logo/image/","url":"https://www.landofmemory.eu/wp-content/uploads/2022/10/logo-land-of-memory.jpg","contentUrl":"https://www.landofmemory.eu/wp-content/uploads/2022/10/logo-land-of-memory.jpg","width":1000,"height":500,"caption":"Land Of Memory"},"image":{"@id":"https://www.landofmemory.eu/#/schema/logo/image/"},"sameAs":["https://www.facebook.com/landofmemory.eu","https://www.instagram.com/landofmemory_eu/"]}]}</script>
<!-- / Yoast SEO plugin. -->

"Und ich war da" führt den Leser in die Gedanken eines Mannes, der während des Zweiten Weltkriegs alle falschen Entscheidungen getroffen hat
