{"id":11366,"date":"2022-09-12T16:53:06","date_gmt":"2022-09-12T14:53:06","guid":{"rendered":"https:\/\/www.landofmemory.eu\/oeuvres\/dei-zwei-wun-bierg\/"},"modified":"2022-09-12T16:53:06","modified_gmt":"2022-09-12T14:53:06","slug":"dei-zwei-wun-bierg","status":"publish","type":"oeuvres","link":"https:\/\/www.landofmemory.eu\/de\/oeuvres\/dei-zwei-wun-bierg\/","title":{"rendered":"D\u00e9i Zw\u00e9i wun Bierg"},"content":{"rendered":"\n<p>&#8222;Beide leben in den Bergen&#8220;, oder auf Luxemburgisch &#8222;D\u00e9i Zw\u00e9i wun Bierg&#8220;, ist ein <a href=\"https:\/\/www.imdb.com\/title\/tt0445340\/\" target=\"_blank\" rel=\"noreferrer noopener\">Film<\/a>, der uns in die Ereignisse eintauchen l\u00e4sst, die sich w\u00e4hrend des Krieges in Luxemburg abgespielt haben.<\/p>\n\n<p>Die beiden Freunde Mill und V\u00e4lten leben in einem kleinen Dorf im Norden Luxemburgs. <a href=\"https:\/\/www.landofmemory.eu\/de\/sujets-thematiques\/der-widerstand-im-grossherzogtum-luxemburg\/\" target=\"_blank\" rel=\"noreferrer noopener\">Doch als die Nazis 1940 das Land besetzen<\/a>, \u00e4ndert sich f\u00fcr sie alles.<\/p>\n\n<p>Der Film zeigt das t\u00e4gliche Leben w\u00e4hrend der deutschen Besatzung: Beschlagnahmungen und Dem\u00fctigungen, drohende Zwangsrekrutierung, Tod von Angeh\u00f6rigen, Deportationen, Kollaboration und Widerstand.\u00a0<\/p>\n","protected":false},"template":"","class_list":["post-11366","oeuvres","type-oeuvres","status-publish","hentry","type_oeuvre-films-guerres-mondiales"],"acf":[],"yoast_head":"<!-- This site is optimized with the Yoast SEO plugin v26.0 - https:\/\/yoast.com\/wordpress\/plugins\/seo\/ -->\n<title>D\u00e9i Zw\u00e9i wun Bierg - Land Of Memory<\/title>\n<meta name=\"description\" content=\"&quot;D\u00e9i Zw\u00e9i wun Bierg&quot; veranschaulicht das Leben im Gro\u00dfherzogtum Luxemburg w\u00e4hrend der deutschen Besatzung ab Mai 1940.\" \/>\n<meta name=\"robots\" content=\"index, follow, max-snippet:-1, max-image-preview:large, max-video-preview:-1\" \/>\n<link rel=\"canonical\" href=\"https:\/\/www.landofmemory.eu\/de\/oeuvres\/dei-zwei-wun-bierg\/\" \/>\n<meta property=\"og:locale\" content=\"de_DE\" \/>\n<meta property=\"og:type\" content=\"article\" \/>\n<meta property=\"og:title\" content=\"D\u00e9i Zw\u00e9i wun Bierg - Land Of Memory\" \/>\n<meta property=\"og:description\" content=\"&quot;D\u00e9i Zw\u00e9i wun Bierg&quot; veranschaulicht das Leben im Gro\u00dfherzogtum Luxemburg w\u00e4hrend der deutschen Besatzung ab Mai 1940.\" \/>\n<meta property=\"og:url\" content=\"https:\/\/www.landofmemory.eu\/de\/oeuvres\/dei-zwei-wun-bierg\/\" \/>\n<meta property=\"og:site_name\" content=\"Land Of Memory\" \/>\n<meta property=\"article:publisher\" content=\"https:\/\/www.facebook.com\/landofmemory.eu\" \/>\n<meta name=\"twitter:card\" content=\"summary_large_image\" \/>\n<script type=\"application\/ld+json\" class=\"yoast-schema-graph\">{\"@context\":\"https:\/\/schema.org\",\"@graph\":[{\"@type\":\"WebPage\",\"@id\":\"https:\/\/www.landofmemory.eu\/de\/oeuvres\/dei-zwei-wun-bierg\/\",\"url\":\"https:\/\/www.landofmemory.eu\/de\/oeuvres\/dei-zwei-wun-bierg\/\",\"name\":\"D\u00e9i Zw\u00e9i wun Bierg - Land Of Memory\",\"isPartOf\":{\"@id\":\"https:\/\/www.landofmemory.eu\/#website\"},\"datePublished\":\"2022-09-12T14:53:06+00:00\",\"description\":\"\\\"D\u00e9i Zw\u00e9i wun Bierg\\\" veranschaulicht das Leben im Gro\u00dfherzogtum Luxemburg w\u00e4hrend der deutschen Besatzung ab Mai 1940.\",\"breadcrumb\":{\"@id\":\"https:\/\/www.landofmemory.eu\/de\/oeuvres\/dei-zwei-wun-bierg\/#breadcrumb\"},\"inLanguage\":\"de\",\"potentialAction\":[{\"@type\":\"ReadAction\",\"target\":[\"https:\/\/www.landofmemory.eu\/de\/oeuvres\/dei-zwei-wun-bierg\/\"]}]},{\"@type\":\"BreadcrumbList\",\"@id\":\"https:\/\/www.landofmemory.eu\/de\/oeuvres\/dei-zwei-wun-bierg\/#breadcrumb\",\"itemListElement\":[{\"@type\":\"ListItem\",\"position\":1,\"name\":\"Accueil\",\"item\":\"https:\/\/www.landofmemory.eu\/\"},{\"@type\":\"ListItem\",\"position\":2,\"name\":\"D\u00e9i Zw\u00e9i wun Bierg\"}]},{\"@type\":\"WebSite\",\"@id\":\"https:\/\/www.landofmemory.eu\/#website\",\"url\":\"https:\/\/www.landofmemory.eu\/\",\"name\":\"Land Of Memory\",\"description\":\"L&#039;histoire commence ici\",\"publisher\":{\"@id\":\"https:\/\/www.landofmemory.eu\/#organization\"},\"potentialAction\":[{\"@type\":\"SearchAction\",\"target\":{\"@type\":\"EntryPoint\",\"urlTemplate\":\"https:\/\/www.landofmemory.eu\/?s={search_term_string}\"},\"query-input\":{\"@type\":\"PropertyValueSpecification\",\"valueRequired\":true,\"valueName\":\"search_term_string\"}}],\"inLanguage\":\"de\"},{\"@type\":\"Organization\",\"@id\":\"https:\/\/www.landofmemory.eu\/#organization\",\"name\":\"Land Of Memory\",\"url\":\"https:\/\/www.landofmemory.eu\/\",\"logo\":{\"@type\":\"ImageObject\",\"inLanguage\":\"de\",\"@id\":\"https:\/\/www.landofmemory.eu\/#\/schema\/logo\/image\/\",\"url\":\"https:\/\/www.landofmemory.eu\/wp-content\/uploads\/2022\/10\/logo-land-of-memory.jpg\",\"contentUrl\":\"https:\/\/www.landofmemory.eu\/wp-content\/uploads\/2022\/10\/logo-land-of-memory.jpg\",\"width\":1000,\"height\":500,\"caption\":\"Land Of Memory\"},\"image\":{\"@id\":\"https:\/\/www.landofmemory.eu\/#\/schema\/logo\/image\/\"},\"sameAs\":[\"https:\/\/www.facebook.com\/landofmemory.eu\",\"https:\/\/www.instagram.com\/landofmemory_eu\/\"]}]}<\/script>\n<!-- \/ Yoast SEO plugin. -->","yoast_head_json":{"title":"D\u00e9i Zw\u00e9i wun Bierg - Land Of Memory","description":"\"D\u00e9i Zw\u00e9i wun Bierg\" veranschaulicht das Leben im Gro\u00dfherzogtum Luxemburg w\u00e4hrend der deutschen Besatzung ab Mai 1940.","robots":{"index":"index","follow":"follow","max-snippet":"max-snippet:-1","max-image-preview":"max-image-preview:large","max-video-preview":"max-video-preview:-1"},"canonical":"https:\/\/www.landofmemory.eu\/de\/oeuvres\/dei-zwei-wun-bierg\/","og_locale":"de_DE","og_type":"article","og_title":"D\u00e9i Zw\u00e9i wun Bierg - Land Of Memory","og_description":"\"D\u00e9i Zw\u00e9i wun Bierg\" veranschaulicht das Leben im Gro\u00dfherzogtum Luxemburg w\u00e4hrend der deutschen Besatzung ab Mai 1940.","og_url":"https:\/\/www.landofmemory.eu\/de\/oeuvres\/dei-zwei-wun-bierg\/","og_site_name":"Land Of Memory","article_publisher":"https:\/\/www.facebook.com\/landofmemory.eu","twitter_card":"summary_large_image","schema":{"@context":"https:\/\/schema.org","@graph":[{"@type":"WebPage","@id":"https:\/\/www.landofmemory.eu\/de\/oeuvres\/dei-zwei-wun-bierg\/","url":"https:\/\/www.landofmemory.eu\/de\/oeuvres\/dei-zwei-wun-bierg\/","name":"D\u00e9i Zw\u00e9i wun Bierg - Land Of Memory","isPartOf":{"@id":"https:\/\/www.landofmemory.eu\/#website"},"datePublished":"2022-09-12T14:53:06+00:00","description":"\"D\u00e9i Zw\u00e9i wun Bierg\" veranschaulicht das Leben im Gro\u00dfherzogtum Luxemburg w\u00e4hrend der deutschen Besatzung ab Mai 1940.","breadcrumb":{"@id":"https:\/\/www.landofmemory.eu\/de\/oeuvres\/dei-zwei-wun-bierg\/#breadcrumb"},"inLanguage":"de","potentialAction":[{"@type":"ReadAction","target":["https:\/\/www.landofmemory.eu\/de\/oeuvres\/dei-zwei-wun-bierg\/"]}]},{"@type":"BreadcrumbList","@id":"https:\/\/www.landofmemory.eu\/de\/oeuvres\/dei-zwei-wun-bierg\/#breadcrumb","itemListElement":[{"@type":"ListItem","position":1,"name":"Accueil","item":"https:\/\/www.landofmemory.eu\/"},{"@type":"ListItem","position":2,"name":"D\u00e9i Zw\u00e9i wun Bierg"}]},{"@type":"WebSite","@id":"https:\/\/www.landofmemory.eu\/#website","url":"https:\/\/www.landofmemory.eu\/","name":"Land Of Memory","description":"L&#039;histoire commence ici","publisher":{"@id":"https:\/\/www.landofmemory.eu\/#organization"},"potentialAction":[{"@type":"SearchAction","target":{"@type":"EntryPoint","urlTemplate":"https:\/\/www.landofmemory.eu\/?s={search_term_string}"},"query-input":{"@type":"PropertyValueSpecification","valueRequired":true,"valueName":"search_term_string"}}],"inLanguage":"de"},{"@type":"Organization","@id":"https:\/\/www.landofmemory.eu\/#organization","name":"Land Of Memory","url":"https:\/\/www.landofmemory.eu\/","logo":{"@type":"ImageObject","inLanguage":"de","@id":"https:\/\/www.landofmemory.eu\/#\/schema\/logo\/image\/","url":"https:\/\/www.landofmemory.eu\/wp-content\/uploads\/2022\/10\/logo-land-of-memory.jpg","contentUrl":"https:\/\/www.landofmemory.eu\/wp-content\/uploads\/2022\/10\/logo-land-of-memory.jpg","width":1000,"height":500,"caption":"Land Of Memory"},"image":{"@id":"https:\/\/www.landofmemory.eu\/#\/schema\/logo\/image\/"},"sameAs":["https:\/\/www.facebook.com\/landofmemory.eu","https:\/\/www.instagram.com\/landofmemory_eu\/"]}]}},"_links":{"self":[{"href":"https:\/\/www.landofmemory.eu\/de\/wp-json\/wp\/v2\/oeuvres\/11366","targetHints":{"allow":["GET"]}}],"collection":[{"href":"https:\/\/www.landofmemory.eu\/de\/wp-json\/wp\/v2\/oeuvres"}],"about":[{"href":"https:\/\/www.landofmemory.eu\/de\/wp-json\/wp\/v2\/types\/oeuvres"}],"wp:attachment":[{"href":"https:\/\/www.landofmemory.eu\/de\/wp-json\/wp\/v2\/media?parent=11366"}],"curies":[{"name":"wp","href":"https:\/\/api.w.org\/{rel}","templated":true}]}}

Déi Zwéi wun Bierg

<p>&#8222;Beide leben in den Bergen&#8220;, oder auf Luxemburgisch &#8222;Déi Zwéi wun Bierg&#8220;, ist ein <a href="https://www.imdb.com/title/tt0445340/" target="_blank" rel="noreferrer noopener">Film</a>, der uns in die Ereignisse eintauchen lässt, die sich während des Krieges in Luxemburg abgespielt haben.</p>

<p>Die beiden Freunde Mill und Välten leben in einem kleinen Dorf im Norden Luxemburgs. <a href="https://www.landofmemory.eu/de/sujets-thematiques/der-widerstand-im-grossherzogtum-luxemburg/" target="_blank" rel="noreferrer noopener">Doch als die Nazis 1940 das Land besetzen</a>, ändert sich für sie alles.</p>

<p>Der Film zeigt das tägliche Leben während der deutschen Besatzung: Beschlagnahmungen und Demütigungen, drohende Zwangsrekrutierung, Tod von Angehörigen, Deportationen, Kollaboration und Widerstand. </p>

<!-- This site is optimized with the Yoast SEO plugin v26.0 - https://yoast.com/wordpress/plugins/seo/ -->
<title>Déi Zwéi wun Bierg - Land Of Memory</title>
<meta name="description" content="&quot;Déi Zwéi wun Bierg&quot; veranschaulicht das Leben im Großherzogtum Luxemburg während der deutschen Besatzung ab Mai 1940." />
<meta name="robots" content="index, follow, max-snippet:-1, max-image-preview:large, max-video-preview:-1" />
<link rel="canonical" href="https://www.landofmemory.eu/de/oeuvres/dei-zwei-wun-bierg/" />
<meta property="og:locale" content="de_DE" />
<meta property="og:type" content="article" />
<meta property="og:title" content="Déi Zwéi wun Bierg - Land Of Memory" />
<meta property="og:description" content="&quot;Déi Zwéi wun Bierg&quot; veranschaulicht das Leben im Großherzogtum Luxemburg während der deutschen Besatzung ab Mai 1940." />
<meta property="og:url" content="https://www.landofmemory.eu/de/oeuvres/dei-zwei-wun-bierg/" />
<meta property="og:site_name" content="Land Of Memory" />
<meta property="article:publisher" content="https://www.facebook.com/landofmemory.eu" />
<meta name="twitter:card" content="summary_large_image" />
<script type="application/ld+json" class="yoast-schema-graph">{"@context":"https://schema.org","@graph":[{"@type":"WebPage","@id":"https://www.landofmemory.eu/de/oeuvres/dei-zwei-wun-bierg/","url":"https://www.landofmemory.eu/de/oeuvres/dei-zwei-wun-bierg/","name":"Déi Zwéi wun Bierg - Land Of Memory","isPartOf":{"@id":"https://www.landofmemory.eu/#website"},"datePublished":"2022-09-12T14:53:06+00:00","description":"\"Déi Zwéi wun Bierg\" veranschaulicht das Leben im Großherzogtum Luxemburg während der deutschen Besatzung ab Mai 1940.","breadcrumb":{"@id":"https://www.landofmemory.eu/de/oeuvres/dei-zwei-wun-bierg/#breadcrumb"},"inLanguage":"de","potentialAction":[{"@type":"ReadAction","target":["https://www.landofmemory.eu/de/oeuvres/dei-zwei-wun-bierg/"]}]},{"@type":"BreadcrumbList","@id":"https://www.landofmemory.eu/de/oeuvres/dei-zwei-wun-bierg/#breadcrumb","itemListElement":[{"@type":"ListItem","position":1,"name":"Accueil","item":"https://www.landofmemory.eu/"},{"@type":"ListItem","position":2,"name":"Déi Zwéi wun Bierg"}]},{"@type":"WebSite","@id":"https://www.landofmemory.eu/#website","url":"https://www.landofmemory.eu/","name":"Land Of Memory","description":"L&#039;histoire commence ici","publisher":{"@id":"https://www.landofmemory.eu/#organization"},"potentialAction":[{"@type":"SearchAction","target":{"@type":"EntryPoint","urlTemplate":"https://www.landofmemory.eu/?s={search_term_string}"},"query-input":{"@type":"PropertyValueSpecification","valueRequired":true,"valueName":"search_term_string"}}],"inLanguage":"de"},{"@type":"Organization","@id":"https://www.landofmemory.eu/#organization","name":"Land Of Memory","url":"https://www.landofmemory.eu/","logo":{"@type":"ImageObject","inLanguage":"de","@id":"https://www.landofmemory.eu/#/schema/logo/image/","url":"https://www.landofmemory.eu/wp-content/uploads/2022/10/logo-land-of-memory.jpg","contentUrl":"https://www.landofmemory.eu/wp-content/uploads/2022/10/logo-land-of-memory.jpg","width":1000,"height":500,"caption":"Land Of Memory"},"image":{"@id":"https://www.landofmemory.eu/#/schema/logo/image/"},"sameAs":["https://www.facebook.com/landofmemory.eu","https://www.instagram.com/landofmemory_eu/"]}]}</script>
<!-- / Yoast SEO plugin. -->

Déi Zwéi wun Bierg - Land Of Memory

"Déi Zwéi wun Bierg" veranschaulicht das Leben im Großherzogtum Luxemburg während der deutschen Besatzung ab Mai 1940.
