{"id":6044,"date":"2021-11-12T11:27:08","date_gmt":"2021-11-12T10:27:08","guid":{"rendered":"https:\/\/www.landofmemory.eu\/oeuvres\/the-emperor-of-taste\/"},"modified":"2021-11-12T11:27:08","modified_gmt":"2021-11-12T10:27:08","slug":"the-emperor-of-taste","status":"publish","type":"oeuvres","link":"https:\/\/www.landofmemory.eu\/de\/oeuvres\/the-emperor-of-taste\/","title":{"rendered":"The Emperor of Taste"},"content":{"rendered":"\n<p>Eine fl\u00e4misch-belgische Miniserie, die Sie garantiert faszinieren wird! The Emperor of Taste erz\u00e4hlt die Geschichte von drei Generationen von Frauen, die sich um die Brennerei der Familie De Keyser (ganz in der N\u00e4he von K\u00e4ser, dem deutschen Wort f\u00fcr Kaiser) in Hasselt drehen. Die Gro\u00dfmutter Helena, deren Verlobter w\u00e4hrend des Zweiten Weltkriegs verschwand, bittet ihre Enkelin Jahrzehnte sp\u00e4ter, die seltsamen Umst\u00e4nde des Verschwindens ihrer Jugendliebe zu untersuchen. Zu den Darstellern geh\u00f6rt Matthias Schoenoaerts (Rust and Bone, Red Sparrow), der zum Zeitpunkt der Dreharbeiten der \u00d6ffentlichkeit noch unbekannt war, aber bereits jetzt sehr \u00fcberzeugend ist. The Emperor of Taste wurde unter historisch korrekten Bedingungen gedreht. Die Festung von Eben-Emael wurde als Drehort f\u00fcr mehrere Innenszenen verwendet, w\u00e4hrend die Au\u00dfenszenen in der Festung von Tancr\u00e9mont spielen.<\/p>\n","protected":false},"template":"","class_list":["post-6044","oeuvres","type-oeuvres","status-publish","hentry","type_oeuvre-weltkriegen-filme"],"acf":[],"yoast_head":"<!-- This site is optimized with the Yoast SEO plugin v26.0 - https:\/\/yoast.com\/wordpress\/plugins\/seo\/ -->\n<title>The Emperor of Taste - Land Of Memory<\/title>\n<meta name=\"description\" content=\"The Emperor of Taste ist eine fl\u00e4mische Miniserie, die die Geschichte einer belgischen Familie im 20. Jahrhundert in verschiedenen Epochen erz\u00e4hlt.\" \/>\n<meta name=\"robots\" content=\"index, follow, max-snippet:-1, max-image-preview:large, max-video-preview:-1\" \/>\n<link rel=\"canonical\" href=\"https:\/\/www.landofmemory.eu\/de\/oeuvres\/the-emperor-of-taste\/\" \/>\n<meta property=\"og:locale\" content=\"de_DE\" \/>\n<meta property=\"og:type\" content=\"article\" \/>\n<meta property=\"og:title\" content=\"The Emperor of Taste - Land Of Memory\" \/>\n<meta property=\"og:description\" content=\"The Emperor of Taste ist eine fl\u00e4mische Miniserie, die die Geschichte einer belgischen Familie im 20. Jahrhundert in verschiedenen Epochen erz\u00e4hlt.\" \/>\n<meta property=\"og:url\" content=\"https:\/\/www.landofmemory.eu\/de\/oeuvres\/the-emperor-of-taste\/\" \/>\n<meta property=\"og:site_name\" content=\"Land Of Memory\" \/>\n<meta property=\"article:publisher\" content=\"https:\/\/www.facebook.com\/landofmemory.eu\" \/>\n<meta name=\"twitter:card\" content=\"summary_large_image\" \/>\n<meta name=\"twitter:label1\" content=\"Gesch\u00e4tzte Lesezeit\" \/>\n\t<meta name=\"twitter:data1\" content=\"1\u00a0Minute\" \/>\n<script type=\"application\/ld+json\" class=\"yoast-schema-graph\">{\"@context\":\"https:\/\/schema.org\",\"@graph\":[{\"@type\":\"WebPage\",\"@id\":\"https:\/\/www.landofmemory.eu\/de\/oeuvres\/the-emperor-of-taste\/\",\"url\":\"https:\/\/www.landofmemory.eu\/de\/oeuvres\/the-emperor-of-taste\/\",\"name\":\"The Emperor of Taste - Land Of Memory\",\"isPartOf\":{\"@id\":\"https:\/\/www.landofmemory.eu\/#website\"},\"datePublished\":\"2021-11-12T10:27:08+00:00\",\"description\":\"The Emperor of Taste ist eine fl\u00e4mische Miniserie, die die Geschichte einer belgischen Familie im 20. Jahrhundert in verschiedenen Epochen erz\u00e4hlt.\",\"breadcrumb\":{\"@id\":\"https:\/\/www.landofmemory.eu\/de\/oeuvres\/the-emperor-of-taste\/#breadcrumb\"},\"inLanguage\":\"de\",\"potentialAction\":[{\"@type\":\"ReadAction\",\"target\":[\"https:\/\/www.landofmemory.eu\/de\/oeuvres\/the-emperor-of-taste\/\"]}]},{\"@type\":\"BreadcrumbList\",\"@id\":\"https:\/\/www.landofmemory.eu\/de\/oeuvres\/the-emperor-of-taste\/#breadcrumb\",\"itemListElement\":[{\"@type\":\"ListItem\",\"position\":1,\"name\":\"Accueil\",\"item\":\"https:\/\/www.landofmemory.eu\/\"},{\"@type\":\"ListItem\",\"position\":2,\"name\":\"The Emperor of Taste\"}]},{\"@type\":\"WebSite\",\"@id\":\"https:\/\/www.landofmemory.eu\/#website\",\"url\":\"https:\/\/www.landofmemory.eu\/\",\"name\":\"Land Of Memory\",\"description\":\"L&#039;histoire commence ici\",\"publisher\":{\"@id\":\"https:\/\/www.landofmemory.eu\/#organization\"},\"potentialAction\":[{\"@type\":\"SearchAction\",\"target\":{\"@type\":\"EntryPoint\",\"urlTemplate\":\"https:\/\/www.landofmemory.eu\/?s={search_term_string}\"},\"query-input\":{\"@type\":\"PropertyValueSpecification\",\"valueRequired\":true,\"valueName\":\"search_term_string\"}}],\"inLanguage\":\"de\"},{\"@type\":\"Organization\",\"@id\":\"https:\/\/www.landofmemory.eu\/#organization\",\"name\":\"Land Of Memory\",\"url\":\"https:\/\/www.landofmemory.eu\/\",\"logo\":{\"@type\":\"ImageObject\",\"inLanguage\":\"de\",\"@id\":\"https:\/\/www.landofmemory.eu\/#\/schema\/logo\/image\/\",\"url\":\"https:\/\/www.landofmemory.eu\/wp-content\/uploads\/2022\/10\/logo-land-of-memory.jpg\",\"contentUrl\":\"https:\/\/www.landofmemory.eu\/wp-content\/uploads\/2022\/10\/logo-land-of-memory.jpg\",\"width\":1000,\"height\":500,\"caption\":\"Land Of Memory\"},\"image\":{\"@id\":\"https:\/\/www.landofmemory.eu\/#\/schema\/logo\/image\/\"},\"sameAs\":[\"https:\/\/www.facebook.com\/landofmemory.eu\",\"https:\/\/www.instagram.com\/landofmemory_eu\/\"]}]}<\/script>\n<!-- \/ Yoast SEO plugin. -->","yoast_head_json":{"title":"The Emperor of Taste - Land Of Memory","description":"The Emperor of Taste ist eine fl\u00e4mische Miniserie, die die Geschichte einer belgischen Familie im 20. Jahrhundert in verschiedenen Epochen erz\u00e4hlt.","robots":{"index":"index","follow":"follow","max-snippet":"max-snippet:-1","max-image-preview":"max-image-preview:large","max-video-preview":"max-video-preview:-1"},"canonical":"https:\/\/www.landofmemory.eu\/de\/oeuvres\/the-emperor-of-taste\/","og_locale":"de_DE","og_type":"article","og_title":"The Emperor of Taste - Land Of Memory","og_description":"The Emperor of Taste ist eine fl\u00e4mische Miniserie, die die Geschichte einer belgischen Familie im 20. Jahrhundert in verschiedenen Epochen erz\u00e4hlt.","og_url":"https:\/\/www.landofmemory.eu\/de\/oeuvres\/the-emperor-of-taste\/","og_site_name":"Land Of Memory","article_publisher":"https:\/\/www.facebook.com\/landofmemory.eu","twitter_card":"summary_large_image","twitter_misc":{"Gesch\u00e4tzte Lesezeit":"1\u00a0Minute"},"schema":{"@context":"https:\/\/schema.org","@graph":[{"@type":"WebPage","@id":"https:\/\/www.landofmemory.eu\/de\/oeuvres\/the-emperor-of-taste\/","url":"https:\/\/www.landofmemory.eu\/de\/oeuvres\/the-emperor-of-taste\/","name":"The Emperor of Taste - Land Of Memory","isPartOf":{"@id":"https:\/\/www.landofmemory.eu\/#website"},"datePublished":"2021-11-12T10:27:08+00:00","description":"The Emperor of Taste ist eine fl\u00e4mische Miniserie, die die Geschichte einer belgischen Familie im 20. Jahrhundert in verschiedenen Epochen erz\u00e4hlt.","breadcrumb":{"@id":"https:\/\/www.landofmemory.eu\/de\/oeuvres\/the-emperor-of-taste\/#breadcrumb"},"inLanguage":"de","potentialAction":[{"@type":"ReadAction","target":["https:\/\/www.landofmemory.eu\/de\/oeuvres\/the-emperor-of-taste\/"]}]},{"@type":"BreadcrumbList","@id":"https:\/\/www.landofmemory.eu\/de\/oeuvres\/the-emperor-of-taste\/#breadcrumb","itemListElement":[{"@type":"ListItem","position":1,"name":"Accueil","item":"https:\/\/www.landofmemory.eu\/"},{"@type":"ListItem","position":2,"name":"The Emperor of Taste"}]},{"@type":"WebSite","@id":"https:\/\/www.landofmemory.eu\/#website","url":"https:\/\/www.landofmemory.eu\/","name":"Land Of Memory","description":"L&#039;histoire commence ici","publisher":{"@id":"https:\/\/www.landofmemory.eu\/#organization"},"potentialAction":[{"@type":"SearchAction","target":{"@type":"EntryPoint","urlTemplate":"https:\/\/www.landofmemory.eu\/?s={search_term_string}"},"query-input":{"@type":"PropertyValueSpecification","valueRequired":true,"valueName":"search_term_string"}}],"inLanguage":"de"},{"@type":"Organization","@id":"https:\/\/www.landofmemory.eu\/#organization","name":"Land Of Memory","url":"https:\/\/www.landofmemory.eu\/","logo":{"@type":"ImageObject","inLanguage":"de","@id":"https:\/\/www.landofmemory.eu\/#\/schema\/logo\/image\/","url":"https:\/\/www.landofmemory.eu\/wp-content\/uploads\/2022\/10\/logo-land-of-memory.jpg","contentUrl":"https:\/\/www.landofmemory.eu\/wp-content\/uploads\/2022\/10\/logo-land-of-memory.jpg","width":1000,"height":500,"caption":"Land Of Memory"},"image":{"@id":"https:\/\/www.landofmemory.eu\/#\/schema\/logo\/image\/"},"sameAs":["https:\/\/www.facebook.com\/landofmemory.eu","https:\/\/www.instagram.com\/landofmemory_eu\/"]}]}},"_links":{"self":[{"href":"https:\/\/www.landofmemory.eu\/de\/wp-json\/wp\/v2\/oeuvres\/6044","targetHints":{"allow":["GET"]}}],"collection":[{"href":"https:\/\/www.landofmemory.eu\/de\/wp-json\/wp\/v2\/oeuvres"}],"about":[{"href":"https:\/\/www.landofmemory.eu\/de\/wp-json\/wp\/v2\/types\/oeuvres"}],"wp:attachment":[{"href":"https:\/\/www.landofmemory.eu\/de\/wp-json\/wp\/v2\/media?parent=6044"}],"curies":[{"name":"wp","href":"https:\/\/api.w.org\/{rel}","templated":true}]}}

<p>Eine flämisch-belgische Miniserie, die Sie garantiert faszinieren wird! The Emperor of Taste erzählt die Geschichte von drei Generationen von Frauen, die sich um die Brennerei der Familie De Keyser (ganz in der Nähe von Käser, dem deutschen Wort für Kaiser) in Hasselt drehen. Die Großmutter Helena, deren Verlobter während des Zweiten Weltkriegs verschwand, bittet ihre Enkelin Jahrzehnte später, die seltsamen Umstände des Verschwindens ihrer Jugendliebe zu untersuchen. Zu den Darstellern gehört Matthias Schoenoaerts (Rust and Bone, Red Sparrow), der zum Zeitpunkt der Dreharbeiten der Öffentlichkeit noch unbekannt war, aber bereits jetzt sehr überzeugend ist. The Emperor of Taste wurde unter historisch korrekten Bedingungen gedreht. Die Festung von Eben-Emael wurde als Drehort für mehrere Innenszenen verwendet, während die Außenszenen in der Festung von Tancrémont spielen.</p>

<!-- This site is optimized with the Yoast SEO plugin v26.0 - https://yoast.com/wordpress/plugins/seo/ -->
<title>The Emperor of Taste - Land Of Memory</title>
<meta name="description" content="The Emperor of Taste ist eine flämische Miniserie, die die Geschichte einer belgischen Familie im 20. Jahrhundert in verschiedenen Epochen erzählt." />
<meta name="robots" content="index, follow, max-snippet:-1, max-image-preview:large, max-video-preview:-1" />
<link rel="canonical" href="https://www.landofmemory.eu/de/oeuvres/the-emperor-of-taste/" />
<meta property="og:locale" content="de_DE" />
<meta property="og:type" content="article" />
<meta property="og:title" content="The Emperor of Taste - Land Of Memory" />
<meta property="og:description" content="The Emperor of Taste ist eine flämische Miniserie, die die Geschichte einer belgischen Familie im 20. Jahrhundert in verschiedenen Epochen erzählt." />
<meta property="og:url" content="https://www.landofmemory.eu/de/oeuvres/the-emperor-of-taste/" />
<meta property="og:site_name" content="Land Of Memory" />
<meta property="article:publisher" content="https://www.facebook.com/landofmemory.eu" />
<meta name="twitter:card" content="summary_large_image" />
<meta name="twitter:label1" content="Geschätzte Lesezeit" />
	<meta name="twitter:data1" content="1 Minute" />
<script type="application/ld+json" class="yoast-schema-graph">{"@context":"https://schema.org","@graph":[{"@type":"WebPage","@id":"https://www.landofmemory.eu/de/oeuvres/the-emperor-of-taste/","url":"https://www.landofmemory.eu/de/oeuvres/the-emperor-of-taste/","name":"The Emperor of Taste - Land Of Memory","isPartOf":{"@id":"https://www.landofmemory.eu/#website"},"datePublished":"2021-11-12T10:27:08+00:00","description":"The Emperor of Taste ist eine flämische Miniserie, die die Geschichte einer belgischen Familie im 20. Jahrhundert in verschiedenen Epochen erzählt.","breadcrumb":{"@id":"https://www.landofmemory.eu/de/oeuvres/the-emperor-of-taste/#breadcrumb"},"inLanguage":"de","potentialAction":[{"@type":"ReadAction","target":["https://www.landofmemory.eu/de/oeuvres/the-emperor-of-taste/"]}]},{"@type":"BreadcrumbList","@id":"https://www.landofmemory.eu/de/oeuvres/the-emperor-of-taste/#breadcrumb","itemListElement":[{"@type":"ListItem","position":1,"name":"Accueil","item":"https://www.landofmemory.eu/"},{"@type":"ListItem","position":2,"name":"The Emperor of Taste"}]},{"@type":"WebSite","@id":"https://www.landofmemory.eu/#website","url":"https://www.landofmemory.eu/","name":"Land Of Memory","description":"L&#039;histoire commence ici","publisher":{"@id":"https://www.landofmemory.eu/#organization"},"potentialAction":[{"@type":"SearchAction","target":{"@type":"EntryPoint","urlTemplate":"https://www.landofmemory.eu/?s={search_term_string}"},"query-input":{"@type":"PropertyValueSpecification","valueRequired":true,"valueName":"search_term_string"}}],"inLanguage":"de"},{"@type":"Organization","@id":"https://www.landofmemory.eu/#organization","name":"Land Of Memory","url":"https://www.landofmemory.eu/","logo":{"@type":"ImageObject","inLanguage":"de","@id":"https://www.landofmemory.eu/#/schema/logo/image/","url":"https://www.landofmemory.eu/wp-content/uploads/2022/10/logo-land-of-memory.jpg","contentUrl":"https://www.landofmemory.eu/wp-content/uploads/2022/10/logo-land-of-memory.jpg","width":1000,"height":500,"caption":"Land Of Memory"},"image":{"@id":"https://www.landofmemory.eu/#/schema/logo/image/"},"sameAs":["https://www.facebook.com/landofmemory.eu","https://www.instagram.com/landofmemory_eu/"]}]}</script>
<!-- / Yoast SEO plugin. -->

The Emperor of Taste ist eine flämische Miniserie, die die Geschichte einer belgischen Familie im 20. Jahrhundert in verschiedenen Epochen erzählt.
