{"id":6811,"date":"2022-01-07T16:51:13","date_gmt":"2022-01-07T15:51:13","guid":{"rendered":"https:\/\/www.landofmemory.eu\/oeuvres\/they-shall-not-grow-old\/"},"modified":"2022-01-07T17:12:18","modified_gmt":"2022-01-07T16:12:18","slug":"they-shall-not-grow-old","status":"publish","type":"oeuvres","link":"https:\/\/www.landofmemory.eu\/de\/oeuvres\/they-shall-not-grow-old\/","title":{"rendered":"Sie sollen nicht alt werden"},"content":{"rendered":"\n<p><strong><em>They shall not grow old<\/em><\/strong>, ist ein Dokumentarfilm des Neuseel\u00e4nders Peter Jackson, der anl\u00e4sslich des 100. Jahrestags des Ersten Weltkriegs im Jahr 2018 gedreht wurde. Peter Jackson&#8217;s Film, der auf der Grundlage authentischer, kolorierter Bilder gedreht und mit zahlreichen Zeugenaussagen von Veteranen versehen wurde, wurde allgemein f\u00fcr seine Intensit\u00e4t und sein Bestreben, den Zuschauer in den Alltag der k\u00e4mpfenden Soldaten eintauchen zu lassen, anerkannt. Auch wenn einige Historiker mit der Montage der Bilder nicht einverstanden waren und eine &#8222;Manipulation der Bilder&#8220; anprangerten, bleibt der Dokumentarfilm dennoch ein Referenzwerk der Kriegsberichterstattung.<\/p>\n","protected":false},"template":"","class_list":["post-6811","oeuvres","type-oeuvres","status-publish","hentry","type_oeuvre-weltkriegen-filme"],"acf":[],"yoast_head":"<!-- This site is optimized with the Yoast SEO plugin v26.0 - https:\/\/yoast.com\/wordpress\/plugins\/seo\/ -->\n<title>Sie sollen nicht alt werden - Werke Land Of Memory<\/title>\n<meta name=\"description\" content=\"They shall not grow old ist ein Dokumentarfilm \u00fcber den Ersten Weltkrieg, der von Peter Jackson unter Verwendung von bisher unver\u00f6ffentlichtem Archivmaterial gedreht wurde.\" \/>\n<meta name=\"robots\" content=\"index, follow, max-snippet:-1, max-image-preview:large, max-video-preview:-1\" \/>\n<link rel=\"canonical\" href=\"https:\/\/www.landofmemory.eu\/de\/oeuvres\/they-shall-not-grow-old\/\" \/>\n<meta property=\"og:locale\" content=\"de_DE\" \/>\n<meta property=\"og:type\" content=\"article\" \/>\n<meta property=\"og:title\" content=\"Sie sollen nicht alt werden - Werke Land Of Memory\" \/>\n<meta property=\"og:description\" content=\"They shall not grow old ist ein Dokumentarfilm \u00fcber den Ersten Weltkrieg, der von Peter Jackson unter Verwendung von bisher unver\u00f6ffentlichtem Archivmaterial gedreht wurde.\" \/>\n<meta property=\"og:url\" content=\"https:\/\/www.landofmemory.eu\/de\/oeuvres\/they-shall-not-grow-old\/\" \/>\n<meta property=\"og:site_name\" content=\"Land Of Memory\" \/>\n<meta property=\"article:publisher\" content=\"https:\/\/www.facebook.com\/landofmemory.eu\" \/>\n<meta property=\"article:modified_time\" content=\"2022-01-07T16:12:18+00:00\" \/>\n<meta name=\"twitter:card\" content=\"summary_large_image\" \/>\n<script type=\"application\/ld+json\" class=\"yoast-schema-graph\">{\"@context\":\"https:\/\/schema.org\",\"@graph\":[{\"@type\":\"WebPage\",\"@id\":\"https:\/\/www.landofmemory.eu\/de\/oeuvres\/they-shall-not-grow-old\/\",\"url\":\"https:\/\/www.landofmemory.eu\/de\/oeuvres\/they-shall-not-grow-old\/\",\"name\":\"Sie sollen nicht alt werden - Werke Land Of Memory\",\"isPartOf\":{\"@id\":\"https:\/\/www.landofmemory.eu\/#website\"},\"datePublished\":\"2022-01-07T15:51:13+00:00\",\"dateModified\":\"2022-01-07T16:12:18+00:00\",\"description\":\"They shall not grow old ist ein Dokumentarfilm \u00fcber den Ersten Weltkrieg, der von Peter Jackson unter Verwendung von bisher unver\u00f6ffentlichtem Archivmaterial gedreht wurde.\",\"breadcrumb\":{\"@id\":\"https:\/\/www.landofmemory.eu\/de\/oeuvres\/they-shall-not-grow-old\/#breadcrumb\"},\"inLanguage\":\"de\",\"potentialAction\":[{\"@type\":\"ReadAction\",\"target\":[\"https:\/\/www.landofmemory.eu\/de\/oeuvres\/they-shall-not-grow-old\/\"]}]},{\"@type\":\"BreadcrumbList\",\"@id\":\"https:\/\/www.landofmemory.eu\/de\/oeuvres\/they-shall-not-grow-old\/#breadcrumb\",\"itemListElement\":[{\"@type\":\"ListItem\",\"position\":1,\"name\":\"Accueil\",\"item\":\"https:\/\/www.landofmemory.eu\/\"},{\"@type\":\"ListItem\",\"position\":2,\"name\":\"Sie sollen nicht alt werden\"}]},{\"@type\":\"WebSite\",\"@id\":\"https:\/\/www.landofmemory.eu\/#website\",\"url\":\"https:\/\/www.landofmemory.eu\/\",\"name\":\"Land Of Memory\",\"description\":\"L&#039;histoire commence ici\",\"publisher\":{\"@id\":\"https:\/\/www.landofmemory.eu\/#organization\"},\"potentialAction\":[{\"@type\":\"SearchAction\",\"target\":{\"@type\":\"EntryPoint\",\"urlTemplate\":\"https:\/\/www.landofmemory.eu\/?s={search_term_string}\"},\"query-input\":{\"@type\":\"PropertyValueSpecification\",\"valueRequired\":true,\"valueName\":\"search_term_string\"}}],\"inLanguage\":\"de\"},{\"@type\":\"Organization\",\"@id\":\"https:\/\/www.landofmemory.eu\/#organization\",\"name\":\"Land Of Memory\",\"url\":\"https:\/\/www.landofmemory.eu\/\",\"logo\":{\"@type\":\"ImageObject\",\"inLanguage\":\"de\",\"@id\":\"https:\/\/www.landofmemory.eu\/#\/schema\/logo\/image\/\",\"url\":\"https:\/\/www.landofmemory.eu\/wp-content\/uploads\/2022\/10\/logo-land-of-memory.jpg\",\"contentUrl\":\"https:\/\/www.landofmemory.eu\/wp-content\/uploads\/2022\/10\/logo-land-of-memory.jpg\",\"width\":1000,\"height\":500,\"caption\":\"Land Of Memory\"},\"image\":{\"@id\":\"https:\/\/www.landofmemory.eu\/#\/schema\/logo\/image\/\"},\"sameAs\":[\"https:\/\/www.facebook.com\/landofmemory.eu\",\"https:\/\/www.instagram.com\/landofmemory_eu\/\"]}]}<\/script>\n<!-- \/ Yoast SEO plugin. -->","yoast_head_json":{"title":"Sie sollen nicht alt werden - Werke Land Of Memory","description":"They shall not grow old ist ein Dokumentarfilm \u00fcber den Ersten Weltkrieg, der von Peter Jackson unter Verwendung von bisher unver\u00f6ffentlichtem Archivmaterial gedreht wurde.","robots":{"index":"index","follow":"follow","max-snippet":"max-snippet:-1","max-image-preview":"max-image-preview:large","max-video-preview":"max-video-preview:-1"},"canonical":"https:\/\/www.landofmemory.eu\/de\/oeuvres\/they-shall-not-grow-old\/","og_locale":"de_DE","og_type":"article","og_title":"Sie sollen nicht alt werden - Werke Land Of Memory","og_description":"They shall not grow old ist ein Dokumentarfilm \u00fcber den Ersten Weltkrieg, der von Peter Jackson unter Verwendung von bisher unver\u00f6ffentlichtem Archivmaterial gedreht wurde.","og_url":"https:\/\/www.landofmemory.eu\/de\/oeuvres\/they-shall-not-grow-old\/","og_site_name":"Land Of Memory","article_publisher":"https:\/\/www.facebook.com\/landofmemory.eu","article_modified_time":"2022-01-07T16:12:18+00:00","twitter_card":"summary_large_image","schema":{"@context":"https:\/\/schema.org","@graph":[{"@type":"WebPage","@id":"https:\/\/www.landofmemory.eu\/de\/oeuvres\/they-shall-not-grow-old\/","url":"https:\/\/www.landofmemory.eu\/de\/oeuvres\/they-shall-not-grow-old\/","name":"Sie sollen nicht alt werden - Werke Land Of Memory","isPartOf":{"@id":"https:\/\/www.landofmemory.eu\/#website"},"datePublished":"2022-01-07T15:51:13+00:00","dateModified":"2022-01-07T16:12:18+00:00","description":"They shall not grow old ist ein Dokumentarfilm \u00fcber den Ersten Weltkrieg, der von Peter Jackson unter Verwendung von bisher unver\u00f6ffentlichtem Archivmaterial gedreht wurde.","breadcrumb":{"@id":"https:\/\/www.landofmemory.eu\/de\/oeuvres\/they-shall-not-grow-old\/#breadcrumb"},"inLanguage":"de","potentialAction":[{"@type":"ReadAction","target":["https:\/\/www.landofmemory.eu\/de\/oeuvres\/they-shall-not-grow-old\/"]}]},{"@type":"BreadcrumbList","@id":"https:\/\/www.landofmemory.eu\/de\/oeuvres\/they-shall-not-grow-old\/#breadcrumb","itemListElement":[{"@type":"ListItem","position":1,"name":"Accueil","item":"https:\/\/www.landofmemory.eu\/"},{"@type":"ListItem","position":2,"name":"Sie sollen nicht alt werden"}]},{"@type":"WebSite","@id":"https:\/\/www.landofmemory.eu\/#website","url":"https:\/\/www.landofmemory.eu\/","name":"Land Of Memory","description":"L&#039;histoire commence ici","publisher":{"@id":"https:\/\/www.landofmemory.eu\/#organization"},"potentialAction":[{"@type":"SearchAction","target":{"@type":"EntryPoint","urlTemplate":"https:\/\/www.landofmemory.eu\/?s={search_term_string}"},"query-input":{"@type":"PropertyValueSpecification","valueRequired":true,"valueName":"search_term_string"}}],"inLanguage":"de"},{"@type":"Organization","@id":"https:\/\/www.landofmemory.eu\/#organization","name":"Land Of Memory","url":"https:\/\/www.landofmemory.eu\/","logo":{"@type":"ImageObject","inLanguage":"de","@id":"https:\/\/www.landofmemory.eu\/#\/schema\/logo\/image\/","url":"https:\/\/www.landofmemory.eu\/wp-content\/uploads\/2022\/10\/logo-land-of-memory.jpg","contentUrl":"https:\/\/www.landofmemory.eu\/wp-content\/uploads\/2022\/10\/logo-land-of-memory.jpg","width":1000,"height":500,"caption":"Land Of Memory"},"image":{"@id":"https:\/\/www.landofmemory.eu\/#\/schema\/logo\/image\/"},"sameAs":["https:\/\/www.facebook.com\/landofmemory.eu","https:\/\/www.instagram.com\/landofmemory_eu\/"]}]}},"_links":{"self":[{"href":"https:\/\/www.landofmemory.eu\/de\/wp-json\/wp\/v2\/oeuvres\/6811","targetHints":{"allow":["GET"]}}],"collection":[{"href":"https:\/\/www.landofmemory.eu\/de\/wp-json\/wp\/v2\/oeuvres"}],"about":[{"href":"https:\/\/www.landofmemory.eu\/de\/wp-json\/wp\/v2\/types\/oeuvres"}],"wp:attachment":[{"href":"https:\/\/www.landofmemory.eu\/de\/wp-json\/wp\/v2\/media?parent=6811"}],"curies":[{"name":"wp","href":"https:\/\/api.w.org\/{rel}","templated":true}]}}

<p><strong><em>They shall not grow old</em></strong>, ist ein Dokumentarfilm des Neuseeländers Peter Jackson, der anlässlich des 100. Jahrestags des Ersten Weltkriegs im Jahr 2018 gedreht wurde. Peter Jackson&#8217;s Film, der auf der Grundlage authentischer, kolorierter Bilder gedreht und mit zahlreichen Zeugenaussagen von Veteranen versehen wurde, wurde allgemein für seine Intensität und sein Bestreben, den Zuschauer in den Alltag der kämpfenden Soldaten eintauchen zu lassen, anerkannt. Auch wenn einige Historiker mit der Montage der Bilder nicht einverstanden waren und eine &#8222;Manipulation der Bilder&#8220; anprangerten, bleibt der Dokumentarfilm dennoch ein Referenzwerk der Kriegsberichterstattung.</p>

<!-- This site is optimized with the Yoast SEO plugin v26.0 - https://yoast.com/wordpress/plugins/seo/ -->
<title>Sie sollen nicht alt werden - Werke Land Of Memory</title>
<meta name="description" content="They shall not grow old ist ein Dokumentarfilm über den Ersten Weltkrieg, der von Peter Jackson unter Verwendung von bisher unveröffentlichtem Archivmaterial gedreht wurde." />
<meta name="robots" content="index, follow, max-snippet:-1, max-image-preview:large, max-video-preview:-1" />
<link rel="canonical" href="https://www.landofmemory.eu/de/oeuvres/they-shall-not-grow-old/" />
<meta property="og:locale" content="de_DE" />
<meta property="og:type" content="article" />
<meta property="og:title" content="Sie sollen nicht alt werden - Werke Land Of Memory" />
<meta property="og:description" content="They shall not grow old ist ein Dokumentarfilm über den Ersten Weltkrieg, der von Peter Jackson unter Verwendung von bisher unveröffentlichtem Archivmaterial gedreht wurde." />
<meta property="og:url" content="https://www.landofmemory.eu/de/oeuvres/they-shall-not-grow-old/" />
<meta property="og:site_name" content="Land Of Memory" />
<meta property="article:publisher" content="https://www.facebook.com/landofmemory.eu" />
<meta property="article:modified_time" content="2022-01-07T16:12:18+00:00" />
<meta name="twitter:card" content="summary_large_image" />
<script type="application/ld+json" class="yoast-schema-graph">{"@context":"https://schema.org","@graph":[{"@type":"WebPage","@id":"https://www.landofmemory.eu/de/oeuvres/they-shall-not-grow-old/","url":"https://www.landofmemory.eu/de/oeuvres/they-shall-not-grow-old/","name":"Sie sollen nicht alt werden - Werke Land Of Memory","isPartOf":{"@id":"https://www.landofmemory.eu/#website"},"datePublished":"2022-01-07T15:51:13+00:00","dateModified":"2022-01-07T16:12:18+00:00","description":"They shall not grow old ist ein Dokumentarfilm über den Ersten Weltkrieg, der von Peter Jackson unter Verwendung von bisher unveröffentlichtem Archivmaterial gedreht wurde.","breadcrumb":{"@id":"https://www.landofmemory.eu/de/oeuvres/they-shall-not-grow-old/#breadcrumb"},"inLanguage":"de","potentialAction":[{"@type":"ReadAction","target":["https://www.landofmemory.eu/de/oeuvres/they-shall-not-grow-old/"]}]},{"@type":"BreadcrumbList","@id":"https://www.landofmemory.eu/de/oeuvres/they-shall-not-grow-old/#breadcrumb","itemListElement":[{"@type":"ListItem","position":1,"name":"Accueil","item":"https://www.landofmemory.eu/"},{"@type":"ListItem","position":2,"name":"Sie sollen nicht alt werden"}]},{"@type":"WebSite","@id":"https://www.landofmemory.eu/#website","url":"https://www.landofmemory.eu/","name":"Land Of Memory","description":"L&#039;histoire commence ici","publisher":{"@id":"https://www.landofmemory.eu/#organization"},"potentialAction":[{"@type":"SearchAction","target":{"@type":"EntryPoint","urlTemplate":"https://www.landofmemory.eu/?s={search_term_string}"},"query-input":{"@type":"PropertyValueSpecification","valueRequired":true,"valueName":"search_term_string"}}],"inLanguage":"de"},{"@type":"Organization","@id":"https://www.landofmemory.eu/#organization","name":"Land Of Memory","url":"https://www.landofmemory.eu/","logo":{"@type":"ImageObject","inLanguage":"de","@id":"https://www.landofmemory.eu/#/schema/logo/image/","url":"https://www.landofmemory.eu/wp-content/uploads/2022/10/logo-land-of-memory.jpg","contentUrl":"https://www.landofmemory.eu/wp-content/uploads/2022/10/logo-land-of-memory.jpg","width":1000,"height":500,"caption":"Land Of Memory"},"image":{"@id":"https://www.landofmemory.eu/#/schema/logo/image/"},"sameAs":["https://www.facebook.com/landofmemory.eu","https://www.instagram.com/landofmemory_eu/"]}]}</script>
<!-- / Yoast SEO plugin. -->

They shall not grow old ist ein Dokumentarfilm über den Ersten Weltkrieg, der von Peter Jackson unter Verwendung von bisher unveröffentlichtem Archivmaterial gedreht wurde.
