{"id":6821,"date":"2022-01-10T10:15:36","date_gmt":"2022-01-10T09:15:36","guid":{"rendered":"https:\/\/www.landofmemory.eu\/oeuvres\/wir-andere-in-vauquois\/"},"modified":"2022-01-10T10:15:39","modified_gmt":"2022-01-10T09:15:39","slug":"wir-andere-in-vauquois","status":"publish","type":"oeuvres","link":"https:\/\/www.landofmemory.eu\/de\/oeuvres\/wir-andere-in-vauquois\/","title":{"rendered":"Wir Andere in Vauquois"},"content":{"rendered":"\n<p><em>Nous autres \u00e0 Vauquois<\/em> ist der autobiografische Bericht \u00fcber die Jahre, die Andr\u00e9 P\u00e9zard und seine Kameraden in den Sch\u00fctzengr\u00e4ben verbrachten. Das anhand seiner pers\u00f6nlichen Tageb\u00fccher verfasste Zeugnis ist von gro\u00dfer Tiefe und hat die literarische Sph\u00e4re der engagierten Schriftsteller ersch\u00fcttert. Die Neuauflage von 2016 im Verlag Editions de La Table Ronde enth\u00e4lt einen Brief des Autors an Jean Norton Cru, aus dem das vorliegende Zitat stammt. Letzterer ist der Autor von &#8222;<em>T\u00e9moins: essai d&#8217;analyse et de critique des souvenirs de combattants \u00e9dit\u00e9s en fran\u00e7ais de 1915 \u00e0 1928&#8243; (Zeugen: Versuch einer Analyse und Kritik der Erinnerungen von K\u00e4mpfern, die zwischen 1915 und 1928 auf Franz\u00f6sisch ver\u00f6ffentlicht wurden).<em><\/em><\/em><\/p>\n","protected":false},"template":"","class_list":["post-6821","oeuvres","type-oeuvres","status-publish","hentry","type_oeuvre-buecher-weltkriege"],"acf":[],"yoast_head":"<!-- This site is optimized with the Yoast SEO plugin v26.0 - https:\/\/yoast.com\/wordpress\/plugins\/seo\/ -->\n<title>Wir Andere in Vauquois - Werke Land Of Memory<\/title>\n<meta name=\"description\" content=\"Nous autres \u00e0 Vauquois ist die Autobiografie von Andr\u00e9 P\u00e9zard. Er berichtet darin von seinen Jahren als Soldat im Ersten Weltkrieg.\" \/>\n<meta name=\"robots\" content=\"index, follow, max-snippet:-1, max-image-preview:large, max-video-preview:-1\" \/>\n<link rel=\"canonical\" href=\"https:\/\/www.landofmemory.eu\/de\/oeuvres\/wir-andere-in-vauquois\/\" \/>\n<meta property=\"og:locale\" content=\"de_DE\" \/>\n<meta property=\"og:type\" content=\"article\" \/>\n<meta property=\"og:title\" content=\"Wir Andere in Vauquois - Werke Land Of Memory\" \/>\n<meta property=\"og:description\" content=\"Nous autres \u00e0 Vauquois ist die Autobiografie von Andr\u00e9 P\u00e9zard. Er berichtet darin von seinen Jahren als Soldat im Ersten Weltkrieg.\" \/>\n<meta property=\"og:url\" content=\"https:\/\/www.landofmemory.eu\/de\/oeuvres\/wir-andere-in-vauquois\/\" \/>\n<meta property=\"og:site_name\" content=\"Land Of Memory\" \/>\n<meta property=\"article:publisher\" content=\"https:\/\/www.facebook.com\/landofmemory.eu\" \/>\n<meta property=\"article:modified_time\" content=\"2022-01-10T09:15:39+00:00\" \/>\n<meta name=\"twitter:card\" content=\"summary_large_image\" \/>\n<meta name=\"twitter:label1\" content=\"Gesch\u00e4tzte Lesezeit\" \/>\n\t<meta name=\"twitter:data1\" content=\"1\u00a0Minute\" \/>\n<script type=\"application\/ld+json\" class=\"yoast-schema-graph\">{\"@context\":\"https:\/\/schema.org\",\"@graph\":[{\"@type\":\"WebPage\",\"@id\":\"https:\/\/www.landofmemory.eu\/de\/oeuvres\/wir-andere-in-vauquois\/\",\"url\":\"https:\/\/www.landofmemory.eu\/de\/oeuvres\/wir-andere-in-vauquois\/\",\"name\":\"Wir Andere in Vauquois - Werke Land Of Memory\",\"isPartOf\":{\"@id\":\"https:\/\/www.landofmemory.eu\/#website\"},\"datePublished\":\"2022-01-10T09:15:36+00:00\",\"dateModified\":\"2022-01-10T09:15:39+00:00\",\"description\":\"Nous autres \u00e0 Vauquois ist die Autobiografie von Andr\u00e9 P\u00e9zard. Er berichtet darin von seinen Jahren als Soldat im Ersten Weltkrieg.\",\"breadcrumb\":{\"@id\":\"https:\/\/www.landofmemory.eu\/de\/oeuvres\/wir-andere-in-vauquois\/#breadcrumb\"},\"inLanguage\":\"de\",\"potentialAction\":[{\"@type\":\"ReadAction\",\"target\":[\"https:\/\/www.landofmemory.eu\/de\/oeuvres\/wir-andere-in-vauquois\/\"]}]},{\"@type\":\"BreadcrumbList\",\"@id\":\"https:\/\/www.landofmemory.eu\/de\/oeuvres\/wir-andere-in-vauquois\/#breadcrumb\",\"itemListElement\":[{\"@type\":\"ListItem\",\"position\":1,\"name\":\"Accueil\",\"item\":\"https:\/\/www.landofmemory.eu\/\"},{\"@type\":\"ListItem\",\"position\":2,\"name\":\"Wir Andere in Vauquois\"}]},{\"@type\":\"WebSite\",\"@id\":\"https:\/\/www.landofmemory.eu\/#website\",\"url\":\"https:\/\/www.landofmemory.eu\/\",\"name\":\"Land Of Memory\",\"description\":\"L&#039;histoire commence ici\",\"publisher\":{\"@id\":\"https:\/\/www.landofmemory.eu\/#organization\"},\"potentialAction\":[{\"@type\":\"SearchAction\",\"target\":{\"@type\":\"EntryPoint\",\"urlTemplate\":\"https:\/\/www.landofmemory.eu\/?s={search_term_string}\"},\"query-input\":{\"@type\":\"PropertyValueSpecification\",\"valueRequired\":true,\"valueName\":\"search_term_string\"}}],\"inLanguage\":\"de\"},{\"@type\":\"Organization\",\"@id\":\"https:\/\/www.landofmemory.eu\/#organization\",\"name\":\"Land Of Memory\",\"url\":\"https:\/\/www.landofmemory.eu\/\",\"logo\":{\"@type\":\"ImageObject\",\"inLanguage\":\"de\",\"@id\":\"https:\/\/www.landofmemory.eu\/#\/schema\/logo\/image\/\",\"url\":\"https:\/\/www.landofmemory.eu\/wp-content\/uploads\/2022\/10\/logo-land-of-memory.jpg\",\"contentUrl\":\"https:\/\/www.landofmemory.eu\/wp-content\/uploads\/2022\/10\/logo-land-of-memory.jpg\",\"width\":1000,\"height\":500,\"caption\":\"Land Of Memory\"},\"image\":{\"@id\":\"https:\/\/www.landofmemory.eu\/#\/schema\/logo\/image\/\"},\"sameAs\":[\"https:\/\/www.facebook.com\/landofmemory.eu\",\"https:\/\/www.instagram.com\/landofmemory_eu\/\"]}]}<\/script>\n<!-- \/ Yoast SEO plugin. -->","yoast_head_json":{"title":"Wir Andere in Vauquois - Werke Land Of Memory","description":"Nous autres \u00e0 Vauquois ist die Autobiografie von Andr\u00e9 P\u00e9zard. Er berichtet darin von seinen Jahren als Soldat im Ersten Weltkrieg.","robots":{"index":"index","follow":"follow","max-snippet":"max-snippet:-1","max-image-preview":"max-image-preview:large","max-video-preview":"max-video-preview:-1"},"canonical":"https:\/\/www.landofmemory.eu\/de\/oeuvres\/wir-andere-in-vauquois\/","og_locale":"de_DE","og_type":"article","og_title":"Wir Andere in Vauquois - Werke Land Of Memory","og_description":"Nous autres \u00e0 Vauquois ist die Autobiografie von Andr\u00e9 P\u00e9zard. Er berichtet darin von seinen Jahren als Soldat im Ersten Weltkrieg.","og_url":"https:\/\/www.landofmemory.eu\/de\/oeuvres\/wir-andere-in-vauquois\/","og_site_name":"Land Of Memory","article_publisher":"https:\/\/www.facebook.com\/landofmemory.eu","article_modified_time":"2022-01-10T09:15:39+00:00","twitter_card":"summary_large_image","twitter_misc":{"Gesch\u00e4tzte Lesezeit":"1\u00a0Minute"},"schema":{"@context":"https:\/\/schema.org","@graph":[{"@type":"WebPage","@id":"https:\/\/www.landofmemory.eu\/de\/oeuvres\/wir-andere-in-vauquois\/","url":"https:\/\/www.landofmemory.eu\/de\/oeuvres\/wir-andere-in-vauquois\/","name":"Wir Andere in Vauquois - Werke Land Of Memory","isPartOf":{"@id":"https:\/\/www.landofmemory.eu\/#website"},"datePublished":"2022-01-10T09:15:36+00:00","dateModified":"2022-01-10T09:15:39+00:00","description":"Nous autres \u00e0 Vauquois ist die Autobiografie von Andr\u00e9 P\u00e9zard. Er berichtet darin von seinen Jahren als Soldat im Ersten Weltkrieg.","breadcrumb":{"@id":"https:\/\/www.landofmemory.eu\/de\/oeuvres\/wir-andere-in-vauquois\/#breadcrumb"},"inLanguage":"de","potentialAction":[{"@type":"ReadAction","target":["https:\/\/www.landofmemory.eu\/de\/oeuvres\/wir-andere-in-vauquois\/"]}]},{"@type":"BreadcrumbList","@id":"https:\/\/www.landofmemory.eu\/de\/oeuvres\/wir-andere-in-vauquois\/#breadcrumb","itemListElement":[{"@type":"ListItem","position":1,"name":"Accueil","item":"https:\/\/www.landofmemory.eu\/"},{"@type":"ListItem","position":2,"name":"Wir Andere in Vauquois"}]},{"@type":"WebSite","@id":"https:\/\/www.landofmemory.eu\/#website","url":"https:\/\/www.landofmemory.eu\/","name":"Land Of Memory","description":"L&#039;histoire commence ici","publisher":{"@id":"https:\/\/www.landofmemory.eu\/#organization"},"potentialAction":[{"@type":"SearchAction","target":{"@type":"EntryPoint","urlTemplate":"https:\/\/www.landofmemory.eu\/?s={search_term_string}"},"query-input":{"@type":"PropertyValueSpecification","valueRequired":true,"valueName":"search_term_string"}}],"inLanguage":"de"},{"@type":"Organization","@id":"https:\/\/www.landofmemory.eu\/#organization","name":"Land Of Memory","url":"https:\/\/www.landofmemory.eu\/","logo":{"@type":"ImageObject","inLanguage":"de","@id":"https:\/\/www.landofmemory.eu\/#\/schema\/logo\/image\/","url":"https:\/\/www.landofmemory.eu\/wp-content\/uploads\/2022\/10\/logo-land-of-memory.jpg","contentUrl":"https:\/\/www.landofmemory.eu\/wp-content\/uploads\/2022\/10\/logo-land-of-memory.jpg","width":1000,"height":500,"caption":"Land Of Memory"},"image":{"@id":"https:\/\/www.landofmemory.eu\/#\/schema\/logo\/image\/"},"sameAs":["https:\/\/www.facebook.com\/landofmemory.eu","https:\/\/www.instagram.com\/landofmemory_eu\/"]}]}},"_links":{"self":[{"href":"https:\/\/www.landofmemory.eu\/de\/wp-json\/wp\/v2\/oeuvres\/6821","targetHints":{"allow":["GET"]}}],"collection":[{"href":"https:\/\/www.landofmemory.eu\/de\/wp-json\/wp\/v2\/oeuvres"}],"about":[{"href":"https:\/\/www.landofmemory.eu\/de\/wp-json\/wp\/v2\/types\/oeuvres"}],"wp:attachment":[{"href":"https:\/\/www.landofmemory.eu\/de\/wp-json\/wp\/v2\/media?parent=6821"}],"curies":[{"name":"wp","href":"https:\/\/api.w.org\/{rel}","templated":true}]}}

<p><em>Nous autres à Vauquois</em> ist der autobiografische Bericht über die Jahre, die André Pézard und seine Kameraden in den Schützengräben verbrachten. Das anhand seiner persönlichen Tagebücher verfasste Zeugnis ist von großer Tiefe und hat die literarische Sphäre der engagierten Schriftsteller erschüttert. Die Neuauflage von 2016 im Verlag Editions de La Table Ronde enthält einen Brief des Autors an Jean Norton Cru, aus dem das vorliegende Zitat stammt. Letzterer ist der Autor von &#8222;<em>Témoins: essai d&#8217;analyse et de critique des souvenirs de combattants édités en français de 1915 à 1928&#8243; (Zeugen: Versuch einer Analyse und Kritik der Erinnerungen von Kämpfern, die zwischen 1915 und 1928 auf Französisch veröffentlicht wurden).<em></em></em></p>

<!-- This site is optimized with the Yoast SEO plugin v26.0 - https://yoast.com/wordpress/plugins/seo/ -->
<title>Wir Andere in Vauquois - Werke Land Of Memory</title>
<meta name="description" content="Nous autres à Vauquois ist die Autobiografie von André Pézard. Er berichtet darin von seinen Jahren als Soldat im Ersten Weltkrieg." />
<meta name="robots" content="index, follow, max-snippet:-1, max-image-preview:large, max-video-preview:-1" />
<link rel="canonical" href="https://www.landofmemory.eu/de/oeuvres/wir-andere-in-vauquois/" />
<meta property="og:locale" content="de_DE" />
<meta property="og:type" content="article" />
<meta property="og:title" content="Wir Andere in Vauquois - Werke Land Of Memory" />
<meta property="og:description" content="Nous autres à Vauquois ist die Autobiografie von André Pézard. Er berichtet darin von seinen Jahren als Soldat im Ersten Weltkrieg." />
<meta property="og:url" content="https://www.landofmemory.eu/de/oeuvres/wir-andere-in-vauquois/" />
<meta property="og:site_name" content="Land Of Memory" />
<meta property="article:publisher" content="https://www.facebook.com/landofmemory.eu" />
<meta property="article:modified_time" content="2022-01-10T09:15:39+00:00" />
<meta name="twitter:card" content="summary_large_image" />
<meta name="twitter:label1" content="Geschätzte Lesezeit" />
	<meta name="twitter:data1" content="1 Minute" />
<script type="application/ld+json" class="yoast-schema-graph">{"@context":"https://schema.org","@graph":[{"@type":"WebPage","@id":"https://www.landofmemory.eu/de/oeuvres/wir-andere-in-vauquois/","url":"https://www.landofmemory.eu/de/oeuvres/wir-andere-in-vauquois/","name":"Wir Andere in Vauquois - Werke Land Of Memory","isPartOf":{"@id":"https://www.landofmemory.eu/#website"},"datePublished":"2022-01-10T09:15:36+00:00","dateModified":"2022-01-10T09:15:39+00:00","description":"Nous autres à Vauquois ist die Autobiografie von André Pézard. Er berichtet darin von seinen Jahren als Soldat im Ersten Weltkrieg.","breadcrumb":{"@id":"https://www.landofmemory.eu/de/oeuvres/wir-andere-in-vauquois/#breadcrumb"},"inLanguage":"de","potentialAction":[{"@type":"ReadAction","target":["https://www.landofmemory.eu/de/oeuvres/wir-andere-in-vauquois/"]}]},{"@type":"BreadcrumbList","@id":"https://www.landofmemory.eu/de/oeuvres/wir-andere-in-vauquois/#breadcrumb","itemListElement":[{"@type":"ListItem","position":1,"name":"Accueil","item":"https://www.landofmemory.eu/"},{"@type":"ListItem","position":2,"name":"Wir Andere in Vauquois"}]},{"@type":"WebSite","@id":"https://www.landofmemory.eu/#website","url":"https://www.landofmemory.eu/","name":"Land Of Memory","description":"L&#039;histoire commence ici","publisher":{"@id":"https://www.landofmemory.eu/#organization"},"potentialAction":[{"@type":"SearchAction","target":{"@type":"EntryPoint","urlTemplate":"https://www.landofmemory.eu/?s={search_term_string}"},"query-input":{"@type":"PropertyValueSpecification","valueRequired":true,"valueName":"search_term_string"}}],"inLanguage":"de"},{"@type":"Organization","@id":"https://www.landofmemory.eu/#organization","name":"Land Of Memory","url":"https://www.landofmemory.eu/","logo":{"@type":"ImageObject","inLanguage":"de","@id":"https://www.landofmemory.eu/#/schema/logo/image/","url":"https://www.landofmemory.eu/wp-content/uploads/2022/10/logo-land-of-memory.jpg","contentUrl":"https://www.landofmemory.eu/wp-content/uploads/2022/10/logo-land-of-memory.jpg","width":1000,"height":500,"caption":"Land Of Memory"},"image":{"@id":"https://www.landofmemory.eu/#/schema/logo/image/"},"sameAs":["https://www.facebook.com/landofmemory.eu","https://www.instagram.com/landofmemory_eu/"]}]}</script>
<!-- / Yoast SEO plugin. -->

Nous autres à Vauquois ist die Autobiografie von André Pézard. Er berichtet darin von seinen Jahren als Soldat im Ersten Weltkrieg.
