{"id":4725,"date":"2021-10-17T09:17:29","date_gmt":"2021-10-17T07:17:29","guid":{"rendered":"https:\/\/www.landofmemory.eu\/de-mentions-legales\/"},"modified":"2022-01-14T16:55:55","modified_gmt":"2022-01-14T15:55:55","slug":"de-mentions-legales","status":"publish","type":"page","link":"https:\/\/www.landofmemory.eu\/de\/de-mentions-legales\/","title":{"rendered":"Rechtliche Hinweise"},"content":{"rendered":"\n<h2 class=\"wp-block-heading\"><strong>Bearbeiten der Seite<\/strong><\/h2>\n\n<p>Diese Website, die unter der URL https:\/\/landofmemory.eu\/ zug\u00e4nglich ist, wird von der F\u00e9d\u00e9ration du Tourisme de la Province de Li\u00e8ge (Place de la R\u00e9publique Fran\u00e7aise 1, Li\u00e8ge, Belgien) als Koordinator f\u00fcr das Interreg V-A Gro\u00dfregion-Projekt Land of Memory und seine Partner herausgegeben.\u00a0<\/p>\n\n<p>Seine nationale Identifikationsnummer ist 0402.398.857_22698<\/p>\n\n<p>Der Betreiber ist unter der E-Mail-Adresse info@landofmemory.eu erreichbar. <\/p>\n\n<p>F\u00fcr das Reiseziel Land of Memory gibt es f\u00fcnf Partner. Die Liste der Partner und ihre Kontaktdaten finden Sie im Abschnitt Alle unsere <a href=\"http:\/\/www.landofmemory.eu\/de\/de-nos-partenaires\/\">Partner<\/a> auf unserer Website.<\/p>\n\n<h2 class=\"wp-block-heading\"><strong>Unterkunft<\/strong><\/h2>\n\n<p>Die Land of Memory-Website wird von Grid-netcom.com gehostet, dessen Hauptsitz sich in BP 60061 &#8211; 84123 Pertuis befindet. SIREN: 888038643.<\/p>\n\n<p>Der Hoster ist unter der Telefonnummer +33 (0) 805 690 221 erreichbar.<\/p>\n","protected":false},"excerpt":{"rendered":"<p>Bearbeiten der Seite Diese Website, die unter der URL https:\/\/landofmemory.eu\/ zug\u00e4nglich ist, wird von der F\u00e9d\u00e9ration du Tourisme de la Province de Li\u00e8ge (Place de la R\u00e9publique Fran\u00e7aise 1, Li\u00e8ge, Belgien) als Koordinator f\u00fcr das Interreg V-A Gro\u00dfregion-Projekt Land of Memory und seine Partner herausgegeben.\u00a0 Seine nationale Identifikationsnummer ist 0402.398.857_22698 Der Betreiber ist unter der [&hellip;]<\/p>\n","protected":false},"author":1,"featured_media":0,"parent":0,"menu_order":0,"comment_status":"closed","ping_status":"closed","template":"page-courante.php","meta":{"_acf_changed":false,"footnotes":""},"class_list":["post-4725","page","type-page","status-publish","hentry"],"acf":[],"yoast_head":"<!-- This site is optimized with the Yoast SEO plugin v26.0 - https:\/\/yoast.com\/wordpress\/plugins\/seo\/ -->\n<title>Rechtliche Hinweise - Land Of Memory<\/title>\n<meta name=\"robots\" content=\"index, follow, max-snippet:-1, max-image-preview:large, max-video-preview:-1\" \/>\n<link rel=\"canonical\" href=\"https:\/\/www.landofmemory.eu\/de\/de-mentions-legales\/\" \/>\n<meta property=\"og:locale\" content=\"de_DE\" \/>\n<meta property=\"og:type\" content=\"article\" \/>\n<meta property=\"og:title\" content=\"Rechtliche Hinweise - Land Of Memory\" \/>\n<meta property=\"og:description\" content=\"Bearbeiten der Seite Diese Website, die unter der URL https:\/\/landofmemory.eu\/ zug\u00e4nglich ist, wird von der F\u00e9d\u00e9ration du Tourisme de la Province de Li\u00e8ge (Place de la R\u00e9publique Fran\u00e7aise 1, Li\u00e8ge, Belgien) als Koordinator f\u00fcr das Interreg V-A Gro\u00dfregion-Projekt Land of Memory und seine Partner herausgegeben.\u00a0 Seine nationale Identifikationsnummer ist 0402.398.857_22698 Der Betreiber ist unter der [&hellip;]\" \/>\n<meta property=\"og:url\" content=\"https:\/\/www.landofmemory.eu\/de\/de-mentions-legales\/\" \/>\n<meta property=\"og:site_name\" content=\"Land Of Memory\" \/>\n<meta property=\"article:publisher\" content=\"https:\/\/www.facebook.com\/landofmemory.eu\" \/>\n<meta property=\"article:modified_time\" content=\"2022-01-14T15:55:55+00:00\" \/>\n<meta name=\"twitter:card\" content=\"summary_large_image\" \/>\n<meta name=\"twitter:label1\" content=\"Gesch\u00e4tzte Lesezeit\" \/>\n\t<meta name=\"twitter:data1\" content=\"1\u00a0Minute\" \/>\n<script type=\"application\/ld+json\" class=\"yoast-schema-graph\">{\"@context\":\"https:\/\/schema.org\",\"@graph\":[{\"@type\":\"WebPage\",\"@id\":\"https:\/\/www.landofmemory.eu\/de\/de-mentions-legales\/\",\"url\":\"https:\/\/www.landofmemory.eu\/de\/de-mentions-legales\/\",\"name\":\"Rechtliche Hinweise - Land Of Memory\",\"isPartOf\":{\"@id\":\"https:\/\/www.landofmemory.eu\/#website\"},\"datePublished\":\"2021-10-17T07:17:29+00:00\",\"dateModified\":\"2022-01-14T15:55:55+00:00\",\"breadcrumb\":{\"@id\":\"https:\/\/www.landofmemory.eu\/de\/de-mentions-legales\/#breadcrumb\"},\"inLanguage\":\"de\",\"potentialAction\":[{\"@type\":\"ReadAction\",\"target\":[\"https:\/\/www.landofmemory.eu\/de\/de-mentions-legales\/\"]}]},{\"@type\":\"BreadcrumbList\",\"@id\":\"https:\/\/www.landofmemory.eu\/de\/de-mentions-legales\/#breadcrumb\",\"itemListElement\":[{\"@type\":\"ListItem\",\"position\":1,\"name\":\"Accueil\",\"item\":\"https:\/\/www.landofmemory.eu\/\"},{\"@type\":\"ListItem\",\"position\":2,\"name\":\"Rechtliche Hinweise\"}]},{\"@type\":\"WebSite\",\"@id\":\"https:\/\/www.landofmemory.eu\/#website\",\"url\":\"https:\/\/www.landofmemory.eu\/\",\"name\":\"Land Of Memory\",\"description\":\"L&#039;histoire commence ici\",\"publisher\":{\"@id\":\"https:\/\/www.landofmemory.eu\/#organization\"},\"potentialAction\":[{\"@type\":\"SearchAction\",\"target\":{\"@type\":\"EntryPoint\",\"urlTemplate\":\"https:\/\/www.landofmemory.eu\/?s={search_term_string}\"},\"query-input\":{\"@type\":\"PropertyValueSpecification\",\"valueRequired\":true,\"valueName\":\"search_term_string\"}}],\"inLanguage\":\"de\"},{\"@type\":\"Organization\",\"@id\":\"https:\/\/www.landofmemory.eu\/#organization\",\"name\":\"Land Of Memory\",\"url\":\"https:\/\/www.landofmemory.eu\/\",\"logo\":{\"@type\":\"ImageObject\",\"inLanguage\":\"de\",\"@id\":\"https:\/\/www.landofmemory.eu\/#\/schema\/logo\/image\/\",\"url\":\"https:\/\/www.landofmemory.eu\/wp-content\/uploads\/2022\/10\/logo-land-of-memory.jpg\",\"contentUrl\":\"https:\/\/www.landofmemory.eu\/wp-content\/uploads\/2022\/10\/logo-land-of-memory.jpg\",\"width\":1000,\"height\":500,\"caption\":\"Land Of Memory\"},\"image\":{\"@id\":\"https:\/\/www.landofmemory.eu\/#\/schema\/logo\/image\/\"},\"sameAs\":[\"https:\/\/www.facebook.com\/landofmemory.eu\",\"https:\/\/www.instagram.com\/landofmemory_eu\/\"]}]}<\/script>\n<!-- \/ Yoast SEO plugin. -->","yoast_head_json":{"title":"Rechtliche Hinweise - Land Of Memory","robots":{"index":"index","follow":"follow","max-snippet":"max-snippet:-1","max-image-preview":"max-image-preview:large","max-video-preview":"max-video-preview:-1"},"canonical":"https:\/\/www.landofmemory.eu\/de\/de-mentions-legales\/","og_locale":"de_DE","og_type":"article","og_title":"Rechtliche Hinweise - Land Of Memory","og_description":"Bearbeiten der Seite Diese Website, die unter der URL https:\/\/landofmemory.eu\/ zug\u00e4nglich ist, wird von der F\u00e9d\u00e9ration du Tourisme de la Province de Li\u00e8ge (Place de la R\u00e9publique Fran\u00e7aise 1, Li\u00e8ge, Belgien) als Koordinator f\u00fcr das Interreg V-A Gro\u00dfregion-Projekt Land of Memory und seine Partner herausgegeben.\u00a0 Seine nationale Identifikationsnummer ist 0402.398.857_22698 Der Betreiber ist unter der [&hellip;]","og_url":"https:\/\/www.landofmemory.eu\/de\/de-mentions-legales\/","og_site_name":"Land Of Memory","article_publisher":"https:\/\/www.facebook.com\/landofmemory.eu","article_modified_time":"2022-01-14T15:55:55+00:00","twitter_card":"summary_large_image","twitter_misc":{"Gesch\u00e4tzte Lesezeit":"1\u00a0Minute"},"schema":{"@context":"https:\/\/schema.org","@graph":[{"@type":"WebPage","@id":"https:\/\/www.landofmemory.eu\/de\/de-mentions-legales\/","url":"https:\/\/www.landofmemory.eu\/de\/de-mentions-legales\/","name":"Rechtliche Hinweise - Land Of Memory","isPartOf":{"@id":"https:\/\/www.landofmemory.eu\/#website"},"datePublished":"2021-10-17T07:17:29+00:00","dateModified":"2022-01-14T15:55:55+00:00","breadcrumb":{"@id":"https:\/\/www.landofmemory.eu\/de\/de-mentions-legales\/#breadcrumb"},"inLanguage":"de","potentialAction":[{"@type":"ReadAction","target":["https:\/\/www.landofmemory.eu\/de\/de-mentions-legales\/"]}]},{"@type":"BreadcrumbList","@id":"https:\/\/www.landofmemory.eu\/de\/de-mentions-legales\/#breadcrumb","itemListElement":[{"@type":"ListItem","position":1,"name":"Accueil","item":"https:\/\/www.landofmemory.eu\/"},{"@type":"ListItem","position":2,"name":"Rechtliche Hinweise"}]},{"@type":"WebSite","@id":"https:\/\/www.landofmemory.eu\/#website","url":"https:\/\/www.landofmemory.eu\/","name":"Land Of Memory","description":"L&#039;histoire commence ici","publisher":{"@id":"https:\/\/www.landofmemory.eu\/#organization"},"potentialAction":[{"@type":"SearchAction","target":{"@type":"EntryPoint","urlTemplate":"https:\/\/www.landofmemory.eu\/?s={search_term_string}"},"query-input":{"@type":"PropertyValueSpecification","valueRequired":true,"valueName":"search_term_string"}}],"inLanguage":"de"},{"@type":"Organization","@id":"https:\/\/www.landofmemory.eu\/#organization","name":"Land Of Memory","url":"https:\/\/www.landofmemory.eu\/","logo":{"@type":"ImageObject","inLanguage":"de","@id":"https:\/\/www.landofmemory.eu\/#\/schema\/logo\/image\/","url":"https:\/\/www.landofmemory.eu\/wp-content\/uploads\/2022\/10\/logo-land-of-memory.jpg","contentUrl":"https:\/\/www.landofmemory.eu\/wp-content\/uploads\/2022\/10\/logo-land-of-memory.jpg","width":1000,"height":500,"caption":"Land Of Memory"},"image":{"@id":"https:\/\/www.landofmemory.eu\/#\/schema\/logo\/image\/"},"sameAs":["https:\/\/www.facebook.com\/landofmemory.eu","https:\/\/www.instagram.com\/landofmemory_eu\/"]}]}},"_links":{"self":[{"href":"https:\/\/www.landofmemory.eu\/de\/wp-json\/wp\/v2\/pages\/4725","targetHints":{"allow":["GET"]}}],"collection":[{"href":"https:\/\/www.landofmemory.eu\/de\/wp-json\/wp\/v2\/pages"}],"about":[{"href":"https:\/\/www.landofmemory.eu\/de\/wp-json\/wp\/v2\/types\/page"}],"author":[{"embeddable":true,"href":"https:\/\/www.landofmemory.eu\/de\/wp-json\/wp\/v2\/users\/1"}],"replies":[{"embeddable":true,"href":"https:\/\/www.landofmemory.eu\/de\/wp-json\/wp\/v2\/comments?post=4725"}],"version-history":[{"count":4,"href":"https:\/\/www.landofmemory.eu\/de\/wp-json\/wp\/v2\/pages\/4725\/revisions"}],"predecessor-version":[{"id":7045,"href":"https:\/\/www.landofmemory.eu\/de\/wp-json\/wp\/v2\/pages\/4725\/revisions\/7045"}],"wp:attachment":[{"href":"https:\/\/www.landofmemory.eu\/de\/wp-json\/wp\/v2\/media?parent=4725"}],"curies":[{"name":"wp","href":"https:\/\/api.w.org\/{rel}","templated":true}]}}

<h2 class="wp-block-heading"><strong>Bearbeiten der Seite</strong></h2>

<p>Diese Website, die unter der URL https://landofmemory.eu/ zugänglich ist, wird von der Fédération du Tourisme de la Province de Liège (Place de la République Française 1, Liège, Belgien) als Koordinator für das Interreg V-A Großregion-Projekt Land of Memory und seine Partner herausgegeben. </p>

<p>Seine nationale Identifikationsnummer ist 0402.398.857_22698</p>

<p>Der Betreiber ist unter der E-Mail-Adresse info@landofmemory.eu erreichbar. </p>

<p>Für das Reiseziel Land of Memory gibt es fünf Partner. Die Liste der Partner und ihre Kontaktdaten finden Sie im Abschnitt Alle unsere <a href="http://www.landofmemory.eu/de/de-nos-partenaires/">Partner</a> auf unserer Website.</p>

<h2 class="wp-block-heading"><strong>Unterkunft</strong></h2>

<p>Die Land of Memory-Website wird von Grid-netcom.com gehostet, dessen Hauptsitz sich in BP 60061 &#8211; 84123 Pertuis befindet. SIREN: 888038643.</p>

<p>Der Hoster ist unter der Telefonnummer +33 (0) 805 690 221 erreichbar.</p>

<p>Bearbeiten der Seite Diese Website, die unter der URL https://landofmemory.eu/ zugänglich ist, wird von der Fédération du Tourisme de la Province de Liège (Place de la République Française 1, Liège, Belgien) als Koordinator für das Interreg V-A Großregion-Projekt Land of Memory und seine Partner herausgegeben.  Seine nationale Identifikationsnummer ist 0402.398.857_22698 Der Betreiber ist unter der [&hellip;]</p>

<!-- This site is optimized with the Yoast SEO plugin v26.0 - https://yoast.com/wordpress/plugins/seo/ -->
<title>Rechtliche Hinweise - Land Of Memory</title>
<meta name="robots" content="index, follow, max-snippet:-1, max-image-preview:large, max-video-preview:-1" />
<link rel="canonical" href="https://www.landofmemory.eu/de/de-mentions-legales/" />
<meta property="og:locale" content="de_DE" />
<meta property="og:type" content="article" />
<meta property="og:title" content="Rechtliche Hinweise - Land Of Memory" />
<meta property="og:description" content="Bearbeiten der Seite Diese Website, die unter der URL https://landofmemory.eu/ zugänglich ist, wird von der Fédération du Tourisme de la Province de Liège (Place de la République Française 1, Liège, Belgien) als Koordinator für das Interreg V-A Großregion-Projekt Land of Memory und seine Partner herausgegeben.  Seine nationale Identifikationsnummer ist 0402.398.857_22698 Der Betreiber ist unter der [&hellip;]" />
<meta property="og:url" content="https://www.landofmemory.eu/de/de-mentions-legales/" />
<meta property="og:site_name" content="Land Of Memory" />
<meta property="article:publisher" content="https://www.facebook.com/landofmemory.eu" />
<meta property="article:modified_time" content="2022-01-14T15:55:55+00:00" />
<meta name="twitter:card" content="summary_large_image" />
<meta name="twitter:label1" content="Geschätzte Lesezeit" />
	<meta name="twitter:data1" content="1 Minute" />
<script type="application/ld+json" class="yoast-schema-graph">{"@context":"https://schema.org","@graph":[{"@type":"WebPage","@id":"https://www.landofmemory.eu/de/de-mentions-legales/","url":"https://www.landofmemory.eu/de/de-mentions-legales/","name":"Rechtliche Hinweise - Land Of Memory","isPartOf":{"@id":"https://www.landofmemory.eu/#website"},"datePublished":"2021-10-17T07:17:29+00:00","dateModified":"2022-01-14T15:55:55+00:00","breadcrumb":{"@id":"https://www.landofmemory.eu/de/de-mentions-legales/#breadcrumb"},"inLanguage":"de","potentialAction":[{"@type":"ReadAction","target":["https://www.landofmemory.eu/de/de-mentions-legales/"]}]},{"@type":"BreadcrumbList","@id":"https://www.landofmemory.eu/de/de-mentions-legales/#breadcrumb","itemListElement":[{"@type":"ListItem","position":1,"name":"Accueil","item":"https://www.landofmemory.eu/"},{"@type":"ListItem","position":2,"name":"Rechtliche Hinweise"}]},{"@type":"WebSite","@id":"https://www.landofmemory.eu/#website","url":"https://www.landofmemory.eu/","name":"Land Of Memory","description":"L&#039;histoire commence ici","publisher":{"@id":"https://www.landofmemory.eu/#organization"},"potentialAction":[{"@type":"SearchAction","target":{"@type":"EntryPoint","urlTemplate":"https://www.landofmemory.eu/?s={search_term_string}"},"query-input":{"@type":"PropertyValueSpecification","valueRequired":true,"valueName":"search_term_string"}}],"inLanguage":"de"},{"@type":"Organization","@id":"https://www.landofmemory.eu/#organization","name":"Land Of Memory","url":"https://www.landofmemory.eu/","logo":{"@type":"ImageObject","inLanguage":"de","@id":"https://www.landofmemory.eu/#/schema/logo/image/","url":"https://www.landofmemory.eu/wp-content/uploads/2022/10/logo-land-of-memory.jpg","contentUrl":"https://www.landofmemory.eu/wp-content/uploads/2022/10/logo-land-of-memory.jpg","width":1000,"height":500,"caption":"Land Of Memory"},"image":{"@id":"https://www.landofmemory.eu/#/schema/logo/image/"},"sameAs":["https://www.facebook.com/landofmemory.eu","https://www.instagram.com/landofmemory_eu/"]}]}</script>
<!-- / Yoast SEO plugin. -->

Bearbeiten der Seite Diese Website, die unter der URL https://landofmemory.eu/ zugänglich ist, wird von der Fédération du Tourisme de la Province de Liège (Place de la République Française 1, Liège, Belgien) als Koordinator für das Interreg V-A Großregion-Projekt Land of Memory und seine Partner herausgegeben.  Seine nationale Identifikationsnummer ist 0402.398.857_22698 Der Betreiber ist unter der [&hellip;]
