{"id":4730,"date":"2021-10-17T09:18:21","date_gmt":"2021-10-17T07:18:21","guid":{"rendered":"https:\/\/www.landofmemory.eu\/de-nos-partenaires\/"},"modified":"2022-02-14T10:16:40","modified_gmt":"2022-02-14T09:16:40","slug":"unsere-partner","status":"publish","type":"page","link":"https:\/\/www.landofmemory.eu\/de\/unsere-partner\/","title":{"rendered":"Unsere Partner"},"content":{"rendered":"\n<h2 class=\"wp-block-heading\" id=\"federation-du-tourisme-de-la-province-de-liege-ftpl\">F\u00e9d\u00e9ration du Tourisme de la Province de Li\u00e8ge (FTPL)<\/h2>\n\n<p>Die FTPL vermarktet das touristische Angebot ihrer Reiseziele (Individualtourismus, Ausfl\u00fcge und Gruppenaufenthalte in den Ardennen, Gesch\u00e4ftstourismus). Sie verbindet und unterst\u00fctzt die Akteure der Touristikbranche in ihrem Gebiet (Professionalisierung, Ausbildung) und sie beteiligt sich an der Entwicklung einer hochwertigen Infrastruktur (Flusstourismus, Radverkehrsnetze).<\/p>\n\n<ul class=\"wp-block-list\"><li>Lucil MAWET<\/li><li>Place de la r\u00e9publique fran\u00e7aise, 1<\/li><li>4000 L\u00fcttich<\/li><li>Belgien<\/li><li>+ 32 (0)4 279 55 81<\/li><li><a href=\"mailto:lucil.mawet@provincedeliege.be\">lucil.mawet@provincedeliege.be<\/a>\u00a0<\/li><li>https:\/\/de.liegetourisme.be<\/li><\/ul>\n\n<p><\/p>\n\n<h2 class=\"wp-block-heading\" id=\"association-touristique-du-luxembourg-belge-atlb\">Association Touristique du Luxembourg Belge (ATLB)<\/h2>\n\n<p>Die ATLB ist mit der F\u00f6rderung und Entwicklung des Fremdenverkehrs (in all seinen Formen) in der belgischen Provinz Luxemburg beauftragt. Sie sch\u00fctzt den Erhalt des nat\u00fcrlichen, historischen und denkmalgesch\u00fctzten Erbes der Provinz.<\/p>\n\n<ul class=\"wp-block-list\"><li>Pascale GHISLAIN<\/li><li>Association Touristique du Luxembourg Belge<\/li><li>Boucle de la Famenne, 23 A<br\/>6900 Marche-en-Famenne<\/li><li>Belgien<\/li><li>+32 (0) 84 410 208<\/li><li><a href=\"mailto:p.ghislain@atlb.be\">p.ghislain@atlb.be<\/a> \u00a0<\/li><li>http:\/\/ftlb.be\/de<\/li><\/ul>\n\n<p><\/p>\n\n<h2 class=\"wp-block-heading\" id=\"office-regional-du-tourisme-eislek-ort-ardennes-luxembourgeoises\"><strong><strong>Regionales Fremdenverkehrsamt \u00c9islek (ORT Luxemburger Ardennen)<\/strong><\/strong><\/h2>\n\n<p>Das Office R\u00e9gional du Tourisme des Ardennes Luxembourgeoises wurde 2007 gegr\u00fcndet und hat seinen Sitz in Vianden, im Gro\u00dfherzogtum Luxemburg. Der Tourismusverband hat die Aufgabe, die Aktionen der regionalen Akteure zu koordinieren, das nat\u00fcrliche, kulturelle, historische Erbe zu erhalten und zu verbessern sowie den Tourismus in der Region zu gestalten.<\/p>\n\n<ul class=\"wp-block-list\"><li>Paul IHRY<\/li><li>Office R\u00e9gional du Tourisme \u00c9islek<\/li><li>B.P. 12\u00a0 L-9401 Vianden<\/li><li>Luxemburg<\/li><li>+35 (0)2 26 95 05 66<\/li><li><a href=\"mailto:info@visit-eislek.lu\">info@visit-eislek.lu<\/a><\/li><li>https:\/\/www.visit-eislek.lu\/de<\/li><\/ul>\n\n<p><\/p>\n\n<h2 class=\"wp-block-heading\" id=\"meuse-attractivite\">Meuse Attractivit\u00e9<\/h2>\n\n<p>Die Mission des Meuse Attractivit\u00e9 ist es, das Ansehen und den Bekanntheitsgrad des Departements der Maas zu optimieren. Es ist zust\u00e4ndig f\u00fcr die Entwicklung und Umsetzung der Fremdenverkehrspolitik und f\u00f6rdert in Zusammenarbeit mit Fachleuten die Entwicklung und Vermarktung von touristischen Produkten. Zus\u00e4tzlich fungiert es als Begleit-, Unterst\u00fctzungs- und Beratungsstruktur f\u00fcr Tourismusakteure und f\u00fcr \u00f6ffentliche oder private Projektleiter.<\/p>\n\n<ul class=\"wp-block-list\"><li>Agence Meuse Attractivit\u00e9<\/li><li>Centre d\u2019affaires C\u0153ur de Meuse\u00a0<\/li><li>ZID Meuse TGV\u00a0<\/li><li>55 220 Les Trois Domaines<\/li><li>Frankreich<\/li><li>+33 (0)3 29 45 78 40<\/li><li><a href=\"mailto:contact@lameuse.fr\">contact@lameuse.fr<\/a>\u00a0<\/li><li>https:\/\/www.maas-tourismus.com<\/li><\/ul>\n\n<p><\/p>\n\n<h2 class=\"wp-block-heading\" id=\"office-de-tourisme-du-grand-verdun-otgv\">Office de Tourisme du Grand Verdun (OTGV)<\/h2>\n\n<p>Das OTGV ist der Ansprechpartner bei den Vorbereitungen Ihres Aufenthaltes in Verdun. Seine Aufgabe ist es Sie zu beraten, Ihnen die Reicht\u00fcmer der Region vorzustellen und Ihren Aufenthalt auf das Angenehmste zu gestalten! Es f\u00f6rdert die Attraktivit\u00e4t des Gro\u00dfraums Verdun durch seine T\u00e4tigkeiten, Dienstleistungen und Tourismusangebote.<\/p>\n\n<ul class=\"wp-block-list\"><li>Place de la Nation\u00a0<\/li><li>55 100 Verdun<\/li><li>Frankreich<\/li><li>+ 33 (0)3 29 86 14 18<\/li><li><a href=\"mailto:contact@tourisme-verdun.com\">contact@tourisme-verdun.com<\/a>\u00a0<\/li><li>https:\/\/de.tourisme-verdun.com<\/li><\/ul>\n\n<p><\/p>\n","protected":false},"excerpt":{"rendered":"<p>F\u00e9d\u00e9ration du Tourisme de la Province de Li\u00e8ge (FTPL) Die FTPL vermarktet das touristische Angebot ihrer Reiseziele (Individualtourismus, Ausfl\u00fcge und Gruppenaufenthalte in den Ardennen, Gesch\u00e4ftstourismus). Sie verbindet und unterst\u00fctzt die Akteure der Touristikbranche in ihrem Gebiet (Professionalisierung, Ausbildung) und sie beteiligt sich an der Entwicklung einer hochwertigen Infrastruktur (Flusstourismus, Radverkehrsnetze). Lucil MAWET Place de la [&hellip;]<\/p>\n","protected":false},"author":1,"featured_media":0,"parent":0,"menu_order":0,"comment_status":"closed","ping_status":"closed","template":"page-courante.php","meta":{"_acf_changed":false,"footnotes":""},"class_list":["post-4730","page","type-page","status-publish","hentry"],"acf":[],"yoast_head":"<!-- This site is optimized with the Yoast SEO plugin v26.0 - https:\/\/yoast.com\/wordpress\/plugins\/seo\/ -->\n<title>Unsere Partner : Land of Memory<\/title>\n<meta name=\"description\" content=\"Land of Memory ist ein f\u00f6deratives Projekt, das mehrere Partner aus vier L\u00e4ndern zusammenbringt: Frankreich, Belgien, Luxemburg und Deutschland.\" \/>\n<meta name=\"robots\" content=\"index, follow, max-snippet:-1, max-image-preview:large, max-video-preview:-1\" \/>\n<link rel=\"canonical\" href=\"https:\/\/www.landofmemory.eu\/de\/unsere-partner\/\" \/>\n<meta property=\"og:locale\" content=\"de_DE\" \/>\n<meta property=\"og:type\" content=\"article\" \/>\n<meta property=\"og:title\" content=\"Unsere Partner : Land of Memory\" \/>\n<meta property=\"og:description\" content=\"Land of Memory ist ein f\u00f6deratives Projekt, das mehrere Partner aus vier L\u00e4ndern zusammenbringt: Frankreich, Belgien, Luxemburg und Deutschland.\" \/>\n<meta property=\"og:url\" content=\"https:\/\/www.landofmemory.eu\/de\/unsere-partner\/\" \/>\n<meta property=\"og:site_name\" content=\"Land Of Memory\" \/>\n<meta property=\"article:publisher\" content=\"https:\/\/www.facebook.com\/landofmemory.eu\" \/>\n<meta property=\"article:modified_time\" content=\"2022-02-14T09:16:40+00:00\" \/>\n<meta name=\"twitter:card\" content=\"summary_large_image\" \/>\n<meta name=\"twitter:label1\" content=\"Gesch\u00e4tzte Lesezeit\" \/>\n\t<meta name=\"twitter:data1\" content=\"2\u00a0Minuten\" \/>\n<script type=\"application\/ld+json\" class=\"yoast-schema-graph\">{\"@context\":\"https:\/\/schema.org\",\"@graph\":[{\"@type\":\"WebPage\",\"@id\":\"https:\/\/www.landofmemory.eu\/de\/unsere-partner\/\",\"url\":\"https:\/\/www.landofmemory.eu\/de\/unsere-partner\/\",\"name\":\"Unsere Partner : Land of Memory\",\"isPartOf\":{\"@id\":\"https:\/\/www.landofmemory.eu\/#website\"},\"datePublished\":\"2021-10-17T07:18:21+00:00\",\"dateModified\":\"2022-02-14T09:16:40+00:00\",\"description\":\"Land of Memory ist ein f\u00f6deratives Projekt, das mehrere Partner aus vier L\u00e4ndern zusammenbringt: Frankreich, Belgien, Luxemburg und Deutschland.\",\"breadcrumb\":{\"@id\":\"https:\/\/www.landofmemory.eu\/de\/unsere-partner\/#breadcrumb\"},\"inLanguage\":\"de\",\"potentialAction\":[{\"@type\":\"ReadAction\",\"target\":[\"https:\/\/www.landofmemory.eu\/de\/unsere-partner\/\"]}]},{\"@type\":\"BreadcrumbList\",\"@id\":\"https:\/\/www.landofmemory.eu\/de\/unsere-partner\/#breadcrumb\",\"itemListElement\":[{\"@type\":\"ListItem\",\"position\":1,\"name\":\"Accueil\",\"item\":\"https:\/\/www.landofmemory.eu\/\"},{\"@type\":\"ListItem\",\"position\":2,\"name\":\"Unsere Partner\"}]},{\"@type\":\"WebSite\",\"@id\":\"https:\/\/www.landofmemory.eu\/#website\",\"url\":\"https:\/\/www.landofmemory.eu\/\",\"name\":\"Land Of Memory\",\"description\":\"L&#039;histoire commence ici\",\"publisher\":{\"@id\":\"https:\/\/www.landofmemory.eu\/#organization\"},\"potentialAction\":[{\"@type\":\"SearchAction\",\"target\":{\"@type\":\"EntryPoint\",\"urlTemplate\":\"https:\/\/www.landofmemory.eu\/?s={search_term_string}\"},\"query-input\":{\"@type\":\"PropertyValueSpecification\",\"valueRequired\":true,\"valueName\":\"search_term_string\"}}],\"inLanguage\":\"de\"},{\"@type\":\"Organization\",\"@id\":\"https:\/\/www.landofmemory.eu\/#organization\",\"name\":\"Land Of Memory\",\"url\":\"https:\/\/www.landofmemory.eu\/\",\"logo\":{\"@type\":\"ImageObject\",\"inLanguage\":\"de\",\"@id\":\"https:\/\/www.landofmemory.eu\/#\/schema\/logo\/image\/\",\"url\":\"https:\/\/www.landofmemory.eu\/wp-content\/uploads\/2022\/10\/logo-land-of-memory.jpg\",\"contentUrl\":\"https:\/\/www.landofmemory.eu\/wp-content\/uploads\/2022\/10\/logo-land-of-memory.jpg\",\"width\":1000,\"height\":500,\"caption\":\"Land Of Memory\"},\"image\":{\"@id\":\"https:\/\/www.landofmemory.eu\/#\/schema\/logo\/image\/\"},\"sameAs\":[\"https:\/\/www.facebook.com\/landofmemory.eu\",\"https:\/\/www.instagram.com\/landofmemory_eu\/\"]}]}<\/script>\n<!-- \/ Yoast SEO plugin. -->","yoast_head_json":{"title":"Unsere Partner : Land of Memory","description":"Land of Memory ist ein f\u00f6deratives Projekt, das mehrere Partner aus vier L\u00e4ndern zusammenbringt: Frankreich, Belgien, Luxemburg und Deutschland.","robots":{"index":"index","follow":"follow","max-snippet":"max-snippet:-1","max-image-preview":"max-image-preview:large","max-video-preview":"max-video-preview:-1"},"canonical":"https:\/\/www.landofmemory.eu\/de\/unsere-partner\/","og_locale":"de_DE","og_type":"article","og_title":"Unsere Partner : Land of Memory","og_description":"Land of Memory ist ein f\u00f6deratives Projekt, das mehrere Partner aus vier L\u00e4ndern zusammenbringt: Frankreich, Belgien, Luxemburg und Deutschland.","og_url":"https:\/\/www.landofmemory.eu\/de\/unsere-partner\/","og_site_name":"Land Of Memory","article_publisher":"https:\/\/www.facebook.com\/landofmemory.eu","article_modified_time":"2022-02-14T09:16:40+00:00","twitter_card":"summary_large_image","twitter_misc":{"Gesch\u00e4tzte Lesezeit":"2\u00a0Minuten"},"schema":{"@context":"https:\/\/schema.org","@graph":[{"@type":"WebPage","@id":"https:\/\/www.landofmemory.eu\/de\/unsere-partner\/","url":"https:\/\/www.landofmemory.eu\/de\/unsere-partner\/","name":"Unsere Partner : Land of Memory","isPartOf":{"@id":"https:\/\/www.landofmemory.eu\/#website"},"datePublished":"2021-10-17T07:18:21+00:00","dateModified":"2022-02-14T09:16:40+00:00","description":"Land of Memory ist ein f\u00f6deratives Projekt, das mehrere Partner aus vier L\u00e4ndern zusammenbringt: Frankreich, Belgien, Luxemburg und Deutschland.","breadcrumb":{"@id":"https:\/\/www.landofmemory.eu\/de\/unsere-partner\/#breadcrumb"},"inLanguage":"de","potentialAction":[{"@type":"ReadAction","target":["https:\/\/www.landofmemory.eu\/de\/unsere-partner\/"]}]},{"@type":"BreadcrumbList","@id":"https:\/\/www.landofmemory.eu\/de\/unsere-partner\/#breadcrumb","itemListElement":[{"@type":"ListItem","position":1,"name":"Accueil","item":"https:\/\/www.landofmemory.eu\/"},{"@type":"ListItem","position":2,"name":"Unsere Partner"}]},{"@type":"WebSite","@id":"https:\/\/www.landofmemory.eu\/#website","url":"https:\/\/www.landofmemory.eu\/","name":"Land Of Memory","description":"L&#039;histoire commence ici","publisher":{"@id":"https:\/\/www.landofmemory.eu\/#organization"},"potentialAction":[{"@type":"SearchAction","target":{"@type":"EntryPoint","urlTemplate":"https:\/\/www.landofmemory.eu\/?s={search_term_string}"},"query-input":{"@type":"PropertyValueSpecification","valueRequired":true,"valueName":"search_term_string"}}],"inLanguage":"de"},{"@type":"Organization","@id":"https:\/\/www.landofmemory.eu\/#organization","name":"Land Of Memory","url":"https:\/\/www.landofmemory.eu\/","logo":{"@type":"ImageObject","inLanguage":"de","@id":"https:\/\/www.landofmemory.eu\/#\/schema\/logo\/image\/","url":"https:\/\/www.landofmemory.eu\/wp-content\/uploads\/2022\/10\/logo-land-of-memory.jpg","contentUrl":"https:\/\/www.landofmemory.eu\/wp-content\/uploads\/2022\/10\/logo-land-of-memory.jpg","width":1000,"height":500,"caption":"Land Of Memory"},"image":{"@id":"https:\/\/www.landofmemory.eu\/#\/schema\/logo\/image\/"},"sameAs":["https:\/\/www.facebook.com\/landofmemory.eu","https:\/\/www.instagram.com\/landofmemory_eu\/"]}]}},"_links":{"self":[{"href":"https:\/\/www.landofmemory.eu\/de\/wp-json\/wp\/v2\/pages\/4730","targetHints":{"allow":["GET"]}}],"collection":[{"href":"https:\/\/www.landofmemory.eu\/de\/wp-json\/wp\/v2\/pages"}],"about":[{"href":"https:\/\/www.landofmemory.eu\/de\/wp-json\/wp\/v2\/types\/page"}],"author":[{"embeddable":true,"href":"https:\/\/www.landofmemory.eu\/de\/wp-json\/wp\/v2\/users\/1"}],"replies":[{"embeddable":true,"href":"https:\/\/www.landofmemory.eu\/de\/wp-json\/wp\/v2\/comments?post=4730"}],"version-history":[{"count":12,"href":"https:\/\/www.landofmemory.eu\/de\/wp-json\/wp\/v2\/pages\/4730\/revisions"}],"predecessor-version":[{"id":7683,"href":"https:\/\/www.landofmemory.eu\/de\/wp-json\/wp\/v2\/pages\/4730\/revisions\/7683"}],"wp:attachment":[{"href":"https:\/\/www.landofmemory.eu\/de\/wp-json\/wp\/v2\/media?parent=4730"}],"curies":[{"name":"wp","href":"https:\/\/api.w.org\/{rel}","templated":true}]}}

<h2 class="wp-block-heading" id="federation-du-tourisme-de-la-province-de-liege-ftpl">Fédération du Tourisme de la Province de Liège (FTPL)</h2>

<p>Die FTPL vermarktet das touristische Angebot ihrer Reiseziele (Individualtourismus, Ausflüge und Gruppenaufenthalte in den Ardennen, Geschäftstourismus). Sie verbindet und unterstützt die Akteure der Touristikbranche in ihrem Gebiet (Professionalisierung, Ausbildung) und sie beteiligt sich an der Entwicklung einer hochwertigen Infrastruktur (Flusstourismus, Radverkehrsnetze).</p>

<ul class="wp-block-list"><li>Lucil MAWET</li><li>Place de la république française, 1</li><li>4000 Lüttich</li><li>Belgien</li><li>+ 32 (0)4 279 55 81</li><li><a href="mailto:lucil.mawet@provincedeliege.be">lucil.mawet@provincedeliege.be</a> </li><li>https://de.liegetourisme.be</li></ul>

<p></p>

<h2 class="wp-block-heading" id="association-touristique-du-luxembourg-belge-atlb">Association Touristique du Luxembourg Belge (ATLB)</h2>

<p>Die ATLB ist mit der Förderung und Entwicklung des Fremdenverkehrs (in all seinen Formen) in der belgischen Provinz Luxemburg beauftragt. Sie schützt den Erhalt des natürlichen, historischen und denkmalgeschützten Erbes der Provinz.</p>

<ul class="wp-block-list"><li>Pascale GHISLAIN</li><li>Association Touristique du Luxembourg Belge</li><li>Boucle de la Famenne, 23 A<br/>6900 Marche-en-Famenne</li><li>Belgien</li><li>+32 (0) 84 410 208</li><li><a href="mailto:p.ghislain@atlb.be">p.ghislain@atlb.be</a>  </li><li>http://ftlb.be/de</li></ul>

<p></p>

<h2 class="wp-block-heading" id="office-regional-du-tourisme-eislek-ort-ardennes-luxembourgeoises"><strong><strong>Regionales Fremdenverkehrsamt Éislek (ORT Luxemburger Ardennen)</strong></strong></h2>

<p>Das Office Régional du Tourisme des Ardennes Luxembourgeoises wurde 2007 gegründet und hat seinen Sitz in Vianden, im Großherzogtum Luxemburg. Der Tourismusverband hat die Aufgabe, die Aktionen der regionalen Akteure zu koordinieren, das natürliche, kulturelle, historische Erbe zu erhalten und zu verbessern sowie den Tourismus in der Region zu gestalten.</p>

<ul class="wp-block-list"><li>Paul IHRY</li><li>Office Régional du Tourisme Éislek</li><li>B.P. 12  L-9401 Vianden</li><li>Luxemburg</li><li>+35 (0)2 26 95 05 66</li><li><a href="mailto:info@visit-eislek.lu">info@visit-eislek.lu</a></li><li>https://www.visit-eislek.lu/de</li></ul>

<p></p>

<h2 class="wp-block-heading" id="meuse-attractivite">Meuse Attractivité</h2>

<p>Die Mission des Meuse Attractivité ist es, das Ansehen und den Bekanntheitsgrad des Departements der Maas zu optimieren. Es ist zuständig für die Entwicklung und Umsetzung der Fremdenverkehrspolitik und fördert in Zusammenarbeit mit Fachleuten die Entwicklung und Vermarktung von touristischen Produkten. Zusätzlich fungiert es als Begleit-, Unterstützungs- und Beratungsstruktur für Tourismusakteure und für öffentliche oder private Projektleiter.</p>

<ul class="wp-block-list"><li>Agence Meuse Attractivité</li><li>Centre d’affaires Cœur de Meuse </li><li>ZID Meuse TGV </li><li>55 220 Les Trois Domaines</li><li>Frankreich</li><li>+33 (0)3 29 45 78 40</li><li><a href="mailto:contact@lameuse.fr">contact@lameuse.fr</a> </li><li>https://www.maas-tourismus.com</li></ul>

<p></p>

<h2 class="wp-block-heading" id="office-de-tourisme-du-grand-verdun-otgv">Office de Tourisme du Grand Verdun (OTGV)</h2>

<p>Das OTGV ist der Ansprechpartner bei den Vorbereitungen Ihres Aufenthaltes in Verdun. Seine Aufgabe ist es Sie zu beraten, Ihnen die Reichtümer der Region vorzustellen und Ihren Aufenthalt auf das Angenehmste zu gestalten! Es fördert die Attraktivität des Großraums Verdun durch seine Tätigkeiten, Dienstleistungen und Tourismusangebote.</p>

<ul class="wp-block-list"><li>Place de la Nation </li><li>55 100 Verdun</li><li>Frankreich</li><li>+ 33 (0)3 29 86 14 18</li><li><a href="mailto:contact@tourisme-verdun.com">contact@tourisme-verdun.com</a> </li><li>https://de.tourisme-verdun.com</li></ul>

<p></p>

<p>Fédération du Tourisme de la Province de Liège (FTPL) Die FTPL vermarktet das touristische Angebot ihrer Reiseziele (Individualtourismus, Ausflüge und Gruppenaufenthalte in den Ardennen, Geschäftstourismus). Sie verbindet und unterstützt die Akteure der Touristikbranche in ihrem Gebiet (Professionalisierung, Ausbildung) und sie beteiligt sich an der Entwicklung einer hochwertigen Infrastruktur (Flusstourismus, Radverkehrsnetze). Lucil MAWET Place de la [&hellip;]</p>

<!-- This site is optimized with the Yoast SEO plugin v26.0 - https://yoast.com/wordpress/plugins/seo/ -->
<title>Unsere Partner : Land of Memory</title>
<meta name="description" content="Land of Memory ist ein föderatives Projekt, das mehrere Partner aus vier Ländern zusammenbringt: Frankreich, Belgien, Luxemburg und Deutschland." />
<meta name="robots" content="index, follow, max-snippet:-1, max-image-preview:large, max-video-preview:-1" />
<link rel="canonical" href="https://www.landofmemory.eu/de/unsere-partner/" />
<meta property="og:locale" content="de_DE" />
<meta property="og:type" content="article" />
<meta property="og:title" content="Unsere Partner : Land of Memory" />
<meta property="og:description" content="Land of Memory ist ein föderatives Projekt, das mehrere Partner aus vier Ländern zusammenbringt: Frankreich, Belgien, Luxemburg und Deutschland." />
<meta property="og:url" content="https://www.landofmemory.eu/de/unsere-partner/" />
<meta property="og:site_name" content="Land Of Memory" />
<meta property="article:publisher" content="https://www.facebook.com/landofmemory.eu" />
<meta property="article:modified_time" content="2022-02-14T09:16:40+00:00" />
<meta name="twitter:card" content="summary_large_image" />
<meta name="twitter:label1" content="Geschätzte Lesezeit" />
	<meta name="twitter:data1" content="2 Minuten" />
<script type="application/ld+json" class="yoast-schema-graph">{"@context":"https://schema.org","@graph":[{"@type":"WebPage","@id":"https://www.landofmemory.eu/de/unsere-partner/","url":"https://www.landofmemory.eu/de/unsere-partner/","name":"Unsere Partner : Land of Memory","isPartOf":{"@id":"https://www.landofmemory.eu/#website"},"datePublished":"2021-10-17T07:18:21+00:00","dateModified":"2022-02-14T09:16:40+00:00","description":"Land of Memory ist ein föderatives Projekt, das mehrere Partner aus vier Ländern zusammenbringt: Frankreich, Belgien, Luxemburg und Deutschland.","breadcrumb":{"@id":"https://www.landofmemory.eu/de/unsere-partner/#breadcrumb"},"inLanguage":"de","potentialAction":[{"@type":"ReadAction","target":["https://www.landofmemory.eu/de/unsere-partner/"]}]},{"@type":"BreadcrumbList","@id":"https://www.landofmemory.eu/de/unsere-partner/#breadcrumb","itemListElement":[{"@type":"ListItem","position":1,"name":"Accueil","item":"https://www.landofmemory.eu/"},{"@type":"ListItem","position":2,"name":"Unsere Partner"}]},{"@type":"WebSite","@id":"https://www.landofmemory.eu/#website","url":"https://www.landofmemory.eu/","name":"Land Of Memory","description":"L&#039;histoire commence ici","publisher":{"@id":"https://www.landofmemory.eu/#organization"},"potentialAction":[{"@type":"SearchAction","target":{"@type":"EntryPoint","urlTemplate":"https://www.landofmemory.eu/?s={search_term_string}"},"query-input":{"@type":"PropertyValueSpecification","valueRequired":true,"valueName":"search_term_string"}}],"inLanguage":"de"},{"@type":"Organization","@id":"https://www.landofmemory.eu/#organization","name":"Land Of Memory","url":"https://www.landofmemory.eu/","logo":{"@type":"ImageObject","inLanguage":"de","@id":"https://www.landofmemory.eu/#/schema/logo/image/","url":"https://www.landofmemory.eu/wp-content/uploads/2022/10/logo-land-of-memory.jpg","contentUrl":"https://www.landofmemory.eu/wp-content/uploads/2022/10/logo-land-of-memory.jpg","width":1000,"height":500,"caption":"Land Of Memory"},"image":{"@id":"https://www.landofmemory.eu/#/schema/logo/image/"},"sameAs":["https://www.facebook.com/landofmemory.eu","https://www.instagram.com/landofmemory_eu/"]}]}</script>
<!-- / Yoast SEO plugin. -->

Land of Memory ist ein föderatives Projekt, das mehrere Partner aus vier Ländern zusammenbringt: Frankreich, Belgien, Luxemburg und Deutschland.
