{"id":4124,"date":"2021-10-06T11:27:31","date_gmt":"2021-10-06T09:27:31","guid":{"rendered":"https:\/\/www.landofmemory.eu\/sites-historiques\/musee-regional-darcheologie-et-dhistoire"},"modified":"2022-08-03T10:09:28","modified_gmt":"2022-08-03T08:09:28","slug":"musee-regional-darcheologie-et-dhistoire","status":"publish","type":"sites-historiques","link":"https:\/\/www.landofmemory.eu\/de\/sites-historiques\/musee-regional-darcheologie-et-dhistoire\/","title":{"rendered":"Mus\u00e9e r\u00e9gional d&#8217;Arch\u00e9ologie et d&#8217;Histoire"},"content":{"rendered":"\n<h2 class=\"wp-block-heading\">Ein Zeugnis der Geschichte von Vis\u00e9<\/h2>\n\n<p>Das Regionalmuseum f\u00fcr Arch\u00e4ologie und Geschichte befindet sich in einem ehemaligen Kloster der S\u00e9pulcrines. Nach dem Ersten Weltkrieg wurde es im Stil der mosaischen Renaissance wiederaufgebaut.<\/p>\n\n<p>Heute ist es ein allgemeines Museum, das Sammlungen zum Kulturerbe der Region Untere Maas in L\u00fcttich pr\u00e4sentiert. Sie befasst sich haupts\u00e4chlich mit der Geschichte von Vis\u00e9, seiner architektonischen Entwicklung, seinem t\u00e4glichen Leben, seinem Know-how usw. Als erste M\u00e4rtyrerstadt des Ersten Weltkriegs war Vis\u00e9 stark vom ersten Weltkrieg betroffen. Dieser Zeit wird im Museum besondere Aufmerksamkeit gewidmet. Mehrere Objekte zeugen von wichtigen Epochen. Die Ankunft der Deutschen und ihre Besetzung, das t\u00e4gliche Leben w\u00e4hrend des Ersten Weltkriegs, das Leben in den Sch\u00fctzengr\u00e4ben, die Verbrennung der ersten M\u00e4rtyrerstadt, die Befreiung der Region durch die amerikanischen Truppen der 30th Division im Jahr 1944&#8230;&#13;\n<\/p>\n\n<h2 class=\"wp-block-heading\">Geschichte entdecken durch F\u00fchrungen<\/h2>\n\n<p>Die K\u00f6nigliche Arch\u00e4ologische und Historische Gesellschaft von Vis\u00e9 bietet auch eine F\u00fchrung f\u00fcr Gruppen mit dem Titel &#8222;14-18: Entdeckung des Gro\u00dfen Krieges im Norden von L\u00fcttich&#8220; an. Sie erz\u00e4hlt die Geschichte der Trag\u00f6die von Vis\u00e9 vom 4. August 1914 bis zum Wiederaufbau der Stadt. Dieser Gedenkrundgang behandelt die Ankunft der deutschen Truppen, den Widerstand der belgischen Soldaten und das t\u00e4gliche Leben in Vis\u00e9 w\u00e4hrend der vier Kriegsjahre.&#13;\n<\/p>\n\n<p>Es handelt sich um eine 120 km lange Bustour mit Zwischenstopps und Besichtigungen sowie der Vorf\u00fchrung eines Dokumentarfilms. Zu den emblematischen Orten der Tour geh\u00f6rt der Friedhof von Rabos\u00e9e, wo 500 belgische Soldaten in der Nacht vom 5. auf den 6. August dem Angriff zweier deutscher Regimenter mit 6.000 Mann widerstanden. Es folgt das Fort Barchon, eines der zw\u00f6lf von General Brialmont um L\u00fcttich errichteten Forts. Am 8. August 1914 war sie die erste, die dem deutschen Angriff zum Opfer fiel. Und schlie\u00dflich das Fort Loncin, das am 15. August 1914 fiel, als eines seiner beiden Pulvermagazine explodierte und 250 Soldaten unter dem Fort begraben wurden.<\/p>\n\n<p>Das Museum bietet auch einen Gedenkweg an, den man allein, mit der Familie oder in Gruppen begehen kann. Diese Tour kann dank der 18 Tafeln im Zentrum von Vis\u00e9 zu Fu\u00df zur\u00fcckgelegt werden. W\u00e4hrend des Rundgangs erz\u00e4hlen fiktive Zeitzeugen die Geschichte von Vis\u00e9: der Brand, die deutsche Besatzung, die Deportation, die Nachkriegszeit und der Wiederaufbau der Stadt&#8230; damit Sie sp\u00fcren, was wirklich in diesem kleinen Dorf an der Maas passiert ist. &#13;\n&#13;\n<\/p>\n\n<p>Sind Sie bereit f\u00fcr diese Erfahrung?<\/p>\n","protected":false},"template":"","type_site":[53],"class_list":["post-4124","sites-historiques","type-sites-historiques","status-publish","hentry","type_site-museen-und-ausstellungen"],"acf":[],"yoast_head":"<!-- This site is optimized with the Yoast SEO plugin v26.0 - https:\/\/yoast.com\/wordpress\/plugins\/seo\/ -->\n<title>Regionalmuseum f\u00fcr Arch\u00e4ologie und Geschichte - Land of Memory<\/title>\n<meta name=\"description\" content=\"Das Mus\u00e9e r\u00e9gional d&#039;Arch\u00e9ologie et d&#039;Histoire besch\u00e4ftigt sich mit den Weltkriegen und der Stadt Vis\u00e9, der ersten M\u00e4rtyrerstadt des Ersten Weltkriegs\" \/>\n<meta name=\"robots\" content=\"index, follow, max-snippet:-1, max-image-preview:large, max-video-preview:-1\" \/>\n<link rel=\"canonical\" href=\"https:\/\/www.landofmemory.eu\/de\/sites-historiques\/musee-regional-darcheologie-et-dhistoire\/\" \/>\n<meta property=\"og:locale\" content=\"de_DE\" \/>\n<meta property=\"og:type\" content=\"article\" \/>\n<meta property=\"og:title\" content=\"Regionalmuseum f\u00fcr Arch\u00e4ologie und Geschichte - Land of Memory\" \/>\n<meta property=\"og:description\" content=\"Das Mus\u00e9e r\u00e9gional d&#039;Arch\u00e9ologie et d&#039;Histoire besch\u00e4ftigt sich mit den Weltkriegen und der Stadt Vis\u00e9, der ersten M\u00e4rtyrerstadt des Ersten Weltkriegs\" \/>\n<meta property=\"og:url\" content=\"https:\/\/www.landofmemory.eu\/de\/sites-historiques\/musee-regional-darcheologie-et-dhistoire\/\" \/>\n<meta property=\"og:site_name\" content=\"Land Of Memory\" \/>\n<meta property=\"article:publisher\" content=\"https:\/\/www.facebook.com\/landofmemory.eu\" \/>\n<meta property=\"article:modified_time\" content=\"2022-08-03T08:09:28+00:00\" \/>\n<meta name=\"twitter:card\" content=\"summary_large_image\" \/>\n<meta name=\"twitter:label1\" content=\"Gesch\u00e4tzte Lesezeit\" \/>\n\t<meta name=\"twitter:data1\" content=\"2\u00a0Minuten\" \/>\n<script type=\"application\/ld+json\" class=\"yoast-schema-graph\">{\"@context\":\"https:\/\/schema.org\",\"@graph\":[{\"@type\":\"WebPage\",\"@id\":\"https:\/\/www.landofmemory.eu\/de\/sites-historiques\/musee-regional-darcheologie-et-dhistoire\/\",\"url\":\"https:\/\/www.landofmemory.eu\/de\/sites-historiques\/musee-regional-darcheologie-et-dhistoire\/\",\"name\":\"Regionalmuseum f\u00fcr Arch\u00e4ologie und Geschichte - Land of Memory\",\"isPartOf\":{\"@id\":\"https:\/\/www.landofmemory.eu\/#website\"},\"datePublished\":\"2021-10-06T09:27:31+00:00\",\"dateModified\":\"2022-08-03T08:09:28+00:00\",\"description\":\"Das Mus\u00e9e r\u00e9gional d'Arch\u00e9ologie et d'Histoire besch\u00e4ftigt sich mit den Weltkriegen und der Stadt Vis\u00e9, der ersten M\u00e4rtyrerstadt des Ersten Weltkriegs\",\"breadcrumb\":{\"@id\":\"https:\/\/www.landofmemory.eu\/de\/sites-historiques\/musee-regional-darcheologie-et-dhistoire\/#breadcrumb\"},\"inLanguage\":\"de\",\"potentialAction\":[{\"@type\":\"ReadAction\",\"target\":[\"https:\/\/www.landofmemory.eu\/de\/sites-historiques\/musee-regional-darcheologie-et-dhistoire\/\"]}]},{\"@type\":\"BreadcrumbList\",\"@id\":\"https:\/\/www.landofmemory.eu\/de\/sites-historiques\/musee-regional-darcheologie-et-dhistoire\/#breadcrumb\",\"itemListElement\":[{\"@type\":\"ListItem\",\"position\":1,\"name\":\"Accueil\",\"item\":\"https:\/\/www.landofmemory.eu\/\"},{\"@type\":\"ListItem\",\"position\":2,\"name\":\"Mus\u00e9e r\u00e9gional d&#8217;Arch\u00e9ologie et d&#8217;Histoire\"}]},{\"@type\":\"WebSite\",\"@id\":\"https:\/\/www.landofmemory.eu\/#website\",\"url\":\"https:\/\/www.landofmemory.eu\/\",\"name\":\"Land Of Memory\",\"description\":\"L&#039;histoire commence ici\",\"publisher\":{\"@id\":\"https:\/\/www.landofmemory.eu\/#organization\"},\"potentialAction\":[{\"@type\":\"SearchAction\",\"target\":{\"@type\":\"EntryPoint\",\"urlTemplate\":\"https:\/\/www.landofmemory.eu\/?s={search_term_string}\"},\"query-input\":{\"@type\":\"PropertyValueSpecification\",\"valueRequired\":true,\"valueName\":\"search_term_string\"}}],\"inLanguage\":\"de\"},{\"@type\":\"Organization\",\"@id\":\"https:\/\/www.landofmemory.eu\/#organization\",\"name\":\"Land Of Memory\",\"url\":\"https:\/\/www.landofmemory.eu\/\",\"logo\":{\"@type\":\"ImageObject\",\"inLanguage\":\"de\",\"@id\":\"https:\/\/www.landofmemory.eu\/#\/schema\/logo\/image\/\",\"url\":\"https:\/\/www.landofmemory.eu\/wp-content\/uploads\/2022\/10\/logo-land-of-memory.jpg\",\"contentUrl\":\"https:\/\/www.landofmemory.eu\/wp-content\/uploads\/2022\/10\/logo-land-of-memory.jpg\",\"width\":1000,\"height\":500,\"caption\":\"Land Of Memory\"},\"image\":{\"@id\":\"https:\/\/www.landofmemory.eu\/#\/schema\/logo\/image\/\"},\"sameAs\":[\"https:\/\/www.facebook.com\/landofmemory.eu\",\"https:\/\/www.instagram.com\/landofmemory_eu\/\"]}]}<\/script>\n<!-- \/ Yoast SEO plugin. -->","yoast_head_json":{"title":"Regionalmuseum f\u00fcr Arch\u00e4ologie und Geschichte - Land of Memory","description":"Das Mus\u00e9e r\u00e9gional d'Arch\u00e9ologie et d'Histoire besch\u00e4ftigt sich mit den Weltkriegen und der Stadt Vis\u00e9, der ersten M\u00e4rtyrerstadt des Ersten Weltkriegs","robots":{"index":"index","follow":"follow","max-snippet":"max-snippet:-1","max-image-preview":"max-image-preview:large","max-video-preview":"max-video-preview:-1"},"canonical":"https:\/\/www.landofmemory.eu\/de\/sites-historiques\/musee-regional-darcheologie-et-dhistoire\/","og_locale":"de_DE","og_type":"article","og_title":"Regionalmuseum f\u00fcr Arch\u00e4ologie und Geschichte - Land of Memory","og_description":"Das Mus\u00e9e r\u00e9gional d'Arch\u00e9ologie et d'Histoire besch\u00e4ftigt sich mit den Weltkriegen und der Stadt Vis\u00e9, der ersten M\u00e4rtyrerstadt des Ersten Weltkriegs","og_url":"https:\/\/www.landofmemory.eu\/de\/sites-historiques\/musee-regional-darcheologie-et-dhistoire\/","og_site_name":"Land Of Memory","article_publisher":"https:\/\/www.facebook.com\/landofmemory.eu","article_modified_time":"2022-08-03T08:09:28+00:00","twitter_card":"summary_large_image","twitter_misc":{"Gesch\u00e4tzte Lesezeit":"2\u00a0Minuten"},"schema":{"@context":"https:\/\/schema.org","@graph":[{"@type":"WebPage","@id":"https:\/\/www.landofmemory.eu\/de\/sites-historiques\/musee-regional-darcheologie-et-dhistoire\/","url":"https:\/\/www.landofmemory.eu\/de\/sites-historiques\/musee-regional-darcheologie-et-dhistoire\/","name":"Regionalmuseum f\u00fcr Arch\u00e4ologie und Geschichte - Land of Memory","isPartOf":{"@id":"https:\/\/www.landofmemory.eu\/#website"},"datePublished":"2021-10-06T09:27:31+00:00","dateModified":"2022-08-03T08:09:28+00:00","description":"Das Mus\u00e9e r\u00e9gional d'Arch\u00e9ologie et d'Histoire besch\u00e4ftigt sich mit den Weltkriegen und der Stadt Vis\u00e9, der ersten M\u00e4rtyrerstadt des Ersten Weltkriegs","breadcrumb":{"@id":"https:\/\/www.landofmemory.eu\/de\/sites-historiques\/musee-regional-darcheologie-et-dhistoire\/#breadcrumb"},"inLanguage":"de","potentialAction":[{"@type":"ReadAction","target":["https:\/\/www.landofmemory.eu\/de\/sites-historiques\/musee-regional-darcheologie-et-dhistoire\/"]}]},{"@type":"BreadcrumbList","@id":"https:\/\/www.landofmemory.eu\/de\/sites-historiques\/musee-regional-darcheologie-et-dhistoire\/#breadcrumb","itemListElement":[{"@type":"ListItem","position":1,"name":"Accueil","item":"https:\/\/www.landofmemory.eu\/"},{"@type":"ListItem","position":2,"name":"Mus\u00e9e r\u00e9gional d&#8217;Arch\u00e9ologie et d&#8217;Histoire"}]},{"@type":"WebSite","@id":"https:\/\/www.landofmemory.eu\/#website","url":"https:\/\/www.landofmemory.eu\/","name":"Land Of Memory","description":"L&#039;histoire commence ici","publisher":{"@id":"https:\/\/www.landofmemory.eu\/#organization"},"potentialAction":[{"@type":"SearchAction","target":{"@type":"EntryPoint","urlTemplate":"https:\/\/www.landofmemory.eu\/?s={search_term_string}"},"query-input":{"@type":"PropertyValueSpecification","valueRequired":true,"valueName":"search_term_string"}}],"inLanguage":"de"},{"@type":"Organization","@id":"https:\/\/www.landofmemory.eu\/#organization","name":"Land Of Memory","url":"https:\/\/www.landofmemory.eu\/","logo":{"@type":"ImageObject","inLanguage":"de","@id":"https:\/\/www.landofmemory.eu\/#\/schema\/logo\/image\/","url":"https:\/\/www.landofmemory.eu\/wp-content\/uploads\/2022\/10\/logo-land-of-memory.jpg","contentUrl":"https:\/\/www.landofmemory.eu\/wp-content\/uploads\/2022\/10\/logo-land-of-memory.jpg","width":1000,"height":500,"caption":"Land Of Memory"},"image":{"@id":"https:\/\/www.landofmemory.eu\/#\/schema\/logo\/image\/"},"sameAs":["https:\/\/www.facebook.com\/landofmemory.eu","https:\/\/www.instagram.com\/landofmemory_eu\/"]}]}},"_links":{"self":[{"href":"https:\/\/www.landofmemory.eu\/de\/wp-json\/wp\/v2\/sites-historiques\/4124","targetHints":{"allow":["GET"]}}],"collection":[{"href":"https:\/\/www.landofmemory.eu\/de\/wp-json\/wp\/v2\/sites-historiques"}],"about":[{"href":"https:\/\/www.landofmemory.eu\/de\/wp-json\/wp\/v2\/types\/sites-historiques"}],"wp:attachment":[{"href":"https:\/\/www.landofmemory.eu\/de\/wp-json\/wp\/v2\/media?parent=4124"}],"wp:term":[{"taxonomy":"type_site","embeddable":true,"href":"https:\/\/www.landofmemory.eu\/de\/wp-json\/wp\/v2\/type_site?post=4124"}],"curies":[{"name":"wp","href":"https:\/\/api.w.org\/{rel}","templated":true}]}}

Musée régional d&#8217;Archéologie et d&#8217;Histoire

<h2 class="wp-block-heading">Ein Zeugnis der Geschichte von Visé</h2>

<p>Das Regionalmuseum für Archäologie und Geschichte befindet sich in einem ehemaligen Kloster der Sépulcrines. Nach dem Ersten Weltkrieg wurde es im Stil der mosaischen Renaissance wiederaufgebaut.</p>

<p>Heute ist es ein allgemeines Museum, das Sammlungen zum Kulturerbe der Region Untere Maas in Lüttich präsentiert. Sie befasst sich hauptsächlich mit der Geschichte von Visé, seiner architektonischen Entwicklung, seinem täglichen Leben, seinem Know-how usw. Als erste Märtyrerstadt des Ersten Weltkriegs war Visé stark vom ersten Weltkrieg betroffen. Dieser Zeit wird im Museum besondere Aufmerksamkeit gewidmet. Mehrere Objekte zeugen von wichtigen Epochen. Die Ankunft der Deutschen und ihre Besetzung, das tägliche Leben während des Ersten Weltkriegs, das Leben in den Schützengräben, die Verbrennung der ersten Märtyrerstadt, die Befreiung der Region durch die amerikanischen Truppen der 30th Division im Jahr 1944&#8230;&#13;
</p>

<h2 class="wp-block-heading">Geschichte entdecken durch Führungen</h2>

<p>Die Königliche Archäologische und Historische Gesellschaft von Visé bietet auch eine Führung für Gruppen mit dem Titel &#8222;14-18: Entdeckung des Großen Krieges im Norden von Lüttich&#8220; an. Sie erzählt die Geschichte der Tragödie von Visé vom 4. August 1914 bis zum Wiederaufbau der Stadt. Dieser Gedenkrundgang behandelt die Ankunft der deutschen Truppen, den Widerstand der belgischen Soldaten und das tägliche Leben in Visé während der vier Kriegsjahre.&#13;
</p>

<p>Es handelt sich um eine 120 km lange Bustour mit Zwischenstopps und Besichtigungen sowie der Vorführung eines Dokumentarfilms. Zu den emblematischen Orten der Tour gehört der Friedhof von Rabosée, wo 500 belgische Soldaten in der Nacht vom 5. auf den 6. August dem Angriff zweier deutscher Regimenter mit 6.000 Mann widerstanden. Es folgt das Fort Barchon, eines der zwölf von General Brialmont um Lüttich errichteten Forts. Am 8. August 1914 war sie die erste, die dem deutschen Angriff zum Opfer fiel. Und schließlich das Fort Loncin, das am 15. August 1914 fiel, als eines seiner beiden Pulvermagazine explodierte und 250 Soldaten unter dem Fort begraben wurden.</p>

<p>Das Museum bietet auch einen Gedenkweg an, den man allein, mit der Familie oder in Gruppen begehen kann. Diese Tour kann dank der 18 Tafeln im Zentrum von Visé zu Fuß zurückgelegt werden. Während des Rundgangs erzählen fiktive Zeitzeugen die Geschichte von Visé: der Brand, die deutsche Besatzung, die Deportation, die Nachkriegszeit und der Wiederaufbau der Stadt&#8230; damit Sie spüren, was wirklich in diesem kleinen Dorf an der Maas passiert ist. &#13;
&#13;
</p>

<p>Sind Sie bereit für diese Erfahrung?</p>

<!-- This site is optimized with the Yoast SEO plugin v26.0 - https://yoast.com/wordpress/plugins/seo/ -->
<title>Regionalmuseum für Archäologie und Geschichte - Land of Memory</title>
<meta name="description" content="Das Musée régional d&#039;Archéologie et d&#039;Histoire beschäftigt sich mit den Weltkriegen und der Stadt Visé, der ersten Märtyrerstadt des Ersten Weltkriegs" />
<meta name="robots" content="index, follow, max-snippet:-1, max-image-preview:large, max-video-preview:-1" />
<link rel="canonical" href="https://www.landofmemory.eu/de/sites-historiques/musee-regional-darcheologie-et-dhistoire/" />
<meta property="og:locale" content="de_DE" />
<meta property="og:type" content="article" />
<meta property="og:title" content="Regionalmuseum für Archäologie und Geschichte - Land of Memory" />
<meta property="og:description" content="Das Musée régional d&#039;Archéologie et d&#039;Histoire beschäftigt sich mit den Weltkriegen und der Stadt Visé, der ersten Märtyrerstadt des Ersten Weltkriegs" />
<meta property="og:url" content="https://www.landofmemory.eu/de/sites-historiques/musee-regional-darcheologie-et-dhistoire/" />
<meta property="og:site_name" content="Land Of Memory" />
<meta property="article:publisher" content="https://www.facebook.com/landofmemory.eu" />
<meta property="article:modified_time" content="2022-08-03T08:09:28+00:00" />
<meta name="twitter:card" content="summary_large_image" />
<meta name="twitter:label1" content="Geschätzte Lesezeit" />
	<meta name="twitter:data1" content="2 Minuten" />
<script type="application/ld+json" class="yoast-schema-graph">{"@context":"https://schema.org","@graph":[{"@type":"WebPage","@id":"https://www.landofmemory.eu/de/sites-historiques/musee-regional-darcheologie-et-dhistoire/","url":"https://www.landofmemory.eu/de/sites-historiques/musee-regional-darcheologie-et-dhistoire/","name":"Regionalmuseum für Archäologie und Geschichte - Land of Memory","isPartOf":{"@id":"https://www.landofmemory.eu/#website"},"datePublished":"2021-10-06T09:27:31+00:00","dateModified":"2022-08-03T08:09:28+00:00","description":"Das Musée régional d'Archéologie et d'Histoire beschäftigt sich mit den Weltkriegen und der Stadt Visé, der ersten Märtyrerstadt des Ersten Weltkriegs","breadcrumb":{"@id":"https://www.landofmemory.eu/de/sites-historiques/musee-regional-darcheologie-et-dhistoire/#breadcrumb"},"inLanguage":"de","potentialAction":[{"@type":"ReadAction","target":["https://www.landofmemory.eu/de/sites-historiques/musee-regional-darcheologie-et-dhistoire/"]}]},{"@type":"BreadcrumbList","@id":"https://www.landofmemory.eu/de/sites-historiques/musee-regional-darcheologie-et-dhistoire/#breadcrumb","itemListElement":[{"@type":"ListItem","position":1,"name":"Accueil","item":"https://www.landofmemory.eu/"},{"@type":"ListItem","position":2,"name":"Musée régional d&#8217;Archéologie et d&#8217;Histoire"}]},{"@type":"WebSite","@id":"https://www.landofmemory.eu/#website","url":"https://www.landofmemory.eu/","name":"Land Of Memory","description":"L&#039;histoire commence ici","publisher":{"@id":"https://www.landofmemory.eu/#organization"},"potentialAction":[{"@type":"SearchAction","target":{"@type":"EntryPoint","urlTemplate":"https://www.landofmemory.eu/?s={search_term_string}"},"query-input":{"@type":"PropertyValueSpecification","valueRequired":true,"valueName":"search_term_string"}}],"inLanguage":"de"},{"@type":"Organization","@id":"https://www.landofmemory.eu/#organization","name":"Land Of Memory","url":"https://www.landofmemory.eu/","logo":{"@type":"ImageObject","inLanguage":"de","@id":"https://www.landofmemory.eu/#/schema/logo/image/","url":"https://www.landofmemory.eu/wp-content/uploads/2022/10/logo-land-of-memory.jpg","contentUrl":"https://www.landofmemory.eu/wp-content/uploads/2022/10/logo-land-of-memory.jpg","width":1000,"height":500,"caption":"Land Of Memory"},"image":{"@id":"https://www.landofmemory.eu/#/schema/logo/image/"},"sameAs":["https://www.facebook.com/landofmemory.eu","https://www.instagram.com/landofmemory_eu/"]}]}</script>
<!-- / Yoast SEO plugin. -->

Regionalmuseum für Archäologie und Geschichte - Land of Memory

Das Musée régional d'Archéologie et d'Histoire beschäftigt sich mit den Weltkriegen und der Stadt Visé, der ersten Märtyrerstadt des Ersten Weltkriegs
