{"id":4143,"date":"2021-10-06T11:41:18","date_gmt":"2021-10-06T09:41:18","guid":{"rendered":"https:\/\/www.landofmemory.eu\/sites-historiques\/40-45-memories-museum"},"modified":"2022-10-14T09:46:47","modified_gmt":"2022-10-14T07:46:47","slug":"40-45-memories-museum","status":"publish","type":"sites-historiques","link":"https:\/\/www.landofmemory.eu\/de\/sites-historiques\/40-45-memories-museum\/","title":{"rendered":"40-45 Memories Museum"},"content":{"rendered":"\n<h2 class=\"wp-block-heading\">Eine Sammlung von Erinnerungen<\/h2>\n\n<p>Das kleine private Museum 40-45 Memorium sammelt Erinnerungsst\u00fccke an das Leben der Soldaten und B\u00fcrger der Region Ourthe-Vesdre-Ambl\u00e8ve. Zu sehen sind auch die Nuggets und Fundst\u00fccke von Fr\u00e9d\u00e9ric Winkin, der seit mehr als 25 Jahren leidenschaftlich milit\u00e4risches Material sammelt. Dies ist eine Sammlung von Gegenst\u00e4nden, die im Laufe der Jahre gefunden und erworben wurden.<\/p>\n\n<p>Hier finden Sie Ausr\u00fcstung, Waffen, Schaufensterpuppen mit historischen Uniformen und Accessoires. Aber auch amerikanische Ger\u00e4te und Utensilien, deutsche Propagandaobjekte, Originaldokumente sowie Karten und Fotos.<\/p>\n\n<p>Das Museum wurde nach 10 Jahren komplett umgestaltet. Es pr\u00e4sentiert eine v\u00f6llig neu gestaltete Ausstellung mit zahlreichen Exponaten. Das Museum kann nur nach vorheriger Anmeldung besichtigt werden. Sie werden von einem geschichtsbegeisterten F\u00fchrer begleitet, der Ihnen Anekdoten \u00fcber die Objekte des Museums und den Krieg 1940-1945 erz\u00e4hlt. Er wird mit Begeisterung die ausgestellten pers\u00f6nlichen Gegenst\u00e4nde erkl\u00e4ren.<\/p>\n<div class=\"wp-block-image\">\n<figure class=\"aligncenter size-large is-resized\"><img loading=\"lazy\" decoding=\"async\" src=\"https:\/\/www.landofmemory.eu\/wp-content\/uploads\/2022\/08\/photo-DEC-ALD0W000P19-ANX0W000P1A-1024x768.jpeg\" alt=\"\" class=\"wp-image-10862\" width=\"768\" height=\"576\" srcset=\"https:\/\/www.landofmemory.eu\/wp-content\/uploads\/2022\/08\/photo-DEC-ALD0W000P19-ANX0W000P1A-1024x768.jpeg 1024w, https:\/\/www.landofmemory.eu\/wp-content\/uploads\/2022\/08\/photo-DEC-ALD0W000P19-ANX0W000P1A-300x225.jpeg 300w, https:\/\/www.landofmemory.eu\/wp-content\/uploads\/2022\/08\/photo-DEC-ALD0W000P19-ANX0W000P1A-768x576.jpeg 768w, https:\/\/www.landofmemory.eu\/wp-content\/uploads\/2022\/08\/photo-DEC-ALD0W000P19-ANX0W000P1A-1536x1152.jpeg 1536w, https:\/\/www.landofmemory.eu\/wp-content\/uploads\/2022\/08\/photo-DEC-ALD0W000P19-ANX0W000P1A-2048x1536.jpeg 2048w, https:\/\/www.landofmemory.eu\/wp-content\/uploads\/2022\/08\/photo-DEC-ALD0W000P19-ANX0W000P1A-600x450.jpeg 600w\" sizes=\"auto, (max-width: 768px) 100vw, 768px\" \/><figcaption>\u00a9 Province de Li\u00e8ge<\/figcaption><\/figure>\n<\/div>","protected":false},"template":"","type_site":[53],"class_list":["post-4143","sites-historiques","type-sites-historiques","status-publish","hentry","type_site-museen-und-ausstellungen"],"acf":[],"yoast_head":"<!-- This site is optimized with the Yoast SEO plugin v26.0 - https:\/\/yoast.com\/wordpress\/plugins\/seo\/ -->\n<title>Zweiter Weltkrieg: 40-45 Memories Museum - Land of Memory<\/title>\n<meta name=\"description\" content=\"Das Museum 40-45 Memories besch\u00e4ftigt sich mit dem zivilen und milit\u00e4rischen Leben der Region und pr\u00e4sentiert die Sammlung von Frederic Winkin.\" \/>\n<meta name=\"robots\" content=\"index, follow, max-snippet:-1, max-image-preview:large, max-video-preview:-1\" \/>\n<link rel=\"canonical\" href=\"https:\/\/www.landofmemory.eu\/de\/sites-historiques\/40-45-memories-museum\/\" \/>\n<meta property=\"og:locale\" content=\"de_DE\" \/>\n<meta property=\"og:type\" content=\"article\" \/>\n<meta property=\"og:title\" content=\"Zweiter Weltkrieg: 40-45 Memories Museum - Land of Memory\" \/>\n<meta property=\"og:description\" content=\"Das Museum 40-45 Memories besch\u00e4ftigt sich mit dem zivilen und milit\u00e4rischen Leben der Region und pr\u00e4sentiert die Sammlung von Frederic Winkin.\" \/>\n<meta property=\"og:url\" content=\"https:\/\/www.landofmemory.eu\/de\/sites-historiques\/40-45-memories-museum\/\" \/>\n<meta property=\"og:site_name\" content=\"Land Of Memory\" \/>\n<meta property=\"article:publisher\" content=\"https:\/\/www.facebook.com\/landofmemory.eu\" \/>\n<meta property=\"article:modified_time\" content=\"2022-10-14T07:46:47+00:00\" \/>\n<meta property=\"og:image\" content=\"https:\/\/www.landofmemory.eu\/wp-content\/uploads\/2022\/08\/photo-DEC-ALD0W000P19-ANX0W000P1A-1024x768.jpeg\" \/>\n<meta name=\"twitter:card\" content=\"summary_large_image\" \/>\n<meta name=\"twitter:label1\" content=\"Gesch\u00e4tzte Lesezeit\" \/>\n\t<meta name=\"twitter:data1\" content=\"1\u00a0Minute\" \/>\n<script type=\"application\/ld+json\" class=\"yoast-schema-graph\">{\"@context\":\"https:\/\/schema.org\",\"@graph\":[{\"@type\":\"WebPage\",\"@id\":\"https:\/\/www.landofmemory.eu\/de\/sites-historiques\/40-45-memories-museum\/\",\"url\":\"https:\/\/www.landofmemory.eu\/de\/sites-historiques\/40-45-memories-museum\/\",\"name\":\"Zweiter Weltkrieg: 40-45 Memories Museum - Land of Memory\",\"isPartOf\":{\"@id\":\"https:\/\/www.landofmemory.eu\/#website\"},\"primaryImageOfPage\":{\"@id\":\"https:\/\/www.landofmemory.eu\/de\/sites-historiques\/40-45-memories-museum\/#primaryimage\"},\"image\":{\"@id\":\"https:\/\/www.landofmemory.eu\/de\/sites-historiques\/40-45-memories-museum\/#primaryimage\"},\"thumbnailUrl\":\"https:\/\/www.landofmemory.eu\/wp-content\/uploads\/2022\/08\/photo-DEC-ALD0W000P19-ANX0W000P1A-1024x768.jpeg\",\"datePublished\":\"2021-10-06T09:41:18+00:00\",\"dateModified\":\"2022-10-14T07:46:47+00:00\",\"description\":\"Das Museum 40-45 Memories besch\u00e4ftigt sich mit dem zivilen und milit\u00e4rischen Leben der Region und pr\u00e4sentiert die Sammlung von Frederic Winkin.\",\"breadcrumb\":{\"@id\":\"https:\/\/www.landofmemory.eu\/de\/sites-historiques\/40-45-memories-museum\/#breadcrumb\"},\"inLanguage\":\"de\",\"potentialAction\":[{\"@type\":\"ReadAction\",\"target\":[\"https:\/\/www.landofmemory.eu\/de\/sites-historiques\/40-45-memories-museum\/\"]}]},{\"@type\":\"ImageObject\",\"inLanguage\":\"de\",\"@id\":\"https:\/\/www.landofmemory.eu\/de\/sites-historiques\/40-45-memories-museum\/#primaryimage\",\"url\":\"https:\/\/www.landofmemory.eu\/wp-content\/uploads\/2022\/08\/photo-DEC-ALD0W000P19-ANX0W000P1A-1024x768.jpeg\",\"contentUrl\":\"https:\/\/www.landofmemory.eu\/wp-content\/uploads\/2022\/08\/photo-DEC-ALD0W000P19-ANX0W000P1A-1024x768.jpeg\"},{\"@type\":\"BreadcrumbList\",\"@id\":\"https:\/\/www.landofmemory.eu\/de\/sites-historiques\/40-45-memories-museum\/#breadcrumb\",\"itemListElement\":[{\"@type\":\"ListItem\",\"position\":1,\"name\":\"Accueil\",\"item\":\"https:\/\/www.landofmemory.eu\/\"},{\"@type\":\"ListItem\",\"position\":2,\"name\":\"40-45 Memories Museum\"}]},{\"@type\":\"WebSite\",\"@id\":\"https:\/\/www.landofmemory.eu\/#website\",\"url\":\"https:\/\/www.landofmemory.eu\/\",\"name\":\"Land Of Memory\",\"description\":\"L&#039;histoire commence ici\",\"publisher\":{\"@id\":\"https:\/\/www.landofmemory.eu\/#organization\"},\"potentialAction\":[{\"@type\":\"SearchAction\",\"target\":{\"@type\":\"EntryPoint\",\"urlTemplate\":\"https:\/\/www.landofmemory.eu\/?s={search_term_string}\"},\"query-input\":{\"@type\":\"PropertyValueSpecification\",\"valueRequired\":true,\"valueName\":\"search_term_string\"}}],\"inLanguage\":\"de\"},{\"@type\":\"Organization\",\"@id\":\"https:\/\/www.landofmemory.eu\/#organization\",\"name\":\"Land Of Memory\",\"url\":\"https:\/\/www.landofmemory.eu\/\",\"logo\":{\"@type\":\"ImageObject\",\"inLanguage\":\"de\",\"@id\":\"https:\/\/www.landofmemory.eu\/#\/schema\/logo\/image\/\",\"url\":\"https:\/\/www.landofmemory.eu\/wp-content\/uploads\/2022\/10\/logo-land-of-memory.jpg\",\"contentUrl\":\"https:\/\/www.landofmemory.eu\/wp-content\/uploads\/2022\/10\/logo-land-of-memory.jpg\",\"width\":1000,\"height\":500,\"caption\":\"Land Of Memory\"},\"image\":{\"@id\":\"https:\/\/www.landofmemory.eu\/#\/schema\/logo\/image\/\"},\"sameAs\":[\"https:\/\/www.facebook.com\/landofmemory.eu\",\"https:\/\/www.instagram.com\/landofmemory_eu\/\"]}]}<\/script>\n<!-- \/ Yoast SEO plugin. -->","yoast_head_json":{"title":"Zweiter Weltkrieg: 40-45 Memories Museum - Land of Memory","description":"Das Museum 40-45 Memories besch\u00e4ftigt sich mit dem zivilen und milit\u00e4rischen Leben der Region und pr\u00e4sentiert die Sammlung von Frederic Winkin.","robots":{"index":"index","follow":"follow","max-snippet":"max-snippet:-1","max-image-preview":"max-image-preview:large","max-video-preview":"max-video-preview:-1"},"canonical":"https:\/\/www.landofmemory.eu\/de\/sites-historiques\/40-45-memories-museum\/","og_locale":"de_DE","og_type":"article","og_title":"Zweiter Weltkrieg: 40-45 Memories Museum - Land of Memory","og_description":"Das Museum 40-45 Memories besch\u00e4ftigt sich mit dem zivilen und milit\u00e4rischen Leben der Region und pr\u00e4sentiert die Sammlung von Frederic Winkin.","og_url":"https:\/\/www.landofmemory.eu\/de\/sites-historiques\/40-45-memories-museum\/","og_site_name":"Land Of Memory","article_publisher":"https:\/\/www.facebook.com\/landofmemory.eu","article_modified_time":"2022-10-14T07:46:47+00:00","og_image":[{"url":"https:\/\/www.landofmemory.eu\/wp-content\/uploads\/2022\/08\/photo-DEC-ALD0W000P19-ANX0W000P1A-1024x768.jpeg","type":"","width":"","height":""}],"twitter_card":"summary_large_image","twitter_misc":{"Gesch\u00e4tzte Lesezeit":"1\u00a0Minute"},"schema":{"@context":"https:\/\/schema.org","@graph":[{"@type":"WebPage","@id":"https:\/\/www.landofmemory.eu\/de\/sites-historiques\/40-45-memories-museum\/","url":"https:\/\/www.landofmemory.eu\/de\/sites-historiques\/40-45-memories-museum\/","name":"Zweiter Weltkrieg: 40-45 Memories Museum - Land of Memory","isPartOf":{"@id":"https:\/\/www.landofmemory.eu\/#website"},"primaryImageOfPage":{"@id":"https:\/\/www.landofmemory.eu\/de\/sites-historiques\/40-45-memories-museum\/#primaryimage"},"image":{"@id":"https:\/\/www.landofmemory.eu\/de\/sites-historiques\/40-45-memories-museum\/#primaryimage"},"thumbnailUrl":"https:\/\/www.landofmemory.eu\/wp-content\/uploads\/2022\/08\/photo-DEC-ALD0W000P19-ANX0W000P1A-1024x768.jpeg","datePublished":"2021-10-06T09:41:18+00:00","dateModified":"2022-10-14T07:46:47+00:00","description":"Das Museum 40-45 Memories besch\u00e4ftigt sich mit dem zivilen und milit\u00e4rischen Leben der Region und pr\u00e4sentiert die Sammlung von Frederic Winkin.","breadcrumb":{"@id":"https:\/\/www.landofmemory.eu\/de\/sites-historiques\/40-45-memories-museum\/#breadcrumb"},"inLanguage":"de","potentialAction":[{"@type":"ReadAction","target":["https:\/\/www.landofmemory.eu\/de\/sites-historiques\/40-45-memories-museum\/"]}]},{"@type":"ImageObject","inLanguage":"de","@id":"https:\/\/www.landofmemory.eu\/de\/sites-historiques\/40-45-memories-museum\/#primaryimage","url":"https:\/\/www.landofmemory.eu\/wp-content\/uploads\/2022\/08\/photo-DEC-ALD0W000P19-ANX0W000P1A-1024x768.jpeg","contentUrl":"https:\/\/www.landofmemory.eu\/wp-content\/uploads\/2022\/08\/photo-DEC-ALD0W000P19-ANX0W000P1A-1024x768.jpeg"},{"@type":"BreadcrumbList","@id":"https:\/\/www.landofmemory.eu\/de\/sites-historiques\/40-45-memories-museum\/#breadcrumb","itemListElement":[{"@type":"ListItem","position":1,"name":"Accueil","item":"https:\/\/www.landofmemory.eu\/"},{"@type":"ListItem","position":2,"name":"40-45 Memories Museum"}]},{"@type":"WebSite","@id":"https:\/\/www.landofmemory.eu\/#website","url":"https:\/\/www.landofmemory.eu\/","name":"Land Of Memory","description":"L&#039;histoire commence ici","publisher":{"@id":"https:\/\/www.landofmemory.eu\/#organization"},"potentialAction":[{"@type":"SearchAction","target":{"@type":"EntryPoint","urlTemplate":"https:\/\/www.landofmemory.eu\/?s={search_term_string}"},"query-input":{"@type":"PropertyValueSpecification","valueRequired":true,"valueName":"search_term_string"}}],"inLanguage":"de"},{"@type":"Organization","@id":"https:\/\/www.landofmemory.eu\/#organization","name":"Land Of Memory","url":"https:\/\/www.landofmemory.eu\/","logo":{"@type":"ImageObject","inLanguage":"de","@id":"https:\/\/www.landofmemory.eu\/#\/schema\/logo\/image\/","url":"https:\/\/www.landofmemory.eu\/wp-content\/uploads\/2022\/10\/logo-land-of-memory.jpg","contentUrl":"https:\/\/www.landofmemory.eu\/wp-content\/uploads\/2022\/10\/logo-land-of-memory.jpg","width":1000,"height":500,"caption":"Land Of Memory"},"image":{"@id":"https:\/\/www.landofmemory.eu\/#\/schema\/logo\/image\/"},"sameAs":["https:\/\/www.facebook.com\/landofmemory.eu","https:\/\/www.instagram.com\/landofmemory_eu\/"]}]}},"_links":{"self":[{"href":"https:\/\/www.landofmemory.eu\/de\/wp-json\/wp\/v2\/sites-historiques\/4143","targetHints":{"allow":["GET"]}}],"collection":[{"href":"https:\/\/www.landofmemory.eu\/de\/wp-json\/wp\/v2\/sites-historiques"}],"about":[{"href":"https:\/\/www.landofmemory.eu\/de\/wp-json\/wp\/v2\/types\/sites-historiques"}],"wp:attachment":[{"href":"https:\/\/www.landofmemory.eu\/de\/wp-json\/wp\/v2\/media?parent=4143"}],"wp:term":[{"taxonomy":"type_site","embeddable":true,"href":"https:\/\/www.landofmemory.eu\/de\/wp-json\/wp\/v2\/type_site?post=4143"}],"curies":[{"name":"wp","href":"https:\/\/api.w.org\/{rel}","templated":true}]}}

<h2 class="wp-block-heading">Eine Sammlung von Erinnerungen</h2>

<p>Das kleine private Museum 40-45 Memorium sammelt Erinnerungsstücke an das Leben der Soldaten und Bürger der Region Ourthe-Vesdre-Amblève. Zu sehen sind auch die Nuggets und Fundstücke von Frédéric Winkin, der seit mehr als 25 Jahren leidenschaftlich militärisches Material sammelt. Dies ist eine Sammlung von Gegenständen, die im Laufe der Jahre gefunden und erworben wurden.</p>

<p>Hier finden Sie Ausrüstung, Waffen, Schaufensterpuppen mit historischen Uniformen und Accessoires. Aber auch amerikanische Geräte und Utensilien, deutsche Propagandaobjekte, Originaldokumente sowie Karten und Fotos.</p>

<p>Das Museum wurde nach 10 Jahren komplett umgestaltet. Es präsentiert eine völlig neu gestaltete Ausstellung mit zahlreichen Exponaten. Das Museum kann nur nach vorheriger Anmeldung besichtigt werden. Sie werden von einem geschichtsbegeisterten Führer begleitet, der Ihnen Anekdoten über die Objekte des Museums und den Krieg 1940-1945 erzählt. Er wird mit Begeisterung die ausgestellten persönlichen Gegenstände erklären.</p>
<div class="wp-block-image">
<figure class="aligncenter size-large is-resized"><img loading="lazy" decoding="async" src="https://www.landofmemory.eu/wp-content/uploads/2022/08/photo-DEC-ALD0W000P19-ANX0W000P1A-1024x768.jpeg" alt="" class="wp-image-10862" width="768" height="576" srcset="https://www.landofmemory.eu/wp-content/uploads/2022/08/photo-DEC-ALD0W000P19-ANX0W000P1A-1024x768.jpeg 1024w, https://www.landofmemory.eu/wp-content/uploads/2022/08/photo-DEC-ALD0W000P19-ANX0W000P1A-300x225.jpeg 300w, https://www.landofmemory.eu/wp-content/uploads/2022/08/photo-DEC-ALD0W000P19-ANX0W000P1A-768x576.jpeg 768w, https://www.landofmemory.eu/wp-content/uploads/2022/08/photo-DEC-ALD0W000P19-ANX0W000P1A-1536x1152.jpeg 1536w, https://www.landofmemory.eu/wp-content/uploads/2022/08/photo-DEC-ALD0W000P19-ANX0W000P1A-2048x1536.jpeg 2048w, https://www.landofmemory.eu/wp-content/uploads/2022/08/photo-DEC-ALD0W000P19-ANX0W000P1A-600x450.jpeg 600w" sizes="auto, (max-width: 768px) 100vw, 768px" /><figcaption>© Province de Liège</figcaption></figure>
</div>

<!-- This site is optimized with the Yoast SEO plugin v26.0 - https://yoast.com/wordpress/plugins/seo/ -->
<title>Zweiter Weltkrieg: 40-45 Memories Museum - Land of Memory</title>
<meta name="description" content="Das Museum 40-45 Memories beschäftigt sich mit dem zivilen und militärischen Leben der Region und präsentiert die Sammlung von Frederic Winkin." />
<meta name="robots" content="index, follow, max-snippet:-1, max-image-preview:large, max-video-preview:-1" />
<link rel="canonical" href="https://www.landofmemory.eu/de/sites-historiques/40-45-memories-museum/" />
<meta property="og:locale" content="de_DE" />
<meta property="og:type" content="article" />
<meta property="og:title" content="Zweiter Weltkrieg: 40-45 Memories Museum - Land of Memory" />
<meta property="og:description" content="Das Museum 40-45 Memories beschäftigt sich mit dem zivilen und militärischen Leben der Region und präsentiert die Sammlung von Frederic Winkin." />
<meta property="og:url" content="https://www.landofmemory.eu/de/sites-historiques/40-45-memories-museum/" />
<meta property="og:site_name" content="Land Of Memory" />
<meta property="article:publisher" content="https://www.facebook.com/landofmemory.eu" />
<meta property="article:modified_time" content="2022-10-14T07:46:47+00:00" />
<meta property="og:image" content="https://www.landofmemory.eu/wp-content/uploads/2022/08/photo-DEC-ALD0W000P19-ANX0W000P1A-1024x768.jpeg" />
<meta name="twitter:card" content="summary_large_image" />
<meta name="twitter:label1" content="Geschätzte Lesezeit" />
	<meta name="twitter:data1" content="1 Minute" />
<script type="application/ld+json" class="yoast-schema-graph">{"@context":"https://schema.org","@graph":[{"@type":"WebPage","@id":"https://www.landofmemory.eu/de/sites-historiques/40-45-memories-museum/","url":"https://www.landofmemory.eu/de/sites-historiques/40-45-memories-museum/","name":"Zweiter Weltkrieg: 40-45 Memories Museum - Land of Memory","isPartOf":{"@id":"https://www.landofmemory.eu/#website"},"primaryImageOfPage":{"@id":"https://www.landofmemory.eu/de/sites-historiques/40-45-memories-museum/#primaryimage"},"image":{"@id":"https://www.landofmemory.eu/de/sites-historiques/40-45-memories-museum/#primaryimage"},"thumbnailUrl":"https://www.landofmemory.eu/wp-content/uploads/2022/08/photo-DEC-ALD0W000P19-ANX0W000P1A-1024x768.jpeg","datePublished":"2021-10-06T09:41:18+00:00","dateModified":"2022-10-14T07:46:47+00:00","description":"Das Museum 40-45 Memories beschäftigt sich mit dem zivilen und militärischen Leben der Region und präsentiert die Sammlung von Frederic Winkin.","breadcrumb":{"@id":"https://www.landofmemory.eu/de/sites-historiques/40-45-memories-museum/#breadcrumb"},"inLanguage":"de","potentialAction":[{"@type":"ReadAction","target":["https://www.landofmemory.eu/de/sites-historiques/40-45-memories-museum/"]}]},{"@type":"ImageObject","inLanguage":"de","@id":"https://www.landofmemory.eu/de/sites-historiques/40-45-memories-museum/#primaryimage","url":"https://www.landofmemory.eu/wp-content/uploads/2022/08/photo-DEC-ALD0W000P19-ANX0W000P1A-1024x768.jpeg","contentUrl":"https://www.landofmemory.eu/wp-content/uploads/2022/08/photo-DEC-ALD0W000P19-ANX0W000P1A-1024x768.jpeg"},{"@type":"BreadcrumbList","@id":"https://www.landofmemory.eu/de/sites-historiques/40-45-memories-museum/#breadcrumb","itemListElement":[{"@type":"ListItem","position":1,"name":"Accueil","item":"https://www.landofmemory.eu/"},{"@type":"ListItem","position":2,"name":"40-45 Memories Museum"}]},{"@type":"WebSite","@id":"https://www.landofmemory.eu/#website","url":"https://www.landofmemory.eu/","name":"Land Of Memory","description":"L&#039;histoire commence ici","publisher":{"@id":"https://www.landofmemory.eu/#organization"},"potentialAction":[{"@type":"SearchAction","target":{"@type":"EntryPoint","urlTemplate":"https://www.landofmemory.eu/?s={search_term_string}"},"query-input":{"@type":"PropertyValueSpecification","valueRequired":true,"valueName":"search_term_string"}}],"inLanguage":"de"},{"@type":"Organization","@id":"https://www.landofmemory.eu/#organization","name":"Land Of Memory","url":"https://www.landofmemory.eu/","logo":{"@type":"ImageObject","inLanguage":"de","@id":"https://www.landofmemory.eu/#/schema/logo/image/","url":"https://www.landofmemory.eu/wp-content/uploads/2022/10/logo-land-of-memory.jpg","contentUrl":"https://www.landofmemory.eu/wp-content/uploads/2022/10/logo-land-of-memory.jpg","width":1000,"height":500,"caption":"Land Of Memory"},"image":{"@id":"https://www.landofmemory.eu/#/schema/logo/image/"},"sameAs":["https://www.facebook.com/landofmemory.eu","https://www.instagram.com/landofmemory_eu/"]}]}</script>
<!-- / Yoast SEO plugin. -->

Das Museum 40-45 Memories beschäftigt sich mit dem zivilen und militärischen Leben der Region und präsentiert die Sammlung von Frederic Winkin.
