{"id":4470,"date":"2021-10-12T15:14:47","date_gmt":"2021-10-12T13:14:47","guid":{"rendered":"https:\/\/www.landofmemory.eu\/sites-historiques\/nationalmuseum-des-widerstands\/"},"modified":"2021-11-02T14:24:44","modified_gmt":"2021-11-02T13:24:44","slug":"nationalmuseum-des-widerstands","status":"publish","type":"sites-historiques","link":"https:\/\/www.landofmemory.eu\/de\/sites-historiques\/nationalmuseum-des-widerstands\/","title":{"rendered":"Nationalmuseum des Widerstands"},"content":{"rendered":"\n<h2 class=\"wp-block-heading\">Der luxemburgische Widerstand w\u00e4hrend des Zweiten Weltkriegs<\/h2>\n\n<div class=\"wp-block-columns is-layout-flex wp-container-core-columns-is-layout-9d6595d7 wp-block-columns-is-layout-flex\">\n<div class=\"wp-block-column is-vertically-aligned-center is-layout-flow wp-block-column-is-layout-flow\">\n<figure class=\"wp-block-image size-large is-resized\"><img loading=\"lazy\" decoding=\"async\" src=\"https:\/\/www.landofmemory.eu\/wp-content\/uploads\/2021\/09\/Esch-sur-Alzette-Place-de-la-Resistance-&#xA9;-ORT-Sud-2-1024x683.jpg\" alt=\"Place de la R&#xE9;sistance.\" class=\"wp-image-3572\" width=\"410\" height=\"273\"\/><figcaption>\u00a9 ORT &#8211; Sud<\/figcaption><\/figure>\n<\/div>\n\n\n\n<div class=\"wp-block-column is-vertically-aligned-center is-layout-flow wp-block-column-is-layout-flow\">\n<p>Das Nationale Widerstandsmuseum wurde 1956 auf Initiative der Luxemburger Liga der politischen Gefangenen und Deportierten er\u00f6ffnet. Es ist eine eindrucksvolle Hommage an alle Opfer des Nationalsozialismus. <\/p>\n\n\n\n<p><\/p>\n<\/div>\n<\/div>\n\n<div class=\"wp-block-columns is-layout-flex wp-container-core-columns-is-layout-9d6595d7 wp-block-columns-is-layout-flex\">\n<div class=\"wp-block-column is-vertically-aligned-center is-layout-flow wp-block-column-is-layout-flow\">\n<p>Die Dauerausstellung zeigt das t\u00e4gliche Leben der Einwohner, die sich von 1940 bis 1945 der Unterdr\u00fcckung durch die Nazis widersetzten. Das Museum erz\u00e4hlt die Geschichte der j\u00fcdischen Bev\u00f6lkerung in Luxemburg und will die Erinnerung an diese Ereignisse wach halten.&#13;\n<\/p>\n\n\n\n<p><\/p>\n\n\n\n<p>Au\u00dferdem finden hier zahlreiche Wechsel- und Wanderausstellungen statt. Sie erm\u00f6glichen es dem Besucher, den Krieg aus oft ungeahnten Blickwinkeln und anhand von manchmal unbekannten Themen zu verstehen. &#13;\n<\/p>\n\n\n\n<p><\/p>\n\n\n\n<p>Dieser Ort ist mehr als ein Museum und bietet vor allem die M\u00f6glichkeit, denjenigen zu gedenken, die ihr Leben f\u00fcr die Freiheit verloren haben.<\/p>\n<\/div>\n\n\n\n<div class=\"wp-block-column is-layout-flow wp-block-column-is-layout-flow\">\n<figure class=\"wp-block-image size-large is-resized\"><img loading=\"lazy\" decoding=\"async\" src=\"https:\/\/www.landofmemory.eu\/wp-content\/uploads\/2021\/09\/Reliefs-du-Musee-national-de-la-Resistance-&#xA9;-MnR-2-683x1024.jpg\" alt=\"Die &#xDC;berlegungen des Nationalen Widerstandsmuseums.\" class=\"wp-image-3576\" width=\"369\" height=\"553\"\/><figcaption>\u00a9 MnR<\/figcaption><\/figure>\n<\/div>\n<\/div>\n","protected":false},"template":"","type_site":[53],"class_list":["post-4470","sites-historiques","type-sites-historiques","status-publish","hentry","type_site-museen-und-ausstellungen"],"acf":[],"yoast_head":"<!-- This site is optimized with the Yoast SEO plugin v26.0 - https:\/\/yoast.com\/wordpress\/plugins\/seo\/ -->\n<title>Zweiter Weltkrieg: Nationalmuseum des Widerstands<\/title>\n<meta name=\"description\" content=\"M\u00f6chten Sie mehr \u00fcber die Geschichte Luxemburgs w\u00e4hrend des Krieges erfahren? Entdecken Sie das Nationale Museum des Widerstands\" \/>\n<meta name=\"robots\" content=\"index, follow, max-snippet:-1, max-image-preview:large, max-video-preview:-1\" \/>\n<link rel=\"canonical\" href=\"https:\/\/www.landofmemory.eu\/de\/sites-historiques\/nationalmuseum-des-widerstands\/\" \/>\n<meta property=\"og:locale\" content=\"de_DE\" \/>\n<meta property=\"og:type\" content=\"article\" \/>\n<meta property=\"og:title\" content=\"Zweiter Weltkrieg: Nationalmuseum des Widerstands\" \/>\n<meta property=\"og:description\" content=\"M\u00f6chten Sie mehr \u00fcber die Geschichte Luxemburgs w\u00e4hrend des Krieges erfahren? Entdecken Sie das Nationale Museum des Widerstands\" \/>\n<meta property=\"og:url\" content=\"https:\/\/www.landofmemory.eu\/de\/sites-historiques\/nationalmuseum-des-widerstands\/\" \/>\n<meta property=\"og:site_name\" content=\"Land Of Memory\" \/>\n<meta property=\"article:publisher\" content=\"https:\/\/www.facebook.com\/landofmemory.eu\" \/>\n<meta property=\"article:modified_time\" content=\"2021-11-02T13:24:44+00:00\" \/>\n<meta property=\"og:image\" content=\"https:\/\/www.landofmemory.eu\/wp-content\/uploads\/2021\/09\/Esch-sur-Alzette-Place-de-la-Resistance-&#xA9;-ORT-Sud-2-1024x683.jpg\" \/>\n<meta name=\"twitter:card\" content=\"summary_large_image\" \/>\n<meta name=\"twitter:label1\" content=\"Gesch\u00e4tzte Lesezeit\" \/>\n\t<meta name=\"twitter:data1\" content=\"1\u00a0Minute\" \/>\n<script type=\"application\/ld+json\" class=\"yoast-schema-graph\">{\"@context\":\"https:\/\/schema.org\",\"@graph\":[{\"@type\":\"WebPage\",\"@id\":\"https:\/\/www.landofmemory.eu\/de\/sites-historiques\/nationalmuseum-des-widerstands\/\",\"url\":\"https:\/\/www.landofmemory.eu\/de\/sites-historiques\/nationalmuseum-des-widerstands\/\",\"name\":\"Zweiter Weltkrieg: Nationalmuseum des Widerstands\",\"isPartOf\":{\"@id\":\"https:\/\/www.landofmemory.eu\/#website\"},\"primaryImageOfPage\":{\"@id\":\"https:\/\/www.landofmemory.eu\/de\/sites-historiques\/nationalmuseum-des-widerstands\/#primaryimage\"},\"image\":{\"@id\":\"https:\/\/www.landofmemory.eu\/de\/sites-historiques\/nationalmuseum-des-widerstands\/#primaryimage\"},\"thumbnailUrl\":\"https:\/\/www.landofmemory.eu\/wp-content\/uploads\/2021\/09\/Esch-sur-Alzette-Place-de-la-Resistance-&#xA9;-ORT-Sud-2-1024x683.jpg\",\"datePublished\":\"2021-10-12T13:14:47+00:00\",\"dateModified\":\"2021-11-02T13:24:44+00:00\",\"description\":\"M\u00f6chten Sie mehr \u00fcber die Geschichte Luxemburgs w\u00e4hrend des Krieges erfahren? Entdecken Sie das Nationale Museum des Widerstands\",\"breadcrumb\":{\"@id\":\"https:\/\/www.landofmemory.eu\/de\/sites-historiques\/nationalmuseum-des-widerstands\/#breadcrumb\"},\"inLanguage\":\"de\",\"potentialAction\":[{\"@type\":\"ReadAction\",\"target\":[\"https:\/\/www.landofmemory.eu\/de\/sites-historiques\/nationalmuseum-des-widerstands\/\"]}]},{\"@type\":\"ImageObject\",\"inLanguage\":\"de\",\"@id\":\"https:\/\/www.landofmemory.eu\/de\/sites-historiques\/nationalmuseum-des-widerstands\/#primaryimage\",\"url\":\"https:\/\/www.landofmemory.eu\/wp-content\/uploads\/2021\/09\/Esch-sur-Alzette-Place-de-la-Resistance-&#xA9;-ORT-Sud-2-1024x683.jpg\",\"contentUrl\":\"https:\/\/www.landofmemory.eu\/wp-content\/uploads\/2021\/09\/Esch-sur-Alzette-Place-de-la-Resistance-&#xA9;-ORT-Sud-2-1024x683.jpg\"},{\"@type\":\"BreadcrumbList\",\"@id\":\"https:\/\/www.landofmemory.eu\/de\/sites-historiques\/nationalmuseum-des-widerstands\/#breadcrumb\",\"itemListElement\":[{\"@type\":\"ListItem\",\"position\":1,\"name\":\"Accueil\",\"item\":\"https:\/\/www.landofmemory.eu\/\"},{\"@type\":\"ListItem\",\"position\":2,\"name\":\"Nationalmuseum des Widerstands\"}]},{\"@type\":\"WebSite\",\"@id\":\"https:\/\/www.landofmemory.eu\/#website\",\"url\":\"https:\/\/www.landofmemory.eu\/\",\"name\":\"Land Of Memory\",\"description\":\"L&#039;histoire commence ici\",\"publisher\":{\"@id\":\"https:\/\/www.landofmemory.eu\/#organization\"},\"potentialAction\":[{\"@type\":\"SearchAction\",\"target\":{\"@type\":\"EntryPoint\",\"urlTemplate\":\"https:\/\/www.landofmemory.eu\/?s={search_term_string}\"},\"query-input\":{\"@type\":\"PropertyValueSpecification\",\"valueRequired\":true,\"valueName\":\"search_term_string\"}}],\"inLanguage\":\"de\"},{\"@type\":\"Organization\",\"@id\":\"https:\/\/www.landofmemory.eu\/#organization\",\"name\":\"Land Of Memory\",\"url\":\"https:\/\/www.landofmemory.eu\/\",\"logo\":{\"@type\":\"ImageObject\",\"inLanguage\":\"de\",\"@id\":\"https:\/\/www.landofmemory.eu\/#\/schema\/logo\/image\/\",\"url\":\"https:\/\/www.landofmemory.eu\/wp-content\/uploads\/2022\/10\/logo-land-of-memory.jpg\",\"contentUrl\":\"https:\/\/www.landofmemory.eu\/wp-content\/uploads\/2022\/10\/logo-land-of-memory.jpg\",\"width\":1000,\"height\":500,\"caption\":\"Land Of Memory\"},\"image\":{\"@id\":\"https:\/\/www.landofmemory.eu\/#\/schema\/logo\/image\/\"},\"sameAs\":[\"https:\/\/www.facebook.com\/landofmemory.eu\",\"https:\/\/www.instagram.com\/landofmemory_eu\/\"]}]}<\/script>\n<!-- \/ Yoast SEO plugin. -->","yoast_head_json":{"title":"Zweiter Weltkrieg: Nationalmuseum des Widerstands","description":"M\u00f6chten Sie mehr \u00fcber die Geschichte Luxemburgs w\u00e4hrend des Krieges erfahren? Entdecken Sie das Nationale Museum des Widerstands","robots":{"index":"index","follow":"follow","max-snippet":"max-snippet:-1","max-image-preview":"max-image-preview:large","max-video-preview":"max-video-preview:-1"},"canonical":"https:\/\/www.landofmemory.eu\/de\/sites-historiques\/nationalmuseum-des-widerstands\/","og_locale":"de_DE","og_type":"article","og_title":"Zweiter Weltkrieg: Nationalmuseum des Widerstands","og_description":"M\u00f6chten Sie mehr \u00fcber die Geschichte Luxemburgs w\u00e4hrend des Krieges erfahren? Entdecken Sie das Nationale Museum des Widerstands","og_url":"https:\/\/www.landofmemory.eu\/de\/sites-historiques\/nationalmuseum-des-widerstands\/","og_site_name":"Land Of Memory","article_publisher":"https:\/\/www.facebook.com\/landofmemory.eu","article_modified_time":"2021-11-02T13:24:44+00:00","og_image":[{"url":"https:\/\/www.landofmemory.eu\/wp-content\/uploads\/2021\/09\/Esch-sur-Alzette-Place-de-la-Resistance-&#xA9;-ORT-Sud-2-1024x683.jpg","type":"","width":"","height":""}],"twitter_card":"summary_large_image","twitter_misc":{"Gesch\u00e4tzte Lesezeit":"1\u00a0Minute"},"schema":{"@context":"https:\/\/schema.org","@graph":[{"@type":"WebPage","@id":"https:\/\/www.landofmemory.eu\/de\/sites-historiques\/nationalmuseum-des-widerstands\/","url":"https:\/\/www.landofmemory.eu\/de\/sites-historiques\/nationalmuseum-des-widerstands\/","name":"Zweiter Weltkrieg: Nationalmuseum des Widerstands","isPartOf":{"@id":"https:\/\/www.landofmemory.eu\/#website"},"primaryImageOfPage":{"@id":"https:\/\/www.landofmemory.eu\/de\/sites-historiques\/nationalmuseum-des-widerstands\/#primaryimage"},"image":{"@id":"https:\/\/www.landofmemory.eu\/de\/sites-historiques\/nationalmuseum-des-widerstands\/#primaryimage"},"thumbnailUrl":"https:\/\/www.landofmemory.eu\/wp-content\/uploads\/2021\/09\/Esch-sur-Alzette-Place-de-la-Resistance-&#xA9;-ORT-Sud-2-1024x683.jpg","datePublished":"2021-10-12T13:14:47+00:00","dateModified":"2021-11-02T13:24:44+00:00","description":"M\u00f6chten Sie mehr \u00fcber die Geschichte Luxemburgs w\u00e4hrend des Krieges erfahren? Entdecken Sie das Nationale Museum des Widerstands","breadcrumb":{"@id":"https:\/\/www.landofmemory.eu\/de\/sites-historiques\/nationalmuseum-des-widerstands\/#breadcrumb"},"inLanguage":"de","potentialAction":[{"@type":"ReadAction","target":["https:\/\/www.landofmemory.eu\/de\/sites-historiques\/nationalmuseum-des-widerstands\/"]}]},{"@type":"ImageObject","inLanguage":"de","@id":"https:\/\/www.landofmemory.eu\/de\/sites-historiques\/nationalmuseum-des-widerstands\/#primaryimage","url":"https:\/\/www.landofmemory.eu\/wp-content\/uploads\/2021\/09\/Esch-sur-Alzette-Place-de-la-Resistance-&#xA9;-ORT-Sud-2-1024x683.jpg","contentUrl":"https:\/\/www.landofmemory.eu\/wp-content\/uploads\/2021\/09\/Esch-sur-Alzette-Place-de-la-Resistance-&#xA9;-ORT-Sud-2-1024x683.jpg"},{"@type":"BreadcrumbList","@id":"https:\/\/www.landofmemory.eu\/de\/sites-historiques\/nationalmuseum-des-widerstands\/#breadcrumb","itemListElement":[{"@type":"ListItem","position":1,"name":"Accueil","item":"https:\/\/www.landofmemory.eu\/"},{"@type":"ListItem","position":2,"name":"Nationalmuseum des Widerstands"}]},{"@type":"WebSite","@id":"https:\/\/www.landofmemory.eu\/#website","url":"https:\/\/www.landofmemory.eu\/","name":"Land Of Memory","description":"L&#039;histoire commence ici","publisher":{"@id":"https:\/\/www.landofmemory.eu\/#organization"},"potentialAction":[{"@type":"SearchAction","target":{"@type":"EntryPoint","urlTemplate":"https:\/\/www.landofmemory.eu\/?s={search_term_string}"},"query-input":{"@type":"PropertyValueSpecification","valueRequired":true,"valueName":"search_term_string"}}],"inLanguage":"de"},{"@type":"Organization","@id":"https:\/\/www.landofmemory.eu\/#organization","name":"Land Of Memory","url":"https:\/\/www.landofmemory.eu\/","logo":{"@type":"ImageObject","inLanguage":"de","@id":"https:\/\/www.landofmemory.eu\/#\/schema\/logo\/image\/","url":"https:\/\/www.landofmemory.eu\/wp-content\/uploads\/2022\/10\/logo-land-of-memory.jpg","contentUrl":"https:\/\/www.landofmemory.eu\/wp-content\/uploads\/2022\/10\/logo-land-of-memory.jpg","width":1000,"height":500,"caption":"Land Of Memory"},"image":{"@id":"https:\/\/www.landofmemory.eu\/#\/schema\/logo\/image\/"},"sameAs":["https:\/\/www.facebook.com\/landofmemory.eu","https:\/\/www.instagram.com\/landofmemory_eu\/"]}]}},"_links":{"self":[{"href":"https:\/\/www.landofmemory.eu\/de\/wp-json\/wp\/v2\/sites-historiques\/4470","targetHints":{"allow":["GET"]}}],"collection":[{"href":"https:\/\/www.landofmemory.eu\/de\/wp-json\/wp\/v2\/sites-historiques"}],"about":[{"href":"https:\/\/www.landofmemory.eu\/de\/wp-json\/wp\/v2\/types\/sites-historiques"}],"wp:attachment":[{"href":"https:\/\/www.landofmemory.eu\/de\/wp-json\/wp\/v2\/media?parent=4470"}],"wp:term":[{"taxonomy":"type_site","embeddable":true,"href":"https:\/\/www.landofmemory.eu\/de\/wp-json\/wp\/v2\/type_site?post=4470"}],"curies":[{"name":"wp","href":"https:\/\/api.w.org\/{rel}","templated":true}]}}

<h2 class="wp-block-heading">Der luxemburgische Widerstand während des Zweiten Weltkriegs</h2>

<div class="wp-block-columns is-layout-flex wp-container-core-columns-is-layout-9d6595d7 wp-block-columns-is-layout-flex">
<div class="wp-block-column is-vertically-aligned-center is-layout-flow wp-block-column-is-layout-flow">
<figure class="wp-block-image size-large is-resized"><img loading="lazy" decoding="async" src="https://www.landofmemory.eu/wp-content/uploads/2021/09/Esch-sur-Alzette-Place-de-la-Resistance-&#xA9;-ORT-Sud-2-1024x683.jpg" alt="Place de la R&#xE9;sistance." class="wp-image-3572" width="410" height="273"/><figcaption>© ORT &#8211; Sud</figcaption></figure>
</div>



<div class="wp-block-column is-vertically-aligned-center is-layout-flow wp-block-column-is-layout-flow">
<p>Das Nationale Widerstandsmuseum wurde 1956 auf Initiative der Luxemburger Liga der politischen Gefangenen und Deportierten eröffnet. Es ist eine eindrucksvolle Hommage an alle Opfer des Nationalsozialismus. </p>



<p></p>
</div>
</div>

<div class="wp-block-columns is-layout-flex wp-container-core-columns-is-layout-9d6595d7 wp-block-columns-is-layout-flex">
<div class="wp-block-column is-vertically-aligned-center is-layout-flow wp-block-column-is-layout-flow">
<p>Die Dauerausstellung zeigt das tägliche Leben der Einwohner, die sich von 1940 bis 1945 der Unterdrückung durch die Nazis widersetzten. Das Museum erzählt die Geschichte der jüdischen Bevölkerung in Luxemburg und will die Erinnerung an diese Ereignisse wach halten.&#13;
</p>



<p></p>



<p>Außerdem finden hier zahlreiche Wechsel- und Wanderausstellungen statt. Sie ermöglichen es dem Besucher, den Krieg aus oft ungeahnten Blickwinkeln und anhand von manchmal unbekannten Themen zu verstehen. &#13;
</p>



<p></p>



<p>Dieser Ort ist mehr als ein Museum und bietet vor allem die Möglichkeit, denjenigen zu gedenken, die ihr Leben für die Freiheit verloren haben.</p>
</div>



<div class="wp-block-column is-layout-flow wp-block-column-is-layout-flow">
<figure class="wp-block-image size-large is-resized"><img loading="lazy" decoding="async" src="https://www.landofmemory.eu/wp-content/uploads/2021/09/Reliefs-du-Musee-national-de-la-Resistance-&#xA9;-MnR-2-683x1024.jpg" alt="Die &#xDC;berlegungen des Nationalen Widerstandsmuseums." class="wp-image-3576" width="369" height="553"/><figcaption>© MnR</figcaption></figure>
</div>
</div>

<!-- This site is optimized with the Yoast SEO plugin v26.0 - https://yoast.com/wordpress/plugins/seo/ -->
<title>Zweiter Weltkrieg: Nationalmuseum des Widerstands</title>
<meta name="description" content="Möchten Sie mehr über die Geschichte Luxemburgs während des Krieges erfahren? Entdecken Sie das Nationale Museum des Widerstands" />
<meta name="robots" content="index, follow, max-snippet:-1, max-image-preview:large, max-video-preview:-1" />
<link rel="canonical" href="https://www.landofmemory.eu/de/sites-historiques/nationalmuseum-des-widerstands/" />
<meta property="og:locale" content="de_DE" />
<meta property="og:type" content="article" />
<meta property="og:title" content="Zweiter Weltkrieg: Nationalmuseum des Widerstands" />
<meta property="og:description" content="Möchten Sie mehr über die Geschichte Luxemburgs während des Krieges erfahren? Entdecken Sie das Nationale Museum des Widerstands" />
<meta property="og:url" content="https://www.landofmemory.eu/de/sites-historiques/nationalmuseum-des-widerstands/" />
<meta property="og:site_name" content="Land Of Memory" />
<meta property="article:publisher" content="https://www.facebook.com/landofmemory.eu" />
<meta property="article:modified_time" content="2021-11-02T13:24:44+00:00" />
<meta property="og:image" content="https://www.landofmemory.eu/wp-content/uploads/2021/09/Esch-sur-Alzette-Place-de-la-Resistance-&#xA9;-ORT-Sud-2-1024x683.jpg" />
<meta name="twitter:card" content="summary_large_image" />
<meta name="twitter:label1" content="Geschätzte Lesezeit" />
	<meta name="twitter:data1" content="1 Minute" />
<script type="application/ld+json" class="yoast-schema-graph">{"@context":"https://schema.org","@graph":[{"@type":"WebPage","@id":"https://www.landofmemory.eu/de/sites-historiques/nationalmuseum-des-widerstands/","url":"https://www.landofmemory.eu/de/sites-historiques/nationalmuseum-des-widerstands/","name":"Zweiter Weltkrieg: Nationalmuseum des Widerstands","isPartOf":{"@id":"https://www.landofmemory.eu/#website"},"primaryImageOfPage":{"@id":"https://www.landofmemory.eu/de/sites-historiques/nationalmuseum-des-widerstands/#primaryimage"},"image":{"@id":"https://www.landofmemory.eu/de/sites-historiques/nationalmuseum-des-widerstands/#primaryimage"},"thumbnailUrl":"https://www.landofmemory.eu/wp-content/uploads/2021/09/Esch-sur-Alzette-Place-de-la-Resistance-&#xA9;-ORT-Sud-2-1024x683.jpg","datePublished":"2021-10-12T13:14:47+00:00","dateModified":"2021-11-02T13:24:44+00:00","description":"Möchten Sie mehr über die Geschichte Luxemburgs während des Krieges erfahren? Entdecken Sie das Nationale Museum des Widerstands","breadcrumb":{"@id":"https://www.landofmemory.eu/de/sites-historiques/nationalmuseum-des-widerstands/#breadcrumb"},"inLanguage":"de","potentialAction":[{"@type":"ReadAction","target":["https://www.landofmemory.eu/de/sites-historiques/nationalmuseum-des-widerstands/"]}]},{"@type":"ImageObject","inLanguage":"de","@id":"https://www.landofmemory.eu/de/sites-historiques/nationalmuseum-des-widerstands/#primaryimage","url":"https://www.landofmemory.eu/wp-content/uploads/2021/09/Esch-sur-Alzette-Place-de-la-Resistance-&#xA9;-ORT-Sud-2-1024x683.jpg","contentUrl":"https://www.landofmemory.eu/wp-content/uploads/2021/09/Esch-sur-Alzette-Place-de-la-Resistance-&#xA9;-ORT-Sud-2-1024x683.jpg"},{"@type":"BreadcrumbList","@id":"https://www.landofmemory.eu/de/sites-historiques/nationalmuseum-des-widerstands/#breadcrumb","itemListElement":[{"@type":"ListItem","position":1,"name":"Accueil","item":"https://www.landofmemory.eu/"},{"@type":"ListItem","position":2,"name":"Nationalmuseum des Widerstands"}]},{"@type":"WebSite","@id":"https://www.landofmemory.eu/#website","url":"https://www.landofmemory.eu/","name":"Land Of Memory","description":"L&#039;histoire commence ici","publisher":{"@id":"https://www.landofmemory.eu/#organization"},"potentialAction":[{"@type":"SearchAction","target":{"@type":"EntryPoint","urlTemplate":"https://www.landofmemory.eu/?s={search_term_string}"},"query-input":{"@type":"PropertyValueSpecification","valueRequired":true,"valueName":"search_term_string"}}],"inLanguage":"de"},{"@type":"Organization","@id":"https://www.landofmemory.eu/#organization","name":"Land Of Memory","url":"https://www.landofmemory.eu/","logo":{"@type":"ImageObject","inLanguage":"de","@id":"https://www.landofmemory.eu/#/schema/logo/image/","url":"https://www.landofmemory.eu/wp-content/uploads/2022/10/logo-land-of-memory.jpg","contentUrl":"https://www.landofmemory.eu/wp-content/uploads/2022/10/logo-land-of-memory.jpg","width":1000,"height":500,"caption":"Land Of Memory"},"image":{"@id":"https://www.landofmemory.eu/#/schema/logo/image/"},"sameAs":["https://www.facebook.com/landofmemory.eu","https://www.instagram.com/landofmemory_eu/"]}]}</script>
<!-- / Yoast SEO plugin. -->

Möchten Sie mehr über die Geschichte Luxemburgs während des Krieges erfahren? Entdecken Sie das Nationale Museum des Widerstands
