{"id":4478,"date":"2021-10-12T16:24:27","date_gmt":"2021-10-12T14:24:27","guid":{"rendered":"https:\/\/www.landofmemory.eu\/sites-historiques\/nationales-denkmal-des-streiks\/"},"modified":"2022-08-01T15:36:37","modified_gmt":"2022-08-01T13:36:37","slug":"nationales-denkmal-des-streiks","status":"publish","type":"sites-historiques","link":"https:\/\/www.landofmemory.eu\/de\/sites-historiques\/nationales-denkmal-des-streiks\/","title":{"rendered":"Nationales Denkmal des Streiks"},"content":{"rendered":"\n<h2 class=\"wp-block-heading\">Ein einzigartiges St\u00fcck Architektur<\/h2>\n\n<div class=\"wp-block-columns is-layout-flex wp-container-core-columns-is-layout-9d6595d7 wp-block-columns-is-layout-flex\">\n<div class=\"wp-block-column is-layout-flow wp-block-column-is-layout-flow\">\n<div class=\"wp-block-image\"><figure class=\"aligncenter size-large is-resized\"><img loading=\"lazy\" decoding=\"async\" src=\"https:\/\/www.landofmemory.eu\/wp-content\/uploads\/2021\/09\/Monument-de-grece-Wiltz-&#xA9;-Visit-Eislek-1024x682.jpg\" alt=\"Blick auf das Streikdenkmal in Wiltz.\" class=\"wp-image-3393\" width=\"401\" height=\"267\"\/><figcaption>\u00a9 Visit Eislek<\/figcaption><\/figure><\/div>\n\n\n\n<p><\/p>\n<\/div>\n\n\n\n<div class=\"wp-block-column is-layout-flow wp-block-column-is-layout-flow\">\n<p>Im Jahr 1942 kam es in Luxemburg zu einer Streikbewegung als Folge der Wehrpflicht. Die Deutschen reagierten sehr schlecht, 21 Menschen wurden get\u00f6tet. In der Stadt Wiltz beschloss der Innenminister Eug\u00e8ne Schaus Anfang 1949, die Opfer des Streiks zu ehren. <\/p>\n\n\n\n<p><\/p>\n\n\n\n<p>Er lie\u00df ein Denkmal errichten, das haupts\u00e4chlich durch Spenden der Strike Monument Society finanziert wurde. Der erste Stein des Bauwerks war ein 23 m hoher Leuchtturm, der 1954 errichtet wurde. &#13;\n<\/p>\n<\/div>\n<\/div>\n\n<div style=\"height:100px\" aria-hidden=\"true\" class=\"wp-block-spacer\"><\/div>\n\n<div class=\"wp-block-columns is-layout-flex wp-container-core-columns-is-layout-9d6595d7 wp-block-columns-is-layout-flex\">\n<div class=\"wp-block-column is-vertically-aligned-center is-layout-flow wp-block-column-is-layout-flow\">\n<p>Der Architekt Roger Wercollier wurde dann mit dem Bau des Denkmals beauftragt. Er hat alle Pl\u00e4ne gezeichnet. Mit Hilfe seines Bruders Lucien Wercollier, einem bekannten Bildhauer, schufen sie vier Flachreliefs aus Marmor. Diese stellen den Kampf zwischen dem biblischen David (Luxemburg) und dem allm\u00e4chtigen Goliath (Nazi-Deutschland) sowie die Hinrichtung der streikenden Gefangenen dar.<\/p>\n\n\n\n<p><\/p>\n\n\n\n<p>Schlie\u00dflich entwarf Lucien Wercollier zwei weitere Flachreliefs f\u00fcr die Krypta des Denkmals. Diese Basreliefs aus Marmor stellen einen Lebens- und Sterbebaum des M\u00e4rtyrers Sankt Sebastian dar. Diese Werke sind eine Hommage an das Leiden der Widerstandsk\u00e4mpfer.&#13;\n<\/p>\n<\/div>\n\n\n\n<div class=\"wp-block-column is-vertically-aligned-center is-layout-flow wp-block-column-is-layout-flow\">\n<div class=\"wp-block-image\"><figure class=\"aligncenter size-large is-resized\"><img loading=\"lazy\" decoding=\"async\" src=\"https:\/\/www.landofmemory.eu\/wp-content\/uploads\/2021\/09\/Monument-de-greve-Wiltz-&#xA9;-Visit-Eislek-768x1024.jpg\" alt=\"Der Eingang zum Nationalen Denkmal des Streiks.\" class=\"wp-image-3397\" width=\"316\" height=\"421\"\/><figcaption>\u00a9 Visit Eislek<\/figcaption><\/figure><\/div>\n<\/div>\n<\/div>\n\n<p><\/p>\n\n<p><\/p>\n\n<p><\/p>\n","protected":false},"template":"","type_site":[50],"class_list":["post-4478","sites-historiques","type-sites-historiques","status-publish","hentry","type_site-gedenkstatten"],"acf":[],"yoast_head":"<!-- This site is optimized with the Yoast SEO plugin v26.0 - https:\/\/yoast.com\/wordpress\/plugins\/seo\/ -->\n<title>Zweiter Weltkrieg : Nationales Denkmal des Streiks<\/title>\n<meta name=\"description\" content=\"Das am 30. September 1956 eingeweihte Nationaldenkmal des Streiks ist ein einzigartiges Bauwerk.\" \/>\n<meta name=\"robots\" content=\"index, follow, max-snippet:-1, max-image-preview:large, max-video-preview:-1\" \/>\n<link rel=\"canonical\" href=\"https:\/\/www.landofmemory.eu\/de\/sites-historiques\/nationales-denkmal-des-streiks\/\" \/>\n<meta property=\"og:locale\" content=\"de_DE\" \/>\n<meta property=\"og:type\" content=\"article\" \/>\n<meta property=\"og:title\" content=\"Zweiter Weltkrieg : Nationales Denkmal des Streiks\" \/>\n<meta property=\"og:description\" content=\"Das am 30. September 1956 eingeweihte Nationaldenkmal des Streiks ist ein einzigartiges Bauwerk.\" \/>\n<meta property=\"og:url\" content=\"https:\/\/www.landofmemory.eu\/de\/sites-historiques\/nationales-denkmal-des-streiks\/\" \/>\n<meta property=\"og:site_name\" content=\"Land Of Memory\" \/>\n<meta property=\"article:publisher\" content=\"https:\/\/www.facebook.com\/landofmemory.eu\" \/>\n<meta property=\"article:modified_time\" content=\"2022-08-01T13:36:37+00:00\" \/>\n<meta property=\"og:image\" content=\"https:\/\/www.landofmemory.eu\/wp-content\/uploads\/2021\/09\/Monument-de-grece-Wiltz-&#xA9;-Visit-Eislek-1024x682.jpg\" \/>\n<meta name=\"twitter:card\" content=\"summary_large_image\" \/>\n<meta name=\"twitter:label1\" content=\"Gesch\u00e4tzte Lesezeit\" \/>\n\t<meta name=\"twitter:data1\" content=\"1\u00a0Minute\" \/>\n<script type=\"application\/ld+json\" class=\"yoast-schema-graph\">{\"@context\":\"https:\/\/schema.org\",\"@graph\":[{\"@type\":\"WebPage\",\"@id\":\"https:\/\/www.landofmemory.eu\/de\/sites-historiques\/nationales-denkmal-des-streiks\/\",\"url\":\"https:\/\/www.landofmemory.eu\/de\/sites-historiques\/nationales-denkmal-des-streiks\/\",\"name\":\"Zweiter Weltkrieg : Nationales Denkmal des Streiks\",\"isPartOf\":{\"@id\":\"https:\/\/www.landofmemory.eu\/#website\"},\"primaryImageOfPage\":{\"@id\":\"https:\/\/www.landofmemory.eu\/de\/sites-historiques\/nationales-denkmal-des-streiks\/#primaryimage\"},\"image\":{\"@id\":\"https:\/\/www.landofmemory.eu\/de\/sites-historiques\/nationales-denkmal-des-streiks\/#primaryimage\"},\"thumbnailUrl\":\"https:\/\/www.landofmemory.eu\/wp-content\/uploads\/2021\/09\/Monument-de-grece-Wiltz-&#xA9;-Visit-Eislek-1024x682.jpg\",\"datePublished\":\"2021-10-12T14:24:27+00:00\",\"dateModified\":\"2022-08-01T13:36:37+00:00\",\"description\":\"Das am 30. September 1956 eingeweihte Nationaldenkmal des Streiks ist ein einzigartiges Bauwerk.\",\"breadcrumb\":{\"@id\":\"https:\/\/www.landofmemory.eu\/de\/sites-historiques\/nationales-denkmal-des-streiks\/#breadcrumb\"},\"inLanguage\":\"de\",\"potentialAction\":[{\"@type\":\"ReadAction\",\"target\":[\"https:\/\/www.landofmemory.eu\/de\/sites-historiques\/nationales-denkmal-des-streiks\/\"]}]},{\"@type\":\"ImageObject\",\"inLanguage\":\"de\",\"@id\":\"https:\/\/www.landofmemory.eu\/de\/sites-historiques\/nationales-denkmal-des-streiks\/#primaryimage\",\"url\":\"https:\/\/www.landofmemory.eu\/wp-content\/uploads\/2021\/09\/Monument-de-grece-Wiltz-&#xA9;-Visit-Eislek-1024x682.jpg\",\"contentUrl\":\"https:\/\/www.landofmemory.eu\/wp-content\/uploads\/2021\/09\/Monument-de-grece-Wiltz-&#xA9;-Visit-Eislek-1024x682.jpg\"},{\"@type\":\"BreadcrumbList\",\"@id\":\"https:\/\/www.landofmemory.eu\/de\/sites-historiques\/nationales-denkmal-des-streiks\/#breadcrumb\",\"itemListElement\":[{\"@type\":\"ListItem\",\"position\":1,\"name\":\"Accueil\",\"item\":\"https:\/\/www.landofmemory.eu\/\"},{\"@type\":\"ListItem\",\"position\":2,\"name\":\"Nationales Denkmal des Streiks\"}]},{\"@type\":\"WebSite\",\"@id\":\"https:\/\/www.landofmemory.eu\/#website\",\"url\":\"https:\/\/www.landofmemory.eu\/\",\"name\":\"Land Of Memory\",\"description\":\"L&#039;histoire commence ici\",\"publisher\":{\"@id\":\"https:\/\/www.landofmemory.eu\/#organization\"},\"potentialAction\":[{\"@type\":\"SearchAction\",\"target\":{\"@type\":\"EntryPoint\",\"urlTemplate\":\"https:\/\/www.landofmemory.eu\/?s={search_term_string}\"},\"query-input\":{\"@type\":\"PropertyValueSpecification\",\"valueRequired\":true,\"valueName\":\"search_term_string\"}}],\"inLanguage\":\"de\"},{\"@type\":\"Organization\",\"@id\":\"https:\/\/www.landofmemory.eu\/#organization\",\"name\":\"Land Of Memory\",\"url\":\"https:\/\/www.landofmemory.eu\/\",\"logo\":{\"@type\":\"ImageObject\",\"inLanguage\":\"de\",\"@id\":\"https:\/\/www.landofmemory.eu\/#\/schema\/logo\/image\/\",\"url\":\"https:\/\/www.landofmemory.eu\/wp-content\/uploads\/2022\/10\/logo-land-of-memory.jpg\",\"contentUrl\":\"https:\/\/www.landofmemory.eu\/wp-content\/uploads\/2022\/10\/logo-land-of-memory.jpg\",\"width\":1000,\"height\":500,\"caption\":\"Land Of Memory\"},\"image\":{\"@id\":\"https:\/\/www.landofmemory.eu\/#\/schema\/logo\/image\/\"},\"sameAs\":[\"https:\/\/www.facebook.com\/landofmemory.eu\",\"https:\/\/www.instagram.com\/landofmemory_eu\/\"]}]}<\/script>\n<!-- \/ Yoast SEO plugin. -->","yoast_head_json":{"title":"Zweiter Weltkrieg : Nationales Denkmal des Streiks","description":"Das am 30. September 1956 eingeweihte Nationaldenkmal des Streiks ist ein einzigartiges Bauwerk.","robots":{"index":"index","follow":"follow","max-snippet":"max-snippet:-1","max-image-preview":"max-image-preview:large","max-video-preview":"max-video-preview:-1"},"canonical":"https:\/\/www.landofmemory.eu\/de\/sites-historiques\/nationales-denkmal-des-streiks\/","og_locale":"de_DE","og_type":"article","og_title":"Zweiter Weltkrieg : Nationales Denkmal des Streiks","og_description":"Das am 30. September 1956 eingeweihte Nationaldenkmal des Streiks ist ein einzigartiges Bauwerk.","og_url":"https:\/\/www.landofmemory.eu\/de\/sites-historiques\/nationales-denkmal-des-streiks\/","og_site_name":"Land Of Memory","article_publisher":"https:\/\/www.facebook.com\/landofmemory.eu","article_modified_time":"2022-08-01T13:36:37+00:00","og_image":[{"url":"https:\/\/www.landofmemory.eu\/wp-content\/uploads\/2021\/09\/Monument-de-grece-Wiltz-&#xA9;-Visit-Eislek-1024x682.jpg","type":"","width":"","height":""}],"twitter_card":"summary_large_image","twitter_misc":{"Gesch\u00e4tzte Lesezeit":"1\u00a0Minute"},"schema":{"@context":"https:\/\/schema.org","@graph":[{"@type":"WebPage","@id":"https:\/\/www.landofmemory.eu\/de\/sites-historiques\/nationales-denkmal-des-streiks\/","url":"https:\/\/www.landofmemory.eu\/de\/sites-historiques\/nationales-denkmal-des-streiks\/","name":"Zweiter Weltkrieg : Nationales Denkmal des Streiks","isPartOf":{"@id":"https:\/\/www.landofmemory.eu\/#website"},"primaryImageOfPage":{"@id":"https:\/\/www.landofmemory.eu\/de\/sites-historiques\/nationales-denkmal-des-streiks\/#primaryimage"},"image":{"@id":"https:\/\/www.landofmemory.eu\/de\/sites-historiques\/nationales-denkmal-des-streiks\/#primaryimage"},"thumbnailUrl":"https:\/\/www.landofmemory.eu\/wp-content\/uploads\/2021\/09\/Monument-de-grece-Wiltz-&#xA9;-Visit-Eislek-1024x682.jpg","datePublished":"2021-10-12T14:24:27+00:00","dateModified":"2022-08-01T13:36:37+00:00","description":"Das am 30. September 1956 eingeweihte Nationaldenkmal des Streiks ist ein einzigartiges Bauwerk.","breadcrumb":{"@id":"https:\/\/www.landofmemory.eu\/de\/sites-historiques\/nationales-denkmal-des-streiks\/#breadcrumb"},"inLanguage":"de","potentialAction":[{"@type":"ReadAction","target":["https:\/\/www.landofmemory.eu\/de\/sites-historiques\/nationales-denkmal-des-streiks\/"]}]},{"@type":"ImageObject","inLanguage":"de","@id":"https:\/\/www.landofmemory.eu\/de\/sites-historiques\/nationales-denkmal-des-streiks\/#primaryimage","url":"https:\/\/www.landofmemory.eu\/wp-content\/uploads\/2021\/09\/Monument-de-grece-Wiltz-&#xA9;-Visit-Eislek-1024x682.jpg","contentUrl":"https:\/\/www.landofmemory.eu\/wp-content\/uploads\/2021\/09\/Monument-de-grece-Wiltz-&#xA9;-Visit-Eislek-1024x682.jpg"},{"@type":"BreadcrumbList","@id":"https:\/\/www.landofmemory.eu\/de\/sites-historiques\/nationales-denkmal-des-streiks\/#breadcrumb","itemListElement":[{"@type":"ListItem","position":1,"name":"Accueil","item":"https:\/\/www.landofmemory.eu\/"},{"@type":"ListItem","position":2,"name":"Nationales Denkmal des Streiks"}]},{"@type":"WebSite","@id":"https:\/\/www.landofmemory.eu\/#website","url":"https:\/\/www.landofmemory.eu\/","name":"Land Of Memory","description":"L&#039;histoire commence ici","publisher":{"@id":"https:\/\/www.landofmemory.eu\/#organization"},"potentialAction":[{"@type":"SearchAction","target":{"@type":"EntryPoint","urlTemplate":"https:\/\/www.landofmemory.eu\/?s={search_term_string}"},"query-input":{"@type":"PropertyValueSpecification","valueRequired":true,"valueName":"search_term_string"}}],"inLanguage":"de"},{"@type":"Organization","@id":"https:\/\/www.landofmemory.eu\/#organization","name":"Land Of Memory","url":"https:\/\/www.landofmemory.eu\/","logo":{"@type":"ImageObject","inLanguage":"de","@id":"https:\/\/www.landofmemory.eu\/#\/schema\/logo\/image\/","url":"https:\/\/www.landofmemory.eu\/wp-content\/uploads\/2022\/10\/logo-land-of-memory.jpg","contentUrl":"https:\/\/www.landofmemory.eu\/wp-content\/uploads\/2022\/10\/logo-land-of-memory.jpg","width":1000,"height":500,"caption":"Land Of Memory"},"image":{"@id":"https:\/\/www.landofmemory.eu\/#\/schema\/logo\/image\/"},"sameAs":["https:\/\/www.facebook.com\/landofmemory.eu","https:\/\/www.instagram.com\/landofmemory_eu\/"]}]}},"_links":{"self":[{"href":"https:\/\/www.landofmemory.eu\/de\/wp-json\/wp\/v2\/sites-historiques\/4478","targetHints":{"allow":["GET"]}}],"collection":[{"href":"https:\/\/www.landofmemory.eu\/de\/wp-json\/wp\/v2\/sites-historiques"}],"about":[{"href":"https:\/\/www.landofmemory.eu\/de\/wp-json\/wp\/v2\/types\/sites-historiques"}],"wp:attachment":[{"href":"https:\/\/www.landofmemory.eu\/de\/wp-json\/wp\/v2\/media?parent=4478"}],"wp:term":[{"taxonomy":"type_site","embeddable":true,"href":"https:\/\/www.landofmemory.eu\/de\/wp-json\/wp\/v2\/type_site?post=4478"}],"curies":[{"name":"wp","href":"https:\/\/api.w.org\/{rel}","templated":true}]}}

<h2 class="wp-block-heading">Ein einzigartiges Stück Architektur</h2>

<div class="wp-block-columns is-layout-flex wp-container-core-columns-is-layout-9d6595d7 wp-block-columns-is-layout-flex">
<div class="wp-block-column is-layout-flow wp-block-column-is-layout-flow">
<div class="wp-block-image"><figure class="aligncenter size-large is-resized"><img loading="lazy" decoding="async" src="https://www.landofmemory.eu/wp-content/uploads/2021/09/Monument-de-grece-Wiltz-&#xA9;-Visit-Eislek-1024x682.jpg" alt="Blick auf das Streikdenkmal in Wiltz." class="wp-image-3393" width="401" height="267"/><figcaption>© Visit Eislek</figcaption></figure></div>



<p></p>
</div>



<div class="wp-block-column is-layout-flow wp-block-column-is-layout-flow">
<p>Im Jahr 1942 kam es in Luxemburg zu einer Streikbewegung als Folge der Wehrpflicht. Die Deutschen reagierten sehr schlecht, 21 Menschen wurden getötet. In der Stadt Wiltz beschloss der Innenminister Eugène Schaus Anfang 1949, die Opfer des Streiks zu ehren. </p>



<p></p>



<p>Er ließ ein Denkmal errichten, das hauptsächlich durch Spenden der Strike Monument Society finanziert wurde. Der erste Stein des Bauwerks war ein 23 m hoher Leuchtturm, der 1954 errichtet wurde. &#13;
</p>
</div>
</div>

<div style="height:100px" aria-hidden="true" class="wp-block-spacer"></div>

<div class="wp-block-columns is-layout-flex wp-container-core-columns-is-layout-9d6595d7 wp-block-columns-is-layout-flex">
<div class="wp-block-column is-vertically-aligned-center is-layout-flow wp-block-column-is-layout-flow">
<p>Der Architekt Roger Wercollier wurde dann mit dem Bau des Denkmals beauftragt. Er hat alle Pläne gezeichnet. Mit Hilfe seines Bruders Lucien Wercollier, einem bekannten Bildhauer, schufen sie vier Flachreliefs aus Marmor. Diese stellen den Kampf zwischen dem biblischen David (Luxemburg) und dem allmächtigen Goliath (Nazi-Deutschland) sowie die Hinrichtung der streikenden Gefangenen dar.</p>



<p></p>



<p>Schließlich entwarf Lucien Wercollier zwei weitere Flachreliefs für die Krypta des Denkmals. Diese Basreliefs aus Marmor stellen einen Lebens- und Sterbebaum des Märtyrers Sankt Sebastian dar. Diese Werke sind eine Hommage an das Leiden der Widerstandskämpfer.&#13;
</p>
</div>



<div class="wp-block-column is-vertically-aligned-center is-layout-flow wp-block-column-is-layout-flow">
<div class="wp-block-image"><figure class="aligncenter size-large is-resized"><img loading="lazy" decoding="async" src="https://www.landofmemory.eu/wp-content/uploads/2021/09/Monument-de-greve-Wiltz-&#xA9;-Visit-Eislek-768x1024.jpg" alt="Der Eingang zum Nationalen Denkmal des Streiks." class="wp-image-3397" width="316" height="421"/><figcaption>© Visit Eislek</figcaption></figure></div>
</div>
</div>

<p></p>

<p></p>

<p></p>

<!-- This site is optimized with the Yoast SEO plugin v26.0 - https://yoast.com/wordpress/plugins/seo/ -->
<title>Zweiter Weltkrieg : Nationales Denkmal des Streiks</title>
<meta name="description" content="Das am 30. September 1956 eingeweihte Nationaldenkmal des Streiks ist ein einzigartiges Bauwerk." />
<meta name="robots" content="index, follow, max-snippet:-1, max-image-preview:large, max-video-preview:-1" />
<link rel="canonical" href="https://www.landofmemory.eu/de/sites-historiques/nationales-denkmal-des-streiks/" />
<meta property="og:locale" content="de_DE" />
<meta property="og:type" content="article" />
<meta property="og:title" content="Zweiter Weltkrieg : Nationales Denkmal des Streiks" />
<meta property="og:description" content="Das am 30. September 1956 eingeweihte Nationaldenkmal des Streiks ist ein einzigartiges Bauwerk." />
<meta property="og:url" content="https://www.landofmemory.eu/de/sites-historiques/nationales-denkmal-des-streiks/" />
<meta property="og:site_name" content="Land Of Memory" />
<meta property="article:publisher" content="https://www.facebook.com/landofmemory.eu" />
<meta property="article:modified_time" content="2022-08-01T13:36:37+00:00" />
<meta property="og:image" content="https://www.landofmemory.eu/wp-content/uploads/2021/09/Monument-de-grece-Wiltz-&#xA9;-Visit-Eislek-1024x682.jpg" />
<meta name="twitter:card" content="summary_large_image" />
<meta name="twitter:label1" content="Geschätzte Lesezeit" />
	<meta name="twitter:data1" content="1 Minute" />
<script type="application/ld+json" class="yoast-schema-graph">{"@context":"https://schema.org","@graph":[{"@type":"WebPage","@id":"https://www.landofmemory.eu/de/sites-historiques/nationales-denkmal-des-streiks/","url":"https://www.landofmemory.eu/de/sites-historiques/nationales-denkmal-des-streiks/","name":"Zweiter Weltkrieg : Nationales Denkmal des Streiks","isPartOf":{"@id":"https://www.landofmemory.eu/#website"},"primaryImageOfPage":{"@id":"https://www.landofmemory.eu/de/sites-historiques/nationales-denkmal-des-streiks/#primaryimage"},"image":{"@id":"https://www.landofmemory.eu/de/sites-historiques/nationales-denkmal-des-streiks/#primaryimage"},"thumbnailUrl":"https://www.landofmemory.eu/wp-content/uploads/2021/09/Monument-de-grece-Wiltz-&#xA9;-Visit-Eislek-1024x682.jpg","datePublished":"2021-10-12T14:24:27+00:00","dateModified":"2022-08-01T13:36:37+00:00","description":"Das am 30. September 1956 eingeweihte Nationaldenkmal des Streiks ist ein einzigartiges Bauwerk.","breadcrumb":{"@id":"https://www.landofmemory.eu/de/sites-historiques/nationales-denkmal-des-streiks/#breadcrumb"},"inLanguage":"de","potentialAction":[{"@type":"ReadAction","target":["https://www.landofmemory.eu/de/sites-historiques/nationales-denkmal-des-streiks/"]}]},{"@type":"ImageObject","inLanguage":"de","@id":"https://www.landofmemory.eu/de/sites-historiques/nationales-denkmal-des-streiks/#primaryimage","url":"https://www.landofmemory.eu/wp-content/uploads/2021/09/Monument-de-grece-Wiltz-&#xA9;-Visit-Eislek-1024x682.jpg","contentUrl":"https://www.landofmemory.eu/wp-content/uploads/2021/09/Monument-de-grece-Wiltz-&#xA9;-Visit-Eislek-1024x682.jpg"},{"@type":"BreadcrumbList","@id":"https://www.landofmemory.eu/de/sites-historiques/nationales-denkmal-des-streiks/#breadcrumb","itemListElement":[{"@type":"ListItem","position":1,"name":"Accueil","item":"https://www.landofmemory.eu/"},{"@type":"ListItem","position":2,"name":"Nationales Denkmal des Streiks"}]},{"@type":"WebSite","@id":"https://www.landofmemory.eu/#website","url":"https://www.landofmemory.eu/","name":"Land Of Memory","description":"L&#039;histoire commence ici","publisher":{"@id":"https://www.landofmemory.eu/#organization"},"potentialAction":[{"@type":"SearchAction","target":{"@type":"EntryPoint","urlTemplate":"https://www.landofmemory.eu/?s={search_term_string}"},"query-input":{"@type":"PropertyValueSpecification","valueRequired":true,"valueName":"search_term_string"}}],"inLanguage":"de"},{"@type":"Organization","@id":"https://www.landofmemory.eu/#organization","name":"Land Of Memory","url":"https://www.landofmemory.eu/","logo":{"@type":"ImageObject","inLanguage":"de","@id":"https://www.landofmemory.eu/#/schema/logo/image/","url":"https://www.landofmemory.eu/wp-content/uploads/2022/10/logo-land-of-memory.jpg","contentUrl":"https://www.landofmemory.eu/wp-content/uploads/2022/10/logo-land-of-memory.jpg","width":1000,"height":500,"caption":"Land Of Memory"},"image":{"@id":"https://www.landofmemory.eu/#/schema/logo/image/"},"sameAs":["https://www.facebook.com/landofmemory.eu","https://www.instagram.com/landofmemory_eu/"]}]}</script>
<!-- / Yoast SEO plugin. -->
