{"id":4482,"date":"2021-10-12T17:12:33","date_gmt":"2021-10-12T15:12:33","guid":{"rendered":"https:\/\/www.landofmemory.eu\/sites-historiques\/sentier-des-passeurs\/"},"modified":"2022-02-24T11:33:32","modified_gmt":"2022-02-24T10:33:32","slug":"sentier-des-passeurs","status":"publish","type":"sites-historiques","link":"https:\/\/www.landofmemory.eu\/de\/sites-historiques\/sentier-des-passeurs\/","title":{"rendered":"Sentier des Passeurs"},"content":{"rendered":"\n<h2 class=\"wp-block-heading\">Auf den Spuren von luxemburgischen Widerstandsk\u00e4mpfern und Wehrdienstverweigerern&#13;\n<\/h2>\n\n<div class=\"wp-block-columns is-layout-flex wp-container-core-columns-is-layout-9d6595d7 wp-block-columns-is-layout-flex\">\n<div class=\"wp-block-column is-vertically-aligned-center is-layout-flow wp-block-column-is-layout-flow\">\n<figure class=\"wp-block-image size-large is-resized\"><img loading=\"lazy\" decoding=\"async\" src=\"https:\/\/www.landofmemory.eu\/wp-content\/uploads\/2021\/09\/Sentier-des-Passeurs-Elwen-&#xA9;-Visit-Eislek-2-1024x684.jpg\" alt=\"Besuch des Sentier des Passeurs.\" class=\"wp-image-3682\" width=\"417\" height=\"278\"\/><figcaption>\u00a9 Visit Eislek<\/figcaption><\/figure>\n<\/div>\n\n\n\n<div class=\"wp-block-column is-vertically-aligned-center is-layout-flow wp-block-column-is-layout-flow\">\n<p>Der Weg der Passanten ist der wahre Weg der Helden des Zweiten Weltkriegs, die die Widerstandsk\u00e4mpfer und andere Wehrdienstverweigerer nach Belgien f\u00fchrten. Dieser Weg wurde geschaffen, um diese oft vergessenen Heldentaten nachzuvollziehen und daran zu erinnern. Bei einem Spaziergang kann man sich die Entbehrungen und Abenteuer jener Kriegstage vorstellen.<\/p>\n<\/div>\n<\/div>\n\n<p><\/p>\n\n<p>Es gibt zwei Routen. Jede von ihnen beginnt am Bahnhof von Troisvierges. Die n\u00f6rdliche Schleife befasst sich mit den Grenzen, die von den Schmugglern benutzt wurden, und die s\u00fcdliche Schleife erz\u00e4hlt vom Widerstand im Dorf Sassel. Letzterer f\u00fchrt am Auschwitz-Denkmal beim Kloster von Cinqfontaines (F\u00fcnfbrunnen) vorbei. <\/p>\n\n<p><\/p>\n\n<p>Seit 2020 hat die Gemeinde alle Tafeln renoviert, die es erm\u00f6glichen, die Realit\u00e4t dieser Schmuggler zu verfolgen und in sie einzutauchen. Ein Pfad, der die Geschichte zur\u00fcckverfolgt, auf dem Sie in die Fu\u00dfstapfen dieser Helden treten k\u00f6nnen.&#13;\n&#13;\n<\/p>\n","protected":false},"template":"","type_site":[69],"class_list":["post-4482","sites-historiques","type-sites-historiques","status-publish","hentry","type_site-themenpfaden-weltkriegen"],"acf":[],"yoast_head":"<!-- This site is optimized with the Yoast SEO plugin v26.0 - https:\/\/yoast.com\/wordpress\/plugins\/seo\/ -->\n<title>Zweiter Weltkrieg : Sentier des Passeurs<\/title>\n<meta name=\"description\" content=\"Entdecken Sie die H\u00f6hepunkte der Flucht der luxemburgischen Widerstandsk\u00e4mpfer und derjenigen, die sich der Einberufung verweigerten.\" \/>\n<meta name=\"robots\" content=\"index, follow, max-snippet:-1, max-image-preview:large, max-video-preview:-1\" \/>\n<link rel=\"canonical\" href=\"https:\/\/www.landofmemory.eu\/de\/sites-historiques\/sentier-des-passeurs\/\" \/>\n<meta property=\"og:locale\" content=\"de_DE\" \/>\n<meta property=\"og:type\" content=\"article\" \/>\n<meta property=\"og:title\" content=\"Zweiter Weltkrieg : Sentier des Passeurs\" \/>\n<meta property=\"og:description\" content=\"Entdecken Sie die H\u00f6hepunkte der Flucht der luxemburgischen Widerstandsk\u00e4mpfer und derjenigen, die sich der Einberufung verweigerten.\" \/>\n<meta property=\"og:url\" content=\"https:\/\/www.landofmemory.eu\/de\/sites-historiques\/sentier-des-passeurs\/\" \/>\n<meta property=\"og:site_name\" content=\"Land Of Memory\" \/>\n<meta property=\"article:publisher\" content=\"https:\/\/www.facebook.com\/landofmemory.eu\" \/>\n<meta property=\"article:modified_time\" content=\"2022-02-24T10:33:32+00:00\" \/>\n<meta property=\"og:image\" content=\"https:\/\/www.landofmemory.eu\/wp-content\/uploads\/2021\/09\/Sentier-des-Passeurs-Elwen-&#xA9;-Visit-Eislek-2-1024x684.jpg\" \/>\n<meta name=\"twitter:card\" content=\"summary_large_image\" \/>\n<meta name=\"twitter:label1\" content=\"Gesch\u00e4tzte Lesezeit\" \/>\n\t<meta name=\"twitter:data1\" content=\"1\u00a0Minute\" \/>\n<script type=\"application\/ld+json\" class=\"yoast-schema-graph\">{\"@context\":\"https:\/\/schema.org\",\"@graph\":[{\"@type\":\"WebPage\",\"@id\":\"https:\/\/www.landofmemory.eu\/de\/sites-historiques\/sentier-des-passeurs\/\",\"url\":\"https:\/\/www.landofmemory.eu\/de\/sites-historiques\/sentier-des-passeurs\/\",\"name\":\"Zweiter Weltkrieg : Sentier des Passeurs\",\"isPartOf\":{\"@id\":\"https:\/\/www.landofmemory.eu\/#website\"},\"primaryImageOfPage\":{\"@id\":\"https:\/\/www.landofmemory.eu\/de\/sites-historiques\/sentier-des-passeurs\/#primaryimage\"},\"image\":{\"@id\":\"https:\/\/www.landofmemory.eu\/de\/sites-historiques\/sentier-des-passeurs\/#primaryimage\"},\"thumbnailUrl\":\"https:\/\/www.landofmemory.eu\/wp-content\/uploads\/2021\/09\/Sentier-des-Passeurs-Elwen-&#xA9;-Visit-Eislek-2-1024x684.jpg\",\"datePublished\":\"2021-10-12T15:12:33+00:00\",\"dateModified\":\"2022-02-24T10:33:32+00:00\",\"description\":\"Entdecken Sie die H\u00f6hepunkte der Flucht der luxemburgischen Widerstandsk\u00e4mpfer und derjenigen, die sich der Einberufung verweigerten.\",\"breadcrumb\":{\"@id\":\"https:\/\/www.landofmemory.eu\/de\/sites-historiques\/sentier-des-passeurs\/#breadcrumb\"},\"inLanguage\":\"de\",\"potentialAction\":[{\"@type\":\"ReadAction\",\"target\":[\"https:\/\/www.landofmemory.eu\/de\/sites-historiques\/sentier-des-passeurs\/\"]}]},{\"@type\":\"ImageObject\",\"inLanguage\":\"de\",\"@id\":\"https:\/\/www.landofmemory.eu\/de\/sites-historiques\/sentier-des-passeurs\/#primaryimage\",\"url\":\"https:\/\/www.landofmemory.eu\/wp-content\/uploads\/2021\/09\/Sentier-des-Passeurs-Elwen-&#xA9;-Visit-Eislek-2-1024x684.jpg\",\"contentUrl\":\"https:\/\/www.landofmemory.eu\/wp-content\/uploads\/2021\/09\/Sentier-des-Passeurs-Elwen-&#xA9;-Visit-Eislek-2-1024x684.jpg\"},{\"@type\":\"BreadcrumbList\",\"@id\":\"https:\/\/www.landofmemory.eu\/de\/sites-historiques\/sentier-des-passeurs\/#breadcrumb\",\"itemListElement\":[{\"@type\":\"ListItem\",\"position\":1,\"name\":\"Accueil\",\"item\":\"https:\/\/www.landofmemory.eu\/\"},{\"@type\":\"ListItem\",\"position\":2,\"name\":\"Sentier des Passeurs\"}]},{\"@type\":\"WebSite\",\"@id\":\"https:\/\/www.landofmemory.eu\/#website\",\"url\":\"https:\/\/www.landofmemory.eu\/\",\"name\":\"Land Of Memory\",\"description\":\"L&#039;histoire commence ici\",\"publisher\":{\"@id\":\"https:\/\/www.landofmemory.eu\/#organization\"},\"potentialAction\":[{\"@type\":\"SearchAction\",\"target\":{\"@type\":\"EntryPoint\",\"urlTemplate\":\"https:\/\/www.landofmemory.eu\/?s={search_term_string}\"},\"query-input\":{\"@type\":\"PropertyValueSpecification\",\"valueRequired\":true,\"valueName\":\"search_term_string\"}}],\"inLanguage\":\"de\"},{\"@type\":\"Organization\",\"@id\":\"https:\/\/www.landofmemory.eu\/#organization\",\"name\":\"Land Of Memory\",\"url\":\"https:\/\/www.landofmemory.eu\/\",\"logo\":{\"@type\":\"ImageObject\",\"inLanguage\":\"de\",\"@id\":\"https:\/\/www.landofmemory.eu\/#\/schema\/logo\/image\/\",\"url\":\"https:\/\/www.landofmemory.eu\/wp-content\/uploads\/2022\/10\/logo-land-of-memory.jpg\",\"contentUrl\":\"https:\/\/www.landofmemory.eu\/wp-content\/uploads\/2022\/10\/logo-land-of-memory.jpg\",\"width\":1000,\"height\":500,\"caption\":\"Land Of Memory\"},\"image\":{\"@id\":\"https:\/\/www.landofmemory.eu\/#\/schema\/logo\/image\/\"},\"sameAs\":[\"https:\/\/www.facebook.com\/landofmemory.eu\",\"https:\/\/www.instagram.com\/landofmemory_eu\/\"]}]}<\/script>\n<!-- \/ Yoast SEO plugin. -->","yoast_head_json":{"title":"Zweiter Weltkrieg : Sentier des Passeurs","description":"Entdecken Sie die H\u00f6hepunkte der Flucht der luxemburgischen Widerstandsk\u00e4mpfer und derjenigen, die sich der Einberufung verweigerten.","robots":{"index":"index","follow":"follow","max-snippet":"max-snippet:-1","max-image-preview":"max-image-preview:large","max-video-preview":"max-video-preview:-1"},"canonical":"https:\/\/www.landofmemory.eu\/de\/sites-historiques\/sentier-des-passeurs\/","og_locale":"de_DE","og_type":"article","og_title":"Zweiter Weltkrieg : Sentier des Passeurs","og_description":"Entdecken Sie die H\u00f6hepunkte der Flucht der luxemburgischen Widerstandsk\u00e4mpfer und derjenigen, die sich der Einberufung verweigerten.","og_url":"https:\/\/www.landofmemory.eu\/de\/sites-historiques\/sentier-des-passeurs\/","og_site_name":"Land Of Memory","article_publisher":"https:\/\/www.facebook.com\/landofmemory.eu","article_modified_time":"2022-02-24T10:33:32+00:00","og_image":[{"url":"https:\/\/www.landofmemory.eu\/wp-content\/uploads\/2021\/09\/Sentier-des-Passeurs-Elwen-&#xA9;-Visit-Eislek-2-1024x684.jpg","type":"","width":"","height":""}],"twitter_card":"summary_large_image","twitter_misc":{"Gesch\u00e4tzte Lesezeit":"1\u00a0Minute"},"schema":{"@context":"https:\/\/schema.org","@graph":[{"@type":"WebPage","@id":"https:\/\/www.landofmemory.eu\/de\/sites-historiques\/sentier-des-passeurs\/","url":"https:\/\/www.landofmemory.eu\/de\/sites-historiques\/sentier-des-passeurs\/","name":"Zweiter Weltkrieg : Sentier des Passeurs","isPartOf":{"@id":"https:\/\/www.landofmemory.eu\/#website"},"primaryImageOfPage":{"@id":"https:\/\/www.landofmemory.eu\/de\/sites-historiques\/sentier-des-passeurs\/#primaryimage"},"image":{"@id":"https:\/\/www.landofmemory.eu\/de\/sites-historiques\/sentier-des-passeurs\/#primaryimage"},"thumbnailUrl":"https:\/\/www.landofmemory.eu\/wp-content\/uploads\/2021\/09\/Sentier-des-Passeurs-Elwen-&#xA9;-Visit-Eislek-2-1024x684.jpg","datePublished":"2021-10-12T15:12:33+00:00","dateModified":"2022-02-24T10:33:32+00:00","description":"Entdecken Sie die H\u00f6hepunkte der Flucht der luxemburgischen Widerstandsk\u00e4mpfer und derjenigen, die sich der Einberufung verweigerten.","breadcrumb":{"@id":"https:\/\/www.landofmemory.eu\/de\/sites-historiques\/sentier-des-passeurs\/#breadcrumb"},"inLanguage":"de","potentialAction":[{"@type":"ReadAction","target":["https:\/\/www.landofmemory.eu\/de\/sites-historiques\/sentier-des-passeurs\/"]}]},{"@type":"ImageObject","inLanguage":"de","@id":"https:\/\/www.landofmemory.eu\/de\/sites-historiques\/sentier-des-passeurs\/#primaryimage","url":"https:\/\/www.landofmemory.eu\/wp-content\/uploads\/2021\/09\/Sentier-des-Passeurs-Elwen-&#xA9;-Visit-Eislek-2-1024x684.jpg","contentUrl":"https:\/\/www.landofmemory.eu\/wp-content\/uploads\/2021\/09\/Sentier-des-Passeurs-Elwen-&#xA9;-Visit-Eislek-2-1024x684.jpg"},{"@type":"BreadcrumbList","@id":"https:\/\/www.landofmemory.eu\/de\/sites-historiques\/sentier-des-passeurs\/#breadcrumb","itemListElement":[{"@type":"ListItem","position":1,"name":"Accueil","item":"https:\/\/www.landofmemory.eu\/"},{"@type":"ListItem","position":2,"name":"Sentier des Passeurs"}]},{"@type":"WebSite","@id":"https:\/\/www.landofmemory.eu\/#website","url":"https:\/\/www.landofmemory.eu\/","name":"Land Of Memory","description":"L&#039;histoire commence ici","publisher":{"@id":"https:\/\/www.landofmemory.eu\/#organization"},"potentialAction":[{"@type":"SearchAction","target":{"@type":"EntryPoint","urlTemplate":"https:\/\/www.landofmemory.eu\/?s={search_term_string}"},"query-input":{"@type":"PropertyValueSpecification","valueRequired":true,"valueName":"search_term_string"}}],"inLanguage":"de"},{"@type":"Organization","@id":"https:\/\/www.landofmemory.eu\/#organization","name":"Land Of Memory","url":"https:\/\/www.landofmemory.eu\/","logo":{"@type":"ImageObject","inLanguage":"de","@id":"https:\/\/www.landofmemory.eu\/#\/schema\/logo\/image\/","url":"https:\/\/www.landofmemory.eu\/wp-content\/uploads\/2022\/10\/logo-land-of-memory.jpg","contentUrl":"https:\/\/www.landofmemory.eu\/wp-content\/uploads\/2022\/10\/logo-land-of-memory.jpg","width":1000,"height":500,"caption":"Land Of Memory"},"image":{"@id":"https:\/\/www.landofmemory.eu\/#\/schema\/logo\/image\/"},"sameAs":["https:\/\/www.facebook.com\/landofmemory.eu","https:\/\/www.instagram.com\/landofmemory_eu\/"]}]}},"_links":{"self":[{"href":"https:\/\/www.landofmemory.eu\/de\/wp-json\/wp\/v2\/sites-historiques\/4482","targetHints":{"allow":["GET"]}}],"collection":[{"href":"https:\/\/www.landofmemory.eu\/de\/wp-json\/wp\/v2\/sites-historiques"}],"about":[{"href":"https:\/\/www.landofmemory.eu\/de\/wp-json\/wp\/v2\/types\/sites-historiques"}],"wp:attachment":[{"href":"https:\/\/www.landofmemory.eu\/de\/wp-json\/wp\/v2\/media?parent=4482"}],"wp:term":[{"taxonomy":"type_site","embeddable":true,"href":"https:\/\/www.landofmemory.eu\/de\/wp-json\/wp\/v2\/type_site?post=4482"}],"curies":[{"name":"wp","href":"https:\/\/api.w.org\/{rel}","templated":true}]}}

<h2 class="wp-block-heading">Auf den Spuren von luxemburgischen Widerstandskämpfern und Wehrdienstverweigerern&#13;
</h2>

<div class="wp-block-columns is-layout-flex wp-container-core-columns-is-layout-9d6595d7 wp-block-columns-is-layout-flex">
<div class="wp-block-column is-vertically-aligned-center is-layout-flow wp-block-column-is-layout-flow">
<figure class="wp-block-image size-large is-resized"><img loading="lazy" decoding="async" src="https://www.landofmemory.eu/wp-content/uploads/2021/09/Sentier-des-Passeurs-Elwen-&#xA9;-Visit-Eislek-2-1024x684.jpg" alt="Besuch des Sentier des Passeurs." class="wp-image-3682" width="417" height="278"/><figcaption>© Visit Eislek</figcaption></figure>
</div>



<div class="wp-block-column is-vertically-aligned-center is-layout-flow wp-block-column-is-layout-flow">
<p>Der Weg der Passanten ist der wahre Weg der Helden des Zweiten Weltkriegs, die die Widerstandskämpfer und andere Wehrdienstverweigerer nach Belgien führten. Dieser Weg wurde geschaffen, um diese oft vergessenen Heldentaten nachzuvollziehen und daran zu erinnern. Bei einem Spaziergang kann man sich die Entbehrungen und Abenteuer jener Kriegstage vorstellen.</p>
</div>
</div>

<p></p>

<p>Es gibt zwei Routen. Jede von ihnen beginnt am Bahnhof von Troisvierges. Die nördliche Schleife befasst sich mit den Grenzen, die von den Schmugglern benutzt wurden, und die südliche Schleife erzählt vom Widerstand im Dorf Sassel. Letzterer führt am Auschwitz-Denkmal beim Kloster von Cinqfontaines (Fünfbrunnen) vorbei. </p>

<p></p>

<p>Seit 2020 hat die Gemeinde alle Tafeln renoviert, die es ermöglichen, die Realität dieser Schmuggler zu verfolgen und in sie einzutauchen. Ein Pfad, der die Geschichte zurückverfolgt, auf dem Sie in die Fußstapfen dieser Helden treten können.&#13;
&#13;
</p>

<!-- This site is optimized with the Yoast SEO plugin v26.0 - https://yoast.com/wordpress/plugins/seo/ -->
<title>Zweiter Weltkrieg : Sentier des Passeurs</title>
<meta name="description" content="Entdecken Sie die Höhepunkte der Flucht der luxemburgischen Widerstandskämpfer und derjenigen, die sich der Einberufung verweigerten." />
<meta name="robots" content="index, follow, max-snippet:-1, max-image-preview:large, max-video-preview:-1" />
<link rel="canonical" href="https://www.landofmemory.eu/de/sites-historiques/sentier-des-passeurs/" />
<meta property="og:locale" content="de_DE" />
<meta property="og:type" content="article" />
<meta property="og:title" content="Zweiter Weltkrieg : Sentier des Passeurs" />
<meta property="og:description" content="Entdecken Sie die Höhepunkte der Flucht der luxemburgischen Widerstandskämpfer und derjenigen, die sich der Einberufung verweigerten." />
<meta property="og:url" content="https://www.landofmemory.eu/de/sites-historiques/sentier-des-passeurs/" />
<meta property="og:site_name" content="Land Of Memory" />
<meta property="article:publisher" content="https://www.facebook.com/landofmemory.eu" />
<meta property="article:modified_time" content="2022-02-24T10:33:32+00:00" />
<meta property="og:image" content="https://www.landofmemory.eu/wp-content/uploads/2021/09/Sentier-des-Passeurs-Elwen-&#xA9;-Visit-Eislek-2-1024x684.jpg" />
<meta name="twitter:card" content="summary_large_image" />
<meta name="twitter:label1" content="Geschätzte Lesezeit" />
	<meta name="twitter:data1" content="1 Minute" />
<script type="application/ld+json" class="yoast-schema-graph">{"@context":"https://schema.org","@graph":[{"@type":"WebPage","@id":"https://www.landofmemory.eu/de/sites-historiques/sentier-des-passeurs/","url":"https://www.landofmemory.eu/de/sites-historiques/sentier-des-passeurs/","name":"Zweiter Weltkrieg : Sentier des Passeurs","isPartOf":{"@id":"https://www.landofmemory.eu/#website"},"primaryImageOfPage":{"@id":"https://www.landofmemory.eu/de/sites-historiques/sentier-des-passeurs/#primaryimage"},"image":{"@id":"https://www.landofmemory.eu/de/sites-historiques/sentier-des-passeurs/#primaryimage"},"thumbnailUrl":"https://www.landofmemory.eu/wp-content/uploads/2021/09/Sentier-des-Passeurs-Elwen-&#xA9;-Visit-Eislek-2-1024x684.jpg","datePublished":"2021-10-12T15:12:33+00:00","dateModified":"2022-02-24T10:33:32+00:00","description":"Entdecken Sie die Höhepunkte der Flucht der luxemburgischen Widerstandskämpfer und derjenigen, die sich der Einberufung verweigerten.","breadcrumb":{"@id":"https://www.landofmemory.eu/de/sites-historiques/sentier-des-passeurs/#breadcrumb"},"inLanguage":"de","potentialAction":[{"@type":"ReadAction","target":["https://www.landofmemory.eu/de/sites-historiques/sentier-des-passeurs/"]}]},{"@type":"ImageObject","inLanguage":"de","@id":"https://www.landofmemory.eu/de/sites-historiques/sentier-des-passeurs/#primaryimage","url":"https://www.landofmemory.eu/wp-content/uploads/2021/09/Sentier-des-Passeurs-Elwen-&#xA9;-Visit-Eislek-2-1024x684.jpg","contentUrl":"https://www.landofmemory.eu/wp-content/uploads/2021/09/Sentier-des-Passeurs-Elwen-&#xA9;-Visit-Eislek-2-1024x684.jpg"},{"@type":"BreadcrumbList","@id":"https://www.landofmemory.eu/de/sites-historiques/sentier-des-passeurs/#breadcrumb","itemListElement":[{"@type":"ListItem","position":1,"name":"Accueil","item":"https://www.landofmemory.eu/"},{"@type":"ListItem","position":2,"name":"Sentier des Passeurs"}]},{"@type":"WebSite","@id":"https://www.landofmemory.eu/#website","url":"https://www.landofmemory.eu/","name":"Land Of Memory","description":"L&#039;histoire commence ici","publisher":{"@id":"https://www.landofmemory.eu/#organization"},"potentialAction":[{"@type":"SearchAction","target":{"@type":"EntryPoint","urlTemplate":"https://www.landofmemory.eu/?s={search_term_string}"},"query-input":{"@type":"PropertyValueSpecification","valueRequired":true,"valueName":"search_term_string"}}],"inLanguage":"de"},{"@type":"Organization","@id":"https://www.landofmemory.eu/#organization","name":"Land Of Memory","url":"https://www.landofmemory.eu/","logo":{"@type":"ImageObject","inLanguage":"de","@id":"https://www.landofmemory.eu/#/schema/logo/image/","url":"https://www.landofmemory.eu/wp-content/uploads/2022/10/logo-land-of-memory.jpg","contentUrl":"https://www.landofmemory.eu/wp-content/uploads/2022/10/logo-land-of-memory.jpg","width":1000,"height":500,"caption":"Land Of Memory"},"image":{"@id":"https://www.landofmemory.eu/#/schema/logo/image/"},"sameAs":["https://www.facebook.com/landofmemory.eu","https://www.instagram.com/landofmemory_eu/"]}]}</script>
<!-- / Yoast SEO plugin. -->

Entdecken Sie die Höhepunkte der Flucht der luxemburgischen Widerstandskämpfer und derjenigen, die sich der Einberufung verweigerten.
