{"id":4483,"date":"2021-10-12T17:13:35","date_gmt":"2021-10-12T15:13:35","guid":{"rendered":"https:\/\/www.landofmemory.eu\/sites-historiques\/bunkerweg\/"},"modified":"2022-07-26T15:43:09","modified_gmt":"2022-07-26T13:43:09","slug":"bunkerweg","status":"publish","type":"sites-historiques","link":"https:\/\/www.landofmemory.eu\/de\/sites-historiques\/bunkerweg\/","title":{"rendered":"Bunkerweg"},"content":{"rendered":"\n<h2 class=\"wp-block-heading\">Eine Wanderung zum Panzertunnel &#8222;Dosbaach&#8220;<\/h2>\n\n<p><\/p>\n\n<p>Der Bunkerweg ist eine Themenwanderung, die in Friedboesch beginnt. 2,4 km von der Ortschaft Schlindermanderscheid entfernt, erreichen Sie das Schlindertal. Dort erwartet eine kleine Kapelle die Wanderer f\u00fcr einen Moment der Besinnung. <\/p>\n\n<p><\/p>\n\n<p>Dann kehrt man auf den Hauptweg zur\u00fcck und kommt an den erhabenen Orten &#8222;Furebierg&#8220; und &#8222;Lannebierg&#8220; vorbei. Der n\u00e4chste Teil des Weges f\u00fchrt zum Aussichtspunkt &#8222;Hockslay&#8220; 50 m oberhalb des Weges, der einen herrlichen Blick auf das Dorf Kautenbach bietet.<\/p>\n\n<p><\/p>\n\n<p>Von dort aus f\u00fchrt der Weg weiter zu den \u00dcberresten eines Bunkers aus dem Zweiten Weltkrieg. Ein Ort, an dem die Zeit stehen geblieben zu sein scheint. Es erwartet Sie ein Panoramablick auf die D\u00f6rfer des Tals. Schlie\u00dflich endet der Weg an einem weiteren Bunker, der 2016 restauriert wurde. In diesem hatten 17 Widerstandsk\u00e4mpfer w\u00e4hrend des Krieges einen unterirdischen Schutzraum namens &#8222;Dosbaach&#8220; eingerichtet. Im Bunker wird die Geschichte des Ortes erl\u00e4utert, um die Erinnerung an diese Helden zu bewahren.&#13;\n<\/p>\n","protected":false},"template":"","type_site":[69],"class_list":["post-4483","sites-historiques","type-sites-historiques","status-publish","hentry","type_site-themenpfaden-weltkriegen"],"acf":[],"yoast_head":"<!-- This site is optimized with the Yoast SEO plugin v26.0 - https:\/\/yoast.com\/wordpress\/plugins\/seo\/ -->\n<title>Zweiter Weltkrieg : Bunkerweg<\/title>\n<meta name=\"description\" content=\"Finden Sie sich im Schlinder Tal wieder, wo die \u00dcberreste eines Bunkers die Erinnerung an den Zweiten Weltkrieg wach halten.\" \/>\n<meta name=\"robots\" content=\"index, follow, max-snippet:-1, max-image-preview:large, max-video-preview:-1\" \/>\n<link rel=\"canonical\" href=\"https:\/\/www.landofmemory.eu\/de\/sites-historiques\/bunkerweg\/\" \/>\n<meta property=\"og:locale\" content=\"de_DE\" \/>\n<meta property=\"og:type\" content=\"article\" \/>\n<meta property=\"og:title\" content=\"Zweiter Weltkrieg : Bunkerweg\" \/>\n<meta property=\"og:description\" content=\"Finden Sie sich im Schlinder Tal wieder, wo die \u00dcberreste eines Bunkers die Erinnerung an den Zweiten Weltkrieg wach halten.\" \/>\n<meta property=\"og:url\" content=\"https:\/\/www.landofmemory.eu\/de\/sites-historiques\/bunkerweg\/\" \/>\n<meta property=\"og:site_name\" content=\"Land Of Memory\" \/>\n<meta property=\"article:publisher\" content=\"https:\/\/www.facebook.com\/landofmemory.eu\" \/>\n<meta property=\"article:modified_time\" content=\"2022-07-26T13:43:09+00:00\" \/>\n<meta name=\"twitter:card\" content=\"summary_large_image\" \/>\n<meta name=\"twitter:label1\" content=\"Gesch\u00e4tzte Lesezeit\" \/>\n\t<meta name=\"twitter:data1\" content=\"1\u00a0Minute\" \/>\n<script type=\"application\/ld+json\" class=\"yoast-schema-graph\">{\"@context\":\"https:\/\/schema.org\",\"@graph\":[{\"@type\":\"WebPage\",\"@id\":\"https:\/\/www.landofmemory.eu\/de\/sites-historiques\/bunkerweg\/\",\"url\":\"https:\/\/www.landofmemory.eu\/de\/sites-historiques\/bunkerweg\/\",\"name\":\"Zweiter Weltkrieg : Bunkerweg\",\"isPartOf\":{\"@id\":\"https:\/\/www.landofmemory.eu\/#website\"},\"datePublished\":\"2021-10-12T15:13:35+00:00\",\"dateModified\":\"2022-07-26T13:43:09+00:00\",\"description\":\"Finden Sie sich im Schlinder Tal wieder, wo die \u00dcberreste eines Bunkers die Erinnerung an den Zweiten Weltkrieg wach halten.\",\"breadcrumb\":{\"@id\":\"https:\/\/www.landofmemory.eu\/de\/sites-historiques\/bunkerweg\/#breadcrumb\"},\"inLanguage\":\"de\",\"potentialAction\":[{\"@type\":\"ReadAction\",\"target\":[\"https:\/\/www.landofmemory.eu\/de\/sites-historiques\/bunkerweg\/\"]}]},{\"@type\":\"BreadcrumbList\",\"@id\":\"https:\/\/www.landofmemory.eu\/de\/sites-historiques\/bunkerweg\/#breadcrumb\",\"itemListElement\":[{\"@type\":\"ListItem\",\"position\":1,\"name\":\"Accueil\",\"item\":\"https:\/\/www.landofmemory.eu\/\"},{\"@type\":\"ListItem\",\"position\":2,\"name\":\"Bunkerweg\"}]},{\"@type\":\"WebSite\",\"@id\":\"https:\/\/www.landofmemory.eu\/#website\",\"url\":\"https:\/\/www.landofmemory.eu\/\",\"name\":\"Land Of Memory\",\"description\":\"L&#039;histoire commence ici\",\"publisher\":{\"@id\":\"https:\/\/www.landofmemory.eu\/#organization\"},\"potentialAction\":[{\"@type\":\"SearchAction\",\"target\":{\"@type\":\"EntryPoint\",\"urlTemplate\":\"https:\/\/www.landofmemory.eu\/?s={search_term_string}\"},\"query-input\":{\"@type\":\"PropertyValueSpecification\",\"valueRequired\":true,\"valueName\":\"search_term_string\"}}],\"inLanguage\":\"de\"},{\"@type\":\"Organization\",\"@id\":\"https:\/\/www.landofmemory.eu\/#organization\",\"name\":\"Land Of Memory\",\"url\":\"https:\/\/www.landofmemory.eu\/\",\"logo\":{\"@type\":\"ImageObject\",\"inLanguage\":\"de\",\"@id\":\"https:\/\/www.landofmemory.eu\/#\/schema\/logo\/image\/\",\"url\":\"https:\/\/www.landofmemory.eu\/wp-content\/uploads\/2022\/10\/logo-land-of-memory.jpg\",\"contentUrl\":\"https:\/\/www.landofmemory.eu\/wp-content\/uploads\/2022\/10\/logo-land-of-memory.jpg\",\"width\":1000,\"height\":500,\"caption\":\"Land Of Memory\"},\"image\":{\"@id\":\"https:\/\/www.landofmemory.eu\/#\/schema\/logo\/image\/\"},\"sameAs\":[\"https:\/\/www.facebook.com\/landofmemory.eu\",\"https:\/\/www.instagram.com\/landofmemory_eu\/\"]}]}<\/script>\n<!-- \/ Yoast SEO plugin. -->","yoast_head_json":{"title":"Zweiter Weltkrieg : Bunkerweg","description":"Finden Sie sich im Schlinder Tal wieder, wo die \u00dcberreste eines Bunkers die Erinnerung an den Zweiten Weltkrieg wach halten.","robots":{"index":"index","follow":"follow","max-snippet":"max-snippet:-1","max-image-preview":"max-image-preview:large","max-video-preview":"max-video-preview:-1"},"canonical":"https:\/\/www.landofmemory.eu\/de\/sites-historiques\/bunkerweg\/","og_locale":"de_DE","og_type":"article","og_title":"Zweiter Weltkrieg : Bunkerweg","og_description":"Finden Sie sich im Schlinder Tal wieder, wo die \u00dcberreste eines Bunkers die Erinnerung an den Zweiten Weltkrieg wach halten.","og_url":"https:\/\/www.landofmemory.eu\/de\/sites-historiques\/bunkerweg\/","og_site_name":"Land Of Memory","article_publisher":"https:\/\/www.facebook.com\/landofmemory.eu","article_modified_time":"2022-07-26T13:43:09+00:00","twitter_card":"summary_large_image","twitter_misc":{"Gesch\u00e4tzte Lesezeit":"1\u00a0Minute"},"schema":{"@context":"https:\/\/schema.org","@graph":[{"@type":"WebPage","@id":"https:\/\/www.landofmemory.eu\/de\/sites-historiques\/bunkerweg\/","url":"https:\/\/www.landofmemory.eu\/de\/sites-historiques\/bunkerweg\/","name":"Zweiter Weltkrieg : Bunkerweg","isPartOf":{"@id":"https:\/\/www.landofmemory.eu\/#website"},"datePublished":"2021-10-12T15:13:35+00:00","dateModified":"2022-07-26T13:43:09+00:00","description":"Finden Sie sich im Schlinder Tal wieder, wo die \u00dcberreste eines Bunkers die Erinnerung an den Zweiten Weltkrieg wach halten.","breadcrumb":{"@id":"https:\/\/www.landofmemory.eu\/de\/sites-historiques\/bunkerweg\/#breadcrumb"},"inLanguage":"de","potentialAction":[{"@type":"ReadAction","target":["https:\/\/www.landofmemory.eu\/de\/sites-historiques\/bunkerweg\/"]}]},{"@type":"BreadcrumbList","@id":"https:\/\/www.landofmemory.eu\/de\/sites-historiques\/bunkerweg\/#breadcrumb","itemListElement":[{"@type":"ListItem","position":1,"name":"Accueil","item":"https:\/\/www.landofmemory.eu\/"},{"@type":"ListItem","position":2,"name":"Bunkerweg"}]},{"@type":"WebSite","@id":"https:\/\/www.landofmemory.eu\/#website","url":"https:\/\/www.landofmemory.eu\/","name":"Land Of Memory","description":"L&#039;histoire commence ici","publisher":{"@id":"https:\/\/www.landofmemory.eu\/#organization"},"potentialAction":[{"@type":"SearchAction","target":{"@type":"EntryPoint","urlTemplate":"https:\/\/www.landofmemory.eu\/?s={search_term_string}"},"query-input":{"@type":"PropertyValueSpecification","valueRequired":true,"valueName":"search_term_string"}}],"inLanguage":"de"},{"@type":"Organization","@id":"https:\/\/www.landofmemory.eu\/#organization","name":"Land Of Memory","url":"https:\/\/www.landofmemory.eu\/","logo":{"@type":"ImageObject","inLanguage":"de","@id":"https:\/\/www.landofmemory.eu\/#\/schema\/logo\/image\/","url":"https:\/\/www.landofmemory.eu\/wp-content\/uploads\/2022\/10\/logo-land-of-memory.jpg","contentUrl":"https:\/\/www.landofmemory.eu\/wp-content\/uploads\/2022\/10\/logo-land-of-memory.jpg","width":1000,"height":500,"caption":"Land Of Memory"},"image":{"@id":"https:\/\/www.landofmemory.eu\/#\/schema\/logo\/image\/"},"sameAs":["https:\/\/www.facebook.com\/landofmemory.eu","https:\/\/www.instagram.com\/landofmemory_eu\/"]}]}},"_links":{"self":[{"href":"https:\/\/www.landofmemory.eu\/de\/wp-json\/wp\/v2\/sites-historiques\/4483","targetHints":{"allow":["GET"]}}],"collection":[{"href":"https:\/\/www.landofmemory.eu\/de\/wp-json\/wp\/v2\/sites-historiques"}],"about":[{"href":"https:\/\/www.landofmemory.eu\/de\/wp-json\/wp\/v2\/types\/sites-historiques"}],"wp:attachment":[{"href":"https:\/\/www.landofmemory.eu\/de\/wp-json\/wp\/v2\/media?parent=4483"}],"wp:term":[{"taxonomy":"type_site","embeddable":true,"href":"https:\/\/www.landofmemory.eu\/de\/wp-json\/wp\/v2\/type_site?post=4483"}],"curies":[{"name":"wp","href":"https:\/\/api.w.org\/{rel}","templated":true}]}}

<h2 class="wp-block-heading">Eine Wanderung zum Panzertunnel &#8222;Dosbaach&#8220;</h2>

<p></p>

<p>Der Bunkerweg ist eine Themenwanderung, die in Friedboesch beginnt. 2,4 km von der Ortschaft Schlindermanderscheid entfernt, erreichen Sie das Schlindertal. Dort erwartet eine kleine Kapelle die Wanderer für einen Moment der Besinnung. </p>

<p></p>

<p>Dann kehrt man auf den Hauptweg zurück und kommt an den erhabenen Orten &#8222;Furebierg&#8220; und &#8222;Lannebierg&#8220; vorbei. Der nächste Teil des Weges führt zum Aussichtspunkt &#8222;Hockslay&#8220; 50 m oberhalb des Weges, der einen herrlichen Blick auf das Dorf Kautenbach bietet.</p>

<p></p>

<p>Von dort aus führt der Weg weiter zu den Überresten eines Bunkers aus dem Zweiten Weltkrieg. Ein Ort, an dem die Zeit stehen geblieben zu sein scheint. Es erwartet Sie ein Panoramablick auf die Dörfer des Tals. Schließlich endet der Weg an einem weiteren Bunker, der 2016 restauriert wurde. In diesem hatten 17 Widerstandskämpfer während des Krieges einen unterirdischen Schutzraum namens &#8222;Dosbaach&#8220; eingerichtet. Im Bunker wird die Geschichte des Ortes erläutert, um die Erinnerung an diese Helden zu bewahren.&#13;
</p>

<!-- This site is optimized with the Yoast SEO plugin v26.0 - https://yoast.com/wordpress/plugins/seo/ -->
<title>Zweiter Weltkrieg : Bunkerweg</title>
<meta name="description" content="Finden Sie sich im Schlinder Tal wieder, wo die Überreste eines Bunkers die Erinnerung an den Zweiten Weltkrieg wach halten." />
<meta name="robots" content="index, follow, max-snippet:-1, max-image-preview:large, max-video-preview:-1" />
<link rel="canonical" href="https://www.landofmemory.eu/de/sites-historiques/bunkerweg/" />
<meta property="og:locale" content="de_DE" />
<meta property="og:type" content="article" />
<meta property="og:title" content="Zweiter Weltkrieg : Bunkerweg" />
<meta property="og:description" content="Finden Sie sich im Schlinder Tal wieder, wo die Überreste eines Bunkers die Erinnerung an den Zweiten Weltkrieg wach halten." />
<meta property="og:url" content="https://www.landofmemory.eu/de/sites-historiques/bunkerweg/" />
<meta property="og:site_name" content="Land Of Memory" />
<meta property="article:publisher" content="https://www.facebook.com/landofmemory.eu" />
<meta property="article:modified_time" content="2022-07-26T13:43:09+00:00" />
<meta name="twitter:card" content="summary_large_image" />
<meta name="twitter:label1" content="Geschätzte Lesezeit" />
	<meta name="twitter:data1" content="1 Minute" />
<script type="application/ld+json" class="yoast-schema-graph">{"@context":"https://schema.org","@graph":[{"@type":"WebPage","@id":"https://www.landofmemory.eu/de/sites-historiques/bunkerweg/","url":"https://www.landofmemory.eu/de/sites-historiques/bunkerweg/","name":"Zweiter Weltkrieg : Bunkerweg","isPartOf":{"@id":"https://www.landofmemory.eu/#website"},"datePublished":"2021-10-12T15:13:35+00:00","dateModified":"2022-07-26T13:43:09+00:00","description":"Finden Sie sich im Schlinder Tal wieder, wo die Überreste eines Bunkers die Erinnerung an den Zweiten Weltkrieg wach halten.","breadcrumb":{"@id":"https://www.landofmemory.eu/de/sites-historiques/bunkerweg/#breadcrumb"},"inLanguage":"de","potentialAction":[{"@type":"ReadAction","target":["https://www.landofmemory.eu/de/sites-historiques/bunkerweg/"]}]},{"@type":"BreadcrumbList","@id":"https://www.landofmemory.eu/de/sites-historiques/bunkerweg/#breadcrumb","itemListElement":[{"@type":"ListItem","position":1,"name":"Accueil","item":"https://www.landofmemory.eu/"},{"@type":"ListItem","position":2,"name":"Bunkerweg"}]},{"@type":"WebSite","@id":"https://www.landofmemory.eu/#website","url":"https://www.landofmemory.eu/","name":"Land Of Memory","description":"L&#039;histoire commence ici","publisher":{"@id":"https://www.landofmemory.eu/#organization"},"potentialAction":[{"@type":"SearchAction","target":{"@type":"EntryPoint","urlTemplate":"https://www.landofmemory.eu/?s={search_term_string}"},"query-input":{"@type":"PropertyValueSpecification","valueRequired":true,"valueName":"search_term_string"}}],"inLanguage":"de"},{"@type":"Organization","@id":"https://www.landofmemory.eu/#organization","name":"Land Of Memory","url":"https://www.landofmemory.eu/","logo":{"@type":"ImageObject","inLanguage":"de","@id":"https://www.landofmemory.eu/#/schema/logo/image/","url":"https://www.landofmemory.eu/wp-content/uploads/2022/10/logo-land-of-memory.jpg","contentUrl":"https://www.landofmemory.eu/wp-content/uploads/2022/10/logo-land-of-memory.jpg","width":1000,"height":500,"caption":"Land Of Memory"},"image":{"@id":"https://www.landofmemory.eu/#/schema/logo/image/"},"sameAs":["https://www.facebook.com/landofmemory.eu","https://www.instagram.com/landofmemory_eu/"]}]}</script>
<!-- / Yoast SEO plugin. -->

Finden Sie sich im Schlinder Tal wieder, wo die Überreste eines Bunkers die Erinnerung an den Zweiten Weltkrieg wach halten.
