{"id":4999,"date":"2021-10-21T14:45:31","date_gmt":"2021-10-21T12:45:31","guid":{"rendered":"https:\/\/www.landofmemory.eu\/sites-historiques\/das-mardasson\/"},"modified":"2022-08-01T15:42:47","modified_gmt":"2022-08-01T13:42:47","slug":"das-mardasson","status":"publish","type":"sites-historiques","link":"https:\/\/www.landofmemory.eu\/de\/sites-historiques\/das-mardasson\/","title":{"rendered":"Das Mardasson"},"content":{"rendered":"\n<h2 class=\"wp-block-heading\">Ein bemerkenswerter Blick auf die Schlachtfelder<\/h2>\n\n<div class=\"wp-block-columns is-layout-flex wp-container-core-columns-is-layout-9d6595d7 wp-block-columns-is-layout-flex\">\n<div class=\"wp-block-column is-vertically-aligned-center is-layout-flow wp-block-column-is-layout-flow\">\n<figure class=\"wp-block-image size-large is-resized\"><img loading=\"lazy\" decoding=\"async\" src=\"https:\/\/www.landofmemory.eu\/wp-content\/uploads\/2021\/09\/Mardasson-65e&#x300;me-anniversair-00h8h-1-1024x611.jpg\" alt=\"Der 65. Jahrestag des Mardasson.\" class=\"wp-image-3825\" width=\"419\" height=\"250\"\/><\/figure>\n<\/div>\n\n\n\n<div class=\"wp-block-column is-vertically-aligned-center is-layout-flow wp-block-column-is-layout-flow\">\n<p>Seit der Einweihung am 16. Juli 1950 in Anwesenheit von Prinz Baudouin, dem k\u00fcnftigen K\u00f6nig der Belgier, und General McAuliffe finden dort bis heute zahlreiche Gedenkveranstaltungen statt.<\/p>\n\n\n\n<p><\/p>\n\n\n\n<p><\/p>\n<\/div>\n<\/div>\n\n<div style=\"height:100px\" aria-hidden=\"true\" class=\"wp-block-spacer\"><\/div>\n\n<p>Der Standort wurde unter anderem wegen seiner erh\u00f6hten Lage und seiner Position an der Grenze zwischen dem Rhein- und dem Maasbecken gew\u00e4hlt. Im Jahr 1946 wurde der Grundstein gelegt, und ein Teil der Ardenner Erde wurde entnommen und in die USA geschickt. Der Mardasson-H\u00fcgel wurde noch symboltr\u00e4chtiger, als er zum Zielpunkt des Freedom Trail wurde, der durch einen Meilenstein (Nr. 1147) mit der Fackel der New Yorker Statue markiert wurde. Der erste Meilenstein war in Sainte-M\u00e8re-Eglise in der Normandie. Von der Spitze des Denkmals aus haben die Besucher einen Panoramablick auf Bastogne und die Schlachtfelder.<\/p>\n\n<div style=\"height:100px\" aria-hidden=\"true\" class=\"wp-block-spacer\"><\/div>\n\n<div class=\"wp-block-columns is-layout-flex wp-container-core-columns-is-layout-9d6595d7 wp-block-columns-is-layout-flex\">\n<div class=\"wp-block-column is-vertically-aligned-center is-layout-flow wp-block-column-is-layout-flow\">\n<p>In einer acht Meter tiefen Krypta, die mit Mosaiken von Fernand L\u00e9ger verziert ist, befinden sich die drei Alt\u00e4re, die die verschiedenen Religionen repr\u00e4sentieren: die j\u00fcdische, die katholische und die protestantische.<\/p>\n<\/div>\n\n\n\n<div class=\"wp-block-column is-vertically-aligned-center is-layout-flow wp-block-column-is-layout-flow\">\n<figure class=\"wp-block-image size-large is-resized\"><img loading=\"lazy\" decoding=\"async\" src=\"https:\/\/www.landofmemory.eu\/wp-content\/uploads\/2021\/09\/Bastogne-crypte-du-Mardasson-F.Le&#x301;ger-&#xA9;-A.Jacob-Bastogne-Memorial-DSC_0208-1024x681.jpeg\" alt=\"Krypta im Mardasson.\" class=\"wp-image-3821\" width=\"386\" height=\"256\"\/><figcaption>\u00a9 A. Jacob<\/figcaption><\/figure>\n<\/div>\n<\/div>\n\n<p><\/p>\n\n<p><\/p>\n\n<p><\/p>\n\n<p><\/p>\n","protected":false},"template":"","type_site":[50],"class_list":["post-4999","sites-historiques","type-sites-historiques","status-publish","hentry","type_site-gedenkstatten"],"acf":[],"yoast_head":"<!-- This site is optimized with the Yoast SEO plugin v26.0 - https:\/\/yoast.com\/wordpress\/plugins\/seo\/ -->\n<title>Zweiter Weltkrieg: Das Mardasson<\/title>\n<meta name=\"description\" content=\"Das Mardasson-Denkmal erinnert an die amerikanischen Soldaten, die w\u00e4hrend der Ardennenoffensive ihr Leben verloren.\" \/>\n<meta name=\"robots\" content=\"index, follow, max-snippet:-1, max-image-preview:large, max-video-preview:-1\" \/>\n<link rel=\"canonical\" href=\"https:\/\/www.landofmemory.eu\/de\/sites-historiques\/das-mardasson\/\" \/>\n<meta property=\"og:locale\" content=\"de_DE\" \/>\n<meta property=\"og:type\" content=\"article\" \/>\n<meta property=\"og:title\" content=\"Zweiter Weltkrieg: Das Mardasson\" \/>\n<meta property=\"og:description\" content=\"Das Mardasson-Denkmal erinnert an die amerikanischen Soldaten, die w\u00e4hrend der Ardennenoffensive ihr Leben verloren.\" \/>\n<meta property=\"og:url\" content=\"https:\/\/www.landofmemory.eu\/de\/sites-historiques\/das-mardasson\/\" \/>\n<meta property=\"og:site_name\" content=\"Land Of Memory\" \/>\n<meta property=\"article:publisher\" content=\"https:\/\/www.facebook.com\/landofmemory.eu\" \/>\n<meta property=\"article:modified_time\" content=\"2022-08-01T13:42:47+00:00\" \/>\n<meta property=\"og:image\" content=\"https:\/\/www.landofmemory.eu\/wp-content\/uploads\/2021\/09\/Mardasson-65e&#x300;me-anniversair-00h8h-1-1024x611.jpg\" \/>\n<meta name=\"twitter:card\" content=\"summary_large_image\" \/>\n<meta name=\"twitter:label1\" content=\"Gesch\u00e4tzte Lesezeit\" \/>\n\t<meta name=\"twitter:data1\" content=\"1\u00a0Minute\" \/>\n<script type=\"application\/ld+json\" class=\"yoast-schema-graph\">{\"@context\":\"https:\/\/schema.org\",\"@graph\":[{\"@type\":\"WebPage\",\"@id\":\"https:\/\/www.landofmemory.eu\/de\/sites-historiques\/das-mardasson\/\",\"url\":\"https:\/\/www.landofmemory.eu\/de\/sites-historiques\/das-mardasson\/\",\"name\":\"Zweiter Weltkrieg: Das Mardasson\",\"isPartOf\":{\"@id\":\"https:\/\/www.landofmemory.eu\/#website\"},\"primaryImageOfPage\":{\"@id\":\"https:\/\/www.landofmemory.eu\/de\/sites-historiques\/das-mardasson\/#primaryimage\"},\"image\":{\"@id\":\"https:\/\/www.landofmemory.eu\/de\/sites-historiques\/das-mardasson\/#primaryimage\"},\"thumbnailUrl\":\"https:\/\/www.landofmemory.eu\/wp-content\/uploads\/2021\/09\/Mardasson-65e&#x300;me-anniversair-00h8h-1-1024x611.jpg\",\"datePublished\":\"2021-10-21T12:45:31+00:00\",\"dateModified\":\"2022-08-01T13:42:47+00:00\",\"description\":\"Das Mardasson-Denkmal erinnert an die amerikanischen Soldaten, die w\u00e4hrend der Ardennenoffensive ihr Leben verloren.\",\"breadcrumb\":{\"@id\":\"https:\/\/www.landofmemory.eu\/de\/sites-historiques\/das-mardasson\/#breadcrumb\"},\"inLanguage\":\"de\",\"potentialAction\":[{\"@type\":\"ReadAction\",\"target\":[\"https:\/\/www.landofmemory.eu\/de\/sites-historiques\/das-mardasson\/\"]}]},{\"@type\":\"ImageObject\",\"inLanguage\":\"de\",\"@id\":\"https:\/\/www.landofmemory.eu\/de\/sites-historiques\/das-mardasson\/#primaryimage\",\"url\":\"https:\/\/www.landofmemory.eu\/wp-content\/uploads\/2021\/09\/Mardasson-65e&#x300;me-anniversair-00h8h-1-1024x611.jpg\",\"contentUrl\":\"https:\/\/www.landofmemory.eu\/wp-content\/uploads\/2021\/09\/Mardasson-65e&#x300;me-anniversair-00h8h-1-1024x611.jpg\"},{\"@type\":\"BreadcrumbList\",\"@id\":\"https:\/\/www.landofmemory.eu\/de\/sites-historiques\/das-mardasson\/#breadcrumb\",\"itemListElement\":[{\"@type\":\"ListItem\",\"position\":1,\"name\":\"Accueil\",\"item\":\"https:\/\/www.landofmemory.eu\/\"},{\"@type\":\"ListItem\",\"position\":2,\"name\":\"Das Mardasson\"}]},{\"@type\":\"WebSite\",\"@id\":\"https:\/\/www.landofmemory.eu\/#website\",\"url\":\"https:\/\/www.landofmemory.eu\/\",\"name\":\"Land Of Memory\",\"description\":\"L&#039;histoire commence ici\",\"publisher\":{\"@id\":\"https:\/\/www.landofmemory.eu\/#organization\"},\"potentialAction\":[{\"@type\":\"SearchAction\",\"target\":{\"@type\":\"EntryPoint\",\"urlTemplate\":\"https:\/\/www.landofmemory.eu\/?s={search_term_string}\"},\"query-input\":{\"@type\":\"PropertyValueSpecification\",\"valueRequired\":true,\"valueName\":\"search_term_string\"}}],\"inLanguage\":\"de\"},{\"@type\":\"Organization\",\"@id\":\"https:\/\/www.landofmemory.eu\/#organization\",\"name\":\"Land Of Memory\",\"url\":\"https:\/\/www.landofmemory.eu\/\",\"logo\":{\"@type\":\"ImageObject\",\"inLanguage\":\"de\",\"@id\":\"https:\/\/www.landofmemory.eu\/#\/schema\/logo\/image\/\",\"url\":\"https:\/\/www.landofmemory.eu\/wp-content\/uploads\/2022\/10\/logo-land-of-memory.jpg\",\"contentUrl\":\"https:\/\/www.landofmemory.eu\/wp-content\/uploads\/2022\/10\/logo-land-of-memory.jpg\",\"width\":1000,\"height\":500,\"caption\":\"Land Of Memory\"},\"image\":{\"@id\":\"https:\/\/www.landofmemory.eu\/#\/schema\/logo\/image\/\"},\"sameAs\":[\"https:\/\/www.facebook.com\/landofmemory.eu\",\"https:\/\/www.instagram.com\/landofmemory_eu\/\"]}]}<\/script>\n<!-- \/ Yoast SEO plugin. -->","yoast_head_json":{"title":"Zweiter Weltkrieg: Das Mardasson","description":"Das Mardasson-Denkmal erinnert an die amerikanischen Soldaten, die w\u00e4hrend der Ardennenoffensive ihr Leben verloren.","robots":{"index":"index","follow":"follow","max-snippet":"max-snippet:-1","max-image-preview":"max-image-preview:large","max-video-preview":"max-video-preview:-1"},"canonical":"https:\/\/www.landofmemory.eu\/de\/sites-historiques\/das-mardasson\/","og_locale":"de_DE","og_type":"article","og_title":"Zweiter Weltkrieg: Das Mardasson","og_description":"Das Mardasson-Denkmal erinnert an die amerikanischen Soldaten, die w\u00e4hrend der Ardennenoffensive ihr Leben verloren.","og_url":"https:\/\/www.landofmemory.eu\/de\/sites-historiques\/das-mardasson\/","og_site_name":"Land Of Memory","article_publisher":"https:\/\/www.facebook.com\/landofmemory.eu","article_modified_time":"2022-08-01T13:42:47+00:00","og_image":[{"url":"https:\/\/www.landofmemory.eu\/wp-content\/uploads\/2021\/09\/Mardasson-65e&#x300;me-anniversair-00h8h-1-1024x611.jpg","type":"","width":"","height":""}],"twitter_card":"summary_large_image","twitter_misc":{"Gesch\u00e4tzte Lesezeit":"1\u00a0Minute"},"schema":{"@context":"https:\/\/schema.org","@graph":[{"@type":"WebPage","@id":"https:\/\/www.landofmemory.eu\/de\/sites-historiques\/das-mardasson\/","url":"https:\/\/www.landofmemory.eu\/de\/sites-historiques\/das-mardasson\/","name":"Zweiter Weltkrieg: Das Mardasson","isPartOf":{"@id":"https:\/\/www.landofmemory.eu\/#website"},"primaryImageOfPage":{"@id":"https:\/\/www.landofmemory.eu\/de\/sites-historiques\/das-mardasson\/#primaryimage"},"image":{"@id":"https:\/\/www.landofmemory.eu\/de\/sites-historiques\/das-mardasson\/#primaryimage"},"thumbnailUrl":"https:\/\/www.landofmemory.eu\/wp-content\/uploads\/2021\/09\/Mardasson-65e&#x300;me-anniversair-00h8h-1-1024x611.jpg","datePublished":"2021-10-21T12:45:31+00:00","dateModified":"2022-08-01T13:42:47+00:00","description":"Das Mardasson-Denkmal erinnert an die amerikanischen Soldaten, die w\u00e4hrend der Ardennenoffensive ihr Leben verloren.","breadcrumb":{"@id":"https:\/\/www.landofmemory.eu\/de\/sites-historiques\/das-mardasson\/#breadcrumb"},"inLanguage":"de","potentialAction":[{"@type":"ReadAction","target":["https:\/\/www.landofmemory.eu\/de\/sites-historiques\/das-mardasson\/"]}]},{"@type":"ImageObject","inLanguage":"de","@id":"https:\/\/www.landofmemory.eu\/de\/sites-historiques\/das-mardasson\/#primaryimage","url":"https:\/\/www.landofmemory.eu\/wp-content\/uploads\/2021\/09\/Mardasson-65e&#x300;me-anniversair-00h8h-1-1024x611.jpg","contentUrl":"https:\/\/www.landofmemory.eu\/wp-content\/uploads\/2021\/09\/Mardasson-65e&#x300;me-anniversair-00h8h-1-1024x611.jpg"},{"@type":"BreadcrumbList","@id":"https:\/\/www.landofmemory.eu\/de\/sites-historiques\/das-mardasson\/#breadcrumb","itemListElement":[{"@type":"ListItem","position":1,"name":"Accueil","item":"https:\/\/www.landofmemory.eu\/"},{"@type":"ListItem","position":2,"name":"Das Mardasson"}]},{"@type":"WebSite","@id":"https:\/\/www.landofmemory.eu\/#website","url":"https:\/\/www.landofmemory.eu\/","name":"Land Of Memory","description":"L&#039;histoire commence ici","publisher":{"@id":"https:\/\/www.landofmemory.eu\/#organization"},"potentialAction":[{"@type":"SearchAction","target":{"@type":"EntryPoint","urlTemplate":"https:\/\/www.landofmemory.eu\/?s={search_term_string}"},"query-input":{"@type":"PropertyValueSpecification","valueRequired":true,"valueName":"search_term_string"}}],"inLanguage":"de"},{"@type":"Organization","@id":"https:\/\/www.landofmemory.eu\/#organization","name":"Land Of Memory","url":"https:\/\/www.landofmemory.eu\/","logo":{"@type":"ImageObject","inLanguage":"de","@id":"https:\/\/www.landofmemory.eu\/#\/schema\/logo\/image\/","url":"https:\/\/www.landofmemory.eu\/wp-content\/uploads\/2022\/10\/logo-land-of-memory.jpg","contentUrl":"https:\/\/www.landofmemory.eu\/wp-content\/uploads\/2022\/10\/logo-land-of-memory.jpg","width":1000,"height":500,"caption":"Land Of Memory"},"image":{"@id":"https:\/\/www.landofmemory.eu\/#\/schema\/logo\/image\/"},"sameAs":["https:\/\/www.facebook.com\/landofmemory.eu","https:\/\/www.instagram.com\/landofmemory_eu\/"]}]}},"_links":{"self":[{"href":"https:\/\/www.landofmemory.eu\/de\/wp-json\/wp\/v2\/sites-historiques\/4999","targetHints":{"allow":["GET"]}}],"collection":[{"href":"https:\/\/www.landofmemory.eu\/de\/wp-json\/wp\/v2\/sites-historiques"}],"about":[{"href":"https:\/\/www.landofmemory.eu\/de\/wp-json\/wp\/v2\/types\/sites-historiques"}],"wp:attachment":[{"href":"https:\/\/www.landofmemory.eu\/de\/wp-json\/wp\/v2\/media?parent=4999"}],"wp:term":[{"taxonomy":"type_site","embeddable":true,"href":"https:\/\/www.landofmemory.eu\/de\/wp-json\/wp\/v2\/type_site?post=4999"}],"curies":[{"name":"wp","href":"https:\/\/api.w.org\/{rel}","templated":true}]}}

<h2 class="wp-block-heading">Ein bemerkenswerter Blick auf die Schlachtfelder</h2>

<div class="wp-block-columns is-layout-flex wp-container-core-columns-is-layout-9d6595d7 wp-block-columns-is-layout-flex">
<div class="wp-block-column is-vertically-aligned-center is-layout-flow wp-block-column-is-layout-flow">
<figure class="wp-block-image size-large is-resized"><img loading="lazy" decoding="async" src="https://www.landofmemory.eu/wp-content/uploads/2021/09/Mardasson-65e&#x300;me-anniversair-00h8h-1-1024x611.jpg" alt="Der 65. Jahrestag des Mardasson." class="wp-image-3825" width="419" height="250"/></figure>
</div>



<div class="wp-block-column is-vertically-aligned-center is-layout-flow wp-block-column-is-layout-flow">
<p>Seit der Einweihung am 16. Juli 1950 in Anwesenheit von Prinz Baudouin, dem künftigen König der Belgier, und General McAuliffe finden dort bis heute zahlreiche Gedenkveranstaltungen statt.</p>



<p></p>



<p></p>
</div>
</div>

<div style="height:100px" aria-hidden="true" class="wp-block-spacer"></div>

<p>Der Standort wurde unter anderem wegen seiner erhöhten Lage und seiner Position an der Grenze zwischen dem Rhein- und dem Maasbecken gewählt. Im Jahr 1946 wurde der Grundstein gelegt, und ein Teil der Ardenner Erde wurde entnommen und in die USA geschickt. Der Mardasson-Hügel wurde noch symbolträchtiger, als er zum Zielpunkt des Freedom Trail wurde, der durch einen Meilenstein (Nr. 1147) mit der Fackel der New Yorker Statue markiert wurde. Der erste Meilenstein war in Sainte-Mère-Eglise in der Normandie. Von der Spitze des Denkmals aus haben die Besucher einen Panoramablick auf Bastogne und die Schlachtfelder.</p>

<div style="height:100px" aria-hidden="true" class="wp-block-spacer"></div>

<div class="wp-block-columns is-layout-flex wp-container-core-columns-is-layout-9d6595d7 wp-block-columns-is-layout-flex">
<div class="wp-block-column is-vertically-aligned-center is-layout-flow wp-block-column-is-layout-flow">
<p>In einer acht Meter tiefen Krypta, die mit Mosaiken von Fernand Léger verziert ist, befinden sich die drei Altäre, die die verschiedenen Religionen repräsentieren: die jüdische, die katholische und die protestantische.</p>
</div>



<div class="wp-block-column is-vertically-aligned-center is-layout-flow wp-block-column-is-layout-flow">
<figure class="wp-block-image size-large is-resized"><img loading="lazy" decoding="async" src="https://www.landofmemory.eu/wp-content/uploads/2021/09/Bastogne-crypte-du-Mardasson-F.Le&#x301;ger-&#xA9;-A.Jacob-Bastogne-Memorial-DSC_0208-1024x681.jpeg" alt="Krypta im Mardasson." class="wp-image-3821" width="386" height="256"/><figcaption>© A. Jacob</figcaption></figure>
</div>
</div>

<p></p>

<p></p>

<p></p>

<p></p>

<!-- This site is optimized with the Yoast SEO plugin v26.0 - https://yoast.com/wordpress/plugins/seo/ -->
<title>Zweiter Weltkrieg: Das Mardasson</title>
<meta name="description" content="Das Mardasson-Denkmal erinnert an die amerikanischen Soldaten, die während der Ardennenoffensive ihr Leben verloren." />
<meta name="robots" content="index, follow, max-snippet:-1, max-image-preview:large, max-video-preview:-1" />
<link rel="canonical" href="https://www.landofmemory.eu/de/sites-historiques/das-mardasson/" />
<meta property="og:locale" content="de_DE" />
<meta property="og:type" content="article" />
<meta property="og:title" content="Zweiter Weltkrieg: Das Mardasson" />
<meta property="og:description" content="Das Mardasson-Denkmal erinnert an die amerikanischen Soldaten, die während der Ardennenoffensive ihr Leben verloren." />
<meta property="og:url" content="https://www.landofmemory.eu/de/sites-historiques/das-mardasson/" />
<meta property="og:site_name" content="Land Of Memory" />
<meta property="article:publisher" content="https://www.facebook.com/landofmemory.eu" />
<meta property="article:modified_time" content="2022-08-01T13:42:47+00:00" />
<meta property="og:image" content="https://www.landofmemory.eu/wp-content/uploads/2021/09/Mardasson-65e&#x300;me-anniversair-00h8h-1-1024x611.jpg" />
<meta name="twitter:card" content="summary_large_image" />
<meta name="twitter:label1" content="Geschätzte Lesezeit" />
	<meta name="twitter:data1" content="1 Minute" />
<script type="application/ld+json" class="yoast-schema-graph">{"@context":"https://schema.org","@graph":[{"@type":"WebPage","@id":"https://www.landofmemory.eu/de/sites-historiques/das-mardasson/","url":"https://www.landofmemory.eu/de/sites-historiques/das-mardasson/","name":"Zweiter Weltkrieg: Das Mardasson","isPartOf":{"@id":"https://www.landofmemory.eu/#website"},"primaryImageOfPage":{"@id":"https://www.landofmemory.eu/de/sites-historiques/das-mardasson/#primaryimage"},"image":{"@id":"https://www.landofmemory.eu/de/sites-historiques/das-mardasson/#primaryimage"},"thumbnailUrl":"https://www.landofmemory.eu/wp-content/uploads/2021/09/Mardasson-65e&#x300;me-anniversair-00h8h-1-1024x611.jpg","datePublished":"2021-10-21T12:45:31+00:00","dateModified":"2022-08-01T13:42:47+00:00","description":"Das Mardasson-Denkmal erinnert an die amerikanischen Soldaten, die während der Ardennenoffensive ihr Leben verloren.","breadcrumb":{"@id":"https://www.landofmemory.eu/de/sites-historiques/das-mardasson/#breadcrumb"},"inLanguage":"de","potentialAction":[{"@type":"ReadAction","target":["https://www.landofmemory.eu/de/sites-historiques/das-mardasson/"]}]},{"@type":"ImageObject","inLanguage":"de","@id":"https://www.landofmemory.eu/de/sites-historiques/das-mardasson/#primaryimage","url":"https://www.landofmemory.eu/wp-content/uploads/2021/09/Mardasson-65e&#x300;me-anniversair-00h8h-1-1024x611.jpg","contentUrl":"https://www.landofmemory.eu/wp-content/uploads/2021/09/Mardasson-65e&#x300;me-anniversair-00h8h-1-1024x611.jpg"},{"@type":"BreadcrumbList","@id":"https://www.landofmemory.eu/de/sites-historiques/das-mardasson/#breadcrumb","itemListElement":[{"@type":"ListItem","position":1,"name":"Accueil","item":"https://www.landofmemory.eu/"},{"@type":"ListItem","position":2,"name":"Das Mardasson"}]},{"@type":"WebSite","@id":"https://www.landofmemory.eu/#website","url":"https://www.landofmemory.eu/","name":"Land Of Memory","description":"L&#039;histoire commence ici","publisher":{"@id":"https://www.landofmemory.eu/#organization"},"potentialAction":[{"@type":"SearchAction","target":{"@type":"EntryPoint","urlTemplate":"https://www.landofmemory.eu/?s={search_term_string}"},"query-input":{"@type":"PropertyValueSpecification","valueRequired":true,"valueName":"search_term_string"}}],"inLanguage":"de"},{"@type":"Organization","@id":"https://www.landofmemory.eu/#organization","name":"Land Of Memory","url":"https://www.landofmemory.eu/","logo":{"@type":"ImageObject","inLanguage":"de","@id":"https://www.landofmemory.eu/#/schema/logo/image/","url":"https://www.landofmemory.eu/wp-content/uploads/2022/10/logo-land-of-memory.jpg","contentUrl":"https://www.landofmemory.eu/wp-content/uploads/2022/10/logo-land-of-memory.jpg","width":1000,"height":500,"caption":"Land Of Memory"},"image":{"@id":"https://www.landofmemory.eu/#/schema/logo/image/"},"sameAs":["https://www.facebook.com/landofmemory.eu","https://www.instagram.com/landofmemory_eu/"]}]}</script>
<!-- / Yoast SEO plugin. -->

Das Mardasson-Denkmal erinnert an die amerikanischen Soldaten, die während der Ardennenoffensive ihr Leben verloren.
