{"id":5565,"date":"2021-11-02T16:31:32","date_gmt":"2021-11-02T15:31:32","guid":{"rendered":"https:\/\/www.landofmemory.eu\/sites-historiques\/weltzentrum-fuer-frieden-freiheit-und-menschenrechte\/"},"modified":"2022-02-21T15:16:29","modified_gmt":"2022-02-21T14:16:29","slug":"weltzentrum-fuer-frieden-freiheit-und-menschenrechte","status":"publish","type":"sites-historiques","link":"https:\/\/www.landofmemory.eu\/de\/sites-historiques\/weltzentrum-fuer-frieden-freiheit-und-menschenrechte\/","title":{"rendered":"Weltzentrum f\u00fcr Frieden, Freiheit und Menschenrechte"},"content":{"rendered":"\n<h2 class=\"wp-block-heading\" id=\"apres-la-guerre-la-republique\">&#8222;Nach dem Krieg, die Republik&#8220;<\/h2>\n\n<p>Das Weltfriedenszentrum ist ein Ort f\u00fcr Neugierige, egal ob sie sich f\u00fcr Geopolitik interessieren oder mehr \u00fcber aktuelle Konvergenzen und Divergenzen erfahren m\u00f6chten.<\/p>\n\n<p>Der Besuch des Weltfriedenszentrums erweist sich als eine gute Erg\u00e4nzung zu den anderen Gedenkst\u00e4tten in Verdun. In der Tat erm\u00f6glicht die Ausstellung &#8222;Dr\u00f4le de paix&#8220; (Komischer Frieden), die Nachkriegszeit und ihre noch immer aktuellen geopolitischen Herausforderungen besser zu verstehen.&#13;\n<\/p>\n\n<p>Das Zentrum bietet aber auch eine Vielzahl von Veranstaltungen im Laufe des Jahres an. Es finden nicht nur zahlreiche Sonderausstellungen statt, sondern auch viele Konferenzen, deren Themen interessanter sind als die anderen.&#13;\n<\/p>\n\n<p>Das Beste am Zentrum ist der kostenlose Besuch der G\u00e4rten aus dem 18. Jahrhundert, in denen sich ein Teil der Berliner Mauer befindet, die immer noch viele Emotionen hervorbringt.&#13;\n<\/p>\n\n<p>Wir laden Sie dazu ein, sich \u00fcber das Programm der Veranstaltungen, die im Weltfriedenszentrum stattfinden, zu informieren. Die Gelegenheit, im Laufe der Programme den Ort zu entdecken oder wiederzuentdecken&#8220;.&#13;\n<\/p>\n","protected":false},"template":"","type_site":[53],"class_list":["post-5565","sites-historiques","type-sites-historiques","status-publish","hentry","type_site-museen-und-ausstellungen"],"acf":[],"yoast_head":"<!-- This site is optimized with the Yoast SEO plugin v26.0 - https:\/\/yoast.com\/wordpress\/plugins\/seo\/ -->\n<title>Weltzentrum f\u00fcr Frieden, Freiheit und Menschenrechte<\/title>\n<meta name=\"description\" content=\"Das Weltfriedenszentrum ist ein au\u00dfergew\u00f6hnlicher Ort, der an das Regime erinnert, das nach dem Ersten Weltkrieg in Deutschland herrschte.\" \/>\n<meta name=\"robots\" content=\"index, follow, max-snippet:-1, max-image-preview:large, max-video-preview:-1\" \/>\n<link rel=\"canonical\" href=\"https:\/\/www.landofmemory.eu\/de\/sites-historiques\/weltzentrum-fuer-frieden-freiheit-und-menschenrechte\/\" \/>\n<meta property=\"og:locale\" content=\"de_DE\" \/>\n<meta property=\"og:type\" content=\"article\" \/>\n<meta property=\"og:title\" content=\"Weltzentrum f\u00fcr Frieden, Freiheit und Menschenrechte\" \/>\n<meta property=\"og:description\" content=\"Das Weltfriedenszentrum ist ein au\u00dfergew\u00f6hnlicher Ort, der an das Regime erinnert, das nach dem Ersten Weltkrieg in Deutschland herrschte.\" \/>\n<meta property=\"og:url\" content=\"https:\/\/www.landofmemory.eu\/de\/sites-historiques\/weltzentrum-fuer-frieden-freiheit-und-menschenrechte\/\" \/>\n<meta property=\"og:site_name\" content=\"Land Of Memory\" \/>\n<meta property=\"article:publisher\" content=\"https:\/\/www.facebook.com\/landofmemory.eu\" \/>\n<meta property=\"article:modified_time\" content=\"2022-02-21T14:16:29+00:00\" \/>\n<meta name=\"twitter:card\" content=\"summary_large_image\" \/>\n<meta name=\"twitter:label1\" content=\"Gesch\u00e4tzte Lesezeit\" \/>\n\t<meta name=\"twitter:data1\" content=\"1\u00a0Minute\" \/>\n<script type=\"application\/ld+json\" class=\"yoast-schema-graph\">{\"@context\":\"https:\/\/schema.org\",\"@graph\":[{\"@type\":\"WebPage\",\"@id\":\"https:\/\/www.landofmemory.eu\/de\/sites-historiques\/weltzentrum-fuer-frieden-freiheit-und-menschenrechte\/\",\"url\":\"https:\/\/www.landofmemory.eu\/de\/sites-historiques\/weltzentrum-fuer-frieden-freiheit-und-menschenrechte\/\",\"name\":\"Weltzentrum f\u00fcr Frieden, Freiheit und Menschenrechte\",\"isPartOf\":{\"@id\":\"https:\/\/www.landofmemory.eu\/#website\"},\"datePublished\":\"2021-11-02T15:31:32+00:00\",\"dateModified\":\"2022-02-21T14:16:29+00:00\",\"description\":\"Das Weltfriedenszentrum ist ein au\u00dfergew\u00f6hnlicher Ort, der an das Regime erinnert, das nach dem Ersten Weltkrieg in Deutschland herrschte.\",\"breadcrumb\":{\"@id\":\"https:\/\/www.landofmemory.eu\/de\/sites-historiques\/weltzentrum-fuer-frieden-freiheit-und-menschenrechte\/#breadcrumb\"},\"inLanguage\":\"de\",\"potentialAction\":[{\"@type\":\"ReadAction\",\"target\":[\"https:\/\/www.landofmemory.eu\/de\/sites-historiques\/weltzentrum-fuer-frieden-freiheit-und-menschenrechte\/\"]}]},{\"@type\":\"BreadcrumbList\",\"@id\":\"https:\/\/www.landofmemory.eu\/de\/sites-historiques\/weltzentrum-fuer-frieden-freiheit-und-menschenrechte\/#breadcrumb\",\"itemListElement\":[{\"@type\":\"ListItem\",\"position\":1,\"name\":\"Accueil\",\"item\":\"https:\/\/www.landofmemory.eu\/\"},{\"@type\":\"ListItem\",\"position\":2,\"name\":\"Weltzentrum f\u00fcr Frieden, Freiheit und Menschenrechte\"}]},{\"@type\":\"WebSite\",\"@id\":\"https:\/\/www.landofmemory.eu\/#website\",\"url\":\"https:\/\/www.landofmemory.eu\/\",\"name\":\"Land Of Memory\",\"description\":\"L&#039;histoire commence ici\",\"publisher\":{\"@id\":\"https:\/\/www.landofmemory.eu\/#organization\"},\"potentialAction\":[{\"@type\":\"SearchAction\",\"target\":{\"@type\":\"EntryPoint\",\"urlTemplate\":\"https:\/\/www.landofmemory.eu\/?s={search_term_string}\"},\"query-input\":{\"@type\":\"PropertyValueSpecification\",\"valueRequired\":true,\"valueName\":\"search_term_string\"}}],\"inLanguage\":\"de\"},{\"@type\":\"Organization\",\"@id\":\"https:\/\/www.landofmemory.eu\/#organization\",\"name\":\"Land Of Memory\",\"url\":\"https:\/\/www.landofmemory.eu\/\",\"logo\":{\"@type\":\"ImageObject\",\"inLanguage\":\"de\",\"@id\":\"https:\/\/www.landofmemory.eu\/#\/schema\/logo\/image\/\",\"url\":\"https:\/\/www.landofmemory.eu\/wp-content\/uploads\/2022\/10\/logo-land-of-memory.jpg\",\"contentUrl\":\"https:\/\/www.landofmemory.eu\/wp-content\/uploads\/2022\/10\/logo-land-of-memory.jpg\",\"width\":1000,\"height\":500,\"caption\":\"Land Of Memory\"},\"image\":{\"@id\":\"https:\/\/www.landofmemory.eu\/#\/schema\/logo\/image\/\"},\"sameAs\":[\"https:\/\/www.facebook.com\/landofmemory.eu\",\"https:\/\/www.instagram.com\/landofmemory_eu\/\"]}]}<\/script>\n<!-- \/ Yoast SEO plugin. -->","yoast_head_json":{"title":"Weltzentrum f\u00fcr Frieden, Freiheit und Menschenrechte","description":"Das Weltfriedenszentrum ist ein au\u00dfergew\u00f6hnlicher Ort, der an das Regime erinnert, das nach dem Ersten Weltkrieg in Deutschland herrschte.","robots":{"index":"index","follow":"follow","max-snippet":"max-snippet:-1","max-image-preview":"max-image-preview:large","max-video-preview":"max-video-preview:-1"},"canonical":"https:\/\/www.landofmemory.eu\/de\/sites-historiques\/weltzentrum-fuer-frieden-freiheit-und-menschenrechte\/","og_locale":"de_DE","og_type":"article","og_title":"Weltzentrum f\u00fcr Frieden, Freiheit und Menschenrechte","og_description":"Das Weltfriedenszentrum ist ein au\u00dfergew\u00f6hnlicher Ort, der an das Regime erinnert, das nach dem Ersten Weltkrieg in Deutschland herrschte.","og_url":"https:\/\/www.landofmemory.eu\/de\/sites-historiques\/weltzentrum-fuer-frieden-freiheit-und-menschenrechte\/","og_site_name":"Land Of Memory","article_publisher":"https:\/\/www.facebook.com\/landofmemory.eu","article_modified_time":"2022-02-21T14:16:29+00:00","twitter_card":"summary_large_image","twitter_misc":{"Gesch\u00e4tzte Lesezeit":"1\u00a0Minute"},"schema":{"@context":"https:\/\/schema.org","@graph":[{"@type":"WebPage","@id":"https:\/\/www.landofmemory.eu\/de\/sites-historiques\/weltzentrum-fuer-frieden-freiheit-und-menschenrechte\/","url":"https:\/\/www.landofmemory.eu\/de\/sites-historiques\/weltzentrum-fuer-frieden-freiheit-und-menschenrechte\/","name":"Weltzentrum f\u00fcr Frieden, Freiheit und Menschenrechte","isPartOf":{"@id":"https:\/\/www.landofmemory.eu\/#website"},"datePublished":"2021-11-02T15:31:32+00:00","dateModified":"2022-02-21T14:16:29+00:00","description":"Das Weltfriedenszentrum ist ein au\u00dfergew\u00f6hnlicher Ort, der an das Regime erinnert, das nach dem Ersten Weltkrieg in Deutschland herrschte.","breadcrumb":{"@id":"https:\/\/www.landofmemory.eu\/de\/sites-historiques\/weltzentrum-fuer-frieden-freiheit-und-menschenrechte\/#breadcrumb"},"inLanguage":"de","potentialAction":[{"@type":"ReadAction","target":["https:\/\/www.landofmemory.eu\/de\/sites-historiques\/weltzentrum-fuer-frieden-freiheit-und-menschenrechte\/"]}]},{"@type":"BreadcrumbList","@id":"https:\/\/www.landofmemory.eu\/de\/sites-historiques\/weltzentrum-fuer-frieden-freiheit-und-menschenrechte\/#breadcrumb","itemListElement":[{"@type":"ListItem","position":1,"name":"Accueil","item":"https:\/\/www.landofmemory.eu\/"},{"@type":"ListItem","position":2,"name":"Weltzentrum f\u00fcr Frieden, Freiheit und Menschenrechte"}]},{"@type":"WebSite","@id":"https:\/\/www.landofmemory.eu\/#website","url":"https:\/\/www.landofmemory.eu\/","name":"Land Of Memory","description":"L&#039;histoire commence ici","publisher":{"@id":"https:\/\/www.landofmemory.eu\/#organization"},"potentialAction":[{"@type":"SearchAction","target":{"@type":"EntryPoint","urlTemplate":"https:\/\/www.landofmemory.eu\/?s={search_term_string}"},"query-input":{"@type":"PropertyValueSpecification","valueRequired":true,"valueName":"search_term_string"}}],"inLanguage":"de"},{"@type":"Organization","@id":"https:\/\/www.landofmemory.eu\/#organization","name":"Land Of Memory","url":"https:\/\/www.landofmemory.eu\/","logo":{"@type":"ImageObject","inLanguage":"de","@id":"https:\/\/www.landofmemory.eu\/#\/schema\/logo\/image\/","url":"https:\/\/www.landofmemory.eu\/wp-content\/uploads\/2022\/10\/logo-land-of-memory.jpg","contentUrl":"https:\/\/www.landofmemory.eu\/wp-content\/uploads\/2022\/10\/logo-land-of-memory.jpg","width":1000,"height":500,"caption":"Land Of Memory"},"image":{"@id":"https:\/\/www.landofmemory.eu\/#\/schema\/logo\/image\/"},"sameAs":["https:\/\/www.facebook.com\/landofmemory.eu","https:\/\/www.instagram.com\/landofmemory_eu\/"]}]}},"_links":{"self":[{"href":"https:\/\/www.landofmemory.eu\/de\/wp-json\/wp\/v2\/sites-historiques\/5565","targetHints":{"allow":["GET"]}}],"collection":[{"href":"https:\/\/www.landofmemory.eu\/de\/wp-json\/wp\/v2\/sites-historiques"}],"about":[{"href":"https:\/\/www.landofmemory.eu\/de\/wp-json\/wp\/v2\/types\/sites-historiques"}],"wp:attachment":[{"href":"https:\/\/www.landofmemory.eu\/de\/wp-json\/wp\/v2\/media?parent=5565"}],"wp:term":[{"taxonomy":"type_site","embeddable":true,"href":"https:\/\/www.landofmemory.eu\/de\/wp-json\/wp\/v2\/type_site?post=5565"}],"curies":[{"name":"wp","href":"https:\/\/api.w.org\/{rel}","templated":true}]}}

Weltzentrum für Frieden, Freiheit und Menschenrechte

<h2 class="wp-block-heading" id="apres-la-guerre-la-republique">&#8222;Nach dem Krieg, die Republik&#8220;</h2>

<p>Das Weltfriedenszentrum ist ein Ort für Neugierige, egal ob sie sich für Geopolitik interessieren oder mehr über aktuelle Konvergenzen und Divergenzen erfahren möchten.</p>

<p>Der Besuch des Weltfriedenszentrums erweist sich als eine gute Ergänzung zu den anderen Gedenkstätten in Verdun. In der Tat ermöglicht die Ausstellung &#8222;Drôle de paix&#8220; (Komischer Frieden), die Nachkriegszeit und ihre noch immer aktuellen geopolitischen Herausforderungen besser zu verstehen.&#13;
</p>

<p>Das Zentrum bietet aber auch eine Vielzahl von Veranstaltungen im Laufe des Jahres an. Es finden nicht nur zahlreiche Sonderausstellungen statt, sondern auch viele Konferenzen, deren Themen interessanter sind als die anderen.&#13;
</p>

<p>Das Beste am Zentrum ist der kostenlose Besuch der Gärten aus dem 18. Jahrhundert, in denen sich ein Teil der Berliner Mauer befindet, die immer noch viele Emotionen hervorbringt.&#13;
</p>

<p>Wir laden Sie dazu ein, sich über das Programm der Veranstaltungen, die im Weltfriedenszentrum stattfinden, zu informieren. Die Gelegenheit, im Laufe der Programme den Ort zu entdecken oder wiederzuentdecken&#8220;.&#13;
</p>

<!-- This site is optimized with the Yoast SEO plugin v26.0 - https://yoast.com/wordpress/plugins/seo/ -->
<title>Weltzentrum für Frieden, Freiheit und Menschenrechte</title>
<meta name="description" content="Das Weltfriedenszentrum ist ein außergewöhnlicher Ort, der an das Regime erinnert, das nach dem Ersten Weltkrieg in Deutschland herrschte." />
<meta name="robots" content="index, follow, max-snippet:-1, max-image-preview:large, max-video-preview:-1" />
<link rel="canonical" href="https://www.landofmemory.eu/de/sites-historiques/weltzentrum-fuer-frieden-freiheit-und-menschenrechte/" />
<meta property="og:locale" content="de_DE" />
<meta property="og:type" content="article" />
<meta property="og:title" content="Weltzentrum für Frieden, Freiheit und Menschenrechte" />
<meta property="og:description" content="Das Weltfriedenszentrum ist ein außergewöhnlicher Ort, der an das Regime erinnert, das nach dem Ersten Weltkrieg in Deutschland herrschte." />
<meta property="og:url" content="https://www.landofmemory.eu/de/sites-historiques/weltzentrum-fuer-frieden-freiheit-und-menschenrechte/" />
<meta property="og:site_name" content="Land Of Memory" />
<meta property="article:publisher" content="https://www.facebook.com/landofmemory.eu" />
<meta property="article:modified_time" content="2022-02-21T14:16:29+00:00" />
<meta name="twitter:card" content="summary_large_image" />
<meta name="twitter:label1" content="Geschätzte Lesezeit" />
	<meta name="twitter:data1" content="1 Minute" />
<script type="application/ld+json" class="yoast-schema-graph">{"@context":"https://schema.org","@graph":[{"@type":"WebPage","@id":"https://www.landofmemory.eu/de/sites-historiques/weltzentrum-fuer-frieden-freiheit-und-menschenrechte/","url":"https://www.landofmemory.eu/de/sites-historiques/weltzentrum-fuer-frieden-freiheit-und-menschenrechte/","name":"Weltzentrum für Frieden, Freiheit und Menschenrechte","isPartOf":{"@id":"https://www.landofmemory.eu/#website"},"datePublished":"2021-11-02T15:31:32+00:00","dateModified":"2022-02-21T14:16:29+00:00","description":"Das Weltfriedenszentrum ist ein außergewöhnlicher Ort, der an das Regime erinnert, das nach dem Ersten Weltkrieg in Deutschland herrschte.","breadcrumb":{"@id":"https://www.landofmemory.eu/de/sites-historiques/weltzentrum-fuer-frieden-freiheit-und-menschenrechte/#breadcrumb"},"inLanguage":"de","potentialAction":[{"@type":"ReadAction","target":["https://www.landofmemory.eu/de/sites-historiques/weltzentrum-fuer-frieden-freiheit-und-menschenrechte/"]}]},{"@type":"BreadcrumbList","@id":"https://www.landofmemory.eu/de/sites-historiques/weltzentrum-fuer-frieden-freiheit-und-menschenrechte/#breadcrumb","itemListElement":[{"@type":"ListItem","position":1,"name":"Accueil","item":"https://www.landofmemory.eu/"},{"@type":"ListItem","position":2,"name":"Weltzentrum für Frieden, Freiheit und Menschenrechte"}]},{"@type":"WebSite","@id":"https://www.landofmemory.eu/#website","url":"https://www.landofmemory.eu/","name":"Land Of Memory","description":"L&#039;histoire commence ici","publisher":{"@id":"https://www.landofmemory.eu/#organization"},"potentialAction":[{"@type":"SearchAction","target":{"@type":"EntryPoint","urlTemplate":"https://www.landofmemory.eu/?s={search_term_string}"},"query-input":{"@type":"PropertyValueSpecification","valueRequired":true,"valueName":"search_term_string"}}],"inLanguage":"de"},{"@type":"Organization","@id":"https://www.landofmemory.eu/#organization","name":"Land Of Memory","url":"https://www.landofmemory.eu/","logo":{"@type":"ImageObject","inLanguage":"de","@id":"https://www.landofmemory.eu/#/schema/logo/image/","url":"https://www.landofmemory.eu/wp-content/uploads/2022/10/logo-land-of-memory.jpg","contentUrl":"https://www.landofmemory.eu/wp-content/uploads/2022/10/logo-land-of-memory.jpg","width":1000,"height":500,"caption":"Land Of Memory"},"image":{"@id":"https://www.landofmemory.eu/#/schema/logo/image/"},"sameAs":["https://www.facebook.com/landofmemory.eu","https://www.instagram.com/landofmemory_eu/"]}]}</script>
<!-- / Yoast SEO plugin. -->

Das Weltfriedenszentrum ist ein außergewöhnlicher Ort, der an das Regime erinnert, das nach dem Ersten Weltkrieg in Deutschland herrschte.
