{"id":5579,"date":"2021-11-02T16:55:12","date_gmt":"2021-11-02T15:55:12","guid":{"rendered":"https:\/\/www.landofmemory.eu\/sites-historiques\/fort-vaux\/"},"modified":"2022-08-02T12:16:13","modified_gmt":"2022-08-02T10:16:13","slug":"fort-vaux","status":"publish","type":"sites-historiques","link":"https:\/\/www.landofmemory.eu\/de\/sites-historiques\/fort-vaux\/","title":{"rendered":"Fort Vaux"},"content":{"rendered":"\n<h2 class=\"wp-block-heading\">Die Sternwarte <\/h2>\n\n<div style=\"height:100px\" aria-hidden=\"true\" class=\"wp-block-spacer\"><\/div>\n\n<div class=\"wp-block-columns is-layout-flex wp-container-core-columns-is-layout-9d6595d7 wp-block-columns-is-layout-flex\">\n<div class=\"wp-block-column is-vertically-aligned-center is-layout-flow wp-block-column-is-layout-flow\">\n<figure class=\"wp-block-image size-medium is-resized\"><img loading=\"lazy\" decoding=\"async\" src=\"https:\/\/www.landofmemory.eu\/wp-content\/uploads\/2021\/10\/Fort-de-Vaux_Denis_Bdts1-min-200x300.jpg\" alt=\"Fort Vaux\" class=\"wp-image-4310\" width=\"403\" height=\"605\" srcset=\"https:\/\/www.landofmemory.eu\/wp-content\/uploads\/2021\/10\/Fort-de-Vaux_Denis_Bdts1-min-200x300.jpg 200w, https:\/\/www.landofmemory.eu\/wp-content\/uploads\/2021\/10\/Fort-de-Vaux_Denis_Bdts1-min-683x1024.jpg 683w, https:\/\/www.landofmemory.eu\/wp-content\/uploads\/2021\/10\/Fort-de-Vaux_Denis_Bdts1-min-768x1151.jpg 768w, https:\/\/www.landofmemory.eu\/wp-content\/uploads\/2021\/10\/Fort-de-Vaux_Denis_Bdts1-min-1025x1536.jpg 1025w, https:\/\/www.landofmemory.eu\/wp-content\/uploads\/2021\/10\/Fort-de-Vaux_Denis_Bdts1-min-1367x2048.jpg 1367w, https:\/\/www.landofmemory.eu\/wp-content\/uploads\/2021\/10\/Fort-de-Vaux_Denis_Bdts1-min-600x900.jpg 600w, https:\/\/www.landofmemory.eu\/wp-content\/uploads\/2021\/10\/Fort-de-Vaux_Denis_Bdts1-min-scaled.jpg 1709w\" sizes=\"auto, (max-width: 403px) 100vw, 403px\" \/><figcaption>\u00a9 Land of Memory<\/figcaption><\/figure>\n<\/div>\n\n\n\n<div class=\"wp-block-column is-vertically-aligned-center is-layout-flow wp-block-column-is-layout-flow\">\n<p>Der Bau des Forts Vaux fand zwischen 1881 und 1884 statt. Es diente als Observatorium zur \u00dcberwachung des Plateaus der Vaux-Schlucht und der Wo\u00ebvre-Ebene. <\/p>\n\n\n\n<p>Urspr\u00fcnglich war das Fort Teil des ersten Sektors der Festung von Verdun. Die Garnison bestand aus einer halben Infanteriekompanie, zwei Maschinengewehrabteilungen, 52 Festungshelfer und 279 Mann.&#13;\n<\/p>\n\n\n\n<p>Am 2. April 1916 nahmen die Deutschen das Dorf Vaux-devant-Damloup ein, doch die Festung leistete Widerstand. Vom 2. bis 7. Juni 1916 standen die franz\u00f6sischen Soldaten der 50. deutschen Division gegen\u00fcber. Doch die ersch\u00f6pften Truppen kapitulierten schlie\u00dflich. Die Deutschen scheiterten jedoch bei Verdun und gaben die Festung im Herbst auf. In der Nacht vom 2. auf den 3. November 1916 r\u00e4ument die franz\u00f6sischen Truppen die Festung kampflos.<\/p>\n\n\n\n<p>Gefechtsstand, Krankenstation, Fernmeldeposten, Taubenschlag, Bourges-Kasematte&#8230; der Besuch des Forts Vaux erm\u00f6glicht es uns, die harten Lebensbedingungen der Soldaten w\u00e4hrend der Belagerung besser zu verstehen. Es wurde zwischen dem 9. M\u00e4rz und dem 7. Juni 1916 mit fast 8.000 Granaten pro Tag bombardiert und gibt noch immer ein besonders schroffes Bild ab, das von der Gewalt der Bombardierungen zeugt.&#13;\n&#13;\n<\/p>\n<\/div>\n<\/div>\n\n<p><\/p>\n\n<p><\/p>\n\n<p><\/p>\n\n<p><\/p>\n\n<p><\/p>\n\n<p><\/p>\n","protected":false},"template":"","type_site":[47],"class_list":["post-5579","sites-historiques","type-sites-historiques","status-publish","hentry","type_site-kriegsfestungen"],"acf":[],"yoast_head":"<!-- This site is optimized with the Yoast SEO plugin v26.0 - https:\/\/yoast.com\/wordpress\/plugins\/seo\/ -->\n<title>Erster Weltkrieg: Fort Vaux<\/title>\n<meta name=\"robots\" content=\"index, follow, max-snippet:-1, max-image-preview:large, max-video-preview:-1\" \/>\n<link rel=\"canonical\" href=\"https:\/\/www.landofmemory.eu\/de\/sites-historiques\/fort-vaux\/\" \/>\n<meta property=\"og:locale\" content=\"de_DE\" \/>\n<meta property=\"og:type\" content=\"article\" \/>\n<meta property=\"og:title\" content=\"Erster Weltkrieg: Fort Vaux\" \/>\n<meta property=\"og:description\" content=\"Die Sternwarte Der Bau des Forts Vaux fand zwischen 1881 und 1884 statt. Es diente als Observatorium zur \u00dcberwachung des Plateaus der Vaux-Schlucht und der Wo\u00ebvre-Ebene. Urspr\u00fcnglich war das Fort Teil des ersten Sektors der Festung von Verdun. Die Garnison bestand aus einer halben Infanteriekompanie, zwei Maschinengewehrabteilungen, 52 Festungshelfer und 279 Mann.&#013; Am 2. April [&hellip;]\" \/>\n<meta property=\"og:url\" content=\"https:\/\/www.landofmemory.eu\/de\/sites-historiques\/fort-vaux\/\" \/>\n<meta property=\"og:site_name\" content=\"Land Of Memory\" \/>\n<meta property=\"article:publisher\" content=\"https:\/\/www.facebook.com\/landofmemory.eu\" \/>\n<meta property=\"article:modified_time\" content=\"2022-08-02T10:16:13+00:00\" \/>\n<meta property=\"og:image\" content=\"https:\/\/www.landofmemory.eu\/wp-content\/uploads\/2021\/10\/Fort-de-Vaux_Denis_Bdts1-min-200x300.jpg\" \/>\n<meta name=\"twitter:card\" content=\"summary_large_image\" \/>\n<meta name=\"twitter:label1\" content=\"Gesch\u00e4tzte Lesezeit\" \/>\n\t<meta name=\"twitter:data1\" content=\"1\u00a0Minute\" \/>\n<script type=\"application\/ld+json\" class=\"yoast-schema-graph\">{\"@context\":\"https:\/\/schema.org\",\"@graph\":[{\"@type\":\"WebPage\",\"@id\":\"https:\/\/www.landofmemory.eu\/de\/sites-historiques\/fort-vaux\/\",\"url\":\"https:\/\/www.landofmemory.eu\/de\/sites-historiques\/fort-vaux\/\",\"name\":\"Erster Weltkrieg: Fort Vaux\",\"isPartOf\":{\"@id\":\"https:\/\/www.landofmemory.eu\/#website\"},\"primaryImageOfPage\":{\"@id\":\"https:\/\/www.landofmemory.eu\/de\/sites-historiques\/fort-vaux\/#primaryimage\"},\"image\":{\"@id\":\"https:\/\/www.landofmemory.eu\/de\/sites-historiques\/fort-vaux\/#primaryimage\"},\"thumbnailUrl\":\"https:\/\/www.landofmemory.eu\/wp-content\/uploads\/2021\/10\/Fort-de-Vaux_Denis_Bdts1-min-200x300.jpg\",\"datePublished\":\"2021-11-02T15:55:12+00:00\",\"dateModified\":\"2022-08-02T10:16:13+00:00\",\"breadcrumb\":{\"@id\":\"https:\/\/www.landofmemory.eu\/de\/sites-historiques\/fort-vaux\/#breadcrumb\"},\"inLanguage\":\"de\",\"potentialAction\":[{\"@type\":\"ReadAction\",\"target\":[\"https:\/\/www.landofmemory.eu\/de\/sites-historiques\/fort-vaux\/\"]}]},{\"@type\":\"ImageObject\",\"inLanguage\":\"de\",\"@id\":\"https:\/\/www.landofmemory.eu\/de\/sites-historiques\/fort-vaux\/#primaryimage\",\"url\":\"https:\/\/www.landofmemory.eu\/wp-content\/uploads\/2021\/10\/Fort-de-Vaux_Denis_Bdts1-min-200x300.jpg\",\"contentUrl\":\"https:\/\/www.landofmemory.eu\/wp-content\/uploads\/2021\/10\/Fort-de-Vaux_Denis_Bdts1-min-200x300.jpg\"},{\"@type\":\"BreadcrumbList\",\"@id\":\"https:\/\/www.landofmemory.eu\/de\/sites-historiques\/fort-vaux\/#breadcrumb\",\"itemListElement\":[{\"@type\":\"ListItem\",\"position\":1,\"name\":\"Accueil\",\"item\":\"https:\/\/www.landofmemory.eu\/\"},{\"@type\":\"ListItem\",\"position\":2,\"name\":\"Fort Vaux\"}]},{\"@type\":\"WebSite\",\"@id\":\"https:\/\/www.landofmemory.eu\/#website\",\"url\":\"https:\/\/www.landofmemory.eu\/\",\"name\":\"Land Of Memory\",\"description\":\"L&#039;histoire commence ici\",\"publisher\":{\"@id\":\"https:\/\/www.landofmemory.eu\/#organization\"},\"potentialAction\":[{\"@type\":\"SearchAction\",\"target\":{\"@type\":\"EntryPoint\",\"urlTemplate\":\"https:\/\/www.landofmemory.eu\/?s={search_term_string}\"},\"query-input\":{\"@type\":\"PropertyValueSpecification\",\"valueRequired\":true,\"valueName\":\"search_term_string\"}}],\"inLanguage\":\"de\"},{\"@type\":\"Organization\",\"@id\":\"https:\/\/www.landofmemory.eu\/#organization\",\"name\":\"Land Of Memory\",\"url\":\"https:\/\/www.landofmemory.eu\/\",\"logo\":{\"@type\":\"ImageObject\",\"inLanguage\":\"de\",\"@id\":\"https:\/\/www.landofmemory.eu\/#\/schema\/logo\/image\/\",\"url\":\"https:\/\/www.landofmemory.eu\/wp-content\/uploads\/2022\/10\/logo-land-of-memory.jpg\",\"contentUrl\":\"https:\/\/www.landofmemory.eu\/wp-content\/uploads\/2022\/10\/logo-land-of-memory.jpg\",\"width\":1000,\"height\":500,\"caption\":\"Land Of Memory\"},\"image\":{\"@id\":\"https:\/\/www.landofmemory.eu\/#\/schema\/logo\/image\/\"},\"sameAs\":[\"https:\/\/www.facebook.com\/landofmemory.eu\",\"https:\/\/www.instagram.com\/landofmemory_eu\/\"]}]}<\/script>\n<!-- \/ Yoast SEO plugin. -->","yoast_head_json":{"title":"Erster Weltkrieg: Fort Vaux","robots":{"index":"index","follow":"follow","max-snippet":"max-snippet:-1","max-image-preview":"max-image-preview:large","max-video-preview":"max-video-preview:-1"},"canonical":"https:\/\/www.landofmemory.eu\/de\/sites-historiques\/fort-vaux\/","og_locale":"de_DE","og_type":"article","og_title":"Erster Weltkrieg: Fort Vaux","og_description":"Die Sternwarte Der Bau des Forts Vaux fand zwischen 1881 und 1884 statt. Es diente als Observatorium zur \u00dcberwachung des Plateaus der Vaux-Schlucht und der Wo\u00ebvre-Ebene. Urspr\u00fcnglich war das Fort Teil des ersten Sektors der Festung von Verdun. Die Garnison bestand aus einer halben Infanteriekompanie, zwei Maschinengewehrabteilungen, 52 Festungshelfer und 279 Mann.&#13; Am 2. April [&hellip;]","og_url":"https:\/\/www.landofmemory.eu\/de\/sites-historiques\/fort-vaux\/","og_site_name":"Land Of Memory","article_publisher":"https:\/\/www.facebook.com\/landofmemory.eu","article_modified_time":"2022-08-02T10:16:13+00:00","og_image":[{"url":"https:\/\/www.landofmemory.eu\/wp-content\/uploads\/2021\/10\/Fort-de-Vaux_Denis_Bdts1-min-200x300.jpg","type":"","width":"","height":""}],"twitter_card":"summary_large_image","twitter_misc":{"Gesch\u00e4tzte Lesezeit":"1\u00a0Minute"},"schema":{"@context":"https:\/\/schema.org","@graph":[{"@type":"WebPage","@id":"https:\/\/www.landofmemory.eu\/de\/sites-historiques\/fort-vaux\/","url":"https:\/\/www.landofmemory.eu\/de\/sites-historiques\/fort-vaux\/","name":"Erster Weltkrieg: Fort Vaux","isPartOf":{"@id":"https:\/\/www.landofmemory.eu\/#website"},"primaryImageOfPage":{"@id":"https:\/\/www.landofmemory.eu\/de\/sites-historiques\/fort-vaux\/#primaryimage"},"image":{"@id":"https:\/\/www.landofmemory.eu\/de\/sites-historiques\/fort-vaux\/#primaryimage"},"thumbnailUrl":"https:\/\/www.landofmemory.eu\/wp-content\/uploads\/2021\/10\/Fort-de-Vaux_Denis_Bdts1-min-200x300.jpg","datePublished":"2021-11-02T15:55:12+00:00","dateModified":"2022-08-02T10:16:13+00:00","breadcrumb":{"@id":"https:\/\/www.landofmemory.eu\/de\/sites-historiques\/fort-vaux\/#breadcrumb"},"inLanguage":"de","potentialAction":[{"@type":"ReadAction","target":["https:\/\/www.landofmemory.eu\/de\/sites-historiques\/fort-vaux\/"]}]},{"@type":"ImageObject","inLanguage":"de","@id":"https:\/\/www.landofmemory.eu\/de\/sites-historiques\/fort-vaux\/#primaryimage","url":"https:\/\/www.landofmemory.eu\/wp-content\/uploads\/2021\/10\/Fort-de-Vaux_Denis_Bdts1-min-200x300.jpg","contentUrl":"https:\/\/www.landofmemory.eu\/wp-content\/uploads\/2021\/10\/Fort-de-Vaux_Denis_Bdts1-min-200x300.jpg"},{"@type":"BreadcrumbList","@id":"https:\/\/www.landofmemory.eu\/de\/sites-historiques\/fort-vaux\/#breadcrumb","itemListElement":[{"@type":"ListItem","position":1,"name":"Accueil","item":"https:\/\/www.landofmemory.eu\/"},{"@type":"ListItem","position":2,"name":"Fort Vaux"}]},{"@type":"WebSite","@id":"https:\/\/www.landofmemory.eu\/#website","url":"https:\/\/www.landofmemory.eu\/","name":"Land Of Memory","description":"L&#039;histoire commence ici","publisher":{"@id":"https:\/\/www.landofmemory.eu\/#organization"},"potentialAction":[{"@type":"SearchAction","target":{"@type":"EntryPoint","urlTemplate":"https:\/\/www.landofmemory.eu\/?s={search_term_string}"},"query-input":{"@type":"PropertyValueSpecification","valueRequired":true,"valueName":"search_term_string"}}],"inLanguage":"de"},{"@type":"Organization","@id":"https:\/\/www.landofmemory.eu\/#organization","name":"Land Of Memory","url":"https:\/\/www.landofmemory.eu\/","logo":{"@type":"ImageObject","inLanguage":"de","@id":"https:\/\/www.landofmemory.eu\/#\/schema\/logo\/image\/","url":"https:\/\/www.landofmemory.eu\/wp-content\/uploads\/2022\/10\/logo-land-of-memory.jpg","contentUrl":"https:\/\/www.landofmemory.eu\/wp-content\/uploads\/2022\/10\/logo-land-of-memory.jpg","width":1000,"height":500,"caption":"Land Of Memory"},"image":{"@id":"https:\/\/www.landofmemory.eu\/#\/schema\/logo\/image\/"},"sameAs":["https:\/\/www.facebook.com\/landofmemory.eu","https:\/\/www.instagram.com\/landofmemory_eu\/"]}]}},"_links":{"self":[{"href":"https:\/\/www.landofmemory.eu\/de\/wp-json\/wp\/v2\/sites-historiques\/5579","targetHints":{"allow":["GET"]}}],"collection":[{"href":"https:\/\/www.landofmemory.eu\/de\/wp-json\/wp\/v2\/sites-historiques"}],"about":[{"href":"https:\/\/www.landofmemory.eu\/de\/wp-json\/wp\/v2\/types\/sites-historiques"}],"wp:attachment":[{"href":"https:\/\/www.landofmemory.eu\/de\/wp-json\/wp\/v2\/media?parent=5579"}],"wp:term":[{"taxonomy":"type_site","embeddable":true,"href":"https:\/\/www.landofmemory.eu\/de\/wp-json\/wp\/v2\/type_site?post=5579"}],"curies":[{"name":"wp","href":"https:\/\/api.w.org\/{rel}","templated":true}]}}

<h2 class="wp-block-heading">Die Sternwarte </h2>

<div style="height:100px" aria-hidden="true" class="wp-block-spacer"></div>

<div class="wp-block-columns is-layout-flex wp-container-core-columns-is-layout-9d6595d7 wp-block-columns-is-layout-flex">
<div class="wp-block-column is-vertically-aligned-center is-layout-flow wp-block-column-is-layout-flow">
<figure class="wp-block-image size-medium is-resized"><img loading="lazy" decoding="async" src="https://www.landofmemory.eu/wp-content/uploads/2021/10/Fort-de-Vaux_Denis_Bdts1-min-200x300.jpg" alt="Fort Vaux" class="wp-image-4310" width="403" height="605" srcset="https://www.landofmemory.eu/wp-content/uploads/2021/10/Fort-de-Vaux_Denis_Bdts1-min-200x300.jpg 200w, https://www.landofmemory.eu/wp-content/uploads/2021/10/Fort-de-Vaux_Denis_Bdts1-min-683x1024.jpg 683w, https://www.landofmemory.eu/wp-content/uploads/2021/10/Fort-de-Vaux_Denis_Bdts1-min-768x1151.jpg 768w, https://www.landofmemory.eu/wp-content/uploads/2021/10/Fort-de-Vaux_Denis_Bdts1-min-1025x1536.jpg 1025w, https://www.landofmemory.eu/wp-content/uploads/2021/10/Fort-de-Vaux_Denis_Bdts1-min-1367x2048.jpg 1367w, https://www.landofmemory.eu/wp-content/uploads/2021/10/Fort-de-Vaux_Denis_Bdts1-min-600x900.jpg 600w, https://www.landofmemory.eu/wp-content/uploads/2021/10/Fort-de-Vaux_Denis_Bdts1-min-scaled.jpg 1709w" sizes="auto, (max-width: 403px) 100vw, 403px" /><figcaption>© Land of Memory</figcaption></figure>
</div>



<div class="wp-block-column is-vertically-aligned-center is-layout-flow wp-block-column-is-layout-flow">
<p>Der Bau des Forts Vaux fand zwischen 1881 und 1884 statt. Es diente als Observatorium zur Überwachung des Plateaus der Vaux-Schlucht und der Woëvre-Ebene. </p>



<p>Ursprünglich war das Fort Teil des ersten Sektors der Festung von Verdun. Die Garnison bestand aus einer halben Infanteriekompanie, zwei Maschinengewehrabteilungen, 52 Festungshelfer und 279 Mann.&#13;
</p>



<p>Am 2. April 1916 nahmen die Deutschen das Dorf Vaux-devant-Damloup ein, doch die Festung leistete Widerstand. Vom 2. bis 7. Juni 1916 standen die französischen Soldaten der 50. deutschen Division gegenüber. Doch die erschöpften Truppen kapitulierten schließlich. Die Deutschen scheiterten jedoch bei Verdun und gaben die Festung im Herbst auf. In der Nacht vom 2. auf den 3. November 1916 räument die französischen Truppen die Festung kampflos.</p>



<p>Gefechtsstand, Krankenstation, Fernmeldeposten, Taubenschlag, Bourges-Kasematte&#8230; der Besuch des Forts Vaux ermöglicht es uns, die harten Lebensbedingungen der Soldaten während der Belagerung besser zu verstehen. Es wurde zwischen dem 9. März und dem 7. Juni 1916 mit fast 8.000 Granaten pro Tag bombardiert und gibt noch immer ein besonders schroffes Bild ab, das von der Gewalt der Bombardierungen zeugt.&#13;
&#13;
</p>
</div>
</div>

<p></p>

<p></p>

<p></p>

<p></p>

<p></p>

<p></p>

<!-- This site is optimized with the Yoast SEO plugin v26.0 - https://yoast.com/wordpress/plugins/seo/ -->
<title>Erster Weltkrieg: Fort Vaux</title>
<meta name="robots" content="index, follow, max-snippet:-1, max-image-preview:large, max-video-preview:-1" />
<link rel="canonical" href="https://www.landofmemory.eu/de/sites-historiques/fort-vaux/" />
<meta property="og:locale" content="de_DE" />
<meta property="og:type" content="article" />
<meta property="og:title" content="Erster Weltkrieg: Fort Vaux" />
<meta property="og:description" content="Die Sternwarte Der Bau des Forts Vaux fand zwischen 1881 und 1884 statt. Es diente als Observatorium zur Überwachung des Plateaus der Vaux-Schlucht und der Woëvre-Ebene. Ursprünglich war das Fort Teil des ersten Sektors der Festung von Verdun. Die Garnison bestand aus einer halben Infanteriekompanie, zwei Maschinengewehrabteilungen, 52 Festungshelfer und 279 Mann.&#013; Am 2. April [&hellip;]" />
<meta property="og:url" content="https://www.landofmemory.eu/de/sites-historiques/fort-vaux/" />
<meta property="og:site_name" content="Land Of Memory" />
<meta property="article:publisher" content="https://www.facebook.com/landofmemory.eu" />
<meta property="article:modified_time" content="2022-08-02T10:16:13+00:00" />
<meta property="og:image" content="https://www.landofmemory.eu/wp-content/uploads/2021/10/Fort-de-Vaux_Denis_Bdts1-min-200x300.jpg" />
<meta name="twitter:card" content="summary_large_image" />
<meta name="twitter:label1" content="Geschätzte Lesezeit" />
	<meta name="twitter:data1" content="1 Minute" />
<script type="application/ld+json" class="yoast-schema-graph">{"@context":"https://schema.org","@graph":[{"@type":"WebPage","@id":"https://www.landofmemory.eu/de/sites-historiques/fort-vaux/","url":"https://www.landofmemory.eu/de/sites-historiques/fort-vaux/","name":"Erster Weltkrieg: Fort Vaux","isPartOf":{"@id":"https://www.landofmemory.eu/#website"},"primaryImageOfPage":{"@id":"https://www.landofmemory.eu/de/sites-historiques/fort-vaux/#primaryimage"},"image":{"@id":"https://www.landofmemory.eu/de/sites-historiques/fort-vaux/#primaryimage"},"thumbnailUrl":"https://www.landofmemory.eu/wp-content/uploads/2021/10/Fort-de-Vaux_Denis_Bdts1-min-200x300.jpg","datePublished":"2021-11-02T15:55:12+00:00","dateModified":"2022-08-02T10:16:13+00:00","breadcrumb":{"@id":"https://www.landofmemory.eu/de/sites-historiques/fort-vaux/#breadcrumb"},"inLanguage":"de","potentialAction":[{"@type":"ReadAction","target":["https://www.landofmemory.eu/de/sites-historiques/fort-vaux/"]}]},{"@type":"ImageObject","inLanguage":"de","@id":"https://www.landofmemory.eu/de/sites-historiques/fort-vaux/#primaryimage","url":"https://www.landofmemory.eu/wp-content/uploads/2021/10/Fort-de-Vaux_Denis_Bdts1-min-200x300.jpg","contentUrl":"https://www.landofmemory.eu/wp-content/uploads/2021/10/Fort-de-Vaux_Denis_Bdts1-min-200x300.jpg"},{"@type":"BreadcrumbList","@id":"https://www.landofmemory.eu/de/sites-historiques/fort-vaux/#breadcrumb","itemListElement":[{"@type":"ListItem","position":1,"name":"Accueil","item":"https://www.landofmemory.eu/"},{"@type":"ListItem","position":2,"name":"Fort Vaux"}]},{"@type":"WebSite","@id":"https://www.landofmemory.eu/#website","url":"https://www.landofmemory.eu/","name":"Land Of Memory","description":"L&#039;histoire commence ici","publisher":{"@id":"https://www.landofmemory.eu/#organization"},"potentialAction":[{"@type":"SearchAction","target":{"@type":"EntryPoint","urlTemplate":"https://www.landofmemory.eu/?s={search_term_string}"},"query-input":{"@type":"PropertyValueSpecification","valueRequired":true,"valueName":"search_term_string"}}],"inLanguage":"de"},{"@type":"Organization","@id":"https://www.landofmemory.eu/#organization","name":"Land Of Memory","url":"https://www.landofmemory.eu/","logo":{"@type":"ImageObject","inLanguage":"de","@id":"https://www.landofmemory.eu/#/schema/logo/image/","url":"https://www.landofmemory.eu/wp-content/uploads/2022/10/logo-land-of-memory.jpg","contentUrl":"https://www.landofmemory.eu/wp-content/uploads/2022/10/logo-land-of-memory.jpg","width":1000,"height":500,"caption":"Land Of Memory"},"image":{"@id":"https://www.landofmemory.eu/#/schema/logo/image/"},"sameAs":["https://www.facebook.com/landofmemory.eu","https://www.instagram.com/landofmemory_eu/"]}]}</script>
<!-- / Yoast SEO plugin. -->

Die Sternwarte Der Bau des Forts Vaux fand zwischen 1881 und 1884 statt. Es diente als Observatorium zur Überwachung des Plateaus der Vaux-Schlucht und der Woëvre-Ebene. Ursprünglich war das Fort Teil des ersten Sektors der Festung von Verdun. Die Garnison bestand aus einer halben Infanteriekompanie, zwei Maschinengewehrabteilungen, 52 Festungshelfer und 279 Mann.&#13; Am 2. April [&hellip;]
