{"id":5588,"date":"2021-11-02T17:22:02","date_gmt":"2021-11-02T16:22:02","guid":{"rendered":"https:\/\/www.landofmemory.eu\/sites-historiques\/chattancourt-graben\/"},"modified":"2022-08-02T12:05:24","modified_gmt":"2022-08-02T10:05:24","slug":"chattancourt-graben","status":"publish","type":"sites-historiques","link":"https:\/\/www.landofmemory.eu\/de\/sites-historiques\/chattancourt-graben\/","title":{"rendered":"Chattancourt-Graben"},"content":{"rendered":"\n<h2 class=\"wp-block-heading\">In der Haut eines Frontsoldaten<\/h2>\n\n<div class=\"wp-block-columns is-layout-flex wp-container-core-columns-is-layout-9d6595d7 wp-block-columns-is-layout-flex\">\n<div class=\"wp-block-column is-vertically-aligned-center is-layout-flow wp-block-column-is-layout-flow\">\n<p>Dieser rekonstruierte Graben befindet sich am linken Maasufer, etwa 15 Kilometer vom Beinhaus von Douaumont entfernt und ist fast 100 Meter lang. Er liegt in der N\u00e4he der Stelle, an der die Sch\u00fctzengr\u00e4ben von Toulouse und Chattancourt verliefen.<\/p>\n\n\n\n<p>In diesem Gebiet gibt es viele historische Zeugnisse der Gewalt des Ersten Weltkriegs. Die meisten Gr\u00e4ben wurden jedoch nach dem Krieg zugesch\u00fcttet. Anl\u00e4sslich des hundertj\u00e4hrigen Jubil\u00e4ums beschloss eine Gruppe von Freiwilligen, eine solche nachzubauen, wie sie die Frontsoldaten erlebt hatten.<\/p>\n<\/div>\n\n\n\n<div class=\"wp-block-column is-vertically-aligned-center is-layout-flow wp-block-column-is-layout-flow\">\n<div class=\"wp-block-image\"><figure class=\"aligncenter size-medium is-resized\"><img loading=\"lazy\" decoding=\"async\" src=\"https:\/\/www.landofmemory.eu\/wp-content\/uploads\/2021\/10\/Tranche&#x301;es-Chattancourt_Denis_Bdts1-min-300x200.jpg\" alt=\"Telefonstelle in den Gr&#xE4;ben von Chattancourt.\" class=\"wp-image-4253\" width=\"477\" height=\"318\"\/><figcaption>\u00a9 Land of Memory<\/figcaption><\/figure><\/div>\n<\/div>\n<\/div>\n\n<div style=\"height:100px\" aria-hidden=\"true\" class=\"wp-block-spacer\"><\/div>\n\n<div class=\"wp-block-columns is-layout-flex wp-container-core-columns-is-layout-9d6595d7 wp-block-columns-is-layout-flex\">\n<div class=\"wp-block-column is-vertically-aligned-center is-layout-flow wp-block-column-is-layout-flow\">\n<div class=\"wp-block-image\"><figure class=\"aligncenter size-medium is-resized\"><img loading=\"lazy\" decoding=\"async\" src=\"https:\/\/www.landofmemory.eu\/wp-content\/uploads\/2021\/10\/Tranche&#x301;es-Chattancourt_Denis_Bdts2-300x200.jpg\" alt=\"Offiziersunterkunft in den Sch&#xFC;tzengr&#xE4;ben von Chattancourt.\" class=\"wp-image-4261\" width=\"448\" height=\"299\"\/><figcaption>\u00a9 Land of Memory<\/figcaption><\/figure><\/div>\n<\/div>\n\n\n\n<div class=\"wp-block-column is-vertically-aligned-center is-layout-flow wp-block-column-is-layout-flow\">\n<p>Mit Hilfe von Balken, Bohlen, milit\u00e4rischen Erds\u00e4cken und authentischen U-Bahn-Blechen aus dem Konflikt ist es dem Verein gelungen, eines der symboltr\u00e4chtigsten Elemente des Ersten Weltkriegs in Perfektion zu rekonstruieren. Die Bauarbeiten wurden gem\u00e4\u00df den damaligen Vorschriften durchgef\u00fchrt. Auch die Fotos und Zeugenaussagen der Soldaten wurden ber\u00fccksichtigt.<\/p>\n\n\n\n<p>Ein Besuch dieses Grabens ist ein einzigartiges Erlebnis, das f\u00fcr Jung und Alt gleicherma\u00dfen geeignet ist. Er bietet uns eine andere Vision des Ersten Weltkriegs. Das ganze Jahr \u00fcber werden zahlreiche Live-Vorf\u00fchrungen organisiert, um das t\u00e4gliche Leben der Soldaten in den Sch\u00fctzengr\u00e4ben besser darzustellen. Viele Fotos sind auf ihrer Webseite zu sehen, also z\u00f6gern Sie nicht, einen Blick darauf zu werfen!&#13;\n<\/p>\n<\/div>\n<\/div>\n","protected":false},"template":"","type_site":[81],"class_list":["post-5588","sites-historiques","type-sites-historiques","status-publish","hentry","type_site-schutzengraben"],"acf":[],"yoast_head":"<!-- This site is optimized with the Yoast SEO plugin v26.0 - https:\/\/yoast.com\/wordpress\/plugins\/seo\/ -->\n<title>Erster Weltkrieg : Chattancourt-Graben<\/title>\n<meta name=\"description\" content=\"Dank der Arbeit von Enthusiasten ist der Chattancourt-Graben heute eine perfekte Rekonstruktion der Wohnr\u00e4ume der Frontsoldaten.\" \/>\n<meta name=\"robots\" content=\"index, follow, max-snippet:-1, max-image-preview:large, max-video-preview:-1\" \/>\n<link rel=\"canonical\" href=\"https:\/\/www.landofmemory.eu\/de\/sites-historiques\/chattancourt-graben\/\" \/>\n<meta property=\"og:locale\" content=\"de_DE\" \/>\n<meta property=\"og:type\" content=\"article\" \/>\n<meta property=\"og:title\" content=\"Erster Weltkrieg : Chattancourt-Graben\" \/>\n<meta property=\"og:description\" content=\"Dank der Arbeit von Enthusiasten ist der Chattancourt-Graben heute eine perfekte Rekonstruktion der Wohnr\u00e4ume der Frontsoldaten.\" \/>\n<meta property=\"og:url\" content=\"https:\/\/www.landofmemory.eu\/de\/sites-historiques\/chattancourt-graben\/\" \/>\n<meta property=\"og:site_name\" content=\"Land Of Memory\" \/>\n<meta property=\"article:publisher\" content=\"https:\/\/www.facebook.com\/landofmemory.eu\" \/>\n<meta property=\"article:modified_time\" content=\"2022-08-02T10:05:24+00:00\" \/>\n<meta property=\"og:image\" content=\"https:\/\/www.landofmemory.eu\/wp-content\/uploads\/2021\/10\/Tranche&#x301;es-Chattancourt_Denis_Bdts1-min-300x200.jpg\" \/>\n<meta name=\"twitter:card\" content=\"summary_large_image\" \/>\n<meta name=\"twitter:label1\" content=\"Gesch\u00e4tzte Lesezeit\" \/>\n\t<meta name=\"twitter:data1\" content=\"1\u00a0Minute\" \/>\n<script type=\"application\/ld+json\" class=\"yoast-schema-graph\">{\"@context\":\"https:\/\/schema.org\",\"@graph\":[{\"@type\":\"WebPage\",\"@id\":\"https:\/\/www.landofmemory.eu\/de\/sites-historiques\/chattancourt-graben\/\",\"url\":\"https:\/\/www.landofmemory.eu\/de\/sites-historiques\/chattancourt-graben\/\",\"name\":\"Erster Weltkrieg : Chattancourt-Graben\",\"isPartOf\":{\"@id\":\"https:\/\/www.landofmemory.eu\/#website\"},\"primaryImageOfPage\":{\"@id\":\"https:\/\/www.landofmemory.eu\/de\/sites-historiques\/chattancourt-graben\/#primaryimage\"},\"image\":{\"@id\":\"https:\/\/www.landofmemory.eu\/de\/sites-historiques\/chattancourt-graben\/#primaryimage\"},\"thumbnailUrl\":\"https:\/\/www.landofmemory.eu\/wp-content\/uploads\/2021\/10\/Tranche&#x301;es-Chattancourt_Denis_Bdts1-min-300x200.jpg\",\"datePublished\":\"2021-11-02T16:22:02+00:00\",\"dateModified\":\"2022-08-02T10:05:24+00:00\",\"description\":\"Dank der Arbeit von Enthusiasten ist der Chattancourt-Graben heute eine perfekte Rekonstruktion der Wohnr\u00e4ume der Frontsoldaten.\",\"breadcrumb\":{\"@id\":\"https:\/\/www.landofmemory.eu\/de\/sites-historiques\/chattancourt-graben\/#breadcrumb\"},\"inLanguage\":\"de\",\"potentialAction\":[{\"@type\":\"ReadAction\",\"target\":[\"https:\/\/www.landofmemory.eu\/de\/sites-historiques\/chattancourt-graben\/\"]}]},{\"@type\":\"ImageObject\",\"inLanguage\":\"de\",\"@id\":\"https:\/\/www.landofmemory.eu\/de\/sites-historiques\/chattancourt-graben\/#primaryimage\",\"url\":\"https:\/\/www.landofmemory.eu\/wp-content\/uploads\/2021\/10\/Tranche&#x301;es-Chattancourt_Denis_Bdts1-min-300x200.jpg\",\"contentUrl\":\"https:\/\/www.landofmemory.eu\/wp-content\/uploads\/2021\/10\/Tranche&#x301;es-Chattancourt_Denis_Bdts1-min-300x200.jpg\"},{\"@type\":\"BreadcrumbList\",\"@id\":\"https:\/\/www.landofmemory.eu\/de\/sites-historiques\/chattancourt-graben\/#breadcrumb\",\"itemListElement\":[{\"@type\":\"ListItem\",\"position\":1,\"name\":\"Accueil\",\"item\":\"https:\/\/www.landofmemory.eu\/\"},{\"@type\":\"ListItem\",\"position\":2,\"name\":\"Chattancourt-Graben\"}]},{\"@type\":\"WebSite\",\"@id\":\"https:\/\/www.landofmemory.eu\/#website\",\"url\":\"https:\/\/www.landofmemory.eu\/\",\"name\":\"Land Of Memory\",\"description\":\"L&#039;histoire commence ici\",\"publisher\":{\"@id\":\"https:\/\/www.landofmemory.eu\/#organization\"},\"potentialAction\":[{\"@type\":\"SearchAction\",\"target\":{\"@type\":\"EntryPoint\",\"urlTemplate\":\"https:\/\/www.landofmemory.eu\/?s={search_term_string}\"},\"query-input\":{\"@type\":\"PropertyValueSpecification\",\"valueRequired\":true,\"valueName\":\"search_term_string\"}}],\"inLanguage\":\"de\"},{\"@type\":\"Organization\",\"@id\":\"https:\/\/www.landofmemory.eu\/#organization\",\"name\":\"Land Of Memory\",\"url\":\"https:\/\/www.landofmemory.eu\/\",\"logo\":{\"@type\":\"ImageObject\",\"inLanguage\":\"de\",\"@id\":\"https:\/\/www.landofmemory.eu\/#\/schema\/logo\/image\/\",\"url\":\"https:\/\/www.landofmemory.eu\/wp-content\/uploads\/2022\/10\/logo-land-of-memory.jpg\",\"contentUrl\":\"https:\/\/www.landofmemory.eu\/wp-content\/uploads\/2022\/10\/logo-land-of-memory.jpg\",\"width\":1000,\"height\":500,\"caption\":\"Land Of Memory\"},\"image\":{\"@id\":\"https:\/\/www.landofmemory.eu\/#\/schema\/logo\/image\/\"},\"sameAs\":[\"https:\/\/www.facebook.com\/landofmemory.eu\",\"https:\/\/www.instagram.com\/landofmemory_eu\/\"]}]}<\/script>\n<!-- \/ Yoast SEO plugin. -->","yoast_head_json":{"title":"Erster Weltkrieg : Chattancourt-Graben","description":"Dank der Arbeit von Enthusiasten ist der Chattancourt-Graben heute eine perfekte Rekonstruktion der Wohnr\u00e4ume der Frontsoldaten.","robots":{"index":"index","follow":"follow","max-snippet":"max-snippet:-1","max-image-preview":"max-image-preview:large","max-video-preview":"max-video-preview:-1"},"canonical":"https:\/\/www.landofmemory.eu\/de\/sites-historiques\/chattancourt-graben\/","og_locale":"de_DE","og_type":"article","og_title":"Erster Weltkrieg : Chattancourt-Graben","og_description":"Dank der Arbeit von Enthusiasten ist der Chattancourt-Graben heute eine perfekte Rekonstruktion der Wohnr\u00e4ume der Frontsoldaten.","og_url":"https:\/\/www.landofmemory.eu\/de\/sites-historiques\/chattancourt-graben\/","og_site_name":"Land Of Memory","article_publisher":"https:\/\/www.facebook.com\/landofmemory.eu","article_modified_time":"2022-08-02T10:05:24+00:00","og_image":[{"url":"https:\/\/www.landofmemory.eu\/wp-content\/uploads\/2021\/10\/Tranche&#x301;es-Chattancourt_Denis_Bdts1-min-300x200.jpg","type":"","width":"","height":""}],"twitter_card":"summary_large_image","twitter_misc":{"Gesch\u00e4tzte Lesezeit":"1\u00a0Minute"},"schema":{"@context":"https:\/\/schema.org","@graph":[{"@type":"WebPage","@id":"https:\/\/www.landofmemory.eu\/de\/sites-historiques\/chattancourt-graben\/","url":"https:\/\/www.landofmemory.eu\/de\/sites-historiques\/chattancourt-graben\/","name":"Erster Weltkrieg : Chattancourt-Graben","isPartOf":{"@id":"https:\/\/www.landofmemory.eu\/#website"},"primaryImageOfPage":{"@id":"https:\/\/www.landofmemory.eu\/de\/sites-historiques\/chattancourt-graben\/#primaryimage"},"image":{"@id":"https:\/\/www.landofmemory.eu\/de\/sites-historiques\/chattancourt-graben\/#primaryimage"},"thumbnailUrl":"https:\/\/www.landofmemory.eu\/wp-content\/uploads\/2021\/10\/Tranche&#x301;es-Chattancourt_Denis_Bdts1-min-300x200.jpg","datePublished":"2021-11-02T16:22:02+00:00","dateModified":"2022-08-02T10:05:24+00:00","description":"Dank der Arbeit von Enthusiasten ist der Chattancourt-Graben heute eine perfekte Rekonstruktion der Wohnr\u00e4ume der Frontsoldaten.","breadcrumb":{"@id":"https:\/\/www.landofmemory.eu\/de\/sites-historiques\/chattancourt-graben\/#breadcrumb"},"inLanguage":"de","potentialAction":[{"@type":"ReadAction","target":["https:\/\/www.landofmemory.eu\/de\/sites-historiques\/chattancourt-graben\/"]}]},{"@type":"ImageObject","inLanguage":"de","@id":"https:\/\/www.landofmemory.eu\/de\/sites-historiques\/chattancourt-graben\/#primaryimage","url":"https:\/\/www.landofmemory.eu\/wp-content\/uploads\/2021\/10\/Tranche&#x301;es-Chattancourt_Denis_Bdts1-min-300x200.jpg","contentUrl":"https:\/\/www.landofmemory.eu\/wp-content\/uploads\/2021\/10\/Tranche&#x301;es-Chattancourt_Denis_Bdts1-min-300x200.jpg"},{"@type":"BreadcrumbList","@id":"https:\/\/www.landofmemory.eu\/de\/sites-historiques\/chattancourt-graben\/#breadcrumb","itemListElement":[{"@type":"ListItem","position":1,"name":"Accueil","item":"https:\/\/www.landofmemory.eu\/"},{"@type":"ListItem","position":2,"name":"Chattancourt-Graben"}]},{"@type":"WebSite","@id":"https:\/\/www.landofmemory.eu\/#website","url":"https:\/\/www.landofmemory.eu\/","name":"Land Of Memory","description":"L&#039;histoire commence ici","publisher":{"@id":"https:\/\/www.landofmemory.eu\/#organization"},"potentialAction":[{"@type":"SearchAction","target":{"@type":"EntryPoint","urlTemplate":"https:\/\/www.landofmemory.eu\/?s={search_term_string}"},"query-input":{"@type":"PropertyValueSpecification","valueRequired":true,"valueName":"search_term_string"}}],"inLanguage":"de"},{"@type":"Organization","@id":"https:\/\/www.landofmemory.eu\/#organization","name":"Land Of Memory","url":"https:\/\/www.landofmemory.eu\/","logo":{"@type":"ImageObject","inLanguage":"de","@id":"https:\/\/www.landofmemory.eu\/#\/schema\/logo\/image\/","url":"https:\/\/www.landofmemory.eu\/wp-content\/uploads\/2022\/10\/logo-land-of-memory.jpg","contentUrl":"https:\/\/www.landofmemory.eu\/wp-content\/uploads\/2022\/10\/logo-land-of-memory.jpg","width":1000,"height":500,"caption":"Land Of Memory"},"image":{"@id":"https:\/\/www.landofmemory.eu\/#\/schema\/logo\/image\/"},"sameAs":["https:\/\/www.facebook.com\/landofmemory.eu","https:\/\/www.instagram.com\/landofmemory_eu\/"]}]}},"_links":{"self":[{"href":"https:\/\/www.landofmemory.eu\/de\/wp-json\/wp\/v2\/sites-historiques\/5588","targetHints":{"allow":["GET"]}}],"collection":[{"href":"https:\/\/www.landofmemory.eu\/de\/wp-json\/wp\/v2\/sites-historiques"}],"about":[{"href":"https:\/\/www.landofmemory.eu\/de\/wp-json\/wp\/v2\/types\/sites-historiques"}],"wp:attachment":[{"href":"https:\/\/www.landofmemory.eu\/de\/wp-json\/wp\/v2\/media?parent=5588"}],"wp:term":[{"taxonomy":"type_site","embeddable":true,"href":"https:\/\/www.landofmemory.eu\/de\/wp-json\/wp\/v2\/type_site?post=5588"}],"curies":[{"name":"wp","href":"https:\/\/api.w.org\/{rel}","templated":true}]}}

<h2 class="wp-block-heading">In der Haut eines Frontsoldaten</h2>

<div class="wp-block-columns is-layout-flex wp-container-core-columns-is-layout-9d6595d7 wp-block-columns-is-layout-flex">
<div class="wp-block-column is-vertically-aligned-center is-layout-flow wp-block-column-is-layout-flow">
<p>Dieser rekonstruierte Graben befindet sich am linken Maasufer, etwa 15 Kilometer vom Beinhaus von Douaumont entfernt und ist fast 100 Meter lang. Er liegt in der Nähe der Stelle, an der die Schützengräben von Toulouse und Chattancourt verliefen.</p>



<p>In diesem Gebiet gibt es viele historische Zeugnisse der Gewalt des Ersten Weltkriegs. Die meisten Gräben wurden jedoch nach dem Krieg zugeschüttet. Anlässlich des hundertjährigen Jubiläums beschloss eine Gruppe von Freiwilligen, eine solche nachzubauen, wie sie die Frontsoldaten erlebt hatten.</p>
</div>



<div class="wp-block-column is-vertically-aligned-center is-layout-flow wp-block-column-is-layout-flow">
<div class="wp-block-image"><figure class="aligncenter size-medium is-resized"><img loading="lazy" decoding="async" src="https://www.landofmemory.eu/wp-content/uploads/2021/10/Tranche&#x301;es-Chattancourt_Denis_Bdts1-min-300x200.jpg" alt="Telefonstelle in den Gr&#xE4;ben von Chattancourt." class="wp-image-4253" width="477" height="318"/><figcaption>© Land of Memory</figcaption></figure></div>
</div>
</div>

<div style="height:100px" aria-hidden="true" class="wp-block-spacer"></div>

<div class="wp-block-columns is-layout-flex wp-container-core-columns-is-layout-9d6595d7 wp-block-columns-is-layout-flex">
<div class="wp-block-column is-vertically-aligned-center is-layout-flow wp-block-column-is-layout-flow">
<div class="wp-block-image"><figure class="aligncenter size-medium is-resized"><img loading="lazy" decoding="async" src="https://www.landofmemory.eu/wp-content/uploads/2021/10/Tranche&#x301;es-Chattancourt_Denis_Bdts2-300x200.jpg" alt="Offiziersunterkunft in den Sch&#xFC;tzengr&#xE4;ben von Chattancourt." class="wp-image-4261" width="448" height="299"/><figcaption>© Land of Memory</figcaption></figure></div>
</div>



<div class="wp-block-column is-vertically-aligned-center is-layout-flow wp-block-column-is-layout-flow">
<p>Mit Hilfe von Balken, Bohlen, militärischen Erdsäcken und authentischen U-Bahn-Blechen aus dem Konflikt ist es dem Verein gelungen, eines der symbolträchtigsten Elemente des Ersten Weltkriegs in Perfektion zu rekonstruieren. Die Bauarbeiten wurden gemäß den damaligen Vorschriften durchgeführt. Auch die Fotos und Zeugenaussagen der Soldaten wurden berücksichtigt.</p>



<p>Ein Besuch dieses Grabens ist ein einzigartiges Erlebnis, das für Jung und Alt gleichermaßen geeignet ist. Er bietet uns eine andere Vision des Ersten Weltkriegs. Das ganze Jahr über werden zahlreiche Live-Vorführungen organisiert, um das tägliche Leben der Soldaten in den Schützengräben besser darzustellen. Viele Fotos sind auf ihrer Webseite zu sehen, also zögern Sie nicht, einen Blick darauf zu werfen!&#13;
</p>
</div>
</div>

<!-- This site is optimized with the Yoast SEO plugin v26.0 - https://yoast.com/wordpress/plugins/seo/ -->
<title>Erster Weltkrieg : Chattancourt-Graben</title>
<meta name="description" content="Dank der Arbeit von Enthusiasten ist der Chattancourt-Graben heute eine perfekte Rekonstruktion der Wohnräume der Frontsoldaten." />
<meta name="robots" content="index, follow, max-snippet:-1, max-image-preview:large, max-video-preview:-1" />
<link rel="canonical" href="https://www.landofmemory.eu/de/sites-historiques/chattancourt-graben/" />
<meta property="og:locale" content="de_DE" />
<meta property="og:type" content="article" />
<meta property="og:title" content="Erster Weltkrieg : Chattancourt-Graben" />
<meta property="og:description" content="Dank der Arbeit von Enthusiasten ist der Chattancourt-Graben heute eine perfekte Rekonstruktion der Wohnräume der Frontsoldaten." />
<meta property="og:url" content="https://www.landofmemory.eu/de/sites-historiques/chattancourt-graben/" />
<meta property="og:site_name" content="Land Of Memory" />
<meta property="article:publisher" content="https://www.facebook.com/landofmemory.eu" />
<meta property="article:modified_time" content="2022-08-02T10:05:24+00:00" />
<meta property="og:image" content="https://www.landofmemory.eu/wp-content/uploads/2021/10/Tranche&#x301;es-Chattancourt_Denis_Bdts1-min-300x200.jpg" />
<meta name="twitter:card" content="summary_large_image" />
<meta name="twitter:label1" content="Geschätzte Lesezeit" />
	<meta name="twitter:data1" content="1 Minute" />
<script type="application/ld+json" class="yoast-schema-graph">{"@context":"https://schema.org","@graph":[{"@type":"WebPage","@id":"https://www.landofmemory.eu/de/sites-historiques/chattancourt-graben/","url":"https://www.landofmemory.eu/de/sites-historiques/chattancourt-graben/","name":"Erster Weltkrieg : Chattancourt-Graben","isPartOf":{"@id":"https://www.landofmemory.eu/#website"},"primaryImageOfPage":{"@id":"https://www.landofmemory.eu/de/sites-historiques/chattancourt-graben/#primaryimage"},"image":{"@id":"https://www.landofmemory.eu/de/sites-historiques/chattancourt-graben/#primaryimage"},"thumbnailUrl":"https://www.landofmemory.eu/wp-content/uploads/2021/10/Tranche&#x301;es-Chattancourt_Denis_Bdts1-min-300x200.jpg","datePublished":"2021-11-02T16:22:02+00:00","dateModified":"2022-08-02T10:05:24+00:00","description":"Dank der Arbeit von Enthusiasten ist der Chattancourt-Graben heute eine perfekte Rekonstruktion der Wohnräume der Frontsoldaten.","breadcrumb":{"@id":"https://www.landofmemory.eu/de/sites-historiques/chattancourt-graben/#breadcrumb"},"inLanguage":"de","potentialAction":[{"@type":"ReadAction","target":["https://www.landofmemory.eu/de/sites-historiques/chattancourt-graben/"]}]},{"@type":"ImageObject","inLanguage":"de","@id":"https://www.landofmemory.eu/de/sites-historiques/chattancourt-graben/#primaryimage","url":"https://www.landofmemory.eu/wp-content/uploads/2021/10/Tranche&#x301;es-Chattancourt_Denis_Bdts1-min-300x200.jpg","contentUrl":"https://www.landofmemory.eu/wp-content/uploads/2021/10/Tranche&#x301;es-Chattancourt_Denis_Bdts1-min-300x200.jpg"},{"@type":"BreadcrumbList","@id":"https://www.landofmemory.eu/de/sites-historiques/chattancourt-graben/#breadcrumb","itemListElement":[{"@type":"ListItem","position":1,"name":"Accueil","item":"https://www.landofmemory.eu/"},{"@type":"ListItem","position":2,"name":"Chattancourt-Graben"}]},{"@type":"WebSite","@id":"https://www.landofmemory.eu/#website","url":"https://www.landofmemory.eu/","name":"Land Of Memory","description":"L&#039;histoire commence ici","publisher":{"@id":"https://www.landofmemory.eu/#organization"},"potentialAction":[{"@type":"SearchAction","target":{"@type":"EntryPoint","urlTemplate":"https://www.landofmemory.eu/?s={search_term_string}"},"query-input":{"@type":"PropertyValueSpecification","valueRequired":true,"valueName":"search_term_string"}}],"inLanguage":"de"},{"@type":"Organization","@id":"https://www.landofmemory.eu/#organization","name":"Land Of Memory","url":"https://www.landofmemory.eu/","logo":{"@type":"ImageObject","inLanguage":"de","@id":"https://www.landofmemory.eu/#/schema/logo/image/","url":"https://www.landofmemory.eu/wp-content/uploads/2022/10/logo-land-of-memory.jpg","contentUrl":"https://www.landofmemory.eu/wp-content/uploads/2022/10/logo-land-of-memory.jpg","width":1000,"height":500,"caption":"Land Of Memory"},"image":{"@id":"https://www.landofmemory.eu/#/schema/logo/image/"},"sameAs":["https://www.facebook.com/landofmemory.eu","https://www.instagram.com/landofmemory_eu/"]}]}</script>
<!-- / Yoast SEO plugin. -->

Dank der Arbeit von Enthusiasten ist der Chattancourt-Graben heute eine perfekte Rekonstruktion der Wohnräume der Frontsoldaten.
