{"id":5590,"date":"2021-11-02T17:27:00","date_gmt":"2021-11-02T16:27:00","guid":{"rendered":"https:\/\/www.landofmemory.eu\/sites-historiques\/fort-von-troyon\/"},"modified":"2022-08-02T12:02:27","modified_gmt":"2022-08-02T10:02:27","slug":"fort-von-troyon","status":"publish","type":"sites-historiques","link":"https:\/\/www.landofmemory.eu\/de\/sites-historiques\/fort-von-troyon\/","title":{"rendered":"Fort von Troyon"},"content":{"rendered":"\n<h2 class=\"wp-block-heading\">Der legend\u00e4re Widerstand<\/h2>\n\n<p><\/p>\n\n<div class=\"wp-block-columns is-layout-flex wp-container-core-columns-is-layout-9d6595d7 wp-block-columns-is-layout-flex\">\n<div class=\"wp-block-column is-vertically-aligned-center is-layout-flow wp-block-column-is-layout-flow\">\n<p>Das Fort Troyon wurde Ende des 19. Jahrhunderts zwischen Lacroix sur Meuse und Troyon errichtet. Dieses au\u00dfergew\u00f6hnliche Geb\u00e4ude wurde aus dem Stein von S\u00e9r\u00e9 de Rivi\u00e8res errichtet. Das Fort widerstand erfolgreich dem massiven deutschen Bombardement im September 1914.&#13;\n<\/p>\n\n\n\n<p>Den feindlichen Truppen gelang es somit nicht, Verdun einzukesseln. Dar\u00fcber hinaus sch\u00fctzte der Widerstand des Forts die franz\u00f6sischen Soldaten in der Schlacht an der Marne im hinteren Teil der Ostflanke.<\/p>\n\n\n\n<p>Es ist das einzige Fort an der Linie Verdun-Toul (65 km), das bei einem Angriff nicht in deutsche H\u00e4nde fiel. 450 M\u00e4nner hielten mehr als sechs Tage lang gegen die feindliche Artillerie und eine 10.000 Mann starke Division der 5. Armee stand.<\/p>\n<\/div>\n\n\n\n<div class=\"wp-block-column is-layout-flow wp-block-column-is-layout-flow\">\n<div class=\"wp-block-image\"><figure class=\"aligncenter size-large is-resized\"><img loading=\"lazy\" decoding=\"async\" src=\"https:\/\/www.landofmemory.eu\/wp-content\/uploads\/2021\/10\/1-Entree-Fort-de-Troyon-2012-11-1024x768.jpg\" alt=\"Eingang zum Fort von Troyon.\" class=\"wp-image-4243\" width=\"453\" height=\"340\" srcset=\"https:\/\/www.landofmemory.eu\/wp-content\/uploads\/2021\/10\/1-Entree-Fort-de-Troyon-2012-11-1024x768.jpg 1024w, https:\/\/www.landofmemory.eu\/wp-content\/uploads\/2021\/10\/1-Entree-Fort-de-Troyon-2012-11-300x225.jpg 300w, https:\/\/www.landofmemory.eu\/wp-content\/uploads\/2021\/10\/1-Entree-Fort-de-Troyon-2012-11-768x576.jpg 768w, https:\/\/www.landofmemory.eu\/wp-content\/uploads\/2021\/10\/1-Entree-Fort-de-Troyon-2012-11-600x450.jpg 600w, https:\/\/www.landofmemory.eu\/wp-content\/uploads\/2021\/10\/1-Entree-Fort-de-Troyon-2012-11.jpg 1280w\" sizes=\"auto, (max-width: 453px) 100vw, 453px\" \/><\/figure><\/div>\n<\/div>\n<\/div>\n\n<p><\/p>\n\n<p>1918 diente das Fort von Troyon als Lazarett f\u00fcr die amerikanischen Truppen, die Saint-Mihiel (4 Jahre lang besetzt) und den Montsec-H\u00fcgel befreiten.<\/p>\n\n<p>Die Spuren der Bombardierungen vom September 1914 sind heute noch sichtbar. Sie sind Zeugen der Gewalt der K\u00e4mpfe. Die Festung, die 80 Jahre lang in Vergessenheit geraten war, hat dank des Engagements zahlreicher Freiwilliger ihr Ansehen wiedererlangt. Sie haben sich daf\u00fcr eingesetzt, die Erinnerung an das Opfer ihrer Vorfahren zu bewahren. <\/p>\n\n<p>Die Festung wurde durch einen Beschluss vom 2. November 1994 unter Denkmalschutz gestellt. Das Fort von Troyon ist unter bestimmten Bedingungen f\u00fcr Besucher zug\u00e4nglich.&#13;\n<\/p>\n","protected":false},"template":"","type_site":[47],"class_list":["post-5590","sites-historiques","type-sites-historiques","status-publish","hentry","type_site-kriegsfestungen"],"acf":[],"yoast_head":"<!-- This site is optimized with the Yoast SEO plugin v26.0 - https:\/\/yoast.com\/wordpress\/plugins\/seo\/ -->\n<title>Erster Weltkrieg: Fort von Troyon<\/title>\n<meta name=\"description\" content=\"Die Festung von Troyon ist legend\u00e4r f\u00fcr ihren Widerstand und vor allem im Ged\u00e4chtnis der Menschen verankert, da sie die Deutschen daran hinderte, Verdun einzukesseln.\" \/>\n<meta name=\"robots\" content=\"index, follow, max-snippet:-1, max-image-preview:large, max-video-preview:-1\" \/>\n<link rel=\"canonical\" href=\"https:\/\/www.landofmemory.eu\/de\/sites-historiques\/fort-von-troyon\/\" \/>\n<meta property=\"og:locale\" content=\"de_DE\" \/>\n<meta property=\"og:type\" content=\"article\" \/>\n<meta property=\"og:title\" content=\"Erster Weltkrieg: Fort von Troyon\" \/>\n<meta property=\"og:description\" content=\"Die Festung von Troyon ist legend\u00e4r f\u00fcr ihren Widerstand und vor allem im Ged\u00e4chtnis der Menschen verankert, da sie die Deutschen daran hinderte, Verdun einzukesseln.\" \/>\n<meta property=\"og:url\" content=\"https:\/\/www.landofmemory.eu\/de\/sites-historiques\/fort-von-troyon\/\" \/>\n<meta property=\"og:site_name\" content=\"Land Of Memory\" \/>\n<meta property=\"article:publisher\" content=\"https:\/\/www.facebook.com\/landofmemory.eu\" \/>\n<meta property=\"article:modified_time\" content=\"2022-08-02T10:02:27+00:00\" \/>\n<meta property=\"og:image\" content=\"https:\/\/www.landofmemory.eu\/wp-content\/uploads\/2021\/10\/1-Entree-Fort-de-Troyon-2012-11-1024x768.jpg\" \/>\n<meta name=\"twitter:card\" content=\"summary_large_image\" \/>\n<meta name=\"twitter:label1\" content=\"Gesch\u00e4tzte Lesezeit\" \/>\n\t<meta name=\"twitter:data1\" content=\"1\u00a0Minute\" \/>\n<script type=\"application\/ld+json\" class=\"yoast-schema-graph\">{\"@context\":\"https:\/\/schema.org\",\"@graph\":[{\"@type\":\"WebPage\",\"@id\":\"https:\/\/www.landofmemory.eu\/de\/sites-historiques\/fort-von-troyon\/\",\"url\":\"https:\/\/www.landofmemory.eu\/de\/sites-historiques\/fort-von-troyon\/\",\"name\":\"Erster Weltkrieg: Fort von Troyon\",\"isPartOf\":{\"@id\":\"https:\/\/www.landofmemory.eu\/#website\"},\"primaryImageOfPage\":{\"@id\":\"https:\/\/www.landofmemory.eu\/de\/sites-historiques\/fort-von-troyon\/#primaryimage\"},\"image\":{\"@id\":\"https:\/\/www.landofmemory.eu\/de\/sites-historiques\/fort-von-troyon\/#primaryimage\"},\"thumbnailUrl\":\"https:\/\/www.landofmemory.eu\/wp-content\/uploads\/2021\/10\/1-Entree-Fort-de-Troyon-2012-11-1024x768.jpg\",\"datePublished\":\"2021-11-02T16:27:00+00:00\",\"dateModified\":\"2022-08-02T10:02:27+00:00\",\"description\":\"Die Festung von Troyon ist legend\u00e4r f\u00fcr ihren Widerstand und vor allem im Ged\u00e4chtnis der Menschen verankert, da sie die Deutschen daran hinderte, Verdun einzukesseln.\",\"breadcrumb\":{\"@id\":\"https:\/\/www.landofmemory.eu\/de\/sites-historiques\/fort-von-troyon\/#breadcrumb\"},\"inLanguage\":\"de\",\"potentialAction\":[{\"@type\":\"ReadAction\",\"target\":[\"https:\/\/www.landofmemory.eu\/de\/sites-historiques\/fort-von-troyon\/\"]}]},{\"@type\":\"ImageObject\",\"inLanguage\":\"de\",\"@id\":\"https:\/\/www.landofmemory.eu\/de\/sites-historiques\/fort-von-troyon\/#primaryimage\",\"url\":\"https:\/\/www.landofmemory.eu\/wp-content\/uploads\/2021\/10\/1-Entree-Fort-de-Troyon-2012-11-1024x768.jpg\",\"contentUrl\":\"https:\/\/www.landofmemory.eu\/wp-content\/uploads\/2021\/10\/1-Entree-Fort-de-Troyon-2012-11-1024x768.jpg\"},{\"@type\":\"BreadcrumbList\",\"@id\":\"https:\/\/www.landofmemory.eu\/de\/sites-historiques\/fort-von-troyon\/#breadcrumb\",\"itemListElement\":[{\"@type\":\"ListItem\",\"position\":1,\"name\":\"Accueil\",\"item\":\"https:\/\/www.landofmemory.eu\/\"},{\"@type\":\"ListItem\",\"position\":2,\"name\":\"Fort von Troyon\"}]},{\"@type\":\"WebSite\",\"@id\":\"https:\/\/www.landofmemory.eu\/#website\",\"url\":\"https:\/\/www.landofmemory.eu\/\",\"name\":\"Land Of Memory\",\"description\":\"L&#039;histoire commence ici\",\"publisher\":{\"@id\":\"https:\/\/www.landofmemory.eu\/#organization\"},\"potentialAction\":[{\"@type\":\"SearchAction\",\"target\":{\"@type\":\"EntryPoint\",\"urlTemplate\":\"https:\/\/www.landofmemory.eu\/?s={search_term_string}\"},\"query-input\":{\"@type\":\"PropertyValueSpecification\",\"valueRequired\":true,\"valueName\":\"search_term_string\"}}],\"inLanguage\":\"de\"},{\"@type\":\"Organization\",\"@id\":\"https:\/\/www.landofmemory.eu\/#organization\",\"name\":\"Land Of Memory\",\"url\":\"https:\/\/www.landofmemory.eu\/\",\"logo\":{\"@type\":\"ImageObject\",\"inLanguage\":\"de\",\"@id\":\"https:\/\/www.landofmemory.eu\/#\/schema\/logo\/image\/\",\"url\":\"https:\/\/www.landofmemory.eu\/wp-content\/uploads\/2022\/10\/logo-land-of-memory.jpg\",\"contentUrl\":\"https:\/\/www.landofmemory.eu\/wp-content\/uploads\/2022\/10\/logo-land-of-memory.jpg\",\"width\":1000,\"height\":500,\"caption\":\"Land Of Memory\"},\"image\":{\"@id\":\"https:\/\/www.landofmemory.eu\/#\/schema\/logo\/image\/\"},\"sameAs\":[\"https:\/\/www.facebook.com\/landofmemory.eu\",\"https:\/\/www.instagram.com\/landofmemory_eu\/\"]}]}<\/script>\n<!-- \/ Yoast SEO plugin. -->","yoast_head_json":{"title":"Erster Weltkrieg: Fort von Troyon","description":"Die Festung von Troyon ist legend\u00e4r f\u00fcr ihren Widerstand und vor allem im Ged\u00e4chtnis der Menschen verankert, da sie die Deutschen daran hinderte, Verdun einzukesseln.","robots":{"index":"index","follow":"follow","max-snippet":"max-snippet:-1","max-image-preview":"max-image-preview:large","max-video-preview":"max-video-preview:-1"},"canonical":"https:\/\/www.landofmemory.eu\/de\/sites-historiques\/fort-von-troyon\/","og_locale":"de_DE","og_type":"article","og_title":"Erster Weltkrieg: Fort von Troyon","og_description":"Die Festung von Troyon ist legend\u00e4r f\u00fcr ihren Widerstand und vor allem im Ged\u00e4chtnis der Menschen verankert, da sie die Deutschen daran hinderte, Verdun einzukesseln.","og_url":"https:\/\/www.landofmemory.eu\/de\/sites-historiques\/fort-von-troyon\/","og_site_name":"Land Of Memory","article_publisher":"https:\/\/www.facebook.com\/landofmemory.eu","article_modified_time":"2022-08-02T10:02:27+00:00","og_image":[{"url":"https:\/\/www.landofmemory.eu\/wp-content\/uploads\/2021\/10\/1-Entree-Fort-de-Troyon-2012-11-1024x768.jpg","type":"","width":"","height":""}],"twitter_card":"summary_large_image","twitter_misc":{"Gesch\u00e4tzte Lesezeit":"1\u00a0Minute"},"schema":{"@context":"https:\/\/schema.org","@graph":[{"@type":"WebPage","@id":"https:\/\/www.landofmemory.eu\/de\/sites-historiques\/fort-von-troyon\/","url":"https:\/\/www.landofmemory.eu\/de\/sites-historiques\/fort-von-troyon\/","name":"Erster Weltkrieg: Fort von Troyon","isPartOf":{"@id":"https:\/\/www.landofmemory.eu\/#website"},"primaryImageOfPage":{"@id":"https:\/\/www.landofmemory.eu\/de\/sites-historiques\/fort-von-troyon\/#primaryimage"},"image":{"@id":"https:\/\/www.landofmemory.eu\/de\/sites-historiques\/fort-von-troyon\/#primaryimage"},"thumbnailUrl":"https:\/\/www.landofmemory.eu\/wp-content\/uploads\/2021\/10\/1-Entree-Fort-de-Troyon-2012-11-1024x768.jpg","datePublished":"2021-11-02T16:27:00+00:00","dateModified":"2022-08-02T10:02:27+00:00","description":"Die Festung von Troyon ist legend\u00e4r f\u00fcr ihren Widerstand und vor allem im Ged\u00e4chtnis der Menschen verankert, da sie die Deutschen daran hinderte, Verdun einzukesseln.","breadcrumb":{"@id":"https:\/\/www.landofmemory.eu\/de\/sites-historiques\/fort-von-troyon\/#breadcrumb"},"inLanguage":"de","potentialAction":[{"@type":"ReadAction","target":["https:\/\/www.landofmemory.eu\/de\/sites-historiques\/fort-von-troyon\/"]}]},{"@type":"ImageObject","inLanguage":"de","@id":"https:\/\/www.landofmemory.eu\/de\/sites-historiques\/fort-von-troyon\/#primaryimage","url":"https:\/\/www.landofmemory.eu\/wp-content\/uploads\/2021\/10\/1-Entree-Fort-de-Troyon-2012-11-1024x768.jpg","contentUrl":"https:\/\/www.landofmemory.eu\/wp-content\/uploads\/2021\/10\/1-Entree-Fort-de-Troyon-2012-11-1024x768.jpg"},{"@type":"BreadcrumbList","@id":"https:\/\/www.landofmemory.eu\/de\/sites-historiques\/fort-von-troyon\/#breadcrumb","itemListElement":[{"@type":"ListItem","position":1,"name":"Accueil","item":"https:\/\/www.landofmemory.eu\/"},{"@type":"ListItem","position":2,"name":"Fort von Troyon"}]},{"@type":"WebSite","@id":"https:\/\/www.landofmemory.eu\/#website","url":"https:\/\/www.landofmemory.eu\/","name":"Land Of Memory","description":"L&#039;histoire commence ici","publisher":{"@id":"https:\/\/www.landofmemory.eu\/#organization"},"potentialAction":[{"@type":"SearchAction","target":{"@type":"EntryPoint","urlTemplate":"https:\/\/www.landofmemory.eu\/?s={search_term_string}"},"query-input":{"@type":"PropertyValueSpecification","valueRequired":true,"valueName":"search_term_string"}}],"inLanguage":"de"},{"@type":"Organization","@id":"https:\/\/www.landofmemory.eu\/#organization","name":"Land Of Memory","url":"https:\/\/www.landofmemory.eu\/","logo":{"@type":"ImageObject","inLanguage":"de","@id":"https:\/\/www.landofmemory.eu\/#\/schema\/logo\/image\/","url":"https:\/\/www.landofmemory.eu\/wp-content\/uploads\/2022\/10\/logo-land-of-memory.jpg","contentUrl":"https:\/\/www.landofmemory.eu\/wp-content\/uploads\/2022\/10\/logo-land-of-memory.jpg","width":1000,"height":500,"caption":"Land Of Memory"},"image":{"@id":"https:\/\/www.landofmemory.eu\/#\/schema\/logo\/image\/"},"sameAs":["https:\/\/www.facebook.com\/landofmemory.eu","https:\/\/www.instagram.com\/landofmemory_eu\/"]}]}},"_links":{"self":[{"href":"https:\/\/www.landofmemory.eu\/de\/wp-json\/wp\/v2\/sites-historiques\/5590","targetHints":{"allow":["GET"]}}],"collection":[{"href":"https:\/\/www.landofmemory.eu\/de\/wp-json\/wp\/v2\/sites-historiques"}],"about":[{"href":"https:\/\/www.landofmemory.eu\/de\/wp-json\/wp\/v2\/types\/sites-historiques"}],"wp:attachment":[{"href":"https:\/\/www.landofmemory.eu\/de\/wp-json\/wp\/v2\/media?parent=5590"}],"wp:term":[{"taxonomy":"type_site","embeddable":true,"href":"https:\/\/www.landofmemory.eu\/de\/wp-json\/wp\/v2\/type_site?post=5590"}],"curies":[{"name":"wp","href":"https:\/\/api.w.org\/{rel}","templated":true}]}}

<h2 class="wp-block-heading">Der legendäre Widerstand</h2>

<p></p>

<div class="wp-block-columns is-layout-flex wp-container-core-columns-is-layout-9d6595d7 wp-block-columns-is-layout-flex">
<div class="wp-block-column is-vertically-aligned-center is-layout-flow wp-block-column-is-layout-flow">
<p>Das Fort Troyon wurde Ende des 19. Jahrhunderts zwischen Lacroix sur Meuse und Troyon errichtet. Dieses außergewöhnliche Gebäude wurde aus dem Stein von Séré de Rivières errichtet. Das Fort widerstand erfolgreich dem massiven deutschen Bombardement im September 1914.&#13;
</p>



<p>Den feindlichen Truppen gelang es somit nicht, Verdun einzukesseln. Darüber hinaus schützte der Widerstand des Forts die französischen Soldaten in der Schlacht an der Marne im hinteren Teil der Ostflanke.</p>



<p>Es ist das einzige Fort an der Linie Verdun-Toul (65 km), das bei einem Angriff nicht in deutsche Hände fiel. 450 Männer hielten mehr als sechs Tage lang gegen die feindliche Artillerie und eine 10.000 Mann starke Division der 5. Armee stand.</p>
</div>



<div class="wp-block-column is-layout-flow wp-block-column-is-layout-flow">
<div class="wp-block-image"><figure class="aligncenter size-large is-resized"><img loading="lazy" decoding="async" src="https://www.landofmemory.eu/wp-content/uploads/2021/10/1-Entree-Fort-de-Troyon-2012-11-1024x768.jpg" alt="Eingang zum Fort von Troyon." class="wp-image-4243" width="453" height="340" srcset="https://www.landofmemory.eu/wp-content/uploads/2021/10/1-Entree-Fort-de-Troyon-2012-11-1024x768.jpg 1024w, https://www.landofmemory.eu/wp-content/uploads/2021/10/1-Entree-Fort-de-Troyon-2012-11-300x225.jpg 300w, https://www.landofmemory.eu/wp-content/uploads/2021/10/1-Entree-Fort-de-Troyon-2012-11-768x576.jpg 768w, https://www.landofmemory.eu/wp-content/uploads/2021/10/1-Entree-Fort-de-Troyon-2012-11-600x450.jpg 600w, https://www.landofmemory.eu/wp-content/uploads/2021/10/1-Entree-Fort-de-Troyon-2012-11.jpg 1280w" sizes="auto, (max-width: 453px) 100vw, 453px" /></figure></div>
</div>
</div>

<p></p>

<p>1918 diente das Fort von Troyon als Lazarett für die amerikanischen Truppen, die Saint-Mihiel (4 Jahre lang besetzt) und den Montsec-Hügel befreiten.</p>

<p>Die Spuren der Bombardierungen vom September 1914 sind heute noch sichtbar. Sie sind Zeugen der Gewalt der Kämpfe. Die Festung, die 80 Jahre lang in Vergessenheit geraten war, hat dank des Engagements zahlreicher Freiwilliger ihr Ansehen wiedererlangt. Sie haben sich dafür eingesetzt, die Erinnerung an das Opfer ihrer Vorfahren zu bewahren. </p>

<p>Die Festung wurde durch einen Beschluss vom 2. November 1994 unter Denkmalschutz gestellt. Das Fort von Troyon ist unter bestimmten Bedingungen für Besucher zugänglich.&#13;
</p>

<!-- This site is optimized with the Yoast SEO plugin v26.0 - https://yoast.com/wordpress/plugins/seo/ -->
<title>Erster Weltkrieg: Fort von Troyon</title>
<meta name="description" content="Die Festung von Troyon ist legendär für ihren Widerstand und vor allem im Gedächtnis der Menschen verankert, da sie die Deutschen daran hinderte, Verdun einzukesseln." />
<meta name="robots" content="index, follow, max-snippet:-1, max-image-preview:large, max-video-preview:-1" />
<link rel="canonical" href="https://www.landofmemory.eu/de/sites-historiques/fort-von-troyon/" />
<meta property="og:locale" content="de_DE" />
<meta property="og:type" content="article" />
<meta property="og:title" content="Erster Weltkrieg: Fort von Troyon" />
<meta property="og:description" content="Die Festung von Troyon ist legendär für ihren Widerstand und vor allem im Gedächtnis der Menschen verankert, da sie die Deutschen daran hinderte, Verdun einzukesseln." />
<meta property="og:url" content="https://www.landofmemory.eu/de/sites-historiques/fort-von-troyon/" />
<meta property="og:site_name" content="Land Of Memory" />
<meta property="article:publisher" content="https://www.facebook.com/landofmemory.eu" />
<meta property="article:modified_time" content="2022-08-02T10:02:27+00:00" />
<meta property="og:image" content="https://www.landofmemory.eu/wp-content/uploads/2021/10/1-Entree-Fort-de-Troyon-2012-11-1024x768.jpg" />
<meta name="twitter:card" content="summary_large_image" />
<meta name="twitter:label1" content="Geschätzte Lesezeit" />
	<meta name="twitter:data1" content="1 Minute" />
<script type="application/ld+json" class="yoast-schema-graph">{"@context":"https://schema.org","@graph":[{"@type":"WebPage","@id":"https://www.landofmemory.eu/de/sites-historiques/fort-von-troyon/","url":"https://www.landofmemory.eu/de/sites-historiques/fort-von-troyon/","name":"Erster Weltkrieg: Fort von Troyon","isPartOf":{"@id":"https://www.landofmemory.eu/#website"},"primaryImageOfPage":{"@id":"https://www.landofmemory.eu/de/sites-historiques/fort-von-troyon/#primaryimage"},"image":{"@id":"https://www.landofmemory.eu/de/sites-historiques/fort-von-troyon/#primaryimage"},"thumbnailUrl":"https://www.landofmemory.eu/wp-content/uploads/2021/10/1-Entree-Fort-de-Troyon-2012-11-1024x768.jpg","datePublished":"2021-11-02T16:27:00+00:00","dateModified":"2022-08-02T10:02:27+00:00","description":"Die Festung von Troyon ist legendär für ihren Widerstand und vor allem im Gedächtnis der Menschen verankert, da sie die Deutschen daran hinderte, Verdun einzukesseln.","breadcrumb":{"@id":"https://www.landofmemory.eu/de/sites-historiques/fort-von-troyon/#breadcrumb"},"inLanguage":"de","potentialAction":[{"@type":"ReadAction","target":["https://www.landofmemory.eu/de/sites-historiques/fort-von-troyon/"]}]},{"@type":"ImageObject","inLanguage":"de","@id":"https://www.landofmemory.eu/de/sites-historiques/fort-von-troyon/#primaryimage","url":"https://www.landofmemory.eu/wp-content/uploads/2021/10/1-Entree-Fort-de-Troyon-2012-11-1024x768.jpg","contentUrl":"https://www.landofmemory.eu/wp-content/uploads/2021/10/1-Entree-Fort-de-Troyon-2012-11-1024x768.jpg"},{"@type":"BreadcrumbList","@id":"https://www.landofmemory.eu/de/sites-historiques/fort-von-troyon/#breadcrumb","itemListElement":[{"@type":"ListItem","position":1,"name":"Accueil","item":"https://www.landofmemory.eu/"},{"@type":"ListItem","position":2,"name":"Fort von Troyon"}]},{"@type":"WebSite","@id":"https://www.landofmemory.eu/#website","url":"https://www.landofmemory.eu/","name":"Land Of Memory","description":"L&#039;histoire commence ici","publisher":{"@id":"https://www.landofmemory.eu/#organization"},"potentialAction":[{"@type":"SearchAction","target":{"@type":"EntryPoint","urlTemplate":"https://www.landofmemory.eu/?s={search_term_string}"},"query-input":{"@type":"PropertyValueSpecification","valueRequired":true,"valueName":"search_term_string"}}],"inLanguage":"de"},{"@type":"Organization","@id":"https://www.landofmemory.eu/#organization","name":"Land Of Memory","url":"https://www.landofmemory.eu/","logo":{"@type":"ImageObject","inLanguage":"de","@id":"https://www.landofmemory.eu/#/schema/logo/image/","url":"https://www.landofmemory.eu/wp-content/uploads/2022/10/logo-land-of-memory.jpg","contentUrl":"https://www.landofmemory.eu/wp-content/uploads/2022/10/logo-land-of-memory.jpg","width":1000,"height":500,"caption":"Land Of Memory"},"image":{"@id":"https://www.landofmemory.eu/#/schema/logo/image/"},"sameAs":["https://www.facebook.com/landofmemory.eu","https://www.instagram.com/landofmemory_eu/"]}]}</script>
<!-- / Yoast SEO plugin. -->

Die Festung von Troyon ist legendär für ihren Widerstand und vor allem im Gedächtnis der Menschen verankert, da sie die Deutschen daran hinderte, Verdun einzukesseln.
