{"id":5591,"date":"2021-11-02T17:29:02","date_gmt":"2021-11-02T16:29:02","guid":{"rendered":"https:\/\/www.landofmemory.eu\/sites-historiques\/amerikanischer-turm-von-montfaucon\/"},"modified":"2022-08-02T11:58:33","modified_gmt":"2022-08-02T09:58:33","slug":"amerikanischer-turm-von-montfaucon","status":"publish","type":"sites-historiques","link":"https:\/\/www.landofmemory.eu\/de\/sites-historiques\/amerikanischer-turm-von-montfaucon\/","title":{"rendered":"Amerikanischer Turm von Montfaucon"},"content":{"rendered":"\n<h2 class=\"wp-block-heading\">Symbol der Freiheit<\/h2>\n\n<p>Am Morgen des 26. September 1918 begann eine Offensive gegen die Frontlinie der amerikanischen Ersten Armee. Deutsche Soldaten griffen vor dem Turm von Montfaucon an. Dieser Angriff dauerte bis zum 11. November 1918, als der Feind seine Niederlage eingestand. Die Maas-Argonnen-Offensive war zu diesem Zeitpunkt die gr\u00f6\u00dfte Schlacht in der amerikanischen Geschichte. Von den 1.200.000 eingesetzten M\u00e4nnern wurde ein hoher Tribut gefordert. Es wird berichtet, dass 125.000 Menschen get\u00f6tet, verwundet oder vermisst wurden.<\/p>\n\n<p>An den Mauern des Denkmals ist eine Karte eingraviert, die die Operationen darstellt und die Geschichte der amerikanischen Soldaten erz\u00e4hlt, die sich f\u00fcr die Freiheit geopfert haben. Von einer Aussichtsplattform aus kann man den gr\u00f6\u00dften Teil des damals eroberten Gebiets \u00fcberblicken.&#13;\n<\/p>\n\n<p>Der 1937 von der American Battle Monuments Commission errichtete Turm von Montfaucon wird auch heute noch von der Kommission gewartet. Bei der Einweihung des Turms hielt der Pr\u00e4sident der Vereinigten Staaten, Franklin D. Roosevelt, eine Rede in Washington. &#13;\n<\/p>\n\n<p>Nach dem Besuch der amerikanischen Gedenkst\u00e4tte laden wir Sie zu einem Spaziergang zwischen den Ruinen der Abtei Montfaucon und dem alten Dorf ein.&#13;\n<\/p>\n\n<div style=\"height:100px\" aria-hidden=\"true\" class=\"wp-block-spacer\"><\/div>\n\n<div class=\"wp-block-columns is-layout-flex wp-container-core-columns-is-layout-9d6595d7 wp-block-columns-is-layout-flex\">\n<div class=\"wp-block-column is-layout-flow wp-block-column-is-layout-flow\">\n<div class=\"wp-block-image\"><figure class=\"aligncenter size-medium is-resized\"><img loading=\"lazy\" decoding=\"async\" src=\"https:\/\/www.landofmemory.eu\/wp-content\/uploads\/2021\/10\/1310_MONTFAUCON_011_Guillaume-Ramon-min-300x200.jpg\" alt=\"Ruinen der Abtei von Montfaucon.\" class=\"wp-image-4238\" width=\"473\" height=\"315\" srcset=\"https:\/\/www.landofmemory.eu\/wp-content\/uploads\/2021\/10\/1310_MONTFAUCON_011_Guillaume-Ramon-min-300x200.jpg 300w, https:\/\/www.landofmemory.eu\/wp-content\/uploads\/2021\/10\/1310_MONTFAUCON_011_Guillaume-Ramon-min-1024x683.jpg 1024w, https:\/\/www.landofmemory.eu\/wp-content\/uploads\/2021\/10\/1310_MONTFAUCON_011_Guillaume-Ramon-min-768x513.jpg 768w, https:\/\/www.landofmemory.eu\/wp-content\/uploads\/2021\/10\/1310_MONTFAUCON_011_Guillaume-Ramon-min-1536x1025.jpg 1536w, https:\/\/www.landofmemory.eu\/wp-content\/uploads\/2021\/10\/1310_MONTFAUCON_011_Guillaume-Ramon-min-2048x1367.jpg 2048w, https:\/\/www.landofmemory.eu\/wp-content\/uploads\/2021\/10\/1310_MONTFAUCON_011_Guillaume-Ramon-min-600x400.jpg 600w\" sizes=\"auto, (max-width: 473px) 100vw, 473px\" \/><figcaption>\u00a9 Guillaume Ramon<\/figcaption><\/figure><\/div>\n<\/div>\n<\/div>\n","protected":false},"template":"","type_site":[50],"class_list":["post-5591","sites-historiques","type-sites-historiques","status-publish","hentry","type_site-gedenkstatten"],"acf":[],"yoast_head":"<!-- This site is optimized with the Yoast SEO plugin v26.0 - https:\/\/yoast.com\/wordpress\/plugins\/seo\/ -->\n<title>Erster Weltkrieg: Amerikanischer Turm von Montfaucon<\/title>\n<meta name=\"description\" content=\"Als Symbol der Freiheit ehrt der amerikanische Turm von Montfaucon die Soldaten der ersten amerikanischen Armee.\" \/>\n<meta name=\"robots\" content=\"index, follow, max-snippet:-1, max-image-preview:large, max-video-preview:-1\" \/>\n<link rel=\"canonical\" href=\"https:\/\/www.landofmemory.eu\/de\/sites-historiques\/amerikanischer-turm-von-montfaucon\/\" \/>\n<meta property=\"og:locale\" content=\"de_DE\" \/>\n<meta property=\"og:type\" content=\"article\" \/>\n<meta property=\"og:title\" content=\"Erster Weltkrieg: Amerikanischer Turm von Montfaucon\" \/>\n<meta property=\"og:description\" content=\"Als Symbol der Freiheit ehrt der amerikanische Turm von Montfaucon die Soldaten der ersten amerikanischen Armee.\" \/>\n<meta property=\"og:url\" content=\"https:\/\/www.landofmemory.eu\/de\/sites-historiques\/amerikanischer-turm-von-montfaucon\/\" \/>\n<meta property=\"og:site_name\" content=\"Land Of Memory\" \/>\n<meta property=\"article:publisher\" content=\"https:\/\/www.facebook.com\/landofmemory.eu\" \/>\n<meta property=\"article:modified_time\" content=\"2022-08-02T09:58:33+00:00\" \/>\n<meta property=\"og:image\" content=\"https:\/\/www.landofmemory.eu\/wp-content\/uploads\/2021\/10\/1310_MONTFAUCON_011_Guillaume-Ramon-min-300x200.jpg\" \/>\n<meta name=\"twitter:card\" content=\"summary_large_image\" \/>\n<meta name=\"twitter:label1\" content=\"Gesch\u00e4tzte Lesezeit\" \/>\n\t<meta name=\"twitter:data1\" content=\"1\u00a0Minute\" \/>\n<script type=\"application\/ld+json\" class=\"yoast-schema-graph\">{\"@context\":\"https:\/\/schema.org\",\"@graph\":[{\"@type\":\"WebPage\",\"@id\":\"https:\/\/www.landofmemory.eu\/de\/sites-historiques\/amerikanischer-turm-von-montfaucon\/\",\"url\":\"https:\/\/www.landofmemory.eu\/de\/sites-historiques\/amerikanischer-turm-von-montfaucon\/\",\"name\":\"Erster Weltkrieg: Amerikanischer Turm von Montfaucon\",\"isPartOf\":{\"@id\":\"https:\/\/www.landofmemory.eu\/#website\"},\"primaryImageOfPage\":{\"@id\":\"https:\/\/www.landofmemory.eu\/de\/sites-historiques\/amerikanischer-turm-von-montfaucon\/#primaryimage\"},\"image\":{\"@id\":\"https:\/\/www.landofmemory.eu\/de\/sites-historiques\/amerikanischer-turm-von-montfaucon\/#primaryimage\"},\"thumbnailUrl\":\"https:\/\/www.landofmemory.eu\/wp-content\/uploads\/2021\/10\/1310_MONTFAUCON_011_Guillaume-Ramon-min-300x200.jpg\",\"datePublished\":\"2021-11-02T16:29:02+00:00\",\"dateModified\":\"2022-08-02T09:58:33+00:00\",\"description\":\"Als Symbol der Freiheit ehrt der amerikanische Turm von Montfaucon die Soldaten der ersten amerikanischen Armee.\",\"breadcrumb\":{\"@id\":\"https:\/\/www.landofmemory.eu\/de\/sites-historiques\/amerikanischer-turm-von-montfaucon\/#breadcrumb\"},\"inLanguage\":\"de\",\"potentialAction\":[{\"@type\":\"ReadAction\",\"target\":[\"https:\/\/www.landofmemory.eu\/de\/sites-historiques\/amerikanischer-turm-von-montfaucon\/\"]}]},{\"@type\":\"ImageObject\",\"inLanguage\":\"de\",\"@id\":\"https:\/\/www.landofmemory.eu\/de\/sites-historiques\/amerikanischer-turm-von-montfaucon\/#primaryimage\",\"url\":\"https:\/\/www.landofmemory.eu\/wp-content\/uploads\/2021\/10\/1310_MONTFAUCON_011_Guillaume-Ramon-min-300x200.jpg\",\"contentUrl\":\"https:\/\/www.landofmemory.eu\/wp-content\/uploads\/2021\/10\/1310_MONTFAUCON_011_Guillaume-Ramon-min-300x200.jpg\"},{\"@type\":\"BreadcrumbList\",\"@id\":\"https:\/\/www.landofmemory.eu\/de\/sites-historiques\/amerikanischer-turm-von-montfaucon\/#breadcrumb\",\"itemListElement\":[{\"@type\":\"ListItem\",\"position\":1,\"name\":\"Accueil\",\"item\":\"https:\/\/www.landofmemory.eu\/\"},{\"@type\":\"ListItem\",\"position\":2,\"name\":\"Amerikanischer Turm von Montfaucon\"}]},{\"@type\":\"WebSite\",\"@id\":\"https:\/\/www.landofmemory.eu\/#website\",\"url\":\"https:\/\/www.landofmemory.eu\/\",\"name\":\"Land Of Memory\",\"description\":\"L&#039;histoire commence ici\",\"publisher\":{\"@id\":\"https:\/\/www.landofmemory.eu\/#organization\"},\"potentialAction\":[{\"@type\":\"SearchAction\",\"target\":{\"@type\":\"EntryPoint\",\"urlTemplate\":\"https:\/\/www.landofmemory.eu\/?s={search_term_string}\"},\"query-input\":{\"@type\":\"PropertyValueSpecification\",\"valueRequired\":true,\"valueName\":\"search_term_string\"}}],\"inLanguage\":\"de\"},{\"@type\":\"Organization\",\"@id\":\"https:\/\/www.landofmemory.eu\/#organization\",\"name\":\"Land Of Memory\",\"url\":\"https:\/\/www.landofmemory.eu\/\",\"logo\":{\"@type\":\"ImageObject\",\"inLanguage\":\"de\",\"@id\":\"https:\/\/www.landofmemory.eu\/#\/schema\/logo\/image\/\",\"url\":\"https:\/\/www.landofmemory.eu\/wp-content\/uploads\/2022\/10\/logo-land-of-memory.jpg\",\"contentUrl\":\"https:\/\/www.landofmemory.eu\/wp-content\/uploads\/2022\/10\/logo-land-of-memory.jpg\",\"width\":1000,\"height\":500,\"caption\":\"Land Of Memory\"},\"image\":{\"@id\":\"https:\/\/www.landofmemory.eu\/#\/schema\/logo\/image\/\"},\"sameAs\":[\"https:\/\/www.facebook.com\/landofmemory.eu\",\"https:\/\/www.instagram.com\/landofmemory_eu\/\"]}]}<\/script>\n<!-- \/ Yoast SEO plugin. -->","yoast_head_json":{"title":"Erster Weltkrieg: Amerikanischer Turm von Montfaucon","description":"Als Symbol der Freiheit ehrt der amerikanische Turm von Montfaucon die Soldaten der ersten amerikanischen Armee.","robots":{"index":"index","follow":"follow","max-snippet":"max-snippet:-1","max-image-preview":"max-image-preview:large","max-video-preview":"max-video-preview:-1"},"canonical":"https:\/\/www.landofmemory.eu\/de\/sites-historiques\/amerikanischer-turm-von-montfaucon\/","og_locale":"de_DE","og_type":"article","og_title":"Erster Weltkrieg: Amerikanischer Turm von Montfaucon","og_description":"Als Symbol der Freiheit ehrt der amerikanische Turm von Montfaucon die Soldaten der ersten amerikanischen Armee.","og_url":"https:\/\/www.landofmemory.eu\/de\/sites-historiques\/amerikanischer-turm-von-montfaucon\/","og_site_name":"Land Of Memory","article_publisher":"https:\/\/www.facebook.com\/landofmemory.eu","article_modified_time":"2022-08-02T09:58:33+00:00","og_image":[{"url":"https:\/\/www.landofmemory.eu\/wp-content\/uploads\/2021\/10\/1310_MONTFAUCON_011_Guillaume-Ramon-min-300x200.jpg","type":"","width":"","height":""}],"twitter_card":"summary_large_image","twitter_misc":{"Gesch\u00e4tzte Lesezeit":"1\u00a0Minute"},"schema":{"@context":"https:\/\/schema.org","@graph":[{"@type":"WebPage","@id":"https:\/\/www.landofmemory.eu\/de\/sites-historiques\/amerikanischer-turm-von-montfaucon\/","url":"https:\/\/www.landofmemory.eu\/de\/sites-historiques\/amerikanischer-turm-von-montfaucon\/","name":"Erster Weltkrieg: Amerikanischer Turm von Montfaucon","isPartOf":{"@id":"https:\/\/www.landofmemory.eu\/#website"},"primaryImageOfPage":{"@id":"https:\/\/www.landofmemory.eu\/de\/sites-historiques\/amerikanischer-turm-von-montfaucon\/#primaryimage"},"image":{"@id":"https:\/\/www.landofmemory.eu\/de\/sites-historiques\/amerikanischer-turm-von-montfaucon\/#primaryimage"},"thumbnailUrl":"https:\/\/www.landofmemory.eu\/wp-content\/uploads\/2021\/10\/1310_MONTFAUCON_011_Guillaume-Ramon-min-300x200.jpg","datePublished":"2021-11-02T16:29:02+00:00","dateModified":"2022-08-02T09:58:33+00:00","description":"Als Symbol der Freiheit ehrt der amerikanische Turm von Montfaucon die Soldaten der ersten amerikanischen Armee.","breadcrumb":{"@id":"https:\/\/www.landofmemory.eu\/de\/sites-historiques\/amerikanischer-turm-von-montfaucon\/#breadcrumb"},"inLanguage":"de","potentialAction":[{"@type":"ReadAction","target":["https:\/\/www.landofmemory.eu\/de\/sites-historiques\/amerikanischer-turm-von-montfaucon\/"]}]},{"@type":"ImageObject","inLanguage":"de","@id":"https:\/\/www.landofmemory.eu\/de\/sites-historiques\/amerikanischer-turm-von-montfaucon\/#primaryimage","url":"https:\/\/www.landofmemory.eu\/wp-content\/uploads\/2021\/10\/1310_MONTFAUCON_011_Guillaume-Ramon-min-300x200.jpg","contentUrl":"https:\/\/www.landofmemory.eu\/wp-content\/uploads\/2021\/10\/1310_MONTFAUCON_011_Guillaume-Ramon-min-300x200.jpg"},{"@type":"BreadcrumbList","@id":"https:\/\/www.landofmemory.eu\/de\/sites-historiques\/amerikanischer-turm-von-montfaucon\/#breadcrumb","itemListElement":[{"@type":"ListItem","position":1,"name":"Accueil","item":"https:\/\/www.landofmemory.eu\/"},{"@type":"ListItem","position":2,"name":"Amerikanischer Turm von Montfaucon"}]},{"@type":"WebSite","@id":"https:\/\/www.landofmemory.eu\/#website","url":"https:\/\/www.landofmemory.eu\/","name":"Land Of Memory","description":"L&#039;histoire commence ici","publisher":{"@id":"https:\/\/www.landofmemory.eu\/#organization"},"potentialAction":[{"@type":"SearchAction","target":{"@type":"EntryPoint","urlTemplate":"https:\/\/www.landofmemory.eu\/?s={search_term_string}"},"query-input":{"@type":"PropertyValueSpecification","valueRequired":true,"valueName":"search_term_string"}}],"inLanguage":"de"},{"@type":"Organization","@id":"https:\/\/www.landofmemory.eu\/#organization","name":"Land Of Memory","url":"https:\/\/www.landofmemory.eu\/","logo":{"@type":"ImageObject","inLanguage":"de","@id":"https:\/\/www.landofmemory.eu\/#\/schema\/logo\/image\/","url":"https:\/\/www.landofmemory.eu\/wp-content\/uploads\/2022\/10\/logo-land-of-memory.jpg","contentUrl":"https:\/\/www.landofmemory.eu\/wp-content\/uploads\/2022\/10\/logo-land-of-memory.jpg","width":1000,"height":500,"caption":"Land Of Memory"},"image":{"@id":"https:\/\/www.landofmemory.eu\/#\/schema\/logo\/image\/"},"sameAs":["https:\/\/www.facebook.com\/landofmemory.eu","https:\/\/www.instagram.com\/landofmemory_eu\/"]}]}},"_links":{"self":[{"href":"https:\/\/www.landofmemory.eu\/de\/wp-json\/wp\/v2\/sites-historiques\/5591","targetHints":{"allow":["GET"]}}],"collection":[{"href":"https:\/\/www.landofmemory.eu\/de\/wp-json\/wp\/v2\/sites-historiques"}],"about":[{"href":"https:\/\/www.landofmemory.eu\/de\/wp-json\/wp\/v2\/types\/sites-historiques"}],"wp:attachment":[{"href":"https:\/\/www.landofmemory.eu\/de\/wp-json\/wp\/v2\/media?parent=5591"}],"wp:term":[{"taxonomy":"type_site","embeddable":true,"href":"https:\/\/www.landofmemory.eu\/de\/wp-json\/wp\/v2\/type_site?post=5591"}],"curies":[{"name":"wp","href":"https:\/\/api.w.org\/{rel}","templated":true}]}}

<h2 class="wp-block-heading">Symbol der Freiheit</h2>

<p>Am Morgen des 26. September 1918 begann eine Offensive gegen die Frontlinie der amerikanischen Ersten Armee. Deutsche Soldaten griffen vor dem Turm von Montfaucon an. Dieser Angriff dauerte bis zum 11. November 1918, als der Feind seine Niederlage eingestand. Die Maas-Argonnen-Offensive war zu diesem Zeitpunkt die größte Schlacht in der amerikanischen Geschichte. Von den 1.200.000 eingesetzten Männern wurde ein hoher Tribut gefordert. Es wird berichtet, dass 125.000 Menschen getötet, verwundet oder vermisst wurden.</p>

<p>An den Mauern des Denkmals ist eine Karte eingraviert, die die Operationen darstellt und die Geschichte der amerikanischen Soldaten erzählt, die sich für die Freiheit geopfert haben. Von einer Aussichtsplattform aus kann man den größten Teil des damals eroberten Gebiets überblicken.&#13;
</p>

<p>Der 1937 von der American Battle Monuments Commission errichtete Turm von Montfaucon wird auch heute noch von der Kommission gewartet. Bei der Einweihung des Turms hielt der Präsident der Vereinigten Staaten, Franklin D. Roosevelt, eine Rede in Washington. &#13;
</p>

<p>Nach dem Besuch der amerikanischen Gedenkstätte laden wir Sie zu einem Spaziergang zwischen den Ruinen der Abtei Montfaucon und dem alten Dorf ein.&#13;
</p>

<div style="height:100px" aria-hidden="true" class="wp-block-spacer"></div>

<div class="wp-block-columns is-layout-flex wp-container-core-columns-is-layout-9d6595d7 wp-block-columns-is-layout-flex">
<div class="wp-block-column is-layout-flow wp-block-column-is-layout-flow">
<div class="wp-block-image"><figure class="aligncenter size-medium is-resized"><img loading="lazy" decoding="async" src="https://www.landofmemory.eu/wp-content/uploads/2021/10/1310_MONTFAUCON_011_Guillaume-Ramon-min-300x200.jpg" alt="Ruinen der Abtei von Montfaucon." class="wp-image-4238" width="473" height="315" srcset="https://www.landofmemory.eu/wp-content/uploads/2021/10/1310_MONTFAUCON_011_Guillaume-Ramon-min-300x200.jpg 300w, https://www.landofmemory.eu/wp-content/uploads/2021/10/1310_MONTFAUCON_011_Guillaume-Ramon-min-1024x683.jpg 1024w, https://www.landofmemory.eu/wp-content/uploads/2021/10/1310_MONTFAUCON_011_Guillaume-Ramon-min-768x513.jpg 768w, https://www.landofmemory.eu/wp-content/uploads/2021/10/1310_MONTFAUCON_011_Guillaume-Ramon-min-1536x1025.jpg 1536w, https://www.landofmemory.eu/wp-content/uploads/2021/10/1310_MONTFAUCON_011_Guillaume-Ramon-min-2048x1367.jpg 2048w, https://www.landofmemory.eu/wp-content/uploads/2021/10/1310_MONTFAUCON_011_Guillaume-Ramon-min-600x400.jpg 600w" sizes="auto, (max-width: 473px) 100vw, 473px" /><figcaption>© Guillaume Ramon</figcaption></figure></div>
</div>
</div>

<!-- This site is optimized with the Yoast SEO plugin v26.0 - https://yoast.com/wordpress/plugins/seo/ -->
<title>Erster Weltkrieg: Amerikanischer Turm von Montfaucon</title>
<meta name="description" content="Als Symbol der Freiheit ehrt der amerikanische Turm von Montfaucon die Soldaten der ersten amerikanischen Armee." />
<meta name="robots" content="index, follow, max-snippet:-1, max-image-preview:large, max-video-preview:-1" />
<link rel="canonical" href="https://www.landofmemory.eu/de/sites-historiques/amerikanischer-turm-von-montfaucon/" />
<meta property="og:locale" content="de_DE" />
<meta property="og:type" content="article" />
<meta property="og:title" content="Erster Weltkrieg: Amerikanischer Turm von Montfaucon" />
<meta property="og:description" content="Als Symbol der Freiheit ehrt der amerikanische Turm von Montfaucon die Soldaten der ersten amerikanischen Armee." />
<meta property="og:url" content="https://www.landofmemory.eu/de/sites-historiques/amerikanischer-turm-von-montfaucon/" />
<meta property="og:site_name" content="Land Of Memory" />
<meta property="article:publisher" content="https://www.facebook.com/landofmemory.eu" />
<meta property="article:modified_time" content="2022-08-02T09:58:33+00:00" />
<meta property="og:image" content="https://www.landofmemory.eu/wp-content/uploads/2021/10/1310_MONTFAUCON_011_Guillaume-Ramon-min-300x200.jpg" />
<meta name="twitter:card" content="summary_large_image" />
<meta name="twitter:label1" content="Geschätzte Lesezeit" />
	<meta name="twitter:data1" content="1 Minute" />
<script type="application/ld+json" class="yoast-schema-graph">{"@context":"https://schema.org","@graph":[{"@type":"WebPage","@id":"https://www.landofmemory.eu/de/sites-historiques/amerikanischer-turm-von-montfaucon/","url":"https://www.landofmemory.eu/de/sites-historiques/amerikanischer-turm-von-montfaucon/","name":"Erster Weltkrieg: Amerikanischer Turm von Montfaucon","isPartOf":{"@id":"https://www.landofmemory.eu/#website"},"primaryImageOfPage":{"@id":"https://www.landofmemory.eu/de/sites-historiques/amerikanischer-turm-von-montfaucon/#primaryimage"},"image":{"@id":"https://www.landofmemory.eu/de/sites-historiques/amerikanischer-turm-von-montfaucon/#primaryimage"},"thumbnailUrl":"https://www.landofmemory.eu/wp-content/uploads/2021/10/1310_MONTFAUCON_011_Guillaume-Ramon-min-300x200.jpg","datePublished":"2021-11-02T16:29:02+00:00","dateModified":"2022-08-02T09:58:33+00:00","description":"Als Symbol der Freiheit ehrt der amerikanische Turm von Montfaucon die Soldaten der ersten amerikanischen Armee.","breadcrumb":{"@id":"https://www.landofmemory.eu/de/sites-historiques/amerikanischer-turm-von-montfaucon/#breadcrumb"},"inLanguage":"de","potentialAction":[{"@type":"ReadAction","target":["https://www.landofmemory.eu/de/sites-historiques/amerikanischer-turm-von-montfaucon/"]}]},{"@type":"ImageObject","inLanguage":"de","@id":"https://www.landofmemory.eu/de/sites-historiques/amerikanischer-turm-von-montfaucon/#primaryimage","url":"https://www.landofmemory.eu/wp-content/uploads/2021/10/1310_MONTFAUCON_011_Guillaume-Ramon-min-300x200.jpg","contentUrl":"https://www.landofmemory.eu/wp-content/uploads/2021/10/1310_MONTFAUCON_011_Guillaume-Ramon-min-300x200.jpg"},{"@type":"BreadcrumbList","@id":"https://www.landofmemory.eu/de/sites-historiques/amerikanischer-turm-von-montfaucon/#breadcrumb","itemListElement":[{"@type":"ListItem","position":1,"name":"Accueil","item":"https://www.landofmemory.eu/"},{"@type":"ListItem","position":2,"name":"Amerikanischer Turm von Montfaucon"}]},{"@type":"WebSite","@id":"https://www.landofmemory.eu/#website","url":"https://www.landofmemory.eu/","name":"Land Of Memory","description":"L&#039;histoire commence ici","publisher":{"@id":"https://www.landofmemory.eu/#organization"},"potentialAction":[{"@type":"SearchAction","target":{"@type":"EntryPoint","urlTemplate":"https://www.landofmemory.eu/?s={search_term_string}"},"query-input":{"@type":"PropertyValueSpecification","valueRequired":true,"valueName":"search_term_string"}}],"inLanguage":"de"},{"@type":"Organization","@id":"https://www.landofmemory.eu/#organization","name":"Land Of Memory","url":"https://www.landofmemory.eu/","logo":{"@type":"ImageObject","inLanguage":"de","@id":"https://www.landofmemory.eu/#/schema/logo/image/","url":"https://www.landofmemory.eu/wp-content/uploads/2022/10/logo-land-of-memory.jpg","contentUrl":"https://www.landofmemory.eu/wp-content/uploads/2022/10/logo-land-of-memory.jpg","width":1000,"height":500,"caption":"Land Of Memory"},"image":{"@id":"https://www.landofmemory.eu/#/schema/logo/image/"},"sameAs":["https://www.facebook.com/landofmemory.eu","https://www.instagram.com/landofmemory_eu/"]}]}</script>
<!-- / Yoast SEO plugin. -->
