{"id":5592,"date":"2021-11-02T17:31:11","date_gmt":"2021-11-02T16:31:11","guid":{"rendered":"https:\/\/www.landofmemory.eu\/sites-historiques\/stadt-verdun\/"},"modified":"2022-01-14T16:02:39","modified_gmt":"2022-01-14T15:02:39","slug":"stadt-verdun","status":"publish","type":"sites-historiques","link":"https:\/\/www.landofmemory.eu\/de\/sites-historiques\/stadt-verdun\/","title":{"rendered":"Stadt Verdun"},"content":{"rendered":"\n<h2 class=\"wp-block-heading\">Ein Ort der Erinnerung<\/h2>\n\n<div style=\"height:100px\" aria-hidden=\"true\" class=\"wp-block-spacer\"><\/div>\n\n<div class=\"wp-block-columns is-layout-flex wp-container-core-columns-is-layout-9d6595d7 wp-block-columns-is-layout-flex\">\n<div class=\"wp-block-column is-vertically-aligned-center is-layout-flow wp-block-column-is-layout-flow\">\n<figure class=\"wp-block-image size-medium is-resized\"><img loading=\"lazy\" decoding=\"async\" src=\"https:\/\/www.landofmemory.eu\/wp-content\/uploads\/2021\/10\/Verdun_Denis_Bdts1-min-300x200.jpg\" alt=\"Blick auf die Stadt Verdun.\" class=\"wp-image-4224\" width=\"432\" height=\"288\" srcset=\"https:\/\/www.landofmemory.eu\/wp-content\/uploads\/2021\/10\/Verdun_Denis_Bdts1-min-300x200.jpg 300w, https:\/\/www.landofmemory.eu\/wp-content\/uploads\/2021\/10\/Verdun_Denis_Bdts1-min-1024x684.jpg 1024w, https:\/\/www.landofmemory.eu\/wp-content\/uploads\/2021\/10\/Verdun_Denis_Bdts1-min-768x513.jpg 768w, https:\/\/www.landofmemory.eu\/wp-content\/uploads\/2021\/10\/Verdun_Denis_Bdts1-min-1536x1025.jpg 1536w, https:\/\/www.landofmemory.eu\/wp-content\/uploads\/2021\/10\/Verdun_Denis_Bdts1-min-2048x1367.jpg 2048w, https:\/\/www.landofmemory.eu\/wp-content\/uploads\/2021\/10\/Verdun_Denis_Bdts1-min-600x401.jpg 600w\" sizes=\"auto, (max-width: 432px) 100vw, 432px\" \/><figcaption>\u00a9 Land of Memory<\/figcaption><\/figure>\n<\/div>\n\n\n\n<div class=\"wp-block-column is-vertically-aligned-center is-layout-flow wp-block-column-is-layout-flow\">\n<p>Verdun ist eine kleine Stadt mit 18.000 Einwohnern, die durch das Schlachtfeld des Ersten Weltkriegs bekannt wurde. Heute zeugen zahlreiche Museen, St\u00e4tten und Gedenkst\u00e4tten von dem Schmerz der Vergangenheit und dem Heldentum derer, die sich f\u00fcr die Freiheit geopfert haben.<\/p>\n\n\n\n<p>Das Beinhaus von Douaumont beispielsweise beherbergt die sterblichen \u00dcberreste von \u00fcber 100.000 Soldaten. Im Nordwesten der Stadt erinnert der amerikanische Friedhof Maas-Argonne an die amerikanischen Soldaten, die einen wichtigen Beitrag zum Sieg Frankreichs geleistet haben.&#13;\n<\/p>\n<\/div>\n<\/div>\n\n<p>Nach dem Krieg war die Stadt schwer verw\u00fcstet: ein Viertel war v\u00f6llig zerst\u00f6rt, die H\u00e4lfte war schwer besch\u00e4digt, und das letzte Viertel war gepl\u00fcndert. In der Zwischenkriegszeit wurde die Stadt wiederaufgebaut. 1929 erlebte Verdun einen zweiten Aufschwung. Neue Stra\u00dfen wurden verbreitert, die Flussufer wurden ges\u00e4ubert und Denkm\u00e4ler wie die Kathedrale wurden restauriert. Zahlreiche Denkm\u00e4ler wurden errichtet und Verdun wurde zu einem Wallfahrtsort f\u00fcr die Soldaten des Ersten Weltkriegs und ihre Familien.&#13;\n<\/p>\n","protected":false},"template":"","type_site":[82],"class_list":["post-5592","sites-historiques","type-sites-historiques","status-publish","hentry","type_site-stadte"],"acf":[],"yoast_head":"<!-- This site is optimized with the Yoast SEO plugin v26.0 - https:\/\/yoast.com\/wordpress\/plugins\/seo\/ -->\n<title>Erster Weltkrieg: Stadt Verdun<\/title>\n<meta name=\"description\" content=\"Die Stadt Verdun, ein Ort der Erinnerung und der gut geh\u00fcteten Geheimnisse, pr\u00e4sentiert die authentischen \u00dcberreste eines Symbols des Zweiten Weltkriegs.\" \/>\n<meta name=\"robots\" content=\"index, follow, max-snippet:-1, max-image-preview:large, max-video-preview:-1\" \/>\n<link rel=\"canonical\" href=\"https:\/\/www.landofmemory.eu\/de\/sites-historiques\/stadt-verdun\/\" \/>\n<meta property=\"og:locale\" content=\"de_DE\" \/>\n<meta property=\"og:type\" content=\"article\" \/>\n<meta property=\"og:title\" content=\"Erster Weltkrieg: Stadt Verdun\" \/>\n<meta property=\"og:description\" content=\"Die Stadt Verdun, ein Ort der Erinnerung und der gut geh\u00fcteten Geheimnisse, pr\u00e4sentiert die authentischen \u00dcberreste eines Symbols des Zweiten Weltkriegs.\" \/>\n<meta property=\"og:url\" content=\"https:\/\/www.landofmemory.eu\/de\/sites-historiques\/stadt-verdun\/\" \/>\n<meta property=\"og:site_name\" content=\"Land Of Memory\" \/>\n<meta property=\"article:publisher\" content=\"https:\/\/www.facebook.com\/landofmemory.eu\" \/>\n<meta property=\"article:modified_time\" content=\"2022-01-14T15:02:39+00:00\" \/>\n<meta property=\"og:image\" content=\"https:\/\/www.landofmemory.eu\/wp-content\/uploads\/2021\/10\/Verdun_Denis_Bdts1-min-300x200.jpg\" \/>\n<meta name=\"twitter:card\" content=\"summary_large_image\" \/>\n<meta name=\"twitter:label1\" content=\"Gesch\u00e4tzte Lesezeit\" \/>\n\t<meta name=\"twitter:data1\" content=\"1\u00a0Minute\" \/>\n<script type=\"application\/ld+json\" class=\"yoast-schema-graph\">{\"@context\":\"https:\/\/schema.org\",\"@graph\":[{\"@type\":\"WebPage\",\"@id\":\"https:\/\/www.landofmemory.eu\/de\/sites-historiques\/stadt-verdun\/\",\"url\":\"https:\/\/www.landofmemory.eu\/de\/sites-historiques\/stadt-verdun\/\",\"name\":\"Erster Weltkrieg: Stadt Verdun\",\"isPartOf\":{\"@id\":\"https:\/\/www.landofmemory.eu\/#website\"},\"primaryImageOfPage\":{\"@id\":\"https:\/\/www.landofmemory.eu\/de\/sites-historiques\/stadt-verdun\/#primaryimage\"},\"image\":{\"@id\":\"https:\/\/www.landofmemory.eu\/de\/sites-historiques\/stadt-verdun\/#primaryimage\"},\"thumbnailUrl\":\"https:\/\/www.landofmemory.eu\/wp-content\/uploads\/2021\/10\/Verdun_Denis_Bdts1-min-300x200.jpg\",\"datePublished\":\"2021-11-02T16:31:11+00:00\",\"dateModified\":\"2022-01-14T15:02:39+00:00\",\"description\":\"Die Stadt Verdun, ein Ort der Erinnerung und der gut geh\u00fcteten Geheimnisse, pr\u00e4sentiert die authentischen \u00dcberreste eines Symbols des Zweiten Weltkriegs.\",\"breadcrumb\":{\"@id\":\"https:\/\/www.landofmemory.eu\/de\/sites-historiques\/stadt-verdun\/#breadcrumb\"},\"inLanguage\":\"de\",\"potentialAction\":[{\"@type\":\"ReadAction\",\"target\":[\"https:\/\/www.landofmemory.eu\/de\/sites-historiques\/stadt-verdun\/\"]}]},{\"@type\":\"ImageObject\",\"inLanguage\":\"de\",\"@id\":\"https:\/\/www.landofmemory.eu\/de\/sites-historiques\/stadt-verdun\/#primaryimage\",\"url\":\"https:\/\/www.landofmemory.eu\/wp-content\/uploads\/2021\/10\/Verdun_Denis_Bdts1-min-300x200.jpg\",\"contentUrl\":\"https:\/\/www.landofmemory.eu\/wp-content\/uploads\/2021\/10\/Verdun_Denis_Bdts1-min-300x200.jpg\"},{\"@type\":\"BreadcrumbList\",\"@id\":\"https:\/\/www.landofmemory.eu\/de\/sites-historiques\/stadt-verdun\/#breadcrumb\",\"itemListElement\":[{\"@type\":\"ListItem\",\"position\":1,\"name\":\"Accueil\",\"item\":\"https:\/\/www.landofmemory.eu\/\"},{\"@type\":\"ListItem\",\"position\":2,\"name\":\"Stadt Verdun\"}]},{\"@type\":\"WebSite\",\"@id\":\"https:\/\/www.landofmemory.eu\/#website\",\"url\":\"https:\/\/www.landofmemory.eu\/\",\"name\":\"Land Of Memory\",\"description\":\"L&#039;histoire commence ici\",\"publisher\":{\"@id\":\"https:\/\/www.landofmemory.eu\/#organization\"},\"potentialAction\":[{\"@type\":\"SearchAction\",\"target\":{\"@type\":\"EntryPoint\",\"urlTemplate\":\"https:\/\/www.landofmemory.eu\/?s={search_term_string}\"},\"query-input\":{\"@type\":\"PropertyValueSpecification\",\"valueRequired\":true,\"valueName\":\"search_term_string\"}}],\"inLanguage\":\"de\"},{\"@type\":\"Organization\",\"@id\":\"https:\/\/www.landofmemory.eu\/#organization\",\"name\":\"Land Of Memory\",\"url\":\"https:\/\/www.landofmemory.eu\/\",\"logo\":{\"@type\":\"ImageObject\",\"inLanguage\":\"de\",\"@id\":\"https:\/\/www.landofmemory.eu\/#\/schema\/logo\/image\/\",\"url\":\"https:\/\/www.landofmemory.eu\/wp-content\/uploads\/2022\/10\/logo-land-of-memory.jpg\",\"contentUrl\":\"https:\/\/www.landofmemory.eu\/wp-content\/uploads\/2022\/10\/logo-land-of-memory.jpg\",\"width\":1000,\"height\":500,\"caption\":\"Land Of Memory\"},\"image\":{\"@id\":\"https:\/\/www.landofmemory.eu\/#\/schema\/logo\/image\/\"},\"sameAs\":[\"https:\/\/www.facebook.com\/landofmemory.eu\",\"https:\/\/www.instagram.com\/landofmemory_eu\/\"]}]}<\/script>\n<!-- \/ Yoast SEO plugin. -->","yoast_head_json":{"title":"Erster Weltkrieg: Stadt Verdun","description":"Die Stadt Verdun, ein Ort der Erinnerung und der gut geh\u00fcteten Geheimnisse, pr\u00e4sentiert die authentischen \u00dcberreste eines Symbols des Zweiten Weltkriegs.","robots":{"index":"index","follow":"follow","max-snippet":"max-snippet:-1","max-image-preview":"max-image-preview:large","max-video-preview":"max-video-preview:-1"},"canonical":"https:\/\/www.landofmemory.eu\/de\/sites-historiques\/stadt-verdun\/","og_locale":"de_DE","og_type":"article","og_title":"Erster Weltkrieg: Stadt Verdun","og_description":"Die Stadt Verdun, ein Ort der Erinnerung und der gut geh\u00fcteten Geheimnisse, pr\u00e4sentiert die authentischen \u00dcberreste eines Symbols des Zweiten Weltkriegs.","og_url":"https:\/\/www.landofmemory.eu\/de\/sites-historiques\/stadt-verdun\/","og_site_name":"Land Of Memory","article_publisher":"https:\/\/www.facebook.com\/landofmemory.eu","article_modified_time":"2022-01-14T15:02:39+00:00","og_image":[{"url":"https:\/\/www.landofmemory.eu\/wp-content\/uploads\/2021\/10\/Verdun_Denis_Bdts1-min-300x200.jpg","type":"","width":"","height":""}],"twitter_card":"summary_large_image","twitter_misc":{"Gesch\u00e4tzte Lesezeit":"1\u00a0Minute"},"schema":{"@context":"https:\/\/schema.org","@graph":[{"@type":"WebPage","@id":"https:\/\/www.landofmemory.eu\/de\/sites-historiques\/stadt-verdun\/","url":"https:\/\/www.landofmemory.eu\/de\/sites-historiques\/stadt-verdun\/","name":"Erster Weltkrieg: Stadt Verdun","isPartOf":{"@id":"https:\/\/www.landofmemory.eu\/#website"},"primaryImageOfPage":{"@id":"https:\/\/www.landofmemory.eu\/de\/sites-historiques\/stadt-verdun\/#primaryimage"},"image":{"@id":"https:\/\/www.landofmemory.eu\/de\/sites-historiques\/stadt-verdun\/#primaryimage"},"thumbnailUrl":"https:\/\/www.landofmemory.eu\/wp-content\/uploads\/2021\/10\/Verdun_Denis_Bdts1-min-300x200.jpg","datePublished":"2021-11-02T16:31:11+00:00","dateModified":"2022-01-14T15:02:39+00:00","description":"Die Stadt Verdun, ein Ort der Erinnerung und der gut geh\u00fcteten Geheimnisse, pr\u00e4sentiert die authentischen \u00dcberreste eines Symbols des Zweiten Weltkriegs.","breadcrumb":{"@id":"https:\/\/www.landofmemory.eu\/de\/sites-historiques\/stadt-verdun\/#breadcrumb"},"inLanguage":"de","potentialAction":[{"@type":"ReadAction","target":["https:\/\/www.landofmemory.eu\/de\/sites-historiques\/stadt-verdun\/"]}]},{"@type":"ImageObject","inLanguage":"de","@id":"https:\/\/www.landofmemory.eu\/de\/sites-historiques\/stadt-verdun\/#primaryimage","url":"https:\/\/www.landofmemory.eu\/wp-content\/uploads\/2021\/10\/Verdun_Denis_Bdts1-min-300x200.jpg","contentUrl":"https:\/\/www.landofmemory.eu\/wp-content\/uploads\/2021\/10\/Verdun_Denis_Bdts1-min-300x200.jpg"},{"@type":"BreadcrumbList","@id":"https:\/\/www.landofmemory.eu\/de\/sites-historiques\/stadt-verdun\/#breadcrumb","itemListElement":[{"@type":"ListItem","position":1,"name":"Accueil","item":"https:\/\/www.landofmemory.eu\/"},{"@type":"ListItem","position":2,"name":"Stadt Verdun"}]},{"@type":"WebSite","@id":"https:\/\/www.landofmemory.eu\/#website","url":"https:\/\/www.landofmemory.eu\/","name":"Land Of Memory","description":"L&#039;histoire commence ici","publisher":{"@id":"https:\/\/www.landofmemory.eu\/#organization"},"potentialAction":[{"@type":"SearchAction","target":{"@type":"EntryPoint","urlTemplate":"https:\/\/www.landofmemory.eu\/?s={search_term_string}"},"query-input":{"@type":"PropertyValueSpecification","valueRequired":true,"valueName":"search_term_string"}}],"inLanguage":"de"},{"@type":"Organization","@id":"https:\/\/www.landofmemory.eu\/#organization","name":"Land Of Memory","url":"https:\/\/www.landofmemory.eu\/","logo":{"@type":"ImageObject","inLanguage":"de","@id":"https:\/\/www.landofmemory.eu\/#\/schema\/logo\/image\/","url":"https:\/\/www.landofmemory.eu\/wp-content\/uploads\/2022\/10\/logo-land-of-memory.jpg","contentUrl":"https:\/\/www.landofmemory.eu\/wp-content\/uploads\/2022\/10\/logo-land-of-memory.jpg","width":1000,"height":500,"caption":"Land Of Memory"},"image":{"@id":"https:\/\/www.landofmemory.eu\/#\/schema\/logo\/image\/"},"sameAs":["https:\/\/www.facebook.com\/landofmemory.eu","https:\/\/www.instagram.com\/landofmemory_eu\/"]}]}},"_links":{"self":[{"href":"https:\/\/www.landofmemory.eu\/de\/wp-json\/wp\/v2\/sites-historiques\/5592","targetHints":{"allow":["GET"]}}],"collection":[{"href":"https:\/\/www.landofmemory.eu\/de\/wp-json\/wp\/v2\/sites-historiques"}],"about":[{"href":"https:\/\/www.landofmemory.eu\/de\/wp-json\/wp\/v2\/types\/sites-historiques"}],"wp:attachment":[{"href":"https:\/\/www.landofmemory.eu\/de\/wp-json\/wp\/v2\/media?parent=5592"}],"wp:term":[{"taxonomy":"type_site","embeddable":true,"href":"https:\/\/www.landofmemory.eu\/de\/wp-json\/wp\/v2\/type_site?post=5592"}],"curies":[{"name":"wp","href":"https:\/\/api.w.org\/{rel}","templated":true}]}}

<h2 class="wp-block-heading">Ein Ort der Erinnerung</h2>

<div style="height:100px" aria-hidden="true" class="wp-block-spacer"></div>

<div class="wp-block-columns is-layout-flex wp-container-core-columns-is-layout-9d6595d7 wp-block-columns-is-layout-flex">
<div class="wp-block-column is-vertically-aligned-center is-layout-flow wp-block-column-is-layout-flow">
<figure class="wp-block-image size-medium is-resized"><img loading="lazy" decoding="async" src="https://www.landofmemory.eu/wp-content/uploads/2021/10/Verdun_Denis_Bdts1-min-300x200.jpg" alt="Blick auf die Stadt Verdun." class="wp-image-4224" width="432" height="288" srcset="https://www.landofmemory.eu/wp-content/uploads/2021/10/Verdun_Denis_Bdts1-min-300x200.jpg 300w, https://www.landofmemory.eu/wp-content/uploads/2021/10/Verdun_Denis_Bdts1-min-1024x684.jpg 1024w, https://www.landofmemory.eu/wp-content/uploads/2021/10/Verdun_Denis_Bdts1-min-768x513.jpg 768w, https://www.landofmemory.eu/wp-content/uploads/2021/10/Verdun_Denis_Bdts1-min-1536x1025.jpg 1536w, https://www.landofmemory.eu/wp-content/uploads/2021/10/Verdun_Denis_Bdts1-min-2048x1367.jpg 2048w, https://www.landofmemory.eu/wp-content/uploads/2021/10/Verdun_Denis_Bdts1-min-600x401.jpg 600w" sizes="auto, (max-width: 432px) 100vw, 432px" /><figcaption>© Land of Memory</figcaption></figure>
</div>



<div class="wp-block-column is-vertically-aligned-center is-layout-flow wp-block-column-is-layout-flow">
<p>Verdun ist eine kleine Stadt mit 18.000 Einwohnern, die durch das Schlachtfeld des Ersten Weltkriegs bekannt wurde. Heute zeugen zahlreiche Museen, Stätten und Gedenkstätten von dem Schmerz der Vergangenheit und dem Heldentum derer, die sich für die Freiheit geopfert haben.</p>



<p>Das Beinhaus von Douaumont beispielsweise beherbergt die sterblichen Überreste von über 100.000 Soldaten. Im Nordwesten der Stadt erinnert der amerikanische Friedhof Maas-Argonne an die amerikanischen Soldaten, die einen wichtigen Beitrag zum Sieg Frankreichs geleistet haben.&#13;
</p>
</div>
</div>

<p>Nach dem Krieg war die Stadt schwer verwüstet: ein Viertel war völlig zerstört, die Hälfte war schwer beschädigt, und das letzte Viertel war geplündert. In der Zwischenkriegszeit wurde die Stadt wiederaufgebaut. 1929 erlebte Verdun einen zweiten Aufschwung. Neue Straßen wurden verbreitert, die Flussufer wurden gesäubert und Denkmäler wie die Kathedrale wurden restauriert. Zahlreiche Denkmäler wurden errichtet und Verdun wurde zu einem Wallfahrtsort für die Soldaten des Ersten Weltkriegs und ihre Familien.&#13;
</p>

<!-- This site is optimized with the Yoast SEO plugin v26.0 - https://yoast.com/wordpress/plugins/seo/ -->
<title>Erster Weltkrieg: Stadt Verdun</title>
<meta name="description" content="Die Stadt Verdun, ein Ort der Erinnerung und der gut gehüteten Geheimnisse, präsentiert die authentischen Überreste eines Symbols des Zweiten Weltkriegs." />
<meta name="robots" content="index, follow, max-snippet:-1, max-image-preview:large, max-video-preview:-1" />
<link rel="canonical" href="https://www.landofmemory.eu/de/sites-historiques/stadt-verdun/" />
<meta property="og:locale" content="de_DE" />
<meta property="og:type" content="article" />
<meta property="og:title" content="Erster Weltkrieg: Stadt Verdun" />
<meta property="og:description" content="Die Stadt Verdun, ein Ort der Erinnerung und der gut gehüteten Geheimnisse, präsentiert die authentischen Überreste eines Symbols des Zweiten Weltkriegs." />
<meta property="og:url" content="https://www.landofmemory.eu/de/sites-historiques/stadt-verdun/" />
<meta property="og:site_name" content="Land Of Memory" />
<meta property="article:publisher" content="https://www.facebook.com/landofmemory.eu" />
<meta property="article:modified_time" content="2022-01-14T15:02:39+00:00" />
<meta property="og:image" content="https://www.landofmemory.eu/wp-content/uploads/2021/10/Verdun_Denis_Bdts1-min-300x200.jpg" />
<meta name="twitter:card" content="summary_large_image" />
<meta name="twitter:label1" content="Geschätzte Lesezeit" />
	<meta name="twitter:data1" content="1 Minute" />
<script type="application/ld+json" class="yoast-schema-graph">{"@context":"https://schema.org","@graph":[{"@type":"WebPage","@id":"https://www.landofmemory.eu/de/sites-historiques/stadt-verdun/","url":"https://www.landofmemory.eu/de/sites-historiques/stadt-verdun/","name":"Erster Weltkrieg: Stadt Verdun","isPartOf":{"@id":"https://www.landofmemory.eu/#website"},"primaryImageOfPage":{"@id":"https://www.landofmemory.eu/de/sites-historiques/stadt-verdun/#primaryimage"},"image":{"@id":"https://www.landofmemory.eu/de/sites-historiques/stadt-verdun/#primaryimage"},"thumbnailUrl":"https://www.landofmemory.eu/wp-content/uploads/2021/10/Verdun_Denis_Bdts1-min-300x200.jpg","datePublished":"2021-11-02T16:31:11+00:00","dateModified":"2022-01-14T15:02:39+00:00","description":"Die Stadt Verdun, ein Ort der Erinnerung und der gut gehüteten Geheimnisse, präsentiert die authentischen Überreste eines Symbols des Zweiten Weltkriegs.","breadcrumb":{"@id":"https://www.landofmemory.eu/de/sites-historiques/stadt-verdun/#breadcrumb"},"inLanguage":"de","potentialAction":[{"@type":"ReadAction","target":["https://www.landofmemory.eu/de/sites-historiques/stadt-verdun/"]}]},{"@type":"ImageObject","inLanguage":"de","@id":"https://www.landofmemory.eu/de/sites-historiques/stadt-verdun/#primaryimage","url":"https://www.landofmemory.eu/wp-content/uploads/2021/10/Verdun_Denis_Bdts1-min-300x200.jpg","contentUrl":"https://www.landofmemory.eu/wp-content/uploads/2021/10/Verdun_Denis_Bdts1-min-300x200.jpg"},{"@type":"BreadcrumbList","@id":"https://www.landofmemory.eu/de/sites-historiques/stadt-verdun/#breadcrumb","itemListElement":[{"@type":"ListItem","position":1,"name":"Accueil","item":"https://www.landofmemory.eu/"},{"@type":"ListItem","position":2,"name":"Stadt Verdun"}]},{"@type":"WebSite","@id":"https://www.landofmemory.eu/#website","url":"https://www.landofmemory.eu/","name":"Land Of Memory","description":"L&#039;histoire commence ici","publisher":{"@id":"https://www.landofmemory.eu/#organization"},"potentialAction":[{"@type":"SearchAction","target":{"@type":"EntryPoint","urlTemplate":"https://www.landofmemory.eu/?s={search_term_string}"},"query-input":{"@type":"PropertyValueSpecification","valueRequired":true,"valueName":"search_term_string"}}],"inLanguage":"de"},{"@type":"Organization","@id":"https://www.landofmemory.eu/#organization","name":"Land Of Memory","url":"https://www.landofmemory.eu/","logo":{"@type":"ImageObject","inLanguage":"de","@id":"https://www.landofmemory.eu/#/schema/logo/image/","url":"https://www.landofmemory.eu/wp-content/uploads/2022/10/logo-land-of-memory.jpg","contentUrl":"https://www.landofmemory.eu/wp-content/uploads/2022/10/logo-land-of-memory.jpg","width":1000,"height":500,"caption":"Land Of Memory"},"image":{"@id":"https://www.landofmemory.eu/#/schema/logo/image/"},"sameAs":["https://www.facebook.com/landofmemory.eu","https://www.instagram.com/landofmemory_eu/"]}]}</script>
<!-- / Yoast SEO plugin. -->

Die Stadt Verdun, ein Ort der Erinnerung und der gut gehüteten Geheimnisse, präsentiert die authentischen Überreste eines Symbols des Zweiten Weltkriegs.
