{"id":5857,"date":"2021-11-09T15:46:52","date_gmt":"2021-11-09T14:46:52","guid":{"rendered":"https:\/\/www.landofmemory.eu\/sujets-thematiques\/die-kriegsgefangenen\/"},"modified":"2021-11-09T15:46:52","modified_gmt":"2021-11-09T14:46:52","slug":"die-kriegsgefangenen","status":"publish","type":"sujets-thematiques","link":"https:\/\/www.landofmemory.eu\/de\/sujets-thematiques\/die-kriegsgefangenen\/","title":{"rendered":"Die Kriegsgefangenen"},"content":{"rendered":"\n<h2 class=\"wp-block-heading\">Harte Haftbedingungen<\/h2>\n\n<p><\/p>\n\n<p>Im Ersten Weltkrieg gab es 7 Millionen Kriegsgefangene, von denen etwa 2 400 000 von den Deutschen gefangen genommen wurden.<\/p>\n\n<p>Schon zu Beginn des Krieges \u00fcberraschte die Zahl der Gefangenen (125.000 franz\u00f6sische Soldaten im September 1914) den kaiserlichen Stab. Ab 1915 wurden Lager errichtet (insgesamt fast 300), einige davon im Norden und Osten Frankreichs.<\/p>\n\n<p>K\u00e4lte, Hunger, Krankheiten, Folter&#8230; Die Haftbedingungen f\u00fcr Hunderttausende von Gefangenen waren sehr hart. Die Haftbedingungen f\u00fcr die Gefangenen waren jedoch weit weniger hart als w\u00e4hrend des Zweiten Weltkriegs. Im Lager zu sein bedeutete, vom Feind umsorgt, gef\u00fcttert und gepflegt zu werden, was von einigen Soldaten als Segen empfunden wurde. Einige wurden auch als Hilfskr\u00e4fte in der Landwirtschaft oder bei der Handarbeit eingestellt. In diesen Lagern trafen Soldaten unterschiedlichster Herkunft aufeinander (Franzosen, Russen, Briten, Belgier, Amerikaner, Kanadier, Italiener usw.), aber auch unterschiedlicher sozialer Herkunft (Arbeiter, Bauern, Beamte, Intellektuelle usw.).<\/p>\n\n<p><\/p>\n\n<p><\/p>\n\n<p><\/p>\n\n<div class=\"wp-block-columns is-layout-flex wp-container-core-columns-is-layout-9d6595d7 wp-block-columns-is-layout-flex\">\n<div class=\"wp-block-column is-layout-flow wp-block-column-is-layout-flow\">\n<figure class=\"wp-block-image size-full\"><img loading=\"lazy\" decoding=\"async\" width=\"1000\" height=\"621\" src=\"https:\/\/www.landofmemory.eu\/wp-content\/uploads\/2021\/09\/1-prisonn-keym039-119-45.jpeg\" alt=\"Belgische Kriegsgefangene.\" class=\"wp-image-2312\" srcset=\"https:\/\/www.landofmemory.eu\/wp-content\/uploads\/2021\/09\/1-prisonn-keym039-119-45.jpeg 1000w, https:\/\/www.landofmemory.eu\/wp-content\/uploads\/2021\/09\/1-prisonn-keym039-119-45-300x186.jpeg 300w, https:\/\/www.landofmemory.eu\/wp-content\/uploads\/2021\/09\/1-prisonn-keym039-119-45-768x477.jpeg 768w, https:\/\/www.landofmemory.eu\/wp-content\/uploads\/2021\/09\/1-prisonn-keym039-119-45-600x373.jpeg 600w\" sizes=\"auto, (max-width: 1000px) 100vw, 1000px\" \/><figcaption>Belgische Kriegsgefangene.<\/figcaption><\/figure>\n<\/div>\n<\/div>\n","protected":false},"template":"","type_sujet":[91],"class_list":["post-5857","sujets-thematiques","type-sujets-thematiques","status-publish","hentry","type_sujet-1914-1918-de"],"acf":[],"yoast_head":"<!-- This site is optimized with the Yoast SEO plugin v26.0 - https:\/\/yoast.com\/wordpress\/plugins\/seo\/ -->\n<title>Erster Weltkrieg: Kriegsgefangene<\/title>\n<meta name=\"description\" content=\"Der Erste Weltkrieg brachte Millionen von Gefangenen hervor. M\u00e4nner, die unter oft sehr harten Bedingungen lebten.\" \/>\n<meta name=\"robots\" content=\"index, follow, max-snippet:-1, max-image-preview:large, max-video-preview:-1\" \/>\n<link rel=\"canonical\" href=\"https:\/\/www.landofmemory.eu\/de\/sujets-thematiques\/die-kriegsgefangenen\/\" \/>\n<meta property=\"og:locale\" content=\"de_DE\" \/>\n<meta property=\"og:type\" content=\"article\" \/>\n<meta property=\"og:title\" content=\"Erster Weltkrieg: Kriegsgefangene\" \/>\n<meta property=\"og:description\" content=\"Der Erste Weltkrieg brachte Millionen von Gefangenen hervor. M\u00e4nner, die unter oft sehr harten Bedingungen lebten.\" \/>\n<meta property=\"og:url\" content=\"https:\/\/www.landofmemory.eu\/de\/sujets-thematiques\/die-kriegsgefangenen\/\" \/>\n<meta property=\"og:site_name\" content=\"Land Of Memory\" \/>\n<meta property=\"article:publisher\" content=\"https:\/\/www.facebook.com\/landofmemory.eu\" \/>\n<meta property=\"og:image\" content=\"https:\/\/www.landofmemory.eu\/wp-content\/uploads\/2021\/09\/1-prisonn-keym039-119-45.jpeg\" \/>\n<meta name=\"twitter:card\" content=\"summary_large_image\" \/>\n<meta name=\"twitter:label1\" content=\"Gesch\u00e4tzte Lesezeit\" \/>\n\t<meta name=\"twitter:data1\" content=\"1\u00a0Minute\" \/>\n<script type=\"application\/ld+json\" class=\"yoast-schema-graph\">{\"@context\":\"https:\/\/schema.org\",\"@graph\":[{\"@type\":\"WebPage\",\"@id\":\"https:\/\/www.landofmemory.eu\/de\/sujets-thematiques\/die-kriegsgefangenen\/\",\"url\":\"https:\/\/www.landofmemory.eu\/de\/sujets-thematiques\/die-kriegsgefangenen\/\",\"name\":\"Erster Weltkrieg: Kriegsgefangene\",\"isPartOf\":{\"@id\":\"https:\/\/www.landofmemory.eu\/#website\"},\"primaryImageOfPage\":{\"@id\":\"https:\/\/www.landofmemory.eu\/de\/sujets-thematiques\/die-kriegsgefangenen\/#primaryimage\"},\"image\":{\"@id\":\"https:\/\/www.landofmemory.eu\/de\/sujets-thematiques\/die-kriegsgefangenen\/#primaryimage\"},\"thumbnailUrl\":\"https:\/\/www.landofmemory.eu\/wp-content\/uploads\/2021\/09\/1-prisonn-keym039-119-45.jpeg\",\"datePublished\":\"2021-11-09T14:46:52+00:00\",\"description\":\"Der Erste Weltkrieg brachte Millionen von Gefangenen hervor. M\u00e4nner, die unter oft sehr harten Bedingungen lebten.\",\"breadcrumb\":{\"@id\":\"https:\/\/www.landofmemory.eu\/de\/sujets-thematiques\/die-kriegsgefangenen\/#breadcrumb\"},\"inLanguage\":\"de\",\"potentialAction\":[{\"@type\":\"ReadAction\",\"target\":[\"https:\/\/www.landofmemory.eu\/de\/sujets-thematiques\/die-kriegsgefangenen\/\"]}]},{\"@type\":\"ImageObject\",\"inLanguage\":\"de\",\"@id\":\"https:\/\/www.landofmemory.eu\/de\/sujets-thematiques\/die-kriegsgefangenen\/#primaryimage\",\"url\":\"https:\/\/www.landofmemory.eu\/wp-content\/uploads\/2021\/09\/1-prisonn-keym039-119-45.jpeg\",\"contentUrl\":\"https:\/\/www.landofmemory.eu\/wp-content\/uploads\/2021\/09\/1-prisonn-keym039-119-45.jpeg\"},{\"@type\":\"BreadcrumbList\",\"@id\":\"https:\/\/www.landofmemory.eu\/de\/sujets-thematiques\/die-kriegsgefangenen\/#breadcrumb\",\"itemListElement\":[{\"@type\":\"ListItem\",\"position\":1,\"name\":\"Accueil\",\"item\":\"https:\/\/www.landofmemory.eu\/\"},{\"@type\":\"ListItem\",\"position\":2,\"name\":\"Die Kriegsgefangenen\"}]},{\"@type\":\"WebSite\",\"@id\":\"https:\/\/www.landofmemory.eu\/#website\",\"url\":\"https:\/\/www.landofmemory.eu\/\",\"name\":\"Land Of Memory\",\"description\":\"L&#039;histoire commence ici\",\"publisher\":{\"@id\":\"https:\/\/www.landofmemory.eu\/#organization\"},\"potentialAction\":[{\"@type\":\"SearchAction\",\"target\":{\"@type\":\"EntryPoint\",\"urlTemplate\":\"https:\/\/www.landofmemory.eu\/?s={search_term_string}\"},\"query-input\":{\"@type\":\"PropertyValueSpecification\",\"valueRequired\":true,\"valueName\":\"search_term_string\"}}],\"inLanguage\":\"de\"},{\"@type\":\"Organization\",\"@id\":\"https:\/\/www.landofmemory.eu\/#organization\",\"name\":\"Land Of Memory\",\"url\":\"https:\/\/www.landofmemory.eu\/\",\"logo\":{\"@type\":\"ImageObject\",\"inLanguage\":\"de\",\"@id\":\"https:\/\/www.landofmemory.eu\/#\/schema\/logo\/image\/\",\"url\":\"https:\/\/www.landofmemory.eu\/wp-content\/uploads\/2022\/10\/logo-land-of-memory.jpg\",\"contentUrl\":\"https:\/\/www.landofmemory.eu\/wp-content\/uploads\/2022\/10\/logo-land-of-memory.jpg\",\"width\":1000,\"height\":500,\"caption\":\"Land Of Memory\"},\"image\":{\"@id\":\"https:\/\/www.landofmemory.eu\/#\/schema\/logo\/image\/\"},\"sameAs\":[\"https:\/\/www.facebook.com\/landofmemory.eu\",\"https:\/\/www.instagram.com\/landofmemory_eu\/\"]}]}<\/script>\n<!-- \/ Yoast SEO plugin. -->","yoast_head_json":{"title":"Erster Weltkrieg: Kriegsgefangene","description":"Der Erste Weltkrieg brachte Millionen von Gefangenen hervor. M\u00e4nner, die unter oft sehr harten Bedingungen lebten.","robots":{"index":"index","follow":"follow","max-snippet":"max-snippet:-1","max-image-preview":"max-image-preview:large","max-video-preview":"max-video-preview:-1"},"canonical":"https:\/\/www.landofmemory.eu\/de\/sujets-thematiques\/die-kriegsgefangenen\/","og_locale":"de_DE","og_type":"article","og_title":"Erster Weltkrieg: Kriegsgefangene","og_description":"Der Erste Weltkrieg brachte Millionen von Gefangenen hervor. M\u00e4nner, die unter oft sehr harten Bedingungen lebten.","og_url":"https:\/\/www.landofmemory.eu\/de\/sujets-thematiques\/die-kriegsgefangenen\/","og_site_name":"Land Of Memory","article_publisher":"https:\/\/www.facebook.com\/landofmemory.eu","og_image":[{"url":"https:\/\/www.landofmemory.eu\/wp-content\/uploads\/2021\/09\/1-prisonn-keym039-119-45.jpeg","type":"","width":"","height":""}],"twitter_card":"summary_large_image","twitter_misc":{"Gesch\u00e4tzte Lesezeit":"1\u00a0Minute"},"schema":{"@context":"https:\/\/schema.org","@graph":[{"@type":"WebPage","@id":"https:\/\/www.landofmemory.eu\/de\/sujets-thematiques\/die-kriegsgefangenen\/","url":"https:\/\/www.landofmemory.eu\/de\/sujets-thematiques\/die-kriegsgefangenen\/","name":"Erster Weltkrieg: Kriegsgefangene","isPartOf":{"@id":"https:\/\/www.landofmemory.eu\/#website"},"primaryImageOfPage":{"@id":"https:\/\/www.landofmemory.eu\/de\/sujets-thematiques\/die-kriegsgefangenen\/#primaryimage"},"image":{"@id":"https:\/\/www.landofmemory.eu\/de\/sujets-thematiques\/die-kriegsgefangenen\/#primaryimage"},"thumbnailUrl":"https:\/\/www.landofmemory.eu\/wp-content\/uploads\/2021\/09\/1-prisonn-keym039-119-45.jpeg","datePublished":"2021-11-09T14:46:52+00:00","description":"Der Erste Weltkrieg brachte Millionen von Gefangenen hervor. M\u00e4nner, die unter oft sehr harten Bedingungen lebten.","breadcrumb":{"@id":"https:\/\/www.landofmemory.eu\/de\/sujets-thematiques\/die-kriegsgefangenen\/#breadcrumb"},"inLanguage":"de","potentialAction":[{"@type":"ReadAction","target":["https:\/\/www.landofmemory.eu\/de\/sujets-thematiques\/die-kriegsgefangenen\/"]}]},{"@type":"ImageObject","inLanguage":"de","@id":"https:\/\/www.landofmemory.eu\/de\/sujets-thematiques\/die-kriegsgefangenen\/#primaryimage","url":"https:\/\/www.landofmemory.eu\/wp-content\/uploads\/2021\/09\/1-prisonn-keym039-119-45.jpeg","contentUrl":"https:\/\/www.landofmemory.eu\/wp-content\/uploads\/2021\/09\/1-prisonn-keym039-119-45.jpeg"},{"@type":"BreadcrumbList","@id":"https:\/\/www.landofmemory.eu\/de\/sujets-thematiques\/die-kriegsgefangenen\/#breadcrumb","itemListElement":[{"@type":"ListItem","position":1,"name":"Accueil","item":"https:\/\/www.landofmemory.eu\/"},{"@type":"ListItem","position":2,"name":"Die Kriegsgefangenen"}]},{"@type":"WebSite","@id":"https:\/\/www.landofmemory.eu\/#website","url":"https:\/\/www.landofmemory.eu\/","name":"Land Of Memory","description":"L&#039;histoire commence ici","publisher":{"@id":"https:\/\/www.landofmemory.eu\/#organization"},"potentialAction":[{"@type":"SearchAction","target":{"@type":"EntryPoint","urlTemplate":"https:\/\/www.landofmemory.eu\/?s={search_term_string}"},"query-input":{"@type":"PropertyValueSpecification","valueRequired":true,"valueName":"search_term_string"}}],"inLanguage":"de"},{"@type":"Organization","@id":"https:\/\/www.landofmemory.eu\/#organization","name":"Land Of Memory","url":"https:\/\/www.landofmemory.eu\/","logo":{"@type":"ImageObject","inLanguage":"de","@id":"https:\/\/www.landofmemory.eu\/#\/schema\/logo\/image\/","url":"https:\/\/www.landofmemory.eu\/wp-content\/uploads\/2022\/10\/logo-land-of-memory.jpg","contentUrl":"https:\/\/www.landofmemory.eu\/wp-content\/uploads\/2022\/10\/logo-land-of-memory.jpg","width":1000,"height":500,"caption":"Land Of Memory"},"image":{"@id":"https:\/\/www.landofmemory.eu\/#\/schema\/logo\/image\/"},"sameAs":["https:\/\/www.facebook.com\/landofmemory.eu","https:\/\/www.instagram.com\/landofmemory_eu\/"]}]}},"_links":{"self":[{"href":"https:\/\/www.landofmemory.eu\/de\/wp-json\/wp\/v2\/sujets-thematiques\/5857","targetHints":{"allow":["GET"]}}],"collection":[{"href":"https:\/\/www.landofmemory.eu\/de\/wp-json\/wp\/v2\/sujets-thematiques"}],"about":[{"href":"https:\/\/www.landofmemory.eu\/de\/wp-json\/wp\/v2\/types\/sujets-thematiques"}],"wp:attachment":[{"href":"https:\/\/www.landofmemory.eu\/de\/wp-json\/wp\/v2\/media?parent=5857"}],"wp:term":[{"taxonomy":"type_sujet","embeddable":true,"href":"https:\/\/www.landofmemory.eu\/de\/wp-json\/wp\/v2\/type_sujet?post=5857"}],"curies":[{"name":"wp","href":"https:\/\/api.w.org\/{rel}","templated":true}]}}

<h2 class="wp-block-heading">Harte Haftbedingungen</h2>

<p></p>

<p>Im Ersten Weltkrieg gab es 7 Millionen Kriegsgefangene, von denen etwa 2 400 000 von den Deutschen gefangen genommen wurden.</p>

<p>Schon zu Beginn des Krieges überraschte die Zahl der Gefangenen (125.000 französische Soldaten im September 1914) den kaiserlichen Stab. Ab 1915 wurden Lager errichtet (insgesamt fast 300), einige davon im Norden und Osten Frankreichs.</p>

<p>Kälte, Hunger, Krankheiten, Folter&#8230; Die Haftbedingungen für Hunderttausende von Gefangenen waren sehr hart. Die Haftbedingungen für die Gefangenen waren jedoch weit weniger hart als während des Zweiten Weltkriegs. Im Lager zu sein bedeutete, vom Feind umsorgt, gefüttert und gepflegt zu werden, was von einigen Soldaten als Segen empfunden wurde. Einige wurden auch als Hilfskräfte in der Landwirtschaft oder bei der Handarbeit eingestellt. In diesen Lagern trafen Soldaten unterschiedlichster Herkunft aufeinander (Franzosen, Russen, Briten, Belgier, Amerikaner, Kanadier, Italiener usw.), aber auch unterschiedlicher sozialer Herkunft (Arbeiter, Bauern, Beamte, Intellektuelle usw.).</p>

<p></p>

<p></p>

<p></p>

<div class="wp-block-columns is-layout-flex wp-container-core-columns-is-layout-9d6595d7 wp-block-columns-is-layout-flex">
<div class="wp-block-column is-layout-flow wp-block-column-is-layout-flow">
<figure class="wp-block-image size-full"><img loading="lazy" decoding="async" width="1000" height="621" src="https://www.landofmemory.eu/wp-content/uploads/2021/09/1-prisonn-keym039-119-45.jpeg" alt="Belgische Kriegsgefangene." class="wp-image-2312" srcset="https://www.landofmemory.eu/wp-content/uploads/2021/09/1-prisonn-keym039-119-45.jpeg 1000w, https://www.landofmemory.eu/wp-content/uploads/2021/09/1-prisonn-keym039-119-45-300x186.jpeg 300w, https://www.landofmemory.eu/wp-content/uploads/2021/09/1-prisonn-keym039-119-45-768x477.jpeg 768w, https://www.landofmemory.eu/wp-content/uploads/2021/09/1-prisonn-keym039-119-45-600x373.jpeg 600w" sizes="auto, (max-width: 1000px) 100vw, 1000px" /><figcaption>Belgische Kriegsgefangene.</figcaption></figure>
</div>
</div>

<!-- This site is optimized with the Yoast SEO plugin v26.0 - https://yoast.com/wordpress/plugins/seo/ -->
<title>Erster Weltkrieg: Kriegsgefangene</title>
<meta name="description" content="Der Erste Weltkrieg brachte Millionen von Gefangenen hervor. Männer, die unter oft sehr harten Bedingungen lebten." />
<meta name="robots" content="index, follow, max-snippet:-1, max-image-preview:large, max-video-preview:-1" />
<link rel="canonical" href="https://www.landofmemory.eu/de/sujets-thematiques/die-kriegsgefangenen/" />
<meta property="og:locale" content="de_DE" />
<meta property="og:type" content="article" />
<meta property="og:title" content="Erster Weltkrieg: Kriegsgefangene" />
<meta property="og:description" content="Der Erste Weltkrieg brachte Millionen von Gefangenen hervor. Männer, die unter oft sehr harten Bedingungen lebten." />
<meta property="og:url" content="https://www.landofmemory.eu/de/sujets-thematiques/die-kriegsgefangenen/" />
<meta property="og:site_name" content="Land Of Memory" />
<meta property="article:publisher" content="https://www.facebook.com/landofmemory.eu" />
<meta property="og:image" content="https://www.landofmemory.eu/wp-content/uploads/2021/09/1-prisonn-keym039-119-45.jpeg" />
<meta name="twitter:card" content="summary_large_image" />
<meta name="twitter:label1" content="Geschätzte Lesezeit" />
	<meta name="twitter:data1" content="1 Minute" />
<script type="application/ld+json" class="yoast-schema-graph">{"@context":"https://schema.org","@graph":[{"@type":"WebPage","@id":"https://www.landofmemory.eu/de/sujets-thematiques/die-kriegsgefangenen/","url":"https://www.landofmemory.eu/de/sujets-thematiques/die-kriegsgefangenen/","name":"Erster Weltkrieg: Kriegsgefangene","isPartOf":{"@id":"https://www.landofmemory.eu/#website"},"primaryImageOfPage":{"@id":"https://www.landofmemory.eu/de/sujets-thematiques/die-kriegsgefangenen/#primaryimage"},"image":{"@id":"https://www.landofmemory.eu/de/sujets-thematiques/die-kriegsgefangenen/#primaryimage"},"thumbnailUrl":"https://www.landofmemory.eu/wp-content/uploads/2021/09/1-prisonn-keym039-119-45.jpeg","datePublished":"2021-11-09T14:46:52+00:00","description":"Der Erste Weltkrieg brachte Millionen von Gefangenen hervor. Männer, die unter oft sehr harten Bedingungen lebten.","breadcrumb":{"@id":"https://www.landofmemory.eu/de/sujets-thematiques/die-kriegsgefangenen/#breadcrumb"},"inLanguage":"de","potentialAction":[{"@type":"ReadAction","target":["https://www.landofmemory.eu/de/sujets-thematiques/die-kriegsgefangenen/"]}]},{"@type":"ImageObject","inLanguage":"de","@id":"https://www.landofmemory.eu/de/sujets-thematiques/die-kriegsgefangenen/#primaryimage","url":"https://www.landofmemory.eu/wp-content/uploads/2021/09/1-prisonn-keym039-119-45.jpeg","contentUrl":"https://www.landofmemory.eu/wp-content/uploads/2021/09/1-prisonn-keym039-119-45.jpeg"},{"@type":"BreadcrumbList","@id":"https://www.landofmemory.eu/de/sujets-thematiques/die-kriegsgefangenen/#breadcrumb","itemListElement":[{"@type":"ListItem","position":1,"name":"Accueil","item":"https://www.landofmemory.eu/"},{"@type":"ListItem","position":2,"name":"Die Kriegsgefangenen"}]},{"@type":"WebSite","@id":"https://www.landofmemory.eu/#website","url":"https://www.landofmemory.eu/","name":"Land Of Memory","description":"L&#039;histoire commence ici","publisher":{"@id":"https://www.landofmemory.eu/#organization"},"potentialAction":[{"@type":"SearchAction","target":{"@type":"EntryPoint","urlTemplate":"https://www.landofmemory.eu/?s={search_term_string}"},"query-input":{"@type":"PropertyValueSpecification","valueRequired":true,"valueName":"search_term_string"}}],"inLanguage":"de"},{"@type":"Organization","@id":"https://www.landofmemory.eu/#organization","name":"Land Of Memory","url":"https://www.landofmemory.eu/","logo":{"@type":"ImageObject","inLanguage":"de","@id":"https://www.landofmemory.eu/#/schema/logo/image/","url":"https://www.landofmemory.eu/wp-content/uploads/2022/10/logo-land-of-memory.jpg","contentUrl":"https://www.landofmemory.eu/wp-content/uploads/2022/10/logo-land-of-memory.jpg","width":1000,"height":500,"caption":"Land Of Memory"},"image":{"@id":"https://www.landofmemory.eu/#/schema/logo/image/"},"sameAs":["https://www.facebook.com/landofmemory.eu","https://www.instagram.com/landofmemory_eu/"]}]}</script>
<!-- / Yoast SEO plugin. -->

Der Erste Weltkrieg brachte Millionen von Gefangenen hervor. Männer, die unter oft sehr harten Bedingungen lebten.
