{"id":5859,"date":"2021-11-09T16:12:50","date_gmt":"2021-11-09T15:12:50","guid":{"rendered":"https:\/\/www.landofmemory.eu\/sujets-thematiques\/die-auswirkungen-des-krieges-auf-die-kunst\/"},"modified":"2021-11-09T16:12:51","modified_gmt":"2021-11-09T15:12:51","slug":"die-auswirkungen-des-krieges-auf-die-kunst","status":"publish","type":"sujets-thematiques","link":"https:\/\/www.landofmemory.eu\/de\/sujets-thematiques\/die-auswirkungen-des-krieges-auf-die-kunst\/","title":{"rendered":"Die Auswirkungen des Krieges auf die Kunst"},"content":{"rendered":"\n<p><\/p>\n\n<p>Der Vergleich zwischen Vor- und Nachkriegskunst ist eindeutig: Sie unterscheiden sich drastisch. Vor 1914 verherrlichten die Werke, die sich mit dem Krieg befassten, diesen und feierten den Mut, das Heldentum und den Patriotismus der Soldaten. Im Jahr 1914 wurden zum ersten Mal auch K\u00fcnstler unter die K\u00e4mpfer aufgenommen. <\/p>\n\n<p>Wir wurden also Zeuge einer k\u00fcnstlerischen Anklage gegen die Gewalt des Konflikts und die daraus resultierenden physischen und psychischen Traumata. Gem\u00e4lde, Gedichte, Skulpturen und Romane zeugen von der Desillusionierung der K\u00fcnstler angesichts der aussichtslosen K\u00e4mpfe, in denen sie viele ihrer Kameraden verloren haben.<\/p>\n","protected":false},"template":"","type_sujet":[93,94],"class_list":["post-5859","sujets-thematiques","type-sujets-thematiques","status-publish","hentry","type_sujet-nachkriegszeit","type_sujet-zwischenkriegszeit"],"acf":[],"yoast_head":"<!-- This site is optimized with the Yoast SEO plugin v26.0 - https:\/\/yoast.com\/wordpress\/plugins\/seo\/ -->\n<title>Der Erste Weltkrieg: Die Auswirkungen des Krieges auf die Kunst<\/title>\n<meta name=\"description\" content=\"Das t\u00e4gliche Leben der Soldaten w\u00e4hrend des Krieges hatte einen enormen Einfluss auf die beteiligten K\u00fcnstler, seien sie nun Maler, Schriftsteller oder Dichter.\" \/>\n<meta name=\"robots\" content=\"index, follow, max-snippet:-1, max-image-preview:large, max-video-preview:-1\" \/>\n<link rel=\"canonical\" href=\"https:\/\/www.landofmemory.eu\/de\/sujets-thematiques\/die-auswirkungen-des-krieges-auf-die-kunst\/\" \/>\n<meta property=\"og:locale\" content=\"de_DE\" \/>\n<meta property=\"og:type\" content=\"article\" \/>\n<meta property=\"og:title\" content=\"Der Erste Weltkrieg: Die Auswirkungen des Krieges auf die Kunst\" \/>\n<meta property=\"og:description\" content=\"Das t\u00e4gliche Leben der Soldaten w\u00e4hrend des Krieges hatte einen enormen Einfluss auf die beteiligten K\u00fcnstler, seien sie nun Maler, Schriftsteller oder Dichter.\" \/>\n<meta property=\"og:url\" content=\"https:\/\/www.landofmemory.eu\/de\/sujets-thematiques\/die-auswirkungen-des-krieges-auf-die-kunst\/\" \/>\n<meta property=\"og:site_name\" content=\"Land Of Memory\" \/>\n<meta property=\"article:publisher\" content=\"https:\/\/www.facebook.com\/landofmemory.eu\" \/>\n<meta property=\"article:modified_time\" content=\"2021-11-09T15:12:51+00:00\" \/>\n<meta name=\"twitter:card\" content=\"summary_large_image\" \/>\n<script type=\"application\/ld+json\" class=\"yoast-schema-graph\">{\"@context\":\"https:\/\/schema.org\",\"@graph\":[{\"@type\":\"WebPage\",\"@id\":\"https:\/\/www.landofmemory.eu\/de\/sujets-thematiques\/die-auswirkungen-des-krieges-auf-die-kunst\/\",\"url\":\"https:\/\/www.landofmemory.eu\/de\/sujets-thematiques\/die-auswirkungen-des-krieges-auf-die-kunst\/\",\"name\":\"Der Erste Weltkrieg: Die Auswirkungen des Krieges auf die Kunst\",\"isPartOf\":{\"@id\":\"https:\/\/www.landofmemory.eu\/#website\"},\"datePublished\":\"2021-11-09T15:12:50+00:00\",\"dateModified\":\"2021-11-09T15:12:51+00:00\",\"description\":\"Das t\u00e4gliche Leben der Soldaten w\u00e4hrend des Krieges hatte einen enormen Einfluss auf die beteiligten K\u00fcnstler, seien sie nun Maler, Schriftsteller oder Dichter.\",\"breadcrumb\":{\"@id\":\"https:\/\/www.landofmemory.eu\/de\/sujets-thematiques\/die-auswirkungen-des-krieges-auf-die-kunst\/#breadcrumb\"},\"inLanguage\":\"de\",\"potentialAction\":[{\"@type\":\"ReadAction\",\"target\":[\"https:\/\/www.landofmemory.eu\/de\/sujets-thematiques\/die-auswirkungen-des-krieges-auf-die-kunst\/\"]}]},{\"@type\":\"BreadcrumbList\",\"@id\":\"https:\/\/www.landofmemory.eu\/de\/sujets-thematiques\/die-auswirkungen-des-krieges-auf-die-kunst\/#breadcrumb\",\"itemListElement\":[{\"@type\":\"ListItem\",\"position\":1,\"name\":\"Accueil\",\"item\":\"https:\/\/www.landofmemory.eu\/\"},{\"@type\":\"ListItem\",\"position\":2,\"name\":\"Die Auswirkungen des Krieges auf die Kunst\"}]},{\"@type\":\"WebSite\",\"@id\":\"https:\/\/www.landofmemory.eu\/#website\",\"url\":\"https:\/\/www.landofmemory.eu\/\",\"name\":\"Land Of Memory\",\"description\":\"L&#039;histoire commence ici\",\"publisher\":{\"@id\":\"https:\/\/www.landofmemory.eu\/#organization\"},\"potentialAction\":[{\"@type\":\"SearchAction\",\"target\":{\"@type\":\"EntryPoint\",\"urlTemplate\":\"https:\/\/www.landofmemory.eu\/?s={search_term_string}\"},\"query-input\":{\"@type\":\"PropertyValueSpecification\",\"valueRequired\":true,\"valueName\":\"search_term_string\"}}],\"inLanguage\":\"de\"},{\"@type\":\"Organization\",\"@id\":\"https:\/\/www.landofmemory.eu\/#organization\",\"name\":\"Land Of Memory\",\"url\":\"https:\/\/www.landofmemory.eu\/\",\"logo\":{\"@type\":\"ImageObject\",\"inLanguage\":\"de\",\"@id\":\"https:\/\/www.landofmemory.eu\/#\/schema\/logo\/image\/\",\"url\":\"https:\/\/www.landofmemory.eu\/wp-content\/uploads\/2022\/10\/logo-land-of-memory.jpg\",\"contentUrl\":\"https:\/\/www.landofmemory.eu\/wp-content\/uploads\/2022\/10\/logo-land-of-memory.jpg\",\"width\":1000,\"height\":500,\"caption\":\"Land Of Memory\"},\"image\":{\"@id\":\"https:\/\/www.landofmemory.eu\/#\/schema\/logo\/image\/\"},\"sameAs\":[\"https:\/\/www.facebook.com\/landofmemory.eu\",\"https:\/\/www.instagram.com\/landofmemory_eu\/\"]}]}<\/script>\n<!-- \/ Yoast SEO plugin. -->","yoast_head_json":{"title":"Der Erste Weltkrieg: Die Auswirkungen des Krieges auf die Kunst","description":"Das t\u00e4gliche Leben der Soldaten w\u00e4hrend des Krieges hatte einen enormen Einfluss auf die beteiligten K\u00fcnstler, seien sie nun Maler, Schriftsteller oder Dichter.","robots":{"index":"index","follow":"follow","max-snippet":"max-snippet:-1","max-image-preview":"max-image-preview:large","max-video-preview":"max-video-preview:-1"},"canonical":"https:\/\/www.landofmemory.eu\/de\/sujets-thematiques\/die-auswirkungen-des-krieges-auf-die-kunst\/","og_locale":"de_DE","og_type":"article","og_title":"Der Erste Weltkrieg: Die Auswirkungen des Krieges auf die Kunst","og_description":"Das t\u00e4gliche Leben der Soldaten w\u00e4hrend des Krieges hatte einen enormen Einfluss auf die beteiligten K\u00fcnstler, seien sie nun Maler, Schriftsteller oder Dichter.","og_url":"https:\/\/www.landofmemory.eu\/de\/sujets-thematiques\/die-auswirkungen-des-krieges-auf-die-kunst\/","og_site_name":"Land Of Memory","article_publisher":"https:\/\/www.facebook.com\/landofmemory.eu","article_modified_time":"2021-11-09T15:12:51+00:00","twitter_card":"summary_large_image","schema":{"@context":"https:\/\/schema.org","@graph":[{"@type":"WebPage","@id":"https:\/\/www.landofmemory.eu\/de\/sujets-thematiques\/die-auswirkungen-des-krieges-auf-die-kunst\/","url":"https:\/\/www.landofmemory.eu\/de\/sujets-thematiques\/die-auswirkungen-des-krieges-auf-die-kunst\/","name":"Der Erste Weltkrieg: Die Auswirkungen des Krieges auf die Kunst","isPartOf":{"@id":"https:\/\/www.landofmemory.eu\/#website"},"datePublished":"2021-11-09T15:12:50+00:00","dateModified":"2021-11-09T15:12:51+00:00","description":"Das t\u00e4gliche Leben der Soldaten w\u00e4hrend des Krieges hatte einen enormen Einfluss auf die beteiligten K\u00fcnstler, seien sie nun Maler, Schriftsteller oder Dichter.","breadcrumb":{"@id":"https:\/\/www.landofmemory.eu\/de\/sujets-thematiques\/die-auswirkungen-des-krieges-auf-die-kunst\/#breadcrumb"},"inLanguage":"de","potentialAction":[{"@type":"ReadAction","target":["https:\/\/www.landofmemory.eu\/de\/sujets-thematiques\/die-auswirkungen-des-krieges-auf-die-kunst\/"]}]},{"@type":"BreadcrumbList","@id":"https:\/\/www.landofmemory.eu\/de\/sujets-thematiques\/die-auswirkungen-des-krieges-auf-die-kunst\/#breadcrumb","itemListElement":[{"@type":"ListItem","position":1,"name":"Accueil","item":"https:\/\/www.landofmemory.eu\/"},{"@type":"ListItem","position":2,"name":"Die Auswirkungen des Krieges auf die Kunst"}]},{"@type":"WebSite","@id":"https:\/\/www.landofmemory.eu\/#website","url":"https:\/\/www.landofmemory.eu\/","name":"Land Of Memory","description":"L&#039;histoire commence ici","publisher":{"@id":"https:\/\/www.landofmemory.eu\/#organization"},"potentialAction":[{"@type":"SearchAction","target":{"@type":"EntryPoint","urlTemplate":"https:\/\/www.landofmemory.eu\/?s={search_term_string}"},"query-input":{"@type":"PropertyValueSpecification","valueRequired":true,"valueName":"search_term_string"}}],"inLanguage":"de"},{"@type":"Organization","@id":"https:\/\/www.landofmemory.eu\/#organization","name":"Land Of Memory","url":"https:\/\/www.landofmemory.eu\/","logo":{"@type":"ImageObject","inLanguage":"de","@id":"https:\/\/www.landofmemory.eu\/#\/schema\/logo\/image\/","url":"https:\/\/www.landofmemory.eu\/wp-content\/uploads\/2022\/10\/logo-land-of-memory.jpg","contentUrl":"https:\/\/www.landofmemory.eu\/wp-content\/uploads\/2022\/10\/logo-land-of-memory.jpg","width":1000,"height":500,"caption":"Land Of Memory"},"image":{"@id":"https:\/\/www.landofmemory.eu\/#\/schema\/logo\/image\/"},"sameAs":["https:\/\/www.facebook.com\/landofmemory.eu","https:\/\/www.instagram.com\/landofmemory_eu\/"]}]}},"_links":{"self":[{"href":"https:\/\/www.landofmemory.eu\/de\/wp-json\/wp\/v2\/sujets-thematiques\/5859","targetHints":{"allow":["GET"]}}],"collection":[{"href":"https:\/\/www.landofmemory.eu\/de\/wp-json\/wp\/v2\/sujets-thematiques"}],"about":[{"href":"https:\/\/www.landofmemory.eu\/de\/wp-json\/wp\/v2\/types\/sujets-thematiques"}],"wp:attachment":[{"href":"https:\/\/www.landofmemory.eu\/de\/wp-json\/wp\/v2\/media?parent=5859"}],"wp:term":[{"taxonomy":"type_sujet","embeddable":true,"href":"https:\/\/www.landofmemory.eu\/de\/wp-json\/wp\/v2\/type_sujet?post=5859"}],"curies":[{"name":"wp","href":"https:\/\/api.w.org\/{rel}","templated":true}]}}

<p></p>

<p>Der Vergleich zwischen Vor- und Nachkriegskunst ist eindeutig: Sie unterscheiden sich drastisch. Vor 1914 verherrlichten die Werke, die sich mit dem Krieg befassten, diesen und feierten den Mut, das Heldentum und den Patriotismus der Soldaten. Im Jahr 1914 wurden zum ersten Mal auch Künstler unter die Kämpfer aufgenommen. </p>

<p>Wir wurden also Zeuge einer künstlerischen Anklage gegen die Gewalt des Konflikts und die daraus resultierenden physischen und psychischen Traumata. Gemälde, Gedichte, Skulpturen und Romane zeugen von der Desillusionierung der Künstler angesichts der aussichtslosen Kämpfe, in denen sie viele ihrer Kameraden verloren haben.</p>

<!-- This site is optimized with the Yoast SEO plugin v26.0 - https://yoast.com/wordpress/plugins/seo/ -->
<title>Der Erste Weltkrieg: Die Auswirkungen des Krieges auf die Kunst</title>
<meta name="description" content="Das tägliche Leben der Soldaten während des Krieges hatte einen enormen Einfluss auf die beteiligten Künstler, seien sie nun Maler, Schriftsteller oder Dichter." />
<meta name="robots" content="index, follow, max-snippet:-1, max-image-preview:large, max-video-preview:-1" />
<link rel="canonical" href="https://www.landofmemory.eu/de/sujets-thematiques/die-auswirkungen-des-krieges-auf-die-kunst/" />
<meta property="og:locale" content="de_DE" />
<meta property="og:type" content="article" />
<meta property="og:title" content="Der Erste Weltkrieg: Die Auswirkungen des Krieges auf die Kunst" />
<meta property="og:description" content="Das tägliche Leben der Soldaten während des Krieges hatte einen enormen Einfluss auf die beteiligten Künstler, seien sie nun Maler, Schriftsteller oder Dichter." />
<meta property="og:url" content="https://www.landofmemory.eu/de/sujets-thematiques/die-auswirkungen-des-krieges-auf-die-kunst/" />
<meta property="og:site_name" content="Land Of Memory" />
<meta property="article:publisher" content="https://www.facebook.com/landofmemory.eu" />
<meta property="article:modified_time" content="2021-11-09T15:12:51+00:00" />
<meta name="twitter:card" content="summary_large_image" />
<script type="application/ld+json" class="yoast-schema-graph">{"@context":"https://schema.org","@graph":[{"@type":"WebPage","@id":"https://www.landofmemory.eu/de/sujets-thematiques/die-auswirkungen-des-krieges-auf-die-kunst/","url":"https://www.landofmemory.eu/de/sujets-thematiques/die-auswirkungen-des-krieges-auf-die-kunst/","name":"Der Erste Weltkrieg: Die Auswirkungen des Krieges auf die Kunst","isPartOf":{"@id":"https://www.landofmemory.eu/#website"},"datePublished":"2021-11-09T15:12:50+00:00","dateModified":"2021-11-09T15:12:51+00:00","description":"Das tägliche Leben der Soldaten während des Krieges hatte einen enormen Einfluss auf die beteiligten Künstler, seien sie nun Maler, Schriftsteller oder Dichter.","breadcrumb":{"@id":"https://www.landofmemory.eu/de/sujets-thematiques/die-auswirkungen-des-krieges-auf-die-kunst/#breadcrumb"},"inLanguage":"de","potentialAction":[{"@type":"ReadAction","target":["https://www.landofmemory.eu/de/sujets-thematiques/die-auswirkungen-des-krieges-auf-die-kunst/"]}]},{"@type":"BreadcrumbList","@id":"https://www.landofmemory.eu/de/sujets-thematiques/die-auswirkungen-des-krieges-auf-die-kunst/#breadcrumb","itemListElement":[{"@type":"ListItem","position":1,"name":"Accueil","item":"https://www.landofmemory.eu/"},{"@type":"ListItem","position":2,"name":"Die Auswirkungen des Krieges auf die Kunst"}]},{"@type":"WebSite","@id":"https://www.landofmemory.eu/#website","url":"https://www.landofmemory.eu/","name":"Land Of Memory","description":"L&#039;histoire commence ici","publisher":{"@id":"https://www.landofmemory.eu/#organization"},"potentialAction":[{"@type":"SearchAction","target":{"@type":"EntryPoint","urlTemplate":"https://www.landofmemory.eu/?s={search_term_string}"},"query-input":{"@type":"PropertyValueSpecification","valueRequired":true,"valueName":"search_term_string"}}],"inLanguage":"de"},{"@type":"Organization","@id":"https://www.landofmemory.eu/#organization","name":"Land Of Memory","url":"https://www.landofmemory.eu/","logo":{"@type":"ImageObject","inLanguage":"de","@id":"https://www.landofmemory.eu/#/schema/logo/image/","url":"https://www.landofmemory.eu/wp-content/uploads/2022/10/logo-land-of-memory.jpg","contentUrl":"https://www.landofmemory.eu/wp-content/uploads/2022/10/logo-land-of-memory.jpg","width":1000,"height":500,"caption":"Land Of Memory"},"image":{"@id":"https://www.landofmemory.eu/#/schema/logo/image/"},"sameAs":["https://www.facebook.com/landofmemory.eu","https://www.instagram.com/landofmemory_eu/"]}]}</script>
<!-- / Yoast SEO plugin. -->

Das tägliche Leben der Soldaten während des Krieges hatte einen enormen Einfluss auf die beteiligten Künstler, seien sie nun Maler, Schriftsteller oder Dichter.
