{"id":5861,"date":"2021-11-09T16:18:50","date_gmt":"2021-11-09T15:18:50","guid":{"rendered":"https:\/\/www.landofmemory.eu\/sujets-thematiques\/die-kriegskinder\/"},"modified":"2022-08-03T11:42:25","modified_gmt":"2022-08-03T09:42:25","slug":"die-kriegskinder","status":"publish","type":"sujets-thematiques","link":"https:\/\/www.landofmemory.eu\/de\/sujets-thematiques\/die-kriegskinder\/","title":{"rendered":"Die Kriegskinder"},"content":{"rendered":"\n<h2 class=\"wp-block-heading\">Aufkommende Anerkennung<\/h2>\n\n<div class=\"wp-block-columns is-layout-flex wp-container-core-columns-is-layout-9d6595d7 wp-block-columns-is-layout-flex\">\n<div class=\"wp-block-column is-layout-flow wp-block-column-is-layout-flow\">\n<p>Die Forschung befasst sich mit den Geschichten von Familien, die von Kriegen betroffen sind, die Brutalit\u00e4t, Traurigkeit und soziale Krisen hervorrufen.<\/p>\n\n\n\n<p>Diese Studien analysieren die Korrespondenz der Lebensgeschichten von getrennten Paaren, von Frauen, die Gewalt, Abwesenheit und Tod erleiden.<\/p>\n\n\n\n<p>Die Forscher befassen sich auch mit den Geschichten von &#8222;Kriegskindern&#8220;, die w\u00e4hrend oder kurz nach den Konflikten geboren wurden. Kinder, die aus Liebe gezeugt oder durch die Vergewaltigung eines feindlichen Soldaten (und deutscher Frauen) oder eines Alliierten (manchmal eines Farbigen) geboren wurden.<\/p>\n\n\n\n<p>Nicht zu vergessen die Geschichte der Kinder von Gefangenen, die nach Deutschland verschleppt wurden, oder von Arbeitern, die vom obligatorischen Arbeitsdienst requiriert wurden. &#13;\n<\/p>\n\n\n\n<p>Diese &#8222;Kriegskinder&#8220; sind Opfer von Familiengeheimnissen, schwerem Schweigen, Verlassenheit, Entt\u00e4uschung, Fremdenhass und manchmal sogar Mobbing und Mord.<\/p>\n<\/div>\n\n\n\n<div class=\"wp-block-column is-layout-flow wp-block-column-is-layout-flow\">\n<div class=\"wp-block-image\"><figure class=\"aligncenter size-medium is-resized\"><img loading=\"lazy\" decoding=\"async\" src=\"https:\/\/www.landofmemory.eu\/wp-content\/uploads\/2021\/08\/William-Gillet-300x225.jpg\" alt=\"Gilbert, der GI der Black Company, hat William, sein Kriegskind, nie kennengelernt.\" class=\"wp-image-1451\" width=\"350\" height=\"263\" srcset=\"https:\/\/www.landofmemory.eu\/wp-content\/uploads\/2021\/08\/William-Gillet-300x225.jpg 300w, https:\/\/www.landofmemory.eu\/wp-content\/uploads\/2021\/08\/William-Gillet-768x576.jpg 768w, https:\/\/www.landofmemory.eu\/wp-content\/uploads\/2021\/08\/William-Gillet-600x450.jpg 600w, https:\/\/www.landofmemory.eu\/wp-content\/uploads\/2021\/08\/William-Gillet.jpg 1000w\" sizes=\"auto, (max-width: 350px) 100vw, 350px\" \/><figcaption>Gilbert, der GI der Black Company, hat William, sein Kriegskind, nie kennengelernt.<\/figcaption><\/figure><\/div>\n<\/div>\n<\/div>\n\n<p>Viele begeben sich auf die Suche nach ihrer Identit\u00e4t, eine schwierige Suche, die durch die Entdeckung &#8222;eines versteckten Briefes, eines vergessenen Fotos&#8230;&#8220; erfolgt. Sie st\u00fctzen sich auf verschiedene m\u00fcndliche und schriftliche Quellen, die zunehmend digitalisiert werden: Personenstandsregister, Matrikelb\u00fccher, Milit\u00e4rakten und Sterbeurkunden, Berichte und Zeitzeugenbefragungen&#8230; Aber auch dank internationaler Vereinigungen (BOW: Internationales Netzwerk der Kriegskinder) oder Aufrufen in sozialen Netzwerken.&#13;\n<\/p>\n\n<p>Dar\u00fcber hinaus wurden nach der Entdeckung der \u00dcberreste der Soldaten multidisziplin\u00e4re wissenschaftliche Studien (arch\u00e4ologische, anthropologische und genetische Identifizierung) durchgef\u00fchrt. Auf diese Weise konnten die Geheimnisse der entdeckten Unbekannten gel\u00fcftet werden, deren Geschichte anhand von Gegenst\u00e4nden (Jackenkn\u00f6pfe, Namensschilder, Armb\u00e4nder und gravierte Uhren usw.) und durch Molekularanalysen (alte DNA) von Knochen, Z\u00e4hnen, Haaren usw. oder sogar des Zustands ihrer Mundh\u00f6hle und Z\u00e4hne nachvollzogen werden kann.<\/p>\n\n<div style=\"height:100px\" aria-hidden=\"true\" class=\"wp-block-spacer\"><\/div>\n","protected":false},"template":"","type_sujet":[33,93],"class_list":["post-5861","sujets-thematiques","type-sujets-thematiques","status-publish","hentry","type_sujet-apres-guerre","type_sujet-nachkriegszeit"],"acf":[],"yoast_head":"<!-- This site is optimized with the Yoast SEO plugin v26.0 - https:\/\/yoast.com\/wordpress\/plugins\/seo\/ -->\n<title>Kinder des Krieges: beginnendes Bewusstsein.<\/title>\n<meta name=\"description\" content=\"Zahlreiche Untersuchungen haben ergeben, dass die Problematik der Familien und Kinder nach dem Krieg zunehmend anerkannt wird.\" \/>\n<meta name=\"robots\" content=\"index, follow, max-snippet:-1, max-image-preview:large, max-video-preview:-1\" \/>\n<link rel=\"canonical\" href=\"https:\/\/www.landofmemory.eu\/de\/sujets-thematiques\/die-kriegskinder\/\" \/>\n<meta property=\"og:locale\" content=\"de_DE\" \/>\n<meta property=\"og:type\" content=\"article\" \/>\n<meta property=\"og:title\" content=\"Kinder des Krieges: beginnendes Bewusstsein.\" \/>\n<meta property=\"og:description\" content=\"Zahlreiche Untersuchungen haben ergeben, dass die Problematik der Familien und Kinder nach dem Krieg zunehmend anerkannt wird.\" \/>\n<meta property=\"og:url\" content=\"https:\/\/www.landofmemory.eu\/de\/sujets-thematiques\/die-kriegskinder\/\" \/>\n<meta property=\"og:site_name\" content=\"Land Of Memory\" \/>\n<meta property=\"article:publisher\" content=\"https:\/\/www.facebook.com\/landofmemory.eu\" \/>\n<meta property=\"article:modified_time\" content=\"2022-08-03T09:42:25+00:00\" \/>\n<meta property=\"og:image\" content=\"https:\/\/www.landofmemory.eu\/wp-content\/uploads\/2021\/08\/William-Gillet-300x225.jpg\" \/>\n<meta name=\"twitter:card\" content=\"summary_large_image\" \/>\n<meta name=\"twitter:label1\" content=\"Gesch\u00e4tzte Lesezeit\" \/>\n\t<meta name=\"twitter:data1\" content=\"1\u00a0Minute\" \/>\n<script type=\"application\/ld+json\" class=\"yoast-schema-graph\">{\"@context\":\"https:\/\/schema.org\",\"@graph\":[{\"@type\":\"WebPage\",\"@id\":\"https:\/\/www.landofmemory.eu\/de\/sujets-thematiques\/die-kriegskinder\/\",\"url\":\"https:\/\/www.landofmemory.eu\/de\/sujets-thematiques\/die-kriegskinder\/\",\"name\":\"Kinder des Krieges: beginnendes Bewusstsein.\",\"isPartOf\":{\"@id\":\"https:\/\/www.landofmemory.eu\/#website\"},\"primaryImageOfPage\":{\"@id\":\"https:\/\/www.landofmemory.eu\/de\/sujets-thematiques\/die-kriegskinder\/#primaryimage\"},\"image\":{\"@id\":\"https:\/\/www.landofmemory.eu\/de\/sujets-thematiques\/die-kriegskinder\/#primaryimage\"},\"thumbnailUrl\":\"https:\/\/www.landofmemory.eu\/wp-content\/uploads\/2021\/08\/William-Gillet-300x225.jpg\",\"datePublished\":\"2021-11-09T15:18:50+00:00\",\"dateModified\":\"2022-08-03T09:42:25+00:00\",\"description\":\"Zahlreiche Untersuchungen haben ergeben, dass die Problematik der Familien und Kinder nach dem Krieg zunehmend anerkannt wird.\",\"breadcrumb\":{\"@id\":\"https:\/\/www.landofmemory.eu\/de\/sujets-thematiques\/die-kriegskinder\/#breadcrumb\"},\"inLanguage\":\"de\",\"potentialAction\":[{\"@type\":\"ReadAction\",\"target\":[\"https:\/\/www.landofmemory.eu\/de\/sujets-thematiques\/die-kriegskinder\/\"]}]},{\"@type\":\"ImageObject\",\"inLanguage\":\"de\",\"@id\":\"https:\/\/www.landofmemory.eu\/de\/sujets-thematiques\/die-kriegskinder\/#primaryimage\",\"url\":\"https:\/\/www.landofmemory.eu\/wp-content\/uploads\/2021\/08\/William-Gillet-300x225.jpg\",\"contentUrl\":\"https:\/\/www.landofmemory.eu\/wp-content\/uploads\/2021\/08\/William-Gillet-300x225.jpg\"},{\"@type\":\"BreadcrumbList\",\"@id\":\"https:\/\/www.landofmemory.eu\/de\/sujets-thematiques\/die-kriegskinder\/#breadcrumb\",\"itemListElement\":[{\"@type\":\"ListItem\",\"position\":1,\"name\":\"Accueil\",\"item\":\"https:\/\/www.landofmemory.eu\/\"},{\"@type\":\"ListItem\",\"position\":2,\"name\":\"Die Kriegskinder\"}]},{\"@type\":\"WebSite\",\"@id\":\"https:\/\/www.landofmemory.eu\/#website\",\"url\":\"https:\/\/www.landofmemory.eu\/\",\"name\":\"Land Of Memory\",\"description\":\"L&#039;histoire commence ici\",\"publisher\":{\"@id\":\"https:\/\/www.landofmemory.eu\/#organization\"},\"potentialAction\":[{\"@type\":\"SearchAction\",\"target\":{\"@type\":\"EntryPoint\",\"urlTemplate\":\"https:\/\/www.landofmemory.eu\/?s={search_term_string}\"},\"query-input\":{\"@type\":\"PropertyValueSpecification\",\"valueRequired\":true,\"valueName\":\"search_term_string\"}}],\"inLanguage\":\"de\"},{\"@type\":\"Organization\",\"@id\":\"https:\/\/www.landofmemory.eu\/#organization\",\"name\":\"Land Of Memory\",\"url\":\"https:\/\/www.landofmemory.eu\/\",\"logo\":{\"@type\":\"ImageObject\",\"inLanguage\":\"de\",\"@id\":\"https:\/\/www.landofmemory.eu\/#\/schema\/logo\/image\/\",\"url\":\"https:\/\/www.landofmemory.eu\/wp-content\/uploads\/2022\/10\/logo-land-of-memory.jpg\",\"contentUrl\":\"https:\/\/www.landofmemory.eu\/wp-content\/uploads\/2022\/10\/logo-land-of-memory.jpg\",\"width\":1000,\"height\":500,\"caption\":\"Land Of Memory\"},\"image\":{\"@id\":\"https:\/\/www.landofmemory.eu\/#\/schema\/logo\/image\/\"},\"sameAs\":[\"https:\/\/www.facebook.com\/landofmemory.eu\",\"https:\/\/www.instagram.com\/landofmemory_eu\/\"]}]}<\/script>\n<!-- \/ Yoast SEO plugin. -->","yoast_head_json":{"title":"Kinder des Krieges: beginnendes Bewusstsein.","description":"Zahlreiche Untersuchungen haben ergeben, dass die Problematik der Familien und Kinder nach dem Krieg zunehmend anerkannt wird.","robots":{"index":"index","follow":"follow","max-snippet":"max-snippet:-1","max-image-preview":"max-image-preview:large","max-video-preview":"max-video-preview:-1"},"canonical":"https:\/\/www.landofmemory.eu\/de\/sujets-thematiques\/die-kriegskinder\/","og_locale":"de_DE","og_type":"article","og_title":"Kinder des Krieges: beginnendes Bewusstsein.","og_description":"Zahlreiche Untersuchungen haben ergeben, dass die Problematik der Familien und Kinder nach dem Krieg zunehmend anerkannt wird.","og_url":"https:\/\/www.landofmemory.eu\/de\/sujets-thematiques\/die-kriegskinder\/","og_site_name":"Land Of Memory","article_publisher":"https:\/\/www.facebook.com\/landofmemory.eu","article_modified_time":"2022-08-03T09:42:25+00:00","og_image":[{"url":"https:\/\/www.landofmemory.eu\/wp-content\/uploads\/2021\/08\/William-Gillet-300x225.jpg","type":"","width":"","height":""}],"twitter_card":"summary_large_image","twitter_misc":{"Gesch\u00e4tzte Lesezeit":"1\u00a0Minute"},"schema":{"@context":"https:\/\/schema.org","@graph":[{"@type":"WebPage","@id":"https:\/\/www.landofmemory.eu\/de\/sujets-thematiques\/die-kriegskinder\/","url":"https:\/\/www.landofmemory.eu\/de\/sujets-thematiques\/die-kriegskinder\/","name":"Kinder des Krieges: beginnendes Bewusstsein.","isPartOf":{"@id":"https:\/\/www.landofmemory.eu\/#website"},"primaryImageOfPage":{"@id":"https:\/\/www.landofmemory.eu\/de\/sujets-thematiques\/die-kriegskinder\/#primaryimage"},"image":{"@id":"https:\/\/www.landofmemory.eu\/de\/sujets-thematiques\/die-kriegskinder\/#primaryimage"},"thumbnailUrl":"https:\/\/www.landofmemory.eu\/wp-content\/uploads\/2021\/08\/William-Gillet-300x225.jpg","datePublished":"2021-11-09T15:18:50+00:00","dateModified":"2022-08-03T09:42:25+00:00","description":"Zahlreiche Untersuchungen haben ergeben, dass die Problematik der Familien und Kinder nach dem Krieg zunehmend anerkannt wird.","breadcrumb":{"@id":"https:\/\/www.landofmemory.eu\/de\/sujets-thematiques\/die-kriegskinder\/#breadcrumb"},"inLanguage":"de","potentialAction":[{"@type":"ReadAction","target":["https:\/\/www.landofmemory.eu\/de\/sujets-thematiques\/die-kriegskinder\/"]}]},{"@type":"ImageObject","inLanguage":"de","@id":"https:\/\/www.landofmemory.eu\/de\/sujets-thematiques\/die-kriegskinder\/#primaryimage","url":"https:\/\/www.landofmemory.eu\/wp-content\/uploads\/2021\/08\/William-Gillet-300x225.jpg","contentUrl":"https:\/\/www.landofmemory.eu\/wp-content\/uploads\/2021\/08\/William-Gillet-300x225.jpg"},{"@type":"BreadcrumbList","@id":"https:\/\/www.landofmemory.eu\/de\/sujets-thematiques\/die-kriegskinder\/#breadcrumb","itemListElement":[{"@type":"ListItem","position":1,"name":"Accueil","item":"https:\/\/www.landofmemory.eu\/"},{"@type":"ListItem","position":2,"name":"Die Kriegskinder"}]},{"@type":"WebSite","@id":"https:\/\/www.landofmemory.eu\/#website","url":"https:\/\/www.landofmemory.eu\/","name":"Land Of Memory","description":"L&#039;histoire commence ici","publisher":{"@id":"https:\/\/www.landofmemory.eu\/#organization"},"potentialAction":[{"@type":"SearchAction","target":{"@type":"EntryPoint","urlTemplate":"https:\/\/www.landofmemory.eu\/?s={search_term_string}"},"query-input":{"@type":"PropertyValueSpecification","valueRequired":true,"valueName":"search_term_string"}}],"inLanguage":"de"},{"@type":"Organization","@id":"https:\/\/www.landofmemory.eu\/#organization","name":"Land Of Memory","url":"https:\/\/www.landofmemory.eu\/","logo":{"@type":"ImageObject","inLanguage":"de","@id":"https:\/\/www.landofmemory.eu\/#\/schema\/logo\/image\/","url":"https:\/\/www.landofmemory.eu\/wp-content\/uploads\/2022\/10\/logo-land-of-memory.jpg","contentUrl":"https:\/\/www.landofmemory.eu\/wp-content\/uploads\/2022\/10\/logo-land-of-memory.jpg","width":1000,"height":500,"caption":"Land Of Memory"},"image":{"@id":"https:\/\/www.landofmemory.eu\/#\/schema\/logo\/image\/"},"sameAs":["https:\/\/www.facebook.com\/landofmemory.eu","https:\/\/www.instagram.com\/landofmemory_eu\/"]}]}},"_links":{"self":[{"href":"https:\/\/www.landofmemory.eu\/de\/wp-json\/wp\/v2\/sujets-thematiques\/5861","targetHints":{"allow":["GET"]}}],"collection":[{"href":"https:\/\/www.landofmemory.eu\/de\/wp-json\/wp\/v2\/sujets-thematiques"}],"about":[{"href":"https:\/\/www.landofmemory.eu\/de\/wp-json\/wp\/v2\/types\/sujets-thematiques"}],"wp:attachment":[{"href":"https:\/\/www.landofmemory.eu\/de\/wp-json\/wp\/v2\/media?parent=5861"}],"wp:term":[{"taxonomy":"type_sujet","embeddable":true,"href":"https:\/\/www.landofmemory.eu\/de\/wp-json\/wp\/v2\/type_sujet?post=5861"}],"curies":[{"name":"wp","href":"https:\/\/api.w.org\/{rel}","templated":true}]}}

<h2 class="wp-block-heading">Aufkommende Anerkennung</h2>

<div class="wp-block-columns is-layout-flex wp-container-core-columns-is-layout-9d6595d7 wp-block-columns-is-layout-flex">
<div class="wp-block-column is-layout-flow wp-block-column-is-layout-flow">
<p>Die Forschung befasst sich mit den Geschichten von Familien, die von Kriegen betroffen sind, die Brutalität, Traurigkeit und soziale Krisen hervorrufen.</p>



<p>Diese Studien analysieren die Korrespondenz der Lebensgeschichten von getrennten Paaren, von Frauen, die Gewalt, Abwesenheit und Tod erleiden.</p>



<p>Die Forscher befassen sich auch mit den Geschichten von &#8222;Kriegskindern&#8220;, die während oder kurz nach den Konflikten geboren wurden. Kinder, die aus Liebe gezeugt oder durch die Vergewaltigung eines feindlichen Soldaten (und deutscher Frauen) oder eines Alliierten (manchmal eines Farbigen) geboren wurden.</p>



<p>Nicht zu vergessen die Geschichte der Kinder von Gefangenen, die nach Deutschland verschleppt wurden, oder von Arbeitern, die vom obligatorischen Arbeitsdienst requiriert wurden. &#13;
</p>



<p>Diese &#8222;Kriegskinder&#8220; sind Opfer von Familiengeheimnissen, schwerem Schweigen, Verlassenheit, Enttäuschung, Fremdenhass und manchmal sogar Mobbing und Mord.</p>
</div>



<div class="wp-block-column is-layout-flow wp-block-column-is-layout-flow">
<div class="wp-block-image"><figure class="aligncenter size-medium is-resized"><img loading="lazy" decoding="async" src="https://www.landofmemory.eu/wp-content/uploads/2021/08/William-Gillet-300x225.jpg" alt="Gilbert, der GI der Black Company, hat William, sein Kriegskind, nie kennengelernt." class="wp-image-1451" width="350" height="263" srcset="https://www.landofmemory.eu/wp-content/uploads/2021/08/William-Gillet-300x225.jpg 300w, https://www.landofmemory.eu/wp-content/uploads/2021/08/William-Gillet-768x576.jpg 768w, https://www.landofmemory.eu/wp-content/uploads/2021/08/William-Gillet-600x450.jpg 600w, https://www.landofmemory.eu/wp-content/uploads/2021/08/William-Gillet.jpg 1000w" sizes="auto, (max-width: 350px) 100vw, 350px" /><figcaption>Gilbert, der GI der Black Company, hat William, sein Kriegskind, nie kennengelernt.</figcaption></figure></div>
</div>
</div>

<p>Viele begeben sich auf die Suche nach ihrer Identität, eine schwierige Suche, die durch die Entdeckung &#8222;eines versteckten Briefes, eines vergessenen Fotos&#8230;&#8220; erfolgt. Sie stützen sich auf verschiedene mündliche und schriftliche Quellen, die zunehmend digitalisiert werden: Personenstandsregister, Matrikelbücher, Militärakten und Sterbeurkunden, Berichte und Zeitzeugenbefragungen&#8230; Aber auch dank internationaler Vereinigungen (BOW: Internationales Netzwerk der Kriegskinder) oder Aufrufen in sozialen Netzwerken.&#13;
</p>

<p>Darüber hinaus wurden nach der Entdeckung der Überreste der Soldaten multidisziplinäre wissenschaftliche Studien (archäologische, anthropologische und genetische Identifizierung) durchgeführt. Auf diese Weise konnten die Geheimnisse der entdeckten Unbekannten gelüftet werden, deren Geschichte anhand von Gegenständen (Jackenknöpfe, Namensschilder, Armbänder und gravierte Uhren usw.) und durch Molekularanalysen (alte DNA) von Knochen, Zähnen, Haaren usw. oder sogar des Zustands ihrer Mundhöhle und Zähne nachvollzogen werden kann.</p>

<div style="height:100px" aria-hidden="true" class="wp-block-spacer"></div>

<!-- This site is optimized with the Yoast SEO plugin v26.0 - https://yoast.com/wordpress/plugins/seo/ -->
<title>Kinder des Krieges: beginnendes Bewusstsein.</title>
<meta name="description" content="Zahlreiche Untersuchungen haben ergeben, dass die Problematik der Familien und Kinder nach dem Krieg zunehmend anerkannt wird." />
<meta name="robots" content="index, follow, max-snippet:-1, max-image-preview:large, max-video-preview:-1" />
<link rel="canonical" href="https://www.landofmemory.eu/de/sujets-thematiques/die-kriegskinder/" />
<meta property="og:locale" content="de_DE" />
<meta property="og:type" content="article" />
<meta property="og:title" content="Kinder des Krieges: beginnendes Bewusstsein." />
<meta property="og:description" content="Zahlreiche Untersuchungen haben ergeben, dass die Problematik der Familien und Kinder nach dem Krieg zunehmend anerkannt wird." />
<meta property="og:url" content="https://www.landofmemory.eu/de/sujets-thematiques/die-kriegskinder/" />
<meta property="og:site_name" content="Land Of Memory" />
<meta property="article:publisher" content="https://www.facebook.com/landofmemory.eu" />
<meta property="article:modified_time" content="2022-08-03T09:42:25+00:00" />
<meta property="og:image" content="https://www.landofmemory.eu/wp-content/uploads/2021/08/William-Gillet-300x225.jpg" />
<meta name="twitter:card" content="summary_large_image" />
<meta name="twitter:label1" content="Geschätzte Lesezeit" />
	<meta name="twitter:data1" content="1 Minute" />
<script type="application/ld+json" class="yoast-schema-graph">{"@context":"https://schema.org","@graph":[{"@type":"WebPage","@id":"https://www.landofmemory.eu/de/sujets-thematiques/die-kriegskinder/","url":"https://www.landofmemory.eu/de/sujets-thematiques/die-kriegskinder/","name":"Kinder des Krieges: beginnendes Bewusstsein.","isPartOf":{"@id":"https://www.landofmemory.eu/#website"},"primaryImageOfPage":{"@id":"https://www.landofmemory.eu/de/sujets-thematiques/die-kriegskinder/#primaryimage"},"image":{"@id":"https://www.landofmemory.eu/de/sujets-thematiques/die-kriegskinder/#primaryimage"},"thumbnailUrl":"https://www.landofmemory.eu/wp-content/uploads/2021/08/William-Gillet-300x225.jpg","datePublished":"2021-11-09T15:18:50+00:00","dateModified":"2022-08-03T09:42:25+00:00","description":"Zahlreiche Untersuchungen haben ergeben, dass die Problematik der Familien und Kinder nach dem Krieg zunehmend anerkannt wird.","breadcrumb":{"@id":"https://www.landofmemory.eu/de/sujets-thematiques/die-kriegskinder/#breadcrumb"},"inLanguage":"de","potentialAction":[{"@type":"ReadAction","target":["https://www.landofmemory.eu/de/sujets-thematiques/die-kriegskinder/"]}]},{"@type":"ImageObject","inLanguage":"de","@id":"https://www.landofmemory.eu/de/sujets-thematiques/die-kriegskinder/#primaryimage","url":"https://www.landofmemory.eu/wp-content/uploads/2021/08/William-Gillet-300x225.jpg","contentUrl":"https://www.landofmemory.eu/wp-content/uploads/2021/08/William-Gillet-300x225.jpg"},{"@type":"BreadcrumbList","@id":"https://www.landofmemory.eu/de/sujets-thematiques/die-kriegskinder/#breadcrumb","itemListElement":[{"@type":"ListItem","position":1,"name":"Accueil","item":"https://www.landofmemory.eu/"},{"@type":"ListItem","position":2,"name":"Die Kriegskinder"}]},{"@type":"WebSite","@id":"https://www.landofmemory.eu/#website","url":"https://www.landofmemory.eu/","name":"Land Of Memory","description":"L&#039;histoire commence ici","publisher":{"@id":"https://www.landofmemory.eu/#organization"},"potentialAction":[{"@type":"SearchAction","target":{"@type":"EntryPoint","urlTemplate":"https://www.landofmemory.eu/?s={search_term_string}"},"query-input":{"@type":"PropertyValueSpecification","valueRequired":true,"valueName":"search_term_string"}}],"inLanguage":"de"},{"@type":"Organization","@id":"https://www.landofmemory.eu/#organization","name":"Land Of Memory","url":"https://www.landofmemory.eu/","logo":{"@type":"ImageObject","inLanguage":"de","@id":"https://www.landofmemory.eu/#/schema/logo/image/","url":"https://www.landofmemory.eu/wp-content/uploads/2022/10/logo-land-of-memory.jpg","contentUrl":"https://www.landofmemory.eu/wp-content/uploads/2022/10/logo-land-of-memory.jpg","width":1000,"height":500,"caption":"Land Of Memory"},"image":{"@id":"https://www.landofmemory.eu/#/schema/logo/image/"},"sameAs":["https://www.facebook.com/landofmemory.eu","https://www.instagram.com/landofmemory_eu/"]}]}</script>
<!-- / Yoast SEO plugin. -->
