{"id":6215,"date":"2021-11-17T15:35:33","date_gmt":"2021-11-17T14:35:33","guid":{"rendered":"https:\/\/www.landofmemory.eu\/temoignages\/1942-ein-toedlicher-streik-in-luxemburg\/"},"modified":"2021-11-17T15:35:34","modified_gmt":"2021-11-17T14:35:34","slug":"1942-ein-toedlicher-streik-in-luxemburg","status":"publish","type":"temoignages","link":"https:\/\/www.landofmemory.eu\/de\/temoignages\/1942-ein-toedlicher-streik-in-luxemburg\/","title":{"rendered":"1942, ein t\u00f6dlicher Streik in Luxemburg"},"content":{"rendered":"\n<p>Am 10. Mai 1940 wurde Luxemburg offiziell die unter deutsche Besatzung gestellt. Die Luxemburger mussten sich wie Deutsche verhalten. In der Tat war der Gebrauch jeder anderen Sprache verboten. Dies ist ein gutes Beispiel f\u00fcr die von den Beh\u00f6rden betriebene intensive Germanisierungspolitik. Im August 1942 k\u00fcndigte die Regierung an, dass alle Luxemburger zwischen 18 und 22 Jahren zwangsweise zur Werhmacht eingezogen werden sollten, um gegen die Alliierten zu k\u00e4mpfen.<\/p>\n\n<p>Diese Ank\u00fcndigung l\u00f6ste eine massive Welle von Protesten aus. Der wichtigste Ausdruck dieser Ablehnung war die Durchf\u00fchrung eines Generalstreiks gegen das NS-Regime. Die Widerstandsk\u00e4mpfer verteilten Flugbl\u00e4tter und verbreiteten Mundpropaganda. So wurden alle Arbeiter in den luxemburgischen Industriest\u00e4dten vor der Bewegung gewarnt. Alle Verwaltungsorgane wurden blockiert: Landwirtschaft, Industrie, Bildung&#8230; Die Sch\u00fcler wurden von den Schulen ferngehalten, und die Lehrer weigerten sich, zu unterrichten.<\/p>\n\n<p>Der Streik gegen das Naziregime in Luxemburg l\u00f6ste besonders heftige deutsche Repressionen aus. Viele der Streikf\u00fchrer wurden verhaftet und in Konzentrationslager deportiert oder erschossen. Ein in Luxemburg lebender Deutscher, der den Streik unterst\u00fctzte, wurde gek\u00f6pft, weil er als Verr\u00e4ter galt. Die Familien der Streikenden wurden gefangen genommen und unter besonders harten Bedingungen in Arbeitslager deportiert. Einige Kinder wurden sogar von ihren Eltern getrennt. Sie wurden in Umerziehungslager geschickt&#8230; Jedes Jahr wird der Streik am 31. August vom Staatsoberhaupt und von Regierungsvertretern gew\u00fcrdigt.<\/p>\n","protected":false},"template":"","class_list":["post-6215","temoignages","type-temoignages","status-publish","hentry"],"acf":[],"yoast_head":"<!-- This site is optimized with the Yoast SEO plugin v26.0 - https:\/\/yoast.com\/wordpress\/plugins\/seo\/ -->\n<title>1942, ein t\u00f6dlicher Streik in Luxemburg - Land Of Memory<\/title>\n<meta name=\"description\" content=\"Im Jahr 1942 begann in Luxemburg ein Streik gegen das Naziregime. Die deutschen Repressionen gegen diese Aktion waren besonders heftig.\" \/>\n<meta name=\"robots\" content=\"index, follow, max-snippet:-1, max-image-preview:large, max-video-preview:-1\" \/>\n<link rel=\"canonical\" href=\"https:\/\/www.landofmemory.eu\/de\/temoignages\/1942-ein-toedlicher-streik-in-luxemburg\/\" \/>\n<meta property=\"og:locale\" content=\"de_DE\" \/>\n<meta property=\"og:type\" content=\"article\" \/>\n<meta property=\"og:title\" content=\"1942, ein t\u00f6dlicher Streik in Luxemburg - Land Of Memory\" \/>\n<meta property=\"og:description\" content=\"Im Jahr 1942 begann in Luxemburg ein Streik gegen das Naziregime. Die deutschen Repressionen gegen diese Aktion waren besonders heftig.\" \/>\n<meta property=\"og:url\" content=\"https:\/\/www.landofmemory.eu\/de\/temoignages\/1942-ein-toedlicher-streik-in-luxemburg\/\" \/>\n<meta property=\"og:site_name\" content=\"Land Of Memory\" \/>\n<meta property=\"article:publisher\" content=\"https:\/\/www.facebook.com\/landofmemory.eu\" \/>\n<meta property=\"article:modified_time\" content=\"2021-11-17T14:35:34+00:00\" \/>\n<meta name=\"twitter:card\" content=\"summary_large_image\" \/>\n<meta name=\"twitter:label1\" content=\"Gesch\u00e4tzte Lesezeit\" \/>\n\t<meta name=\"twitter:data1\" content=\"1\u00a0Minute\" \/>\n<script type=\"application\/ld+json\" class=\"yoast-schema-graph\">{\"@context\":\"https:\/\/schema.org\",\"@graph\":[{\"@type\":\"WebPage\",\"@id\":\"https:\/\/www.landofmemory.eu\/de\/temoignages\/1942-ein-toedlicher-streik-in-luxemburg\/\",\"url\":\"https:\/\/www.landofmemory.eu\/de\/temoignages\/1942-ein-toedlicher-streik-in-luxemburg\/\",\"name\":\"1942, ein t\u00f6dlicher Streik in Luxemburg - Land Of Memory\",\"isPartOf\":{\"@id\":\"https:\/\/www.landofmemory.eu\/#website\"},\"datePublished\":\"2021-11-17T14:35:33+00:00\",\"dateModified\":\"2021-11-17T14:35:34+00:00\",\"description\":\"Im Jahr 1942 begann in Luxemburg ein Streik gegen das Naziregime. Die deutschen Repressionen gegen diese Aktion waren besonders heftig.\",\"breadcrumb\":{\"@id\":\"https:\/\/www.landofmemory.eu\/de\/temoignages\/1942-ein-toedlicher-streik-in-luxemburg\/#breadcrumb\"},\"inLanguage\":\"de\",\"potentialAction\":[{\"@type\":\"ReadAction\",\"target\":[\"https:\/\/www.landofmemory.eu\/de\/temoignages\/1942-ein-toedlicher-streik-in-luxemburg\/\"]}]},{\"@type\":\"BreadcrumbList\",\"@id\":\"https:\/\/www.landofmemory.eu\/de\/temoignages\/1942-ein-toedlicher-streik-in-luxemburg\/#breadcrumb\",\"itemListElement\":[{\"@type\":\"ListItem\",\"position\":1,\"name\":\"Accueil\",\"item\":\"https:\/\/www.landofmemory.eu\/\"},{\"@type\":\"ListItem\",\"position\":2,\"name\":\"1942, ein t\u00f6dlicher Streik in Luxemburg\"}]},{\"@type\":\"WebSite\",\"@id\":\"https:\/\/www.landofmemory.eu\/#website\",\"url\":\"https:\/\/www.landofmemory.eu\/\",\"name\":\"Land Of Memory\",\"description\":\"L&#039;histoire commence ici\",\"publisher\":{\"@id\":\"https:\/\/www.landofmemory.eu\/#organization\"},\"potentialAction\":[{\"@type\":\"SearchAction\",\"target\":{\"@type\":\"EntryPoint\",\"urlTemplate\":\"https:\/\/www.landofmemory.eu\/?s={search_term_string}\"},\"query-input\":{\"@type\":\"PropertyValueSpecification\",\"valueRequired\":true,\"valueName\":\"search_term_string\"}}],\"inLanguage\":\"de\"},{\"@type\":\"Organization\",\"@id\":\"https:\/\/www.landofmemory.eu\/#organization\",\"name\":\"Land Of Memory\",\"url\":\"https:\/\/www.landofmemory.eu\/\",\"logo\":{\"@type\":\"ImageObject\",\"inLanguage\":\"de\",\"@id\":\"https:\/\/www.landofmemory.eu\/#\/schema\/logo\/image\/\",\"url\":\"https:\/\/www.landofmemory.eu\/wp-content\/uploads\/2022\/10\/logo-land-of-memory.jpg\",\"contentUrl\":\"https:\/\/www.landofmemory.eu\/wp-content\/uploads\/2022\/10\/logo-land-of-memory.jpg\",\"width\":1000,\"height\":500,\"caption\":\"Land Of Memory\"},\"image\":{\"@id\":\"https:\/\/www.landofmemory.eu\/#\/schema\/logo\/image\/\"},\"sameAs\":[\"https:\/\/www.facebook.com\/landofmemory.eu\",\"https:\/\/www.instagram.com\/landofmemory_eu\/\"]}]}<\/script>\n<!-- \/ Yoast SEO plugin. -->","yoast_head_json":{"title":"1942, ein t\u00f6dlicher Streik in Luxemburg - Land Of Memory","description":"Im Jahr 1942 begann in Luxemburg ein Streik gegen das Naziregime. Die deutschen Repressionen gegen diese Aktion waren besonders heftig.","robots":{"index":"index","follow":"follow","max-snippet":"max-snippet:-1","max-image-preview":"max-image-preview:large","max-video-preview":"max-video-preview:-1"},"canonical":"https:\/\/www.landofmemory.eu\/de\/temoignages\/1942-ein-toedlicher-streik-in-luxemburg\/","og_locale":"de_DE","og_type":"article","og_title":"1942, ein t\u00f6dlicher Streik in Luxemburg - Land Of Memory","og_description":"Im Jahr 1942 begann in Luxemburg ein Streik gegen das Naziregime. Die deutschen Repressionen gegen diese Aktion waren besonders heftig.","og_url":"https:\/\/www.landofmemory.eu\/de\/temoignages\/1942-ein-toedlicher-streik-in-luxemburg\/","og_site_name":"Land Of Memory","article_publisher":"https:\/\/www.facebook.com\/landofmemory.eu","article_modified_time":"2021-11-17T14:35:34+00:00","twitter_card":"summary_large_image","twitter_misc":{"Gesch\u00e4tzte Lesezeit":"1\u00a0Minute"},"schema":{"@context":"https:\/\/schema.org","@graph":[{"@type":"WebPage","@id":"https:\/\/www.landofmemory.eu\/de\/temoignages\/1942-ein-toedlicher-streik-in-luxemburg\/","url":"https:\/\/www.landofmemory.eu\/de\/temoignages\/1942-ein-toedlicher-streik-in-luxemburg\/","name":"1942, ein t\u00f6dlicher Streik in Luxemburg - Land Of Memory","isPartOf":{"@id":"https:\/\/www.landofmemory.eu\/#website"},"datePublished":"2021-11-17T14:35:33+00:00","dateModified":"2021-11-17T14:35:34+00:00","description":"Im Jahr 1942 begann in Luxemburg ein Streik gegen das Naziregime. Die deutschen Repressionen gegen diese Aktion waren besonders heftig.","breadcrumb":{"@id":"https:\/\/www.landofmemory.eu\/de\/temoignages\/1942-ein-toedlicher-streik-in-luxemburg\/#breadcrumb"},"inLanguage":"de","potentialAction":[{"@type":"ReadAction","target":["https:\/\/www.landofmemory.eu\/de\/temoignages\/1942-ein-toedlicher-streik-in-luxemburg\/"]}]},{"@type":"BreadcrumbList","@id":"https:\/\/www.landofmemory.eu\/de\/temoignages\/1942-ein-toedlicher-streik-in-luxemburg\/#breadcrumb","itemListElement":[{"@type":"ListItem","position":1,"name":"Accueil","item":"https:\/\/www.landofmemory.eu\/"},{"@type":"ListItem","position":2,"name":"1942, ein t\u00f6dlicher Streik in Luxemburg"}]},{"@type":"WebSite","@id":"https:\/\/www.landofmemory.eu\/#website","url":"https:\/\/www.landofmemory.eu\/","name":"Land Of Memory","description":"L&#039;histoire commence ici","publisher":{"@id":"https:\/\/www.landofmemory.eu\/#organization"},"potentialAction":[{"@type":"SearchAction","target":{"@type":"EntryPoint","urlTemplate":"https:\/\/www.landofmemory.eu\/?s={search_term_string}"},"query-input":{"@type":"PropertyValueSpecification","valueRequired":true,"valueName":"search_term_string"}}],"inLanguage":"de"},{"@type":"Organization","@id":"https:\/\/www.landofmemory.eu\/#organization","name":"Land Of Memory","url":"https:\/\/www.landofmemory.eu\/","logo":{"@type":"ImageObject","inLanguage":"de","@id":"https:\/\/www.landofmemory.eu\/#\/schema\/logo\/image\/","url":"https:\/\/www.landofmemory.eu\/wp-content\/uploads\/2022\/10\/logo-land-of-memory.jpg","contentUrl":"https:\/\/www.landofmemory.eu\/wp-content\/uploads\/2022\/10\/logo-land-of-memory.jpg","width":1000,"height":500,"caption":"Land Of Memory"},"image":{"@id":"https:\/\/www.landofmemory.eu\/#\/schema\/logo\/image\/"},"sameAs":["https:\/\/www.facebook.com\/landofmemory.eu","https:\/\/www.instagram.com\/landofmemory_eu\/"]}]}},"_links":{"self":[{"href":"https:\/\/www.landofmemory.eu\/de\/wp-json\/wp\/v2\/temoignages\/6215","targetHints":{"allow":["GET"]}}],"collection":[{"href":"https:\/\/www.landofmemory.eu\/de\/wp-json\/wp\/v2\/temoignages"}],"about":[{"href":"https:\/\/www.landofmemory.eu\/de\/wp-json\/wp\/v2\/types\/temoignages"}],"wp:attachment":[{"href":"https:\/\/www.landofmemory.eu\/de\/wp-json\/wp\/v2\/media?parent=6215"}],"curies":[{"name":"wp","href":"https:\/\/api.w.org\/{rel}","templated":true}]}}

1942, ein tödlicher Streik in Luxemburg

<p>Am 10. Mai 1940 wurde Luxemburg offiziell die unter deutsche Besatzung gestellt. Die Luxemburger mussten sich wie Deutsche verhalten. In der Tat war der Gebrauch jeder anderen Sprache verboten. Dies ist ein gutes Beispiel für die von den Behörden betriebene intensive Germanisierungspolitik. Im August 1942 kündigte die Regierung an, dass alle Luxemburger zwischen 18 und 22 Jahren zwangsweise zur Werhmacht eingezogen werden sollten, um gegen die Alliierten zu kämpfen.</p>

<p>Diese Ankündigung löste eine massive Welle von Protesten aus. Der wichtigste Ausdruck dieser Ablehnung war die Durchführung eines Generalstreiks gegen das NS-Regime. Die Widerstandskämpfer verteilten Flugblätter und verbreiteten Mundpropaganda. So wurden alle Arbeiter in den luxemburgischen Industriestädten vor der Bewegung gewarnt. Alle Verwaltungsorgane wurden blockiert: Landwirtschaft, Industrie, Bildung&#8230; Die Schüler wurden von den Schulen ferngehalten, und die Lehrer weigerten sich, zu unterrichten.</p>

<p>Der Streik gegen das Naziregime in Luxemburg löste besonders heftige deutsche Repressionen aus. Viele der Streikführer wurden verhaftet und in Konzentrationslager deportiert oder erschossen. Ein in Luxemburg lebender Deutscher, der den Streik unterstützte, wurde geköpft, weil er als Verräter galt. Die Familien der Streikenden wurden gefangen genommen und unter besonders harten Bedingungen in Arbeitslager deportiert. Einige Kinder wurden sogar von ihren Eltern getrennt. Sie wurden in Umerziehungslager geschickt&#8230; Jedes Jahr wird der Streik am 31. August vom Staatsoberhaupt und von Regierungsvertretern gewürdigt.</p>

<!-- This site is optimized with the Yoast SEO plugin v26.0 - https://yoast.com/wordpress/plugins/seo/ -->
<title>1942, ein tödlicher Streik in Luxemburg - Land Of Memory</title>
<meta name="description" content="Im Jahr 1942 begann in Luxemburg ein Streik gegen das Naziregime. Die deutschen Repressionen gegen diese Aktion waren besonders heftig." />
<meta name="robots" content="index, follow, max-snippet:-1, max-image-preview:large, max-video-preview:-1" />
<link rel="canonical" href="https://www.landofmemory.eu/de/temoignages/1942-ein-toedlicher-streik-in-luxemburg/" />
<meta property="og:locale" content="de_DE" />
<meta property="og:type" content="article" />
<meta property="og:title" content="1942, ein tödlicher Streik in Luxemburg - Land Of Memory" />
<meta property="og:description" content="Im Jahr 1942 begann in Luxemburg ein Streik gegen das Naziregime. Die deutschen Repressionen gegen diese Aktion waren besonders heftig." />
<meta property="og:url" content="https://www.landofmemory.eu/de/temoignages/1942-ein-toedlicher-streik-in-luxemburg/" />
<meta property="og:site_name" content="Land Of Memory" />
<meta property="article:publisher" content="https://www.facebook.com/landofmemory.eu" />
<meta property="article:modified_time" content="2021-11-17T14:35:34+00:00" />
<meta name="twitter:card" content="summary_large_image" />
<meta name="twitter:label1" content="Geschätzte Lesezeit" />
	<meta name="twitter:data1" content="1 Minute" />
<script type="application/ld+json" class="yoast-schema-graph">{"@context":"https://schema.org","@graph":[{"@type":"WebPage","@id":"https://www.landofmemory.eu/de/temoignages/1942-ein-toedlicher-streik-in-luxemburg/","url":"https://www.landofmemory.eu/de/temoignages/1942-ein-toedlicher-streik-in-luxemburg/","name":"1942, ein tödlicher Streik in Luxemburg - Land Of Memory","isPartOf":{"@id":"https://www.landofmemory.eu/#website"},"datePublished":"2021-11-17T14:35:33+00:00","dateModified":"2021-11-17T14:35:34+00:00","description":"Im Jahr 1942 begann in Luxemburg ein Streik gegen das Naziregime. Die deutschen Repressionen gegen diese Aktion waren besonders heftig.","breadcrumb":{"@id":"https://www.landofmemory.eu/de/temoignages/1942-ein-toedlicher-streik-in-luxemburg/#breadcrumb"},"inLanguage":"de","potentialAction":[{"@type":"ReadAction","target":["https://www.landofmemory.eu/de/temoignages/1942-ein-toedlicher-streik-in-luxemburg/"]}]},{"@type":"BreadcrumbList","@id":"https://www.landofmemory.eu/de/temoignages/1942-ein-toedlicher-streik-in-luxemburg/#breadcrumb","itemListElement":[{"@type":"ListItem","position":1,"name":"Accueil","item":"https://www.landofmemory.eu/"},{"@type":"ListItem","position":2,"name":"1942, ein tödlicher Streik in Luxemburg"}]},{"@type":"WebSite","@id":"https://www.landofmemory.eu/#website","url":"https://www.landofmemory.eu/","name":"Land Of Memory","description":"L&#039;histoire commence ici","publisher":{"@id":"https://www.landofmemory.eu/#organization"},"potentialAction":[{"@type":"SearchAction","target":{"@type":"EntryPoint","urlTemplate":"https://www.landofmemory.eu/?s={search_term_string}"},"query-input":{"@type":"PropertyValueSpecification","valueRequired":true,"valueName":"search_term_string"}}],"inLanguage":"de"},{"@type":"Organization","@id":"https://www.landofmemory.eu/#organization","name":"Land Of Memory","url":"https://www.landofmemory.eu/","logo":{"@type":"ImageObject","inLanguage":"de","@id":"https://www.landofmemory.eu/#/schema/logo/image/","url":"https://www.landofmemory.eu/wp-content/uploads/2022/10/logo-land-of-memory.jpg","contentUrl":"https://www.landofmemory.eu/wp-content/uploads/2022/10/logo-land-of-memory.jpg","width":1000,"height":500,"caption":"Land Of Memory"},"image":{"@id":"https://www.landofmemory.eu/#/schema/logo/image/"},"sameAs":["https://www.facebook.com/landofmemory.eu","https://www.instagram.com/landofmemory_eu/"]}]}</script>
<!-- / Yoast SEO plugin. -->

1942, ein tödlicher Streik in Luxemburg - Land Of Memory
