{"id":6223,"date":"2021-11-17T16:40:03","date_gmt":"2021-11-17T15:40:03","guid":{"rendered":"https:\/\/www.landofmemory.eu\/temoignages\/der-belgier-vauban\/"},"modified":"2022-08-03T12:06:37","modified_gmt":"2022-08-03T10:06:37","slug":"der-belgier-vauban","status":"publish","type":"temoignages","link":"https:\/\/www.landofmemory.eu\/de\/temoignages\/der-belgier-vauban\/","title":{"rendered":"Der Belgier Vauban"},"content":{"rendered":"\n<p>General Brialmont war der Architekt aller Festungen des Festungsg\u00fcrtels von L\u00fcttich im Jahr 1914. Von der Festung Hollogne bis zur Festung Fl\u00e9malle entwarf er auch die Festungsanlagen von Antwerpen und Namur. Brialmont wurde in Anlehnung an den ber\u00fchmten franz\u00f6sischen Milit\u00e4rsarchitekten als &#8222;belgischer Vauban&#8220; bezeichnet. Im Gegensatz zu dem, von dem er den Spitznamen geerbt hatte, musste er sich st\u00e4ndig neu erfinden, um mit den schnellen Fortschritten der schweren Artillerie Schritt zu halten.<\/p>\n\n<p>Brialmont blieb w\u00e4hrend seiner gesamten Karriere an der Lafette. Er betonte, dass die Bewaffnung der Forts regelm\u00e4\u00dfig erweitert und modernisiert werden m\u00fcsste, da man sonst von den Fortschritten der Artillerie \u00fcberholt werden w\u00fcrde. Die Unt\u00e4tigkeit der belgischen Regierung in dieser Frage war \u00fcbrigens der Grund daf\u00fcr, dass die Linien der befestigten Stellung um L\u00fcttich 1914 zusammenbrachen. Ende des 19. Jahrhunderts durfte eine Kanone nicht mehr als 210 mm stark sein, und die Widerstandsf\u00e4higkeit des Betons war entsprechend berechnet worden. Daher \u00fcberraschte die deutsche Lieferung der Dicken Bertha die belgischen Streitkr\u00e4fte: Sie war in der Lage, 420-mm-Geschosse abzufeuern. Trotz der Widerstandsanstrengungen, die selbst von der deutschen Armee gelobt wurden, bewahrheiteten sich Brialmonts Bef\u00fcrchtungen. Er starb jedoch 1908 und erlebte den Untergang seines Werkes nicht mehr mit.<\/p>\n\n<p>Er wurde von Japan, Rum\u00e4nien, Bulgarien und sogar vom Sultan von Konstatinopel konsultiert und galt als eines der Genies seiner Zeit auf dem Gebiet der Befestigungstechnik und der Milit\u00e4rsarchitektur. Als gro\u00dfer Polemiker, aber auch als Vision\u00e4r, engagierte er sich fr\u00fch in der Politik und setzte sich unerm\u00fcdlich f\u00fcr das allgemeine Wahlrecht und die Wehrpflicht ein.<\/p>\n","protected":false},"template":"","class_list":["post-6223","temoignages","type-temoignages","status-publish","hentry"],"acf":[],"yoast_head":"<!-- This site is optimized with the Yoast SEO plugin v26.0 - https:\/\/yoast.com\/wordpress\/plugins\/seo\/ -->\n<title>General Brialmont, Spitzname: der belgische Vauban - Land of Memory<\/title>\n<meta name=\"description\" content=\"General Brialmont gilt als Genie der Milit\u00e4rarchitektur und ist der Architekt aller Festungen der befestigten Stellung von L\u00fcttich.\" \/>\n<meta name=\"robots\" content=\"index, follow, max-snippet:-1, max-image-preview:large, max-video-preview:-1\" \/>\n<link rel=\"canonical\" href=\"https:\/\/www.landofmemory.eu\/de\/temoignages\/der-belgier-vauban\/\" \/>\n<meta property=\"og:locale\" content=\"de_DE\" \/>\n<meta property=\"og:type\" content=\"article\" \/>\n<meta property=\"og:title\" content=\"General Brialmont, Spitzname: der belgische Vauban - Land of Memory\" \/>\n<meta property=\"og:description\" content=\"General Brialmont gilt als Genie der Milit\u00e4rarchitektur und ist der Architekt aller Festungen der befestigten Stellung von L\u00fcttich.\" \/>\n<meta property=\"og:url\" content=\"https:\/\/www.landofmemory.eu\/de\/temoignages\/der-belgier-vauban\/\" \/>\n<meta property=\"og:site_name\" content=\"Land Of Memory\" \/>\n<meta property=\"article:publisher\" content=\"https:\/\/www.facebook.com\/landofmemory.eu\" \/>\n<meta property=\"article:modified_time\" content=\"2022-08-03T10:06:37+00:00\" \/>\n<meta name=\"twitter:card\" content=\"summary_large_image\" \/>\n<meta name=\"twitter:label1\" content=\"Gesch\u00e4tzte Lesezeit\" \/>\n\t<meta name=\"twitter:data1\" content=\"1\u00a0Minute\" \/>\n<script type=\"application\/ld+json\" class=\"yoast-schema-graph\">{\"@context\":\"https:\/\/schema.org\",\"@graph\":[{\"@type\":\"WebPage\",\"@id\":\"https:\/\/www.landofmemory.eu\/de\/temoignages\/der-belgier-vauban\/\",\"url\":\"https:\/\/www.landofmemory.eu\/de\/temoignages\/der-belgier-vauban\/\",\"name\":\"General Brialmont, Spitzname: der belgische Vauban - Land of Memory\",\"isPartOf\":{\"@id\":\"https:\/\/www.landofmemory.eu\/#website\"},\"datePublished\":\"2021-11-17T15:40:03+00:00\",\"dateModified\":\"2022-08-03T10:06:37+00:00\",\"description\":\"General Brialmont gilt als Genie der Milit\u00e4rarchitektur und ist der Architekt aller Festungen der befestigten Stellung von L\u00fcttich.\",\"breadcrumb\":{\"@id\":\"https:\/\/www.landofmemory.eu\/de\/temoignages\/der-belgier-vauban\/#breadcrumb\"},\"inLanguage\":\"de\",\"potentialAction\":[{\"@type\":\"ReadAction\",\"target\":[\"https:\/\/www.landofmemory.eu\/de\/temoignages\/der-belgier-vauban\/\"]}]},{\"@type\":\"BreadcrumbList\",\"@id\":\"https:\/\/www.landofmemory.eu\/de\/temoignages\/der-belgier-vauban\/#breadcrumb\",\"itemListElement\":[{\"@type\":\"ListItem\",\"position\":1,\"name\":\"Accueil\",\"item\":\"https:\/\/www.landofmemory.eu\/\"},{\"@type\":\"ListItem\",\"position\":2,\"name\":\"Der Belgier Vauban\"}]},{\"@type\":\"WebSite\",\"@id\":\"https:\/\/www.landofmemory.eu\/#website\",\"url\":\"https:\/\/www.landofmemory.eu\/\",\"name\":\"Land Of Memory\",\"description\":\"L&#039;histoire commence ici\",\"publisher\":{\"@id\":\"https:\/\/www.landofmemory.eu\/#organization\"},\"potentialAction\":[{\"@type\":\"SearchAction\",\"target\":{\"@type\":\"EntryPoint\",\"urlTemplate\":\"https:\/\/www.landofmemory.eu\/?s={search_term_string}\"},\"query-input\":{\"@type\":\"PropertyValueSpecification\",\"valueRequired\":true,\"valueName\":\"search_term_string\"}}],\"inLanguage\":\"de\"},{\"@type\":\"Organization\",\"@id\":\"https:\/\/www.landofmemory.eu\/#organization\",\"name\":\"Land Of Memory\",\"url\":\"https:\/\/www.landofmemory.eu\/\",\"logo\":{\"@type\":\"ImageObject\",\"inLanguage\":\"de\",\"@id\":\"https:\/\/www.landofmemory.eu\/#\/schema\/logo\/image\/\",\"url\":\"https:\/\/www.landofmemory.eu\/wp-content\/uploads\/2022\/10\/logo-land-of-memory.jpg\",\"contentUrl\":\"https:\/\/www.landofmemory.eu\/wp-content\/uploads\/2022\/10\/logo-land-of-memory.jpg\",\"width\":1000,\"height\":500,\"caption\":\"Land Of Memory\"},\"image\":{\"@id\":\"https:\/\/www.landofmemory.eu\/#\/schema\/logo\/image\/\"},\"sameAs\":[\"https:\/\/www.facebook.com\/landofmemory.eu\",\"https:\/\/www.instagram.com\/landofmemory_eu\/\"]}]}<\/script>\n<!-- \/ Yoast SEO plugin. -->","yoast_head_json":{"title":"General Brialmont, Spitzname: der belgische Vauban - Land of Memory","description":"General Brialmont gilt als Genie der Milit\u00e4rarchitektur und ist der Architekt aller Festungen der befestigten Stellung von L\u00fcttich.","robots":{"index":"index","follow":"follow","max-snippet":"max-snippet:-1","max-image-preview":"max-image-preview:large","max-video-preview":"max-video-preview:-1"},"canonical":"https:\/\/www.landofmemory.eu\/de\/temoignages\/der-belgier-vauban\/","og_locale":"de_DE","og_type":"article","og_title":"General Brialmont, Spitzname: der belgische Vauban - Land of Memory","og_description":"General Brialmont gilt als Genie der Milit\u00e4rarchitektur und ist der Architekt aller Festungen der befestigten Stellung von L\u00fcttich.","og_url":"https:\/\/www.landofmemory.eu\/de\/temoignages\/der-belgier-vauban\/","og_site_name":"Land Of Memory","article_publisher":"https:\/\/www.facebook.com\/landofmemory.eu","article_modified_time":"2022-08-03T10:06:37+00:00","twitter_card":"summary_large_image","twitter_misc":{"Gesch\u00e4tzte Lesezeit":"1\u00a0Minute"},"schema":{"@context":"https:\/\/schema.org","@graph":[{"@type":"WebPage","@id":"https:\/\/www.landofmemory.eu\/de\/temoignages\/der-belgier-vauban\/","url":"https:\/\/www.landofmemory.eu\/de\/temoignages\/der-belgier-vauban\/","name":"General Brialmont, Spitzname: der belgische Vauban - Land of Memory","isPartOf":{"@id":"https:\/\/www.landofmemory.eu\/#website"},"datePublished":"2021-11-17T15:40:03+00:00","dateModified":"2022-08-03T10:06:37+00:00","description":"General Brialmont gilt als Genie der Milit\u00e4rarchitektur und ist der Architekt aller Festungen der befestigten Stellung von L\u00fcttich.","breadcrumb":{"@id":"https:\/\/www.landofmemory.eu\/de\/temoignages\/der-belgier-vauban\/#breadcrumb"},"inLanguage":"de","potentialAction":[{"@type":"ReadAction","target":["https:\/\/www.landofmemory.eu\/de\/temoignages\/der-belgier-vauban\/"]}]},{"@type":"BreadcrumbList","@id":"https:\/\/www.landofmemory.eu\/de\/temoignages\/der-belgier-vauban\/#breadcrumb","itemListElement":[{"@type":"ListItem","position":1,"name":"Accueil","item":"https:\/\/www.landofmemory.eu\/"},{"@type":"ListItem","position":2,"name":"Der Belgier Vauban"}]},{"@type":"WebSite","@id":"https:\/\/www.landofmemory.eu\/#website","url":"https:\/\/www.landofmemory.eu\/","name":"Land Of Memory","description":"L&#039;histoire commence ici","publisher":{"@id":"https:\/\/www.landofmemory.eu\/#organization"},"potentialAction":[{"@type":"SearchAction","target":{"@type":"EntryPoint","urlTemplate":"https:\/\/www.landofmemory.eu\/?s={search_term_string}"},"query-input":{"@type":"PropertyValueSpecification","valueRequired":true,"valueName":"search_term_string"}}],"inLanguage":"de"},{"@type":"Organization","@id":"https:\/\/www.landofmemory.eu\/#organization","name":"Land Of Memory","url":"https:\/\/www.landofmemory.eu\/","logo":{"@type":"ImageObject","inLanguage":"de","@id":"https:\/\/www.landofmemory.eu\/#\/schema\/logo\/image\/","url":"https:\/\/www.landofmemory.eu\/wp-content\/uploads\/2022\/10\/logo-land-of-memory.jpg","contentUrl":"https:\/\/www.landofmemory.eu\/wp-content\/uploads\/2022\/10\/logo-land-of-memory.jpg","width":1000,"height":500,"caption":"Land Of Memory"},"image":{"@id":"https:\/\/www.landofmemory.eu\/#\/schema\/logo\/image\/"},"sameAs":["https:\/\/www.facebook.com\/landofmemory.eu","https:\/\/www.instagram.com\/landofmemory_eu\/"]}]}},"_links":{"self":[{"href":"https:\/\/www.landofmemory.eu\/de\/wp-json\/wp\/v2\/temoignages\/6223","targetHints":{"allow":["GET"]}}],"collection":[{"href":"https:\/\/www.landofmemory.eu\/de\/wp-json\/wp\/v2\/temoignages"}],"about":[{"href":"https:\/\/www.landofmemory.eu\/de\/wp-json\/wp\/v2\/types\/temoignages"}],"wp:attachment":[{"href":"https:\/\/www.landofmemory.eu\/de\/wp-json\/wp\/v2\/media?parent=6223"}],"curies":[{"name":"wp","href":"https:\/\/api.w.org\/{rel}","templated":true}]}}

<p>General Brialmont war der Architekt aller Festungen des Festungsgürtels von Lüttich im Jahr 1914. Von der Festung Hollogne bis zur Festung Flémalle entwarf er auch die Festungsanlagen von Antwerpen und Namur. Brialmont wurde in Anlehnung an den berühmten französischen Militärsarchitekten als &#8222;belgischer Vauban&#8220; bezeichnet. Im Gegensatz zu dem, von dem er den Spitznamen geerbt hatte, musste er sich ständig neu erfinden, um mit den schnellen Fortschritten der schweren Artillerie Schritt zu halten.</p>

<p>Brialmont blieb während seiner gesamten Karriere an der Lafette. Er betonte, dass die Bewaffnung der Forts regelmäßig erweitert und modernisiert werden müsste, da man sonst von den Fortschritten der Artillerie überholt werden würde. Die Untätigkeit der belgischen Regierung in dieser Frage war übrigens der Grund dafür, dass die Linien der befestigten Stellung um Lüttich 1914 zusammenbrachen. Ende des 19. Jahrhunderts durfte eine Kanone nicht mehr als 210 mm stark sein, und die Widerstandsfähigkeit des Betons war entsprechend berechnet worden. Daher überraschte die deutsche Lieferung der Dicken Bertha die belgischen Streitkräfte: Sie war in der Lage, 420-mm-Geschosse abzufeuern. Trotz der Widerstandsanstrengungen, die selbst von der deutschen Armee gelobt wurden, bewahrheiteten sich Brialmonts Befürchtungen. Er starb jedoch 1908 und erlebte den Untergang seines Werkes nicht mehr mit.</p>

<p>Er wurde von Japan, Rumänien, Bulgarien und sogar vom Sultan von Konstatinopel konsultiert und galt als eines der Genies seiner Zeit auf dem Gebiet der Befestigungstechnik und der Militärsarchitektur. Als großer Polemiker, aber auch als Visionär, engagierte er sich früh in der Politik und setzte sich unermüdlich für das allgemeine Wahlrecht und die Wehrpflicht ein.</p>

<!-- This site is optimized with the Yoast SEO plugin v26.0 - https://yoast.com/wordpress/plugins/seo/ -->
<title>General Brialmont, Spitzname: der belgische Vauban - Land of Memory</title>
<meta name="description" content="General Brialmont gilt als Genie der Militärarchitektur und ist der Architekt aller Festungen der befestigten Stellung von Lüttich." />
<meta name="robots" content="index, follow, max-snippet:-1, max-image-preview:large, max-video-preview:-1" />
<link rel="canonical" href="https://www.landofmemory.eu/de/temoignages/der-belgier-vauban/" />
<meta property="og:locale" content="de_DE" />
<meta property="og:type" content="article" />
<meta property="og:title" content="General Brialmont, Spitzname: der belgische Vauban - Land of Memory" />
<meta property="og:description" content="General Brialmont gilt als Genie der Militärarchitektur und ist der Architekt aller Festungen der befestigten Stellung von Lüttich." />
<meta property="og:url" content="https://www.landofmemory.eu/de/temoignages/der-belgier-vauban/" />
<meta property="og:site_name" content="Land Of Memory" />
<meta property="article:publisher" content="https://www.facebook.com/landofmemory.eu" />
<meta property="article:modified_time" content="2022-08-03T10:06:37+00:00" />
<meta name="twitter:card" content="summary_large_image" />
<meta name="twitter:label1" content="Geschätzte Lesezeit" />
	<meta name="twitter:data1" content="1 Minute" />
<script type="application/ld+json" class="yoast-schema-graph">{"@context":"https://schema.org","@graph":[{"@type":"WebPage","@id":"https://www.landofmemory.eu/de/temoignages/der-belgier-vauban/","url":"https://www.landofmemory.eu/de/temoignages/der-belgier-vauban/","name":"General Brialmont, Spitzname: der belgische Vauban - Land of Memory","isPartOf":{"@id":"https://www.landofmemory.eu/#website"},"datePublished":"2021-11-17T15:40:03+00:00","dateModified":"2022-08-03T10:06:37+00:00","description":"General Brialmont gilt als Genie der Militärarchitektur und ist der Architekt aller Festungen der befestigten Stellung von Lüttich.","breadcrumb":{"@id":"https://www.landofmemory.eu/de/temoignages/der-belgier-vauban/#breadcrumb"},"inLanguage":"de","potentialAction":[{"@type":"ReadAction","target":["https://www.landofmemory.eu/de/temoignages/der-belgier-vauban/"]}]},{"@type":"BreadcrumbList","@id":"https://www.landofmemory.eu/de/temoignages/der-belgier-vauban/#breadcrumb","itemListElement":[{"@type":"ListItem","position":1,"name":"Accueil","item":"https://www.landofmemory.eu/"},{"@type":"ListItem","position":2,"name":"Der Belgier Vauban"}]},{"@type":"WebSite","@id":"https://www.landofmemory.eu/#website","url":"https://www.landofmemory.eu/","name":"Land Of Memory","description":"L&#039;histoire commence ici","publisher":{"@id":"https://www.landofmemory.eu/#organization"},"potentialAction":[{"@type":"SearchAction","target":{"@type":"EntryPoint","urlTemplate":"https://www.landofmemory.eu/?s={search_term_string}"},"query-input":{"@type":"PropertyValueSpecification","valueRequired":true,"valueName":"search_term_string"}}],"inLanguage":"de"},{"@type":"Organization","@id":"https://www.landofmemory.eu/#organization","name":"Land Of Memory","url":"https://www.landofmemory.eu/","logo":{"@type":"ImageObject","inLanguage":"de","@id":"https://www.landofmemory.eu/#/schema/logo/image/","url":"https://www.landofmemory.eu/wp-content/uploads/2022/10/logo-land-of-memory.jpg","contentUrl":"https://www.landofmemory.eu/wp-content/uploads/2022/10/logo-land-of-memory.jpg","width":1000,"height":500,"caption":"Land Of Memory"},"image":{"@id":"https://www.landofmemory.eu/#/schema/logo/image/"},"sameAs":["https://www.facebook.com/landofmemory.eu","https://www.instagram.com/landofmemory_eu/"]}]}</script>
<!-- / Yoast SEO plugin. -->

General Brialmont gilt als Genie der Militärarchitektur und ist der Architekt aller Festungen der befestigten Stellung von Lüttich.
