{"id":6227,"date":"2021-11-17T17:10:36","date_gmt":"2021-11-17T16:10:36","guid":{"rendered":"https:\/\/www.landofmemory.eu\/temoignages\/brueder-bis-zum-tod\/"},"modified":"2021-11-17T17:10:37","modified_gmt":"2021-11-17T16:10:37","slug":"brueder-bis-zum-tod","status":"publish","type":"temoignages","link":"https:\/\/www.landofmemory.eu\/de\/temoignages\/brueder-bis-zum-tod\/","title":{"rendered":"Br\u00fcder bis zum Tod"},"content":{"rendered":"\n<p>Der in der Provinz L\u00fcttich gelegene Friedhof Henri-Chapelle geh\u00f6rt zu den drei amerikanischen Friedh\u00f6fen, die es in Belgien gibt. Die geografische Lage des Ortes war ausschlaggebend f\u00fcr die Wahl des Standorts dieses Friedhofs. Er befindet sich n\u00e4mlich weniger als 20 Kilometer von Aachen entfernt, aber immer noch auf alliiertem Gebiet. Die Symbolik hierbei ist sehr stark.<\/p>\n\n<p>Einzigartig ist, dass auf diesem Friedhof auch drei Br\u00fcder begraben sind (es gibt nicht weniger als 37 Duos, aber kein anderes Trio). F\u00fcnf der Tester-S\u00f6hne, die aus einer Familie mit elf Kindern aus Tennessee stammten, dienten zur gleichen Zeit in der Armee. Nur zwei \u00fcberlebten. Robert, 33 Jahre alt, starb in Nordafrika. James, 24, in der N\u00e4he der deutsch-luxemburgischen Grenze. Und Glen, 27, in den Vogesen Frankreichs.<\/p>\n\n<p>Amandine Jaunet, F\u00fchrerin auf dem Friedhof von Henri-Chapelle, erkl\u00e4rt: &#8222;Alle drei starben im Abstand von einem Jahr zwischen 1943 und 1945. Der Grund, warum sie heute alle drei hier sind, ist, dass die amerikanische Armee den Familien vorschlug, die Br\u00fcder zusammenzuf\u00fchren und am selben Ort zu begraben. Ihre Mutter wollte es so&#8230; vereint in Liebe bis in den Tod&#8220;.<\/p>\n","protected":false},"template":"","class_list":["post-6227","temoignages","type-temoignages","status-publish","hentry"],"acf":[],"yoast_head":"<!-- This site is optimized with the Yoast SEO plugin v26.0 - https:\/\/yoast.com\/wordpress\/plugins\/seo\/ -->\n<title>Bruder bis zum Tod: Henri-Chapelle Friedhof<\/title>\n<meta name=\"description\" content=\"3 Br\u00fcder sind auf dem Friedhof Henri-Chapelle begraben, einem der drei amerikanischen Friedh\u00f6fe in Belgien. Eine sehr seltene Tatsache!\" \/>\n<meta name=\"robots\" content=\"index, follow, max-snippet:-1, max-image-preview:large, max-video-preview:-1\" \/>\n<link rel=\"canonical\" href=\"https:\/\/www.landofmemory.eu\/de\/temoignages\/brueder-bis-zum-tod\/\" \/>\n<meta property=\"og:locale\" content=\"de_DE\" \/>\n<meta property=\"og:type\" content=\"article\" \/>\n<meta property=\"og:title\" content=\"Bruder bis zum Tod: Henri-Chapelle Friedhof\" \/>\n<meta property=\"og:description\" content=\"3 Br\u00fcder sind auf dem Friedhof Henri-Chapelle begraben, einem der drei amerikanischen Friedh\u00f6fe in Belgien. Eine sehr seltene Tatsache!\" \/>\n<meta property=\"og:url\" content=\"https:\/\/www.landofmemory.eu\/de\/temoignages\/brueder-bis-zum-tod\/\" \/>\n<meta property=\"og:site_name\" content=\"Land Of Memory\" \/>\n<meta property=\"article:publisher\" content=\"https:\/\/www.facebook.com\/landofmemory.eu\" \/>\n<meta property=\"article:modified_time\" content=\"2021-11-17T16:10:37+00:00\" \/>\n<meta name=\"twitter:card\" content=\"summary_large_image\" \/>\n<meta name=\"twitter:label1\" content=\"Gesch\u00e4tzte Lesezeit\" \/>\n\t<meta name=\"twitter:data1\" content=\"1\u00a0Minute\" \/>\n<script type=\"application\/ld+json\" class=\"yoast-schema-graph\">{\"@context\":\"https:\/\/schema.org\",\"@graph\":[{\"@type\":\"WebPage\",\"@id\":\"https:\/\/www.landofmemory.eu\/de\/temoignages\/brueder-bis-zum-tod\/\",\"url\":\"https:\/\/www.landofmemory.eu\/de\/temoignages\/brueder-bis-zum-tod\/\",\"name\":\"Bruder bis zum Tod: Henri-Chapelle Friedhof\",\"isPartOf\":{\"@id\":\"https:\/\/www.landofmemory.eu\/#website\"},\"datePublished\":\"2021-11-17T16:10:36+00:00\",\"dateModified\":\"2021-11-17T16:10:37+00:00\",\"description\":\"3 Br\u00fcder sind auf dem Friedhof Henri-Chapelle begraben, einem der drei amerikanischen Friedh\u00f6fe in Belgien. Eine sehr seltene Tatsache!\",\"breadcrumb\":{\"@id\":\"https:\/\/www.landofmemory.eu\/de\/temoignages\/brueder-bis-zum-tod\/#breadcrumb\"},\"inLanguage\":\"de\",\"potentialAction\":[{\"@type\":\"ReadAction\",\"target\":[\"https:\/\/www.landofmemory.eu\/de\/temoignages\/brueder-bis-zum-tod\/\"]}]},{\"@type\":\"BreadcrumbList\",\"@id\":\"https:\/\/www.landofmemory.eu\/de\/temoignages\/brueder-bis-zum-tod\/#breadcrumb\",\"itemListElement\":[{\"@type\":\"ListItem\",\"position\":1,\"name\":\"Accueil\",\"item\":\"https:\/\/www.landofmemory.eu\/\"},{\"@type\":\"ListItem\",\"position\":2,\"name\":\"Br\u00fcder bis zum Tod\"}]},{\"@type\":\"WebSite\",\"@id\":\"https:\/\/www.landofmemory.eu\/#website\",\"url\":\"https:\/\/www.landofmemory.eu\/\",\"name\":\"Land Of Memory\",\"description\":\"L&#039;histoire commence ici\",\"publisher\":{\"@id\":\"https:\/\/www.landofmemory.eu\/#organization\"},\"potentialAction\":[{\"@type\":\"SearchAction\",\"target\":{\"@type\":\"EntryPoint\",\"urlTemplate\":\"https:\/\/www.landofmemory.eu\/?s={search_term_string}\"},\"query-input\":{\"@type\":\"PropertyValueSpecification\",\"valueRequired\":true,\"valueName\":\"search_term_string\"}}],\"inLanguage\":\"de\"},{\"@type\":\"Organization\",\"@id\":\"https:\/\/www.landofmemory.eu\/#organization\",\"name\":\"Land Of Memory\",\"url\":\"https:\/\/www.landofmemory.eu\/\",\"logo\":{\"@type\":\"ImageObject\",\"inLanguage\":\"de\",\"@id\":\"https:\/\/www.landofmemory.eu\/#\/schema\/logo\/image\/\",\"url\":\"https:\/\/www.landofmemory.eu\/wp-content\/uploads\/2022\/10\/logo-land-of-memory.jpg\",\"contentUrl\":\"https:\/\/www.landofmemory.eu\/wp-content\/uploads\/2022\/10\/logo-land-of-memory.jpg\",\"width\":1000,\"height\":500,\"caption\":\"Land Of Memory\"},\"image\":{\"@id\":\"https:\/\/www.landofmemory.eu\/#\/schema\/logo\/image\/\"},\"sameAs\":[\"https:\/\/www.facebook.com\/landofmemory.eu\",\"https:\/\/www.instagram.com\/landofmemory_eu\/\"]}]}<\/script>\n<!-- \/ Yoast SEO plugin. -->","yoast_head_json":{"title":"Bruder bis zum Tod: Henri-Chapelle Friedhof","description":"3 Br\u00fcder sind auf dem Friedhof Henri-Chapelle begraben, einem der drei amerikanischen Friedh\u00f6fe in Belgien. Eine sehr seltene Tatsache!","robots":{"index":"index","follow":"follow","max-snippet":"max-snippet:-1","max-image-preview":"max-image-preview:large","max-video-preview":"max-video-preview:-1"},"canonical":"https:\/\/www.landofmemory.eu\/de\/temoignages\/brueder-bis-zum-tod\/","og_locale":"de_DE","og_type":"article","og_title":"Bruder bis zum Tod: Henri-Chapelle Friedhof","og_description":"3 Br\u00fcder sind auf dem Friedhof Henri-Chapelle begraben, einem der drei amerikanischen Friedh\u00f6fe in Belgien. Eine sehr seltene Tatsache!","og_url":"https:\/\/www.landofmemory.eu\/de\/temoignages\/brueder-bis-zum-tod\/","og_site_name":"Land Of Memory","article_publisher":"https:\/\/www.facebook.com\/landofmemory.eu","article_modified_time":"2021-11-17T16:10:37+00:00","twitter_card":"summary_large_image","twitter_misc":{"Gesch\u00e4tzte Lesezeit":"1\u00a0Minute"},"schema":{"@context":"https:\/\/schema.org","@graph":[{"@type":"WebPage","@id":"https:\/\/www.landofmemory.eu\/de\/temoignages\/brueder-bis-zum-tod\/","url":"https:\/\/www.landofmemory.eu\/de\/temoignages\/brueder-bis-zum-tod\/","name":"Bruder bis zum Tod: Henri-Chapelle Friedhof","isPartOf":{"@id":"https:\/\/www.landofmemory.eu\/#website"},"datePublished":"2021-11-17T16:10:36+00:00","dateModified":"2021-11-17T16:10:37+00:00","description":"3 Br\u00fcder sind auf dem Friedhof Henri-Chapelle begraben, einem der drei amerikanischen Friedh\u00f6fe in Belgien. Eine sehr seltene Tatsache!","breadcrumb":{"@id":"https:\/\/www.landofmemory.eu\/de\/temoignages\/brueder-bis-zum-tod\/#breadcrumb"},"inLanguage":"de","potentialAction":[{"@type":"ReadAction","target":["https:\/\/www.landofmemory.eu\/de\/temoignages\/brueder-bis-zum-tod\/"]}]},{"@type":"BreadcrumbList","@id":"https:\/\/www.landofmemory.eu\/de\/temoignages\/brueder-bis-zum-tod\/#breadcrumb","itemListElement":[{"@type":"ListItem","position":1,"name":"Accueil","item":"https:\/\/www.landofmemory.eu\/"},{"@type":"ListItem","position":2,"name":"Br\u00fcder bis zum Tod"}]},{"@type":"WebSite","@id":"https:\/\/www.landofmemory.eu\/#website","url":"https:\/\/www.landofmemory.eu\/","name":"Land Of Memory","description":"L&#039;histoire commence ici","publisher":{"@id":"https:\/\/www.landofmemory.eu\/#organization"},"potentialAction":[{"@type":"SearchAction","target":{"@type":"EntryPoint","urlTemplate":"https:\/\/www.landofmemory.eu\/?s={search_term_string}"},"query-input":{"@type":"PropertyValueSpecification","valueRequired":true,"valueName":"search_term_string"}}],"inLanguage":"de"},{"@type":"Organization","@id":"https:\/\/www.landofmemory.eu\/#organization","name":"Land Of Memory","url":"https:\/\/www.landofmemory.eu\/","logo":{"@type":"ImageObject","inLanguage":"de","@id":"https:\/\/www.landofmemory.eu\/#\/schema\/logo\/image\/","url":"https:\/\/www.landofmemory.eu\/wp-content\/uploads\/2022\/10\/logo-land-of-memory.jpg","contentUrl":"https:\/\/www.landofmemory.eu\/wp-content\/uploads\/2022\/10\/logo-land-of-memory.jpg","width":1000,"height":500,"caption":"Land Of Memory"},"image":{"@id":"https:\/\/www.landofmemory.eu\/#\/schema\/logo\/image\/"},"sameAs":["https:\/\/www.facebook.com\/landofmemory.eu","https:\/\/www.instagram.com\/landofmemory_eu\/"]}]}},"_links":{"self":[{"href":"https:\/\/www.landofmemory.eu\/de\/wp-json\/wp\/v2\/temoignages\/6227","targetHints":{"allow":["GET"]}}],"collection":[{"href":"https:\/\/www.landofmemory.eu\/de\/wp-json\/wp\/v2\/temoignages"}],"about":[{"href":"https:\/\/www.landofmemory.eu\/de\/wp-json\/wp\/v2\/types\/temoignages"}],"wp:attachment":[{"href":"https:\/\/www.landofmemory.eu\/de\/wp-json\/wp\/v2\/media?parent=6227"}],"curies":[{"name":"wp","href":"https:\/\/api.w.org\/{rel}","templated":true}]}}

Brüder bis zum Tod

<p>Der in der Provinz Lüttich gelegene Friedhof Henri-Chapelle gehört zu den drei amerikanischen Friedhöfen, die es in Belgien gibt. Die geografische Lage des Ortes war ausschlaggebend für die Wahl des Standorts dieses Friedhofs. Er befindet sich nämlich weniger als 20 Kilometer von Aachen entfernt, aber immer noch auf alliiertem Gebiet. Die Symbolik hierbei ist sehr stark.</p>

<p>Einzigartig ist, dass auf diesem Friedhof auch drei Brüder begraben sind (es gibt nicht weniger als 37 Duos, aber kein anderes Trio). Fünf der Tester-Söhne, die aus einer Familie mit elf Kindern aus Tennessee stammten, dienten zur gleichen Zeit in der Armee. Nur zwei überlebten. Robert, 33 Jahre alt, starb in Nordafrika. James, 24, in der Nähe der deutsch-luxemburgischen Grenze. Und Glen, 27, in den Vogesen Frankreichs.</p>

<p>Amandine Jaunet, Führerin auf dem Friedhof von Henri-Chapelle, erklärt: &#8222;Alle drei starben im Abstand von einem Jahr zwischen 1943 und 1945. Der Grund, warum sie heute alle drei hier sind, ist, dass die amerikanische Armee den Familien vorschlug, die Brüder zusammenzuführen und am selben Ort zu begraben. Ihre Mutter wollte es so&#8230; vereint in Liebe bis in den Tod&#8220;.</p>

<!-- This site is optimized with the Yoast SEO plugin v26.0 - https://yoast.com/wordpress/plugins/seo/ -->
<title>Bruder bis zum Tod: Henri-Chapelle Friedhof</title>
<meta name="description" content="3 Brüder sind auf dem Friedhof Henri-Chapelle begraben, einem der drei amerikanischen Friedhöfe in Belgien. Eine sehr seltene Tatsache!" />
<meta name="robots" content="index, follow, max-snippet:-1, max-image-preview:large, max-video-preview:-1" />
<link rel="canonical" href="https://www.landofmemory.eu/de/temoignages/brueder-bis-zum-tod/" />
<meta property="og:locale" content="de_DE" />
<meta property="og:type" content="article" />
<meta property="og:title" content="Bruder bis zum Tod: Henri-Chapelle Friedhof" />
<meta property="og:description" content="3 Brüder sind auf dem Friedhof Henri-Chapelle begraben, einem der drei amerikanischen Friedhöfe in Belgien. Eine sehr seltene Tatsache!" />
<meta property="og:url" content="https://www.landofmemory.eu/de/temoignages/brueder-bis-zum-tod/" />
<meta property="og:site_name" content="Land Of Memory" />
<meta property="article:publisher" content="https://www.facebook.com/landofmemory.eu" />
<meta property="article:modified_time" content="2021-11-17T16:10:37+00:00" />
<meta name="twitter:card" content="summary_large_image" />
<meta name="twitter:label1" content="Geschätzte Lesezeit" />
	<meta name="twitter:data1" content="1 Minute" />
<script type="application/ld+json" class="yoast-schema-graph">{"@context":"https://schema.org","@graph":[{"@type":"WebPage","@id":"https://www.landofmemory.eu/de/temoignages/brueder-bis-zum-tod/","url":"https://www.landofmemory.eu/de/temoignages/brueder-bis-zum-tod/","name":"Bruder bis zum Tod: Henri-Chapelle Friedhof","isPartOf":{"@id":"https://www.landofmemory.eu/#website"},"datePublished":"2021-11-17T16:10:36+00:00","dateModified":"2021-11-17T16:10:37+00:00","description":"3 Brüder sind auf dem Friedhof Henri-Chapelle begraben, einem der drei amerikanischen Friedhöfe in Belgien. Eine sehr seltene Tatsache!","breadcrumb":{"@id":"https://www.landofmemory.eu/de/temoignages/brueder-bis-zum-tod/#breadcrumb"},"inLanguage":"de","potentialAction":[{"@type":"ReadAction","target":["https://www.landofmemory.eu/de/temoignages/brueder-bis-zum-tod/"]}]},{"@type":"BreadcrumbList","@id":"https://www.landofmemory.eu/de/temoignages/brueder-bis-zum-tod/#breadcrumb","itemListElement":[{"@type":"ListItem","position":1,"name":"Accueil","item":"https://www.landofmemory.eu/"},{"@type":"ListItem","position":2,"name":"Brüder bis zum Tod"}]},{"@type":"WebSite","@id":"https://www.landofmemory.eu/#website","url":"https://www.landofmemory.eu/","name":"Land Of Memory","description":"L&#039;histoire commence ici","publisher":{"@id":"https://www.landofmemory.eu/#organization"},"potentialAction":[{"@type":"SearchAction","target":{"@type":"EntryPoint","urlTemplate":"https://www.landofmemory.eu/?s={search_term_string}"},"query-input":{"@type":"PropertyValueSpecification","valueRequired":true,"valueName":"search_term_string"}}],"inLanguage":"de"},{"@type":"Organization","@id":"https://www.landofmemory.eu/#organization","name":"Land Of Memory","url":"https://www.landofmemory.eu/","logo":{"@type":"ImageObject","inLanguage":"de","@id":"https://www.landofmemory.eu/#/schema/logo/image/","url":"https://www.landofmemory.eu/wp-content/uploads/2022/10/logo-land-of-memory.jpg","contentUrl":"https://www.landofmemory.eu/wp-content/uploads/2022/10/logo-land-of-memory.jpg","width":1000,"height":500,"caption":"Land Of Memory"},"image":{"@id":"https://www.landofmemory.eu/#/schema/logo/image/"},"sameAs":["https://www.facebook.com/landofmemory.eu","https://www.instagram.com/landofmemory_eu/"]}]}</script>
<!-- / Yoast SEO plugin. -->

3 Brüder sind auf dem Friedhof Henri-Chapelle begraben, einem der drei amerikanischen Friedhöfe in Belgien. Eine sehr seltene Tatsache!
