{"id":6230,"date":"2021-11-17T17:21:04","date_gmt":"2021-11-17T16:21:04","guid":{"rendered":"https:\/\/www.landofmemory.eu\/temoignages\/die-geheimnisvolle-fahne-des-bataillons-von-general-leman\/"},"modified":"2022-08-03T12:05:37","modified_gmt":"2022-08-03T10:05:37","slug":"die-geheimnisvolle-fahne-des-bataillons-von-general-leman","status":"publish","type":"temoignages","link":"https:\/\/www.landofmemory.eu\/de\/temoignages\/die-geheimnisvolle-fahne-des-bataillons-von-general-leman\/","title":{"rendered":"Die geheimnisvolle Fahne des Bataillons von General Leman"},"content":{"rendered":"\n<p>Im August 1914 beauftragte General Leman das II. Bataillon der 12e de Ligne unter dem Kommando von Major BEM Collyns mit einer Doppelmission. Die Ziele der Mission bestanden darin, dem Feind die Nutzung der Br\u00fccke von Wandre zu verwehren und alle Zugangswege aus dem Norden von Herstal zu blockieren. Das Bataillon hatte bereits am 4. August an der Verteidigung der Br\u00fccke von Vis\u00e9 teilgenommen. Da es nur aus 450 Mann bestand, nahm es den Auftrag an und richtete sich an allen Punkten ein, an denen das Gel\u00e4nde geschlagen werden konnte.&#13;\n<\/p>\n\n<p>In der Nacht vom 5. auf den 6. August, gegen 1 Uhr morgens, wurden die Belgier von einer starken Kolonne feindlicher Soldaten \u00fcberw\u00e4ltigt, die die L\u00fccke zwischen den Forts Pontisse und Liers durchbrach und die H\u00e4nge von Herm\u00e9e hinabst\u00fcrzte. Major Collyns lie\u00df die Kolonne tief in die Siedlung eindringen, bevor er ein verheerendes Feuer auf die Siedlung er\u00f6ffnete. Mehrmals wurden die deutschen Versuche eines Frontalangriffs unter sehr hohen Verlusten zur\u00fcckgeschlagen. Major von Arnim, zahlreiche Offiziere und der Fahnentr\u00e4ger Feldwebel M\u00f6ller waren unter den Toten dieser Offensive.<\/p>\n\n<h2 class=\"wp-block-heading\">Das Epos der feindlichen Flagge<\/h2>\n\n<p>Der belgische Lignard Lange erbeutete unter den deutschen Leichen die Fahne und den dazugeh\u00f6rigen Schulterriemen. Es handelte sich um die allererste Flagge, die im Kampf an allen Fronten des Ersten Weltkriegs erobert wurde. Die wertvolle Troph\u00e4e wurde umgehend an das Hauptquartier von General Leman geschickt. Am Morgen des 6. August lie\u00df sich Leman im Fort Loncin nieder und nahm die vom Feind eroberte Fahne mit. Er pr\u00e4sentierte sie der Garnison und richtete sie in seinem B\u00fcro ein. Nach der Explosion des Forts am 15. August wurde die Fahne der deutschen Version zufolge unversehrt in den Tr\u00fcmmern gefunden. Am 20. August soll sie w\u00e4hrend einer vom Gro\u00dfherzog von Mecklenburg-Schwerin geleiteten Zeremonie an die 89. Grenadiere zur\u00fcckgegeben worden sein. Es scheint, dass es sich tats\u00e4chlich nur um eine Nachbildung handelte, da die Deutschen im Juni 1940 im Armeemuseum auftauchten, um ihre Flagge zur\u00fcckzuholen&#8230;<\/p>\n\n<p>Was den Schulterriemen betrifft, so war er w\u00e4hrend der Besatzungszeit in der Gemeindeverwaltung von Herstal versteckt worden. Im Jahr 1931 schenkte die Gemeinde ihn dem &#8222;12e de Ligne&#8220; anl\u00e4sslich des hundertsten Jahrestages der Gr\u00fcndung des Regiments. Derzeit wird es im K\u00f6niglichen Armeemuseum aufbewahrt.<\/p>\n","protected":false},"template":"","class_list":["post-6230","temoignages","type-temoignages","status-publish","hentry"],"acf":[],"yoast_head":"<!-- This site is optimized with the Yoast SEO plugin v26.0 - https:\/\/yoast.com\/wordpress\/plugins\/seo\/ -->\n<title>Die geheimnisvolle Fahne des Bataillons von General Leman - Land of Memory<\/title>\n<meta name=\"description\" content=\"Im Jahr 1914 eroberte das von General Leman gef\u00fchrte Bataillon die erste Fahne, die im Ersten Weltkrieg im Kampf erobert wurde.\" \/>\n<meta name=\"robots\" content=\"index, follow, max-snippet:-1, max-image-preview:large, max-video-preview:-1\" \/>\n<link rel=\"canonical\" href=\"https:\/\/www.landofmemory.eu\/de\/temoignages\/die-geheimnisvolle-fahne-des-bataillons-von-general-leman\/\" \/>\n<meta property=\"og:locale\" content=\"de_DE\" \/>\n<meta property=\"og:type\" content=\"article\" \/>\n<meta property=\"og:title\" content=\"Die geheimnisvolle Fahne des Bataillons von General Leman - Land of Memory\" \/>\n<meta property=\"og:description\" content=\"Im Jahr 1914 eroberte das von General Leman gef\u00fchrte Bataillon die erste Fahne, die im Ersten Weltkrieg im Kampf erobert wurde.\" \/>\n<meta property=\"og:url\" content=\"https:\/\/www.landofmemory.eu\/de\/temoignages\/die-geheimnisvolle-fahne-des-bataillons-von-general-leman\/\" \/>\n<meta property=\"og:site_name\" content=\"Land Of Memory\" \/>\n<meta property=\"article:publisher\" content=\"https:\/\/www.facebook.com\/landofmemory.eu\" \/>\n<meta property=\"article:modified_time\" content=\"2022-08-03T10:05:37+00:00\" \/>\n<meta name=\"twitter:card\" content=\"summary_large_image\" \/>\n<meta name=\"twitter:label1\" content=\"Gesch\u00e4tzte Lesezeit\" \/>\n\t<meta name=\"twitter:data1\" content=\"2\u00a0Minuten\" \/>\n<script type=\"application\/ld+json\" class=\"yoast-schema-graph\">{\"@context\":\"https:\/\/schema.org\",\"@graph\":[{\"@type\":\"WebPage\",\"@id\":\"https:\/\/www.landofmemory.eu\/de\/temoignages\/die-geheimnisvolle-fahne-des-bataillons-von-general-leman\/\",\"url\":\"https:\/\/www.landofmemory.eu\/de\/temoignages\/die-geheimnisvolle-fahne-des-bataillons-von-general-leman\/\",\"name\":\"Die geheimnisvolle Fahne des Bataillons von General Leman - Land of Memory\",\"isPartOf\":{\"@id\":\"https:\/\/www.landofmemory.eu\/#website\"},\"datePublished\":\"2021-11-17T16:21:04+00:00\",\"dateModified\":\"2022-08-03T10:05:37+00:00\",\"description\":\"Im Jahr 1914 eroberte das von General Leman gef\u00fchrte Bataillon die erste Fahne, die im Ersten Weltkrieg im Kampf erobert wurde.\",\"breadcrumb\":{\"@id\":\"https:\/\/www.landofmemory.eu\/de\/temoignages\/die-geheimnisvolle-fahne-des-bataillons-von-general-leman\/#breadcrumb\"},\"inLanguage\":\"de\",\"potentialAction\":[{\"@type\":\"ReadAction\",\"target\":[\"https:\/\/www.landofmemory.eu\/de\/temoignages\/die-geheimnisvolle-fahne-des-bataillons-von-general-leman\/\"]}]},{\"@type\":\"BreadcrumbList\",\"@id\":\"https:\/\/www.landofmemory.eu\/de\/temoignages\/die-geheimnisvolle-fahne-des-bataillons-von-general-leman\/#breadcrumb\",\"itemListElement\":[{\"@type\":\"ListItem\",\"position\":1,\"name\":\"Accueil\",\"item\":\"https:\/\/www.landofmemory.eu\/\"},{\"@type\":\"ListItem\",\"position\":2,\"name\":\"Die geheimnisvolle Fahne des Bataillons von General Leman\"}]},{\"@type\":\"WebSite\",\"@id\":\"https:\/\/www.landofmemory.eu\/#website\",\"url\":\"https:\/\/www.landofmemory.eu\/\",\"name\":\"Land Of Memory\",\"description\":\"L&#039;histoire commence ici\",\"publisher\":{\"@id\":\"https:\/\/www.landofmemory.eu\/#organization\"},\"potentialAction\":[{\"@type\":\"SearchAction\",\"target\":{\"@type\":\"EntryPoint\",\"urlTemplate\":\"https:\/\/www.landofmemory.eu\/?s={search_term_string}\"},\"query-input\":{\"@type\":\"PropertyValueSpecification\",\"valueRequired\":true,\"valueName\":\"search_term_string\"}}],\"inLanguage\":\"de\"},{\"@type\":\"Organization\",\"@id\":\"https:\/\/www.landofmemory.eu\/#organization\",\"name\":\"Land Of Memory\",\"url\":\"https:\/\/www.landofmemory.eu\/\",\"logo\":{\"@type\":\"ImageObject\",\"inLanguage\":\"de\",\"@id\":\"https:\/\/www.landofmemory.eu\/#\/schema\/logo\/image\/\",\"url\":\"https:\/\/www.landofmemory.eu\/wp-content\/uploads\/2022\/10\/logo-land-of-memory.jpg\",\"contentUrl\":\"https:\/\/www.landofmemory.eu\/wp-content\/uploads\/2022\/10\/logo-land-of-memory.jpg\",\"width\":1000,\"height\":500,\"caption\":\"Land Of Memory\"},\"image\":{\"@id\":\"https:\/\/www.landofmemory.eu\/#\/schema\/logo\/image\/\"},\"sameAs\":[\"https:\/\/www.facebook.com\/landofmemory.eu\",\"https:\/\/www.instagram.com\/landofmemory_eu\/\"]}]}<\/script>\n<!-- \/ Yoast SEO plugin. -->","yoast_head_json":{"title":"Die geheimnisvolle Fahne des Bataillons von General Leman - Land of Memory","description":"Im Jahr 1914 eroberte das von General Leman gef\u00fchrte Bataillon die erste Fahne, die im Ersten Weltkrieg im Kampf erobert wurde.","robots":{"index":"index","follow":"follow","max-snippet":"max-snippet:-1","max-image-preview":"max-image-preview:large","max-video-preview":"max-video-preview:-1"},"canonical":"https:\/\/www.landofmemory.eu\/de\/temoignages\/die-geheimnisvolle-fahne-des-bataillons-von-general-leman\/","og_locale":"de_DE","og_type":"article","og_title":"Die geheimnisvolle Fahne des Bataillons von General Leman - Land of Memory","og_description":"Im Jahr 1914 eroberte das von General Leman gef\u00fchrte Bataillon die erste Fahne, die im Ersten Weltkrieg im Kampf erobert wurde.","og_url":"https:\/\/www.landofmemory.eu\/de\/temoignages\/die-geheimnisvolle-fahne-des-bataillons-von-general-leman\/","og_site_name":"Land Of Memory","article_publisher":"https:\/\/www.facebook.com\/landofmemory.eu","article_modified_time":"2022-08-03T10:05:37+00:00","twitter_card":"summary_large_image","twitter_misc":{"Gesch\u00e4tzte Lesezeit":"2\u00a0Minuten"},"schema":{"@context":"https:\/\/schema.org","@graph":[{"@type":"WebPage","@id":"https:\/\/www.landofmemory.eu\/de\/temoignages\/die-geheimnisvolle-fahne-des-bataillons-von-general-leman\/","url":"https:\/\/www.landofmemory.eu\/de\/temoignages\/die-geheimnisvolle-fahne-des-bataillons-von-general-leman\/","name":"Die geheimnisvolle Fahne des Bataillons von General Leman - Land of Memory","isPartOf":{"@id":"https:\/\/www.landofmemory.eu\/#website"},"datePublished":"2021-11-17T16:21:04+00:00","dateModified":"2022-08-03T10:05:37+00:00","description":"Im Jahr 1914 eroberte das von General Leman gef\u00fchrte Bataillon die erste Fahne, die im Ersten Weltkrieg im Kampf erobert wurde.","breadcrumb":{"@id":"https:\/\/www.landofmemory.eu\/de\/temoignages\/die-geheimnisvolle-fahne-des-bataillons-von-general-leman\/#breadcrumb"},"inLanguage":"de","potentialAction":[{"@type":"ReadAction","target":["https:\/\/www.landofmemory.eu\/de\/temoignages\/die-geheimnisvolle-fahne-des-bataillons-von-general-leman\/"]}]},{"@type":"BreadcrumbList","@id":"https:\/\/www.landofmemory.eu\/de\/temoignages\/die-geheimnisvolle-fahne-des-bataillons-von-general-leman\/#breadcrumb","itemListElement":[{"@type":"ListItem","position":1,"name":"Accueil","item":"https:\/\/www.landofmemory.eu\/"},{"@type":"ListItem","position":2,"name":"Die geheimnisvolle Fahne des Bataillons von General Leman"}]},{"@type":"WebSite","@id":"https:\/\/www.landofmemory.eu\/#website","url":"https:\/\/www.landofmemory.eu\/","name":"Land Of Memory","description":"L&#039;histoire commence ici","publisher":{"@id":"https:\/\/www.landofmemory.eu\/#organization"},"potentialAction":[{"@type":"SearchAction","target":{"@type":"EntryPoint","urlTemplate":"https:\/\/www.landofmemory.eu\/?s={search_term_string}"},"query-input":{"@type":"PropertyValueSpecification","valueRequired":true,"valueName":"search_term_string"}}],"inLanguage":"de"},{"@type":"Organization","@id":"https:\/\/www.landofmemory.eu\/#organization","name":"Land Of Memory","url":"https:\/\/www.landofmemory.eu\/","logo":{"@type":"ImageObject","inLanguage":"de","@id":"https:\/\/www.landofmemory.eu\/#\/schema\/logo\/image\/","url":"https:\/\/www.landofmemory.eu\/wp-content\/uploads\/2022\/10\/logo-land-of-memory.jpg","contentUrl":"https:\/\/www.landofmemory.eu\/wp-content\/uploads\/2022\/10\/logo-land-of-memory.jpg","width":1000,"height":500,"caption":"Land Of Memory"},"image":{"@id":"https:\/\/www.landofmemory.eu\/#\/schema\/logo\/image\/"},"sameAs":["https:\/\/www.facebook.com\/landofmemory.eu","https:\/\/www.instagram.com\/landofmemory_eu\/"]}]}},"_links":{"self":[{"href":"https:\/\/www.landofmemory.eu\/de\/wp-json\/wp\/v2\/temoignages\/6230","targetHints":{"allow":["GET"]}}],"collection":[{"href":"https:\/\/www.landofmemory.eu\/de\/wp-json\/wp\/v2\/temoignages"}],"about":[{"href":"https:\/\/www.landofmemory.eu\/de\/wp-json\/wp\/v2\/types\/temoignages"}],"wp:attachment":[{"href":"https:\/\/www.landofmemory.eu\/de\/wp-json\/wp\/v2\/media?parent=6230"}],"curies":[{"name":"wp","href":"https:\/\/api.w.org\/{rel}","templated":true}]}}

<p>Im August 1914 beauftragte General Leman das II. Bataillon der 12e de Ligne unter dem Kommando von Major BEM Collyns mit einer Doppelmission. Die Ziele der Mission bestanden darin, dem Feind die Nutzung der Brücke von Wandre zu verwehren und alle Zugangswege aus dem Norden von Herstal zu blockieren. Das Bataillon hatte bereits am 4. August an der Verteidigung der Brücke von Visé teilgenommen. Da es nur aus 450 Mann bestand, nahm es den Auftrag an und richtete sich an allen Punkten ein, an denen das Gelände geschlagen werden konnte.&#13;
</p>

<p>In der Nacht vom 5. auf den 6. August, gegen 1 Uhr morgens, wurden die Belgier von einer starken Kolonne feindlicher Soldaten überwältigt, die die Lücke zwischen den Forts Pontisse und Liers durchbrach und die Hänge von Hermée hinabstürzte. Major Collyns ließ die Kolonne tief in die Siedlung eindringen, bevor er ein verheerendes Feuer auf die Siedlung eröffnete. Mehrmals wurden die deutschen Versuche eines Frontalangriffs unter sehr hohen Verlusten zurückgeschlagen. Major von Arnim, zahlreiche Offiziere und der Fahnenträger Feldwebel Möller waren unter den Toten dieser Offensive.</p>

<h2 class="wp-block-heading">Das Epos der feindlichen Flagge</h2>

<p>Der belgische Lignard Lange erbeutete unter den deutschen Leichen die Fahne und den dazugehörigen Schulterriemen. Es handelte sich um die allererste Flagge, die im Kampf an allen Fronten des Ersten Weltkriegs erobert wurde. Die wertvolle Trophäe wurde umgehend an das Hauptquartier von General Leman geschickt. Am Morgen des 6. August ließ sich Leman im Fort Loncin nieder und nahm die vom Feind eroberte Fahne mit. Er präsentierte sie der Garnison und richtete sie in seinem Büro ein. Nach der Explosion des Forts am 15. August wurde die Fahne der deutschen Version zufolge unversehrt in den Trümmern gefunden. Am 20. August soll sie während einer vom Großherzog von Mecklenburg-Schwerin geleiteten Zeremonie an die 89. Grenadiere zurückgegeben worden sein. Es scheint, dass es sich tatsächlich nur um eine Nachbildung handelte, da die Deutschen im Juni 1940 im Armeemuseum auftauchten, um ihre Flagge zurückzuholen&#8230;</p>

<p>Was den Schulterriemen betrifft, so war er während der Besatzungszeit in der Gemeindeverwaltung von Herstal versteckt worden. Im Jahr 1931 schenkte die Gemeinde ihn dem &#8222;12e de Ligne&#8220; anlässlich des hundertsten Jahrestages der Gründung des Regiments. Derzeit wird es im Königlichen Armeemuseum aufbewahrt.</p>

<!-- This site is optimized with the Yoast SEO plugin v26.0 - https://yoast.com/wordpress/plugins/seo/ -->
<title>Die geheimnisvolle Fahne des Bataillons von General Leman - Land of Memory</title>
<meta name="description" content="Im Jahr 1914 eroberte das von General Leman geführte Bataillon die erste Fahne, die im Ersten Weltkrieg im Kampf erobert wurde." />
<meta name="robots" content="index, follow, max-snippet:-1, max-image-preview:large, max-video-preview:-1" />
<link rel="canonical" href="https://www.landofmemory.eu/de/temoignages/die-geheimnisvolle-fahne-des-bataillons-von-general-leman/" />
<meta property="og:locale" content="de_DE" />
<meta property="og:type" content="article" />
<meta property="og:title" content="Die geheimnisvolle Fahne des Bataillons von General Leman - Land of Memory" />
<meta property="og:description" content="Im Jahr 1914 eroberte das von General Leman geführte Bataillon die erste Fahne, die im Ersten Weltkrieg im Kampf erobert wurde." />
<meta property="og:url" content="https://www.landofmemory.eu/de/temoignages/die-geheimnisvolle-fahne-des-bataillons-von-general-leman/" />
<meta property="og:site_name" content="Land Of Memory" />
<meta property="article:publisher" content="https://www.facebook.com/landofmemory.eu" />
<meta property="article:modified_time" content="2022-08-03T10:05:37+00:00" />
<meta name="twitter:card" content="summary_large_image" />
<meta name="twitter:label1" content="Geschätzte Lesezeit" />
	<meta name="twitter:data1" content="2 Minuten" />
<script type="application/ld+json" class="yoast-schema-graph">{"@context":"https://schema.org","@graph":[{"@type":"WebPage","@id":"https://www.landofmemory.eu/de/temoignages/die-geheimnisvolle-fahne-des-bataillons-von-general-leman/","url":"https://www.landofmemory.eu/de/temoignages/die-geheimnisvolle-fahne-des-bataillons-von-general-leman/","name":"Die geheimnisvolle Fahne des Bataillons von General Leman - Land of Memory","isPartOf":{"@id":"https://www.landofmemory.eu/#website"},"datePublished":"2021-11-17T16:21:04+00:00","dateModified":"2022-08-03T10:05:37+00:00","description":"Im Jahr 1914 eroberte das von General Leman geführte Bataillon die erste Fahne, die im Ersten Weltkrieg im Kampf erobert wurde.","breadcrumb":{"@id":"https://www.landofmemory.eu/de/temoignages/die-geheimnisvolle-fahne-des-bataillons-von-general-leman/#breadcrumb"},"inLanguage":"de","potentialAction":[{"@type":"ReadAction","target":["https://www.landofmemory.eu/de/temoignages/die-geheimnisvolle-fahne-des-bataillons-von-general-leman/"]}]},{"@type":"BreadcrumbList","@id":"https://www.landofmemory.eu/de/temoignages/die-geheimnisvolle-fahne-des-bataillons-von-general-leman/#breadcrumb","itemListElement":[{"@type":"ListItem","position":1,"name":"Accueil","item":"https://www.landofmemory.eu/"},{"@type":"ListItem","position":2,"name":"Die geheimnisvolle Fahne des Bataillons von General Leman"}]},{"@type":"WebSite","@id":"https://www.landofmemory.eu/#website","url":"https://www.landofmemory.eu/","name":"Land Of Memory","description":"L&#039;histoire commence ici","publisher":{"@id":"https://www.landofmemory.eu/#organization"},"potentialAction":[{"@type":"SearchAction","target":{"@type":"EntryPoint","urlTemplate":"https://www.landofmemory.eu/?s={search_term_string}"},"query-input":{"@type":"PropertyValueSpecification","valueRequired":true,"valueName":"search_term_string"}}],"inLanguage":"de"},{"@type":"Organization","@id":"https://www.landofmemory.eu/#organization","name":"Land Of Memory","url":"https://www.landofmemory.eu/","logo":{"@type":"ImageObject","inLanguage":"de","@id":"https://www.landofmemory.eu/#/schema/logo/image/","url":"https://www.landofmemory.eu/wp-content/uploads/2022/10/logo-land-of-memory.jpg","contentUrl":"https://www.landofmemory.eu/wp-content/uploads/2022/10/logo-land-of-memory.jpg","width":1000,"height":500,"caption":"Land Of Memory"},"image":{"@id":"https://www.landofmemory.eu/#/schema/logo/image/"},"sameAs":["https://www.facebook.com/landofmemory.eu","https://www.instagram.com/landofmemory_eu/"]}]}</script>
<!-- / Yoast SEO plugin. -->

Im Jahr 1914 eroberte das von General Leman geführte Bataillon die erste Fahne, die im Ersten Weltkrieg im Kampf erobert wurde.
