{"id":6251,"date":"2021-11-18T15:47:16","date_gmt":"2021-11-18T14:47:16","guid":{"rendered":"https:\/\/www.landofmemory.eu\/temoignages\/das-douaumont-denkmal-eine-symbolische-form\/"},"modified":"2021-12-07T16:12:58","modified_gmt":"2021-12-07T15:12:58","slug":"das-douaumont-denkmal-eine-symbolische-form","status":"publish","type":"temoignages","link":"https:\/\/www.landofmemory.eu\/de\/temoignages\/das-douaumont-denkmal-eine-symbolische-form\/","title":{"rendered":"Das Douaumont-Denkmal: Eine symbolische Form"},"content":{"rendered":"\n<p>Obwohl die Form des Beinhauses von Douaumont eine besondere Symbolik hat, wird sie oft falsch interpretiert. Meistens wird angenommen, dass es eine Granate oder ein Schwert darstellt, das in den Boden gerammt wird, um den Frieden zwischen den Nationen zu symbolisieren. Man h\u00f6rt aber auch von einem m\u00f6glichen \u00e4gyptischen Einfluss, demzufolge das Denkmal von \u00e4gyptischen Obelisken inspiriert wurde. Tats\u00e4chlich stammte einer der drei Architekten des Beinhauses, Azema, aus Alexandria.<\/p>\n\n<p>In Wirklichkeit wurde das Douaumont-Denkmal mit einem Turm erdacht, um dem Geb\u00e4ude eine Dimension des Aufstiegs zu verleihen. Auf diese Weise soll es den Soldaten, die sich noch immer irgendwo auf dem Kampffeld der <strong>Schlacht um Verdun<\/strong> befinden, die M\u00f6glichkeit geben, Frieden zu finden. Es wird gesch\u00e4tzt, dass etwa 80.000 Soldaten nie gefunden wurden und sich noch immer unter der Erde befinden. Diejenigen, die gefunden wurden, ruhen in 46 Gr\u00e4bern, die den 46 Sektoren des Schlachtfeldes entsprechen. Die Knochen werden nach dem Ort sortiert, an dem sie gefunden wurden. Insgesamt liegen an diesem Ort 130.000 unbekannte Soldaten aller Nationalit\u00e4ten begraben. Die Knochen sind durch Glasscheiben von au\u00dfen zu sehen.<\/p>\n\n<p>In der Mitte der Allee, die zur Kapelle f\u00fchrt, hat das unter Glas aufbewahrte goldene Messgewand ebenfalls eine besondere Geschichte. Am Ende des Ersten Weltkriegs rettete Unteroffizier Halvik von der 89. Division das Messgewand aus einer brennenden Kirche in Verdun. Er beh\u00e4lt das Messgewand und versteckt es unter seiner Uniform. Als er sicher nach Hause zur\u00fcckkehrt, schreibt er sein Gl\u00fcck dem goldenen Messgewand zu. Es wird dem Beinhaus von den Enkeln des Unteroffiziers Halvik geschenkt.<\/p>\n","protected":false},"template":"","class_list":["post-6251","temoignages","type-temoignages","status-publish","hentry"],"acf":[],"yoast_head":"<!-- This site is optimized with the Yoast SEO plugin v26.0 - https:\/\/yoast.com\/wordpress\/plugins\/seo\/ -->\n<title>Das Douaumont-Denkmal: Eine symbolische Form - Land Of Memory<\/title>\n<meta name=\"description\" content=\"Die Architektur des Beinhauses von Douaumont gibt Anlass zu vielen verschiedenen Interpretationen. Aber was ist seine wahre Symbolik?\" \/>\n<meta name=\"robots\" content=\"index, follow, max-snippet:-1, max-image-preview:large, max-video-preview:-1\" \/>\n<link rel=\"canonical\" href=\"https:\/\/www.landofmemory.eu\/de\/temoignages\/das-douaumont-denkmal-eine-symbolische-form\/\" \/>\n<meta property=\"og:locale\" content=\"de_DE\" \/>\n<meta property=\"og:type\" content=\"article\" \/>\n<meta property=\"og:title\" content=\"Das Douaumont-Denkmal: Eine symbolische Form - Land Of Memory\" \/>\n<meta property=\"og:description\" content=\"Die Architektur des Beinhauses von Douaumont gibt Anlass zu vielen verschiedenen Interpretationen. Aber was ist seine wahre Symbolik?\" \/>\n<meta property=\"og:url\" content=\"https:\/\/www.landofmemory.eu\/de\/temoignages\/das-douaumont-denkmal-eine-symbolische-form\/\" \/>\n<meta property=\"og:site_name\" content=\"Land Of Memory\" \/>\n<meta property=\"article:publisher\" content=\"https:\/\/www.facebook.com\/landofmemory.eu\" \/>\n<meta property=\"article:modified_time\" content=\"2021-12-07T15:12:58+00:00\" \/>\n<meta name=\"twitter:card\" content=\"summary_large_image\" \/>\n<meta name=\"twitter:label1\" content=\"Gesch\u00e4tzte Lesezeit\" \/>\n\t<meta name=\"twitter:data1\" content=\"1\u00a0Minute\" \/>\n<script type=\"application\/ld+json\" class=\"yoast-schema-graph\">{\"@context\":\"https:\/\/schema.org\",\"@graph\":[{\"@type\":\"WebPage\",\"@id\":\"https:\/\/www.landofmemory.eu\/de\/temoignages\/das-douaumont-denkmal-eine-symbolische-form\/\",\"url\":\"https:\/\/www.landofmemory.eu\/de\/temoignages\/das-douaumont-denkmal-eine-symbolische-form\/\",\"name\":\"Das Douaumont-Denkmal: Eine symbolische Form - Land Of Memory\",\"isPartOf\":{\"@id\":\"https:\/\/www.landofmemory.eu\/#website\"},\"datePublished\":\"2021-11-18T14:47:16+00:00\",\"dateModified\":\"2021-12-07T15:12:58+00:00\",\"description\":\"Die Architektur des Beinhauses von Douaumont gibt Anlass zu vielen verschiedenen Interpretationen. Aber was ist seine wahre Symbolik?\",\"breadcrumb\":{\"@id\":\"https:\/\/www.landofmemory.eu\/de\/temoignages\/das-douaumont-denkmal-eine-symbolische-form\/#breadcrumb\"},\"inLanguage\":\"de\",\"potentialAction\":[{\"@type\":\"ReadAction\",\"target\":[\"https:\/\/www.landofmemory.eu\/de\/temoignages\/das-douaumont-denkmal-eine-symbolische-form\/\"]}]},{\"@type\":\"BreadcrumbList\",\"@id\":\"https:\/\/www.landofmemory.eu\/de\/temoignages\/das-douaumont-denkmal-eine-symbolische-form\/#breadcrumb\",\"itemListElement\":[{\"@type\":\"ListItem\",\"position\":1,\"name\":\"Accueil\",\"item\":\"https:\/\/www.landofmemory.eu\/\"},{\"@type\":\"ListItem\",\"position\":2,\"name\":\"Das Douaumont-Denkmal: Eine symbolische Form\"}]},{\"@type\":\"WebSite\",\"@id\":\"https:\/\/www.landofmemory.eu\/#website\",\"url\":\"https:\/\/www.landofmemory.eu\/\",\"name\":\"Land Of Memory\",\"description\":\"L&#039;histoire commence ici\",\"publisher\":{\"@id\":\"https:\/\/www.landofmemory.eu\/#organization\"},\"potentialAction\":[{\"@type\":\"SearchAction\",\"target\":{\"@type\":\"EntryPoint\",\"urlTemplate\":\"https:\/\/www.landofmemory.eu\/?s={search_term_string}\"},\"query-input\":{\"@type\":\"PropertyValueSpecification\",\"valueRequired\":true,\"valueName\":\"search_term_string\"}}],\"inLanguage\":\"de\"},{\"@type\":\"Organization\",\"@id\":\"https:\/\/www.landofmemory.eu\/#organization\",\"name\":\"Land Of Memory\",\"url\":\"https:\/\/www.landofmemory.eu\/\",\"logo\":{\"@type\":\"ImageObject\",\"inLanguage\":\"de\",\"@id\":\"https:\/\/www.landofmemory.eu\/#\/schema\/logo\/image\/\",\"url\":\"https:\/\/www.landofmemory.eu\/wp-content\/uploads\/2022\/10\/logo-land-of-memory.jpg\",\"contentUrl\":\"https:\/\/www.landofmemory.eu\/wp-content\/uploads\/2022\/10\/logo-land-of-memory.jpg\",\"width\":1000,\"height\":500,\"caption\":\"Land Of Memory\"},\"image\":{\"@id\":\"https:\/\/www.landofmemory.eu\/#\/schema\/logo\/image\/\"},\"sameAs\":[\"https:\/\/www.facebook.com\/landofmemory.eu\",\"https:\/\/www.instagram.com\/landofmemory_eu\/\"]}]}<\/script>\n<!-- \/ Yoast SEO plugin. -->","yoast_head_json":{"title":"Das Douaumont-Denkmal: Eine symbolische Form - Land Of Memory","description":"Die Architektur des Beinhauses von Douaumont gibt Anlass zu vielen verschiedenen Interpretationen. Aber was ist seine wahre Symbolik?","robots":{"index":"index","follow":"follow","max-snippet":"max-snippet:-1","max-image-preview":"max-image-preview:large","max-video-preview":"max-video-preview:-1"},"canonical":"https:\/\/www.landofmemory.eu\/de\/temoignages\/das-douaumont-denkmal-eine-symbolische-form\/","og_locale":"de_DE","og_type":"article","og_title":"Das Douaumont-Denkmal: Eine symbolische Form - Land Of Memory","og_description":"Die Architektur des Beinhauses von Douaumont gibt Anlass zu vielen verschiedenen Interpretationen. Aber was ist seine wahre Symbolik?","og_url":"https:\/\/www.landofmemory.eu\/de\/temoignages\/das-douaumont-denkmal-eine-symbolische-form\/","og_site_name":"Land Of Memory","article_publisher":"https:\/\/www.facebook.com\/landofmemory.eu","article_modified_time":"2021-12-07T15:12:58+00:00","twitter_card":"summary_large_image","twitter_misc":{"Gesch\u00e4tzte Lesezeit":"1\u00a0Minute"},"schema":{"@context":"https:\/\/schema.org","@graph":[{"@type":"WebPage","@id":"https:\/\/www.landofmemory.eu\/de\/temoignages\/das-douaumont-denkmal-eine-symbolische-form\/","url":"https:\/\/www.landofmemory.eu\/de\/temoignages\/das-douaumont-denkmal-eine-symbolische-form\/","name":"Das Douaumont-Denkmal: Eine symbolische Form - Land Of Memory","isPartOf":{"@id":"https:\/\/www.landofmemory.eu\/#website"},"datePublished":"2021-11-18T14:47:16+00:00","dateModified":"2021-12-07T15:12:58+00:00","description":"Die Architektur des Beinhauses von Douaumont gibt Anlass zu vielen verschiedenen Interpretationen. Aber was ist seine wahre Symbolik?","breadcrumb":{"@id":"https:\/\/www.landofmemory.eu\/de\/temoignages\/das-douaumont-denkmal-eine-symbolische-form\/#breadcrumb"},"inLanguage":"de","potentialAction":[{"@type":"ReadAction","target":["https:\/\/www.landofmemory.eu\/de\/temoignages\/das-douaumont-denkmal-eine-symbolische-form\/"]}]},{"@type":"BreadcrumbList","@id":"https:\/\/www.landofmemory.eu\/de\/temoignages\/das-douaumont-denkmal-eine-symbolische-form\/#breadcrumb","itemListElement":[{"@type":"ListItem","position":1,"name":"Accueil","item":"https:\/\/www.landofmemory.eu\/"},{"@type":"ListItem","position":2,"name":"Das Douaumont-Denkmal: Eine symbolische Form"}]},{"@type":"WebSite","@id":"https:\/\/www.landofmemory.eu\/#website","url":"https:\/\/www.landofmemory.eu\/","name":"Land Of Memory","description":"L&#039;histoire commence ici","publisher":{"@id":"https:\/\/www.landofmemory.eu\/#organization"},"potentialAction":[{"@type":"SearchAction","target":{"@type":"EntryPoint","urlTemplate":"https:\/\/www.landofmemory.eu\/?s={search_term_string}"},"query-input":{"@type":"PropertyValueSpecification","valueRequired":true,"valueName":"search_term_string"}}],"inLanguage":"de"},{"@type":"Organization","@id":"https:\/\/www.landofmemory.eu\/#organization","name":"Land Of Memory","url":"https:\/\/www.landofmemory.eu\/","logo":{"@type":"ImageObject","inLanguage":"de","@id":"https:\/\/www.landofmemory.eu\/#\/schema\/logo\/image\/","url":"https:\/\/www.landofmemory.eu\/wp-content\/uploads\/2022\/10\/logo-land-of-memory.jpg","contentUrl":"https:\/\/www.landofmemory.eu\/wp-content\/uploads\/2022\/10\/logo-land-of-memory.jpg","width":1000,"height":500,"caption":"Land Of Memory"},"image":{"@id":"https:\/\/www.landofmemory.eu\/#\/schema\/logo\/image\/"},"sameAs":["https:\/\/www.facebook.com\/landofmemory.eu","https:\/\/www.instagram.com\/landofmemory_eu\/"]}]}},"_links":{"self":[{"href":"https:\/\/www.landofmemory.eu\/de\/wp-json\/wp\/v2\/temoignages\/6251","targetHints":{"allow":["GET"]}}],"collection":[{"href":"https:\/\/www.landofmemory.eu\/de\/wp-json\/wp\/v2\/temoignages"}],"about":[{"href":"https:\/\/www.landofmemory.eu\/de\/wp-json\/wp\/v2\/types\/temoignages"}],"wp:attachment":[{"href":"https:\/\/www.landofmemory.eu\/de\/wp-json\/wp\/v2\/media?parent=6251"}],"curies":[{"name":"wp","href":"https:\/\/api.w.org\/{rel}","templated":true}]}}

<p>Obwohl die Form des Beinhauses von Douaumont eine besondere Symbolik hat, wird sie oft falsch interpretiert. Meistens wird angenommen, dass es eine Granate oder ein Schwert darstellt, das in den Boden gerammt wird, um den Frieden zwischen den Nationen zu symbolisieren. Man hört aber auch von einem möglichen ägyptischen Einfluss, demzufolge das Denkmal von ägyptischen Obelisken inspiriert wurde. Tatsächlich stammte einer der drei Architekten des Beinhauses, Azema, aus Alexandria.</p>

<p>In Wirklichkeit wurde das Douaumont-Denkmal mit einem Turm erdacht, um dem Gebäude eine Dimension des Aufstiegs zu verleihen. Auf diese Weise soll es den Soldaten, die sich noch immer irgendwo auf dem Kampffeld der <strong>Schlacht um Verdun</strong> befinden, die Möglichkeit geben, Frieden zu finden. Es wird geschätzt, dass etwa 80.000 Soldaten nie gefunden wurden und sich noch immer unter der Erde befinden. Diejenigen, die gefunden wurden, ruhen in 46 Gräbern, die den 46 Sektoren des Schlachtfeldes entsprechen. Die Knochen werden nach dem Ort sortiert, an dem sie gefunden wurden. Insgesamt liegen an diesem Ort 130.000 unbekannte Soldaten aller Nationalitäten begraben. Die Knochen sind durch Glasscheiben von außen zu sehen.</p>

<p>In der Mitte der Allee, die zur Kapelle führt, hat das unter Glas aufbewahrte goldene Messgewand ebenfalls eine besondere Geschichte. Am Ende des Ersten Weltkriegs rettete Unteroffizier Halvik von der 89. Division das Messgewand aus einer brennenden Kirche in Verdun. Er behält das Messgewand und versteckt es unter seiner Uniform. Als er sicher nach Hause zurückkehrt, schreibt er sein Glück dem goldenen Messgewand zu. Es wird dem Beinhaus von den Enkeln des Unteroffiziers Halvik geschenkt.</p>

<!-- This site is optimized with the Yoast SEO plugin v26.0 - https://yoast.com/wordpress/plugins/seo/ -->
<title>Das Douaumont-Denkmal: Eine symbolische Form - Land Of Memory</title>
<meta name="description" content="Die Architektur des Beinhauses von Douaumont gibt Anlass zu vielen verschiedenen Interpretationen. Aber was ist seine wahre Symbolik?" />
<meta name="robots" content="index, follow, max-snippet:-1, max-image-preview:large, max-video-preview:-1" />
<link rel="canonical" href="https://www.landofmemory.eu/de/temoignages/das-douaumont-denkmal-eine-symbolische-form/" />
<meta property="og:locale" content="de_DE" />
<meta property="og:type" content="article" />
<meta property="og:title" content="Das Douaumont-Denkmal: Eine symbolische Form - Land Of Memory" />
<meta property="og:description" content="Die Architektur des Beinhauses von Douaumont gibt Anlass zu vielen verschiedenen Interpretationen. Aber was ist seine wahre Symbolik?" />
<meta property="og:url" content="https://www.landofmemory.eu/de/temoignages/das-douaumont-denkmal-eine-symbolische-form/" />
<meta property="og:site_name" content="Land Of Memory" />
<meta property="article:publisher" content="https://www.facebook.com/landofmemory.eu" />
<meta property="article:modified_time" content="2021-12-07T15:12:58+00:00" />
<meta name="twitter:card" content="summary_large_image" />
<meta name="twitter:label1" content="Geschätzte Lesezeit" />
	<meta name="twitter:data1" content="1 Minute" />
<script type="application/ld+json" class="yoast-schema-graph">{"@context":"https://schema.org","@graph":[{"@type":"WebPage","@id":"https://www.landofmemory.eu/de/temoignages/das-douaumont-denkmal-eine-symbolische-form/","url":"https://www.landofmemory.eu/de/temoignages/das-douaumont-denkmal-eine-symbolische-form/","name":"Das Douaumont-Denkmal: Eine symbolische Form - Land Of Memory","isPartOf":{"@id":"https://www.landofmemory.eu/#website"},"datePublished":"2021-11-18T14:47:16+00:00","dateModified":"2021-12-07T15:12:58+00:00","description":"Die Architektur des Beinhauses von Douaumont gibt Anlass zu vielen verschiedenen Interpretationen. Aber was ist seine wahre Symbolik?","breadcrumb":{"@id":"https://www.landofmemory.eu/de/temoignages/das-douaumont-denkmal-eine-symbolische-form/#breadcrumb"},"inLanguage":"de","potentialAction":[{"@type":"ReadAction","target":["https://www.landofmemory.eu/de/temoignages/das-douaumont-denkmal-eine-symbolische-form/"]}]},{"@type":"BreadcrumbList","@id":"https://www.landofmemory.eu/de/temoignages/das-douaumont-denkmal-eine-symbolische-form/#breadcrumb","itemListElement":[{"@type":"ListItem","position":1,"name":"Accueil","item":"https://www.landofmemory.eu/"},{"@type":"ListItem","position":2,"name":"Das Douaumont-Denkmal: Eine symbolische Form"}]},{"@type":"WebSite","@id":"https://www.landofmemory.eu/#website","url":"https://www.landofmemory.eu/","name":"Land Of Memory","description":"L&#039;histoire commence ici","publisher":{"@id":"https://www.landofmemory.eu/#organization"},"potentialAction":[{"@type":"SearchAction","target":{"@type":"EntryPoint","urlTemplate":"https://www.landofmemory.eu/?s={search_term_string}"},"query-input":{"@type":"PropertyValueSpecification","valueRequired":true,"valueName":"search_term_string"}}],"inLanguage":"de"},{"@type":"Organization","@id":"https://www.landofmemory.eu/#organization","name":"Land Of Memory","url":"https://www.landofmemory.eu/","logo":{"@type":"ImageObject","inLanguage":"de","@id":"https://www.landofmemory.eu/#/schema/logo/image/","url":"https://www.landofmemory.eu/wp-content/uploads/2022/10/logo-land-of-memory.jpg","contentUrl":"https://www.landofmemory.eu/wp-content/uploads/2022/10/logo-land-of-memory.jpg","width":1000,"height":500,"caption":"Land Of Memory"},"image":{"@id":"https://www.landofmemory.eu/#/schema/logo/image/"},"sameAs":["https://www.facebook.com/landofmemory.eu","https://www.instagram.com/landofmemory_eu/"]}]}</script>
<!-- / Yoast SEO plugin. -->
