{"id":6254,"date":"2021-11-18T15:56:14","date_gmt":"2021-11-18T14:56:14","guid":{"rendered":"https:\/\/www.landofmemory.eu\/temoignages\/eine-ehrengarde-vor-dem-feind\/"},"modified":"2021-11-18T15:56:14","modified_gmt":"2021-11-18T14:56:14","slug":"eine-ehrengarde-vor-dem-feind","status":"publish","type":"temoignages","link":"https:\/\/www.landofmemory.eu\/de\/temoignages\/eine-ehrengarde-vor-dem-feind\/","title":{"rendered":"Eine Ehrengarde vor dem Feind"},"content":{"rendered":"\n<p>W\u00e4hrend der Schlacht von Verdun, die mehr symbolischen als strategischen Charakter hatte, war das Fort Vaux einer der Schl\u00fcsselpunkte der K\u00e4mpfe. Wie Douaumont wurde auch das Fort bei der deutschen Offensive entwaffnet und schutzlos zur\u00fcckgelassen. Die franz\u00f6sischen Truppen k\u00e4mpften unerm\u00fcdlich f\u00fcr die Verteidigung des Fort Vaux. Nach sechs Tagen und f\u00fcnf N\u00e4chten heftiger K\u00e4mpfe waren die Franzosen ohne Wasser und Nahrung gezwungen, sich der deutschen Armee zu ergeben. Diese begr\u00fc\u00dften den Widerstand der Soldaten und bildeten aus Respekt vor ihren Gegnern eine Ehrengarde. Noch heute sind die Einschussl\u00f6cher an den W\u00e4nden des Forts zu sehen.<\/p>\n\n<p>Das Tagebuch des Kommandanten Reynal, der das Fort 1916 leitete, gibt Aufschluss \u00fcber das t\u00e4gliche Leben und die K\u00e4mpfe im Fort Vaux.<\/p>\n","protected":false},"template":"","class_list":["post-6254","temoignages","type-temoignages","status-publish","hentry"],"acf":[],"yoast_head":"<!-- This site is optimized with the Yoast SEO plugin v26.0 - https:\/\/yoast.com\/wordpress\/plugins\/seo\/ -->\n<title>Erster Weltkrieg: Verteidigung des Forts Vaux - Land of Memory<\/title>\n<meta name=\"description\" content=\"Der Widerstand der franz\u00f6sischen Armee bei der Verteidigung von Fort Vaux war so gro\u00df, dass die Deutschen eine Ehrengarde aus ihren Feinden bildeten.\" \/>\n<meta name=\"robots\" content=\"index, follow, max-snippet:-1, max-image-preview:large, max-video-preview:-1\" \/>\n<link rel=\"canonical\" href=\"https:\/\/www.landofmemory.eu\/de\/temoignages\/eine-ehrengarde-vor-dem-feind\/\" \/>\n<meta property=\"og:locale\" content=\"de_DE\" \/>\n<meta property=\"og:type\" content=\"article\" \/>\n<meta property=\"og:title\" content=\"Erster Weltkrieg: Verteidigung des Forts Vaux - Land of Memory\" \/>\n<meta property=\"og:description\" content=\"Der Widerstand der franz\u00f6sischen Armee bei der Verteidigung von Fort Vaux war so gro\u00df, dass die Deutschen eine Ehrengarde aus ihren Feinden bildeten.\" \/>\n<meta property=\"og:url\" content=\"https:\/\/www.landofmemory.eu\/de\/temoignages\/eine-ehrengarde-vor-dem-feind\/\" \/>\n<meta property=\"og:site_name\" content=\"Land Of Memory\" \/>\n<meta property=\"article:publisher\" content=\"https:\/\/www.facebook.com\/landofmemory.eu\" \/>\n<meta name=\"twitter:card\" content=\"summary_large_image\" \/>\n<meta name=\"twitter:label1\" content=\"Gesch\u00e4tzte Lesezeit\" \/>\n\t<meta name=\"twitter:data1\" content=\"1\u00a0Minute\" \/>\n<script type=\"application\/ld+json\" class=\"yoast-schema-graph\">{\"@context\":\"https:\/\/schema.org\",\"@graph\":[{\"@type\":\"WebPage\",\"@id\":\"https:\/\/www.landofmemory.eu\/de\/temoignages\/eine-ehrengarde-vor-dem-feind\/\",\"url\":\"https:\/\/www.landofmemory.eu\/de\/temoignages\/eine-ehrengarde-vor-dem-feind\/\",\"name\":\"Erster Weltkrieg: Verteidigung des Forts Vaux - Land of Memory\",\"isPartOf\":{\"@id\":\"https:\/\/www.landofmemory.eu\/#website\"},\"datePublished\":\"2021-11-18T14:56:14+00:00\",\"description\":\"Der Widerstand der franz\u00f6sischen Armee bei der Verteidigung von Fort Vaux war so gro\u00df, dass die Deutschen eine Ehrengarde aus ihren Feinden bildeten.\",\"breadcrumb\":{\"@id\":\"https:\/\/www.landofmemory.eu\/de\/temoignages\/eine-ehrengarde-vor-dem-feind\/#breadcrumb\"},\"inLanguage\":\"de\",\"potentialAction\":[{\"@type\":\"ReadAction\",\"target\":[\"https:\/\/www.landofmemory.eu\/de\/temoignages\/eine-ehrengarde-vor-dem-feind\/\"]}]},{\"@type\":\"BreadcrumbList\",\"@id\":\"https:\/\/www.landofmemory.eu\/de\/temoignages\/eine-ehrengarde-vor-dem-feind\/#breadcrumb\",\"itemListElement\":[{\"@type\":\"ListItem\",\"position\":1,\"name\":\"Accueil\",\"item\":\"https:\/\/www.landofmemory.eu\/\"},{\"@type\":\"ListItem\",\"position\":2,\"name\":\"Eine Ehrengarde vor dem Feind\"}]},{\"@type\":\"WebSite\",\"@id\":\"https:\/\/www.landofmemory.eu\/#website\",\"url\":\"https:\/\/www.landofmemory.eu\/\",\"name\":\"Land Of Memory\",\"description\":\"L&#039;histoire commence ici\",\"publisher\":{\"@id\":\"https:\/\/www.landofmemory.eu\/#organization\"},\"potentialAction\":[{\"@type\":\"SearchAction\",\"target\":{\"@type\":\"EntryPoint\",\"urlTemplate\":\"https:\/\/www.landofmemory.eu\/?s={search_term_string}\"},\"query-input\":{\"@type\":\"PropertyValueSpecification\",\"valueRequired\":true,\"valueName\":\"search_term_string\"}}],\"inLanguage\":\"de\"},{\"@type\":\"Organization\",\"@id\":\"https:\/\/www.landofmemory.eu\/#organization\",\"name\":\"Land Of Memory\",\"url\":\"https:\/\/www.landofmemory.eu\/\",\"logo\":{\"@type\":\"ImageObject\",\"inLanguage\":\"de\",\"@id\":\"https:\/\/www.landofmemory.eu\/#\/schema\/logo\/image\/\",\"url\":\"https:\/\/www.landofmemory.eu\/wp-content\/uploads\/2022\/10\/logo-land-of-memory.jpg\",\"contentUrl\":\"https:\/\/www.landofmemory.eu\/wp-content\/uploads\/2022\/10\/logo-land-of-memory.jpg\",\"width\":1000,\"height\":500,\"caption\":\"Land Of Memory\"},\"image\":{\"@id\":\"https:\/\/www.landofmemory.eu\/#\/schema\/logo\/image\/\"},\"sameAs\":[\"https:\/\/www.facebook.com\/landofmemory.eu\",\"https:\/\/www.instagram.com\/landofmemory_eu\/\"]}]}<\/script>\n<!-- \/ Yoast SEO plugin. -->","yoast_head_json":{"title":"Erster Weltkrieg: Verteidigung des Forts Vaux - Land of Memory","description":"Der Widerstand der franz\u00f6sischen Armee bei der Verteidigung von Fort Vaux war so gro\u00df, dass die Deutschen eine Ehrengarde aus ihren Feinden bildeten.","robots":{"index":"index","follow":"follow","max-snippet":"max-snippet:-1","max-image-preview":"max-image-preview:large","max-video-preview":"max-video-preview:-1"},"canonical":"https:\/\/www.landofmemory.eu\/de\/temoignages\/eine-ehrengarde-vor-dem-feind\/","og_locale":"de_DE","og_type":"article","og_title":"Erster Weltkrieg: Verteidigung des Forts Vaux - Land of Memory","og_description":"Der Widerstand der franz\u00f6sischen Armee bei der Verteidigung von Fort Vaux war so gro\u00df, dass die Deutschen eine Ehrengarde aus ihren Feinden bildeten.","og_url":"https:\/\/www.landofmemory.eu\/de\/temoignages\/eine-ehrengarde-vor-dem-feind\/","og_site_name":"Land Of Memory","article_publisher":"https:\/\/www.facebook.com\/landofmemory.eu","twitter_card":"summary_large_image","twitter_misc":{"Gesch\u00e4tzte Lesezeit":"1\u00a0Minute"},"schema":{"@context":"https:\/\/schema.org","@graph":[{"@type":"WebPage","@id":"https:\/\/www.landofmemory.eu\/de\/temoignages\/eine-ehrengarde-vor-dem-feind\/","url":"https:\/\/www.landofmemory.eu\/de\/temoignages\/eine-ehrengarde-vor-dem-feind\/","name":"Erster Weltkrieg: Verteidigung des Forts Vaux - Land of Memory","isPartOf":{"@id":"https:\/\/www.landofmemory.eu\/#website"},"datePublished":"2021-11-18T14:56:14+00:00","description":"Der Widerstand der franz\u00f6sischen Armee bei der Verteidigung von Fort Vaux war so gro\u00df, dass die Deutschen eine Ehrengarde aus ihren Feinden bildeten.","breadcrumb":{"@id":"https:\/\/www.landofmemory.eu\/de\/temoignages\/eine-ehrengarde-vor-dem-feind\/#breadcrumb"},"inLanguage":"de","potentialAction":[{"@type":"ReadAction","target":["https:\/\/www.landofmemory.eu\/de\/temoignages\/eine-ehrengarde-vor-dem-feind\/"]}]},{"@type":"BreadcrumbList","@id":"https:\/\/www.landofmemory.eu\/de\/temoignages\/eine-ehrengarde-vor-dem-feind\/#breadcrumb","itemListElement":[{"@type":"ListItem","position":1,"name":"Accueil","item":"https:\/\/www.landofmemory.eu\/"},{"@type":"ListItem","position":2,"name":"Eine Ehrengarde vor dem Feind"}]},{"@type":"WebSite","@id":"https:\/\/www.landofmemory.eu\/#website","url":"https:\/\/www.landofmemory.eu\/","name":"Land Of Memory","description":"L&#039;histoire commence ici","publisher":{"@id":"https:\/\/www.landofmemory.eu\/#organization"},"potentialAction":[{"@type":"SearchAction","target":{"@type":"EntryPoint","urlTemplate":"https:\/\/www.landofmemory.eu\/?s={search_term_string}"},"query-input":{"@type":"PropertyValueSpecification","valueRequired":true,"valueName":"search_term_string"}}],"inLanguage":"de"},{"@type":"Organization","@id":"https:\/\/www.landofmemory.eu\/#organization","name":"Land Of Memory","url":"https:\/\/www.landofmemory.eu\/","logo":{"@type":"ImageObject","inLanguage":"de","@id":"https:\/\/www.landofmemory.eu\/#\/schema\/logo\/image\/","url":"https:\/\/www.landofmemory.eu\/wp-content\/uploads\/2022\/10\/logo-land-of-memory.jpg","contentUrl":"https:\/\/www.landofmemory.eu\/wp-content\/uploads\/2022\/10\/logo-land-of-memory.jpg","width":1000,"height":500,"caption":"Land Of Memory"},"image":{"@id":"https:\/\/www.landofmemory.eu\/#\/schema\/logo\/image\/"},"sameAs":["https:\/\/www.facebook.com\/landofmemory.eu","https:\/\/www.instagram.com\/landofmemory_eu\/"]}]}},"_links":{"self":[{"href":"https:\/\/www.landofmemory.eu\/de\/wp-json\/wp\/v2\/temoignages\/6254","targetHints":{"allow":["GET"]}}],"collection":[{"href":"https:\/\/www.landofmemory.eu\/de\/wp-json\/wp\/v2\/temoignages"}],"about":[{"href":"https:\/\/www.landofmemory.eu\/de\/wp-json\/wp\/v2\/types\/temoignages"}],"wp:attachment":[{"href":"https:\/\/www.landofmemory.eu\/de\/wp-json\/wp\/v2\/media?parent=6254"}],"curies":[{"name":"wp","href":"https:\/\/api.w.org\/{rel}","templated":true}]}}

<p>Während der Schlacht von Verdun, die mehr symbolischen als strategischen Charakter hatte, war das Fort Vaux einer der Schlüsselpunkte der Kämpfe. Wie Douaumont wurde auch das Fort bei der deutschen Offensive entwaffnet und schutzlos zurückgelassen. Die französischen Truppen kämpften unermüdlich für die Verteidigung des Fort Vaux. Nach sechs Tagen und fünf Nächten heftiger Kämpfe waren die Franzosen ohne Wasser und Nahrung gezwungen, sich der deutschen Armee zu ergeben. Diese begrüßten den Widerstand der Soldaten und bildeten aus Respekt vor ihren Gegnern eine Ehrengarde. Noch heute sind die Einschusslöcher an den Wänden des Forts zu sehen.</p>

<p>Das Tagebuch des Kommandanten Reynal, der das Fort 1916 leitete, gibt Aufschluss über das tägliche Leben und die Kämpfe im Fort Vaux.</p>

<!-- This site is optimized with the Yoast SEO plugin v26.0 - https://yoast.com/wordpress/plugins/seo/ -->
<title>Erster Weltkrieg: Verteidigung des Forts Vaux - Land of Memory</title>
<meta name="description" content="Der Widerstand der französischen Armee bei der Verteidigung von Fort Vaux war so groß, dass die Deutschen eine Ehrengarde aus ihren Feinden bildeten." />
<meta name="robots" content="index, follow, max-snippet:-1, max-image-preview:large, max-video-preview:-1" />
<link rel="canonical" href="https://www.landofmemory.eu/de/temoignages/eine-ehrengarde-vor-dem-feind/" />
<meta property="og:locale" content="de_DE" />
<meta property="og:type" content="article" />
<meta property="og:title" content="Erster Weltkrieg: Verteidigung des Forts Vaux - Land of Memory" />
<meta property="og:description" content="Der Widerstand der französischen Armee bei der Verteidigung von Fort Vaux war so groß, dass die Deutschen eine Ehrengarde aus ihren Feinden bildeten." />
<meta property="og:url" content="https://www.landofmemory.eu/de/temoignages/eine-ehrengarde-vor-dem-feind/" />
<meta property="og:site_name" content="Land Of Memory" />
<meta property="article:publisher" content="https://www.facebook.com/landofmemory.eu" />
<meta name="twitter:card" content="summary_large_image" />
<meta name="twitter:label1" content="Geschätzte Lesezeit" />
	<meta name="twitter:data1" content="1 Minute" />
<script type="application/ld+json" class="yoast-schema-graph">{"@context":"https://schema.org","@graph":[{"@type":"WebPage","@id":"https://www.landofmemory.eu/de/temoignages/eine-ehrengarde-vor-dem-feind/","url":"https://www.landofmemory.eu/de/temoignages/eine-ehrengarde-vor-dem-feind/","name":"Erster Weltkrieg: Verteidigung des Forts Vaux - Land of Memory","isPartOf":{"@id":"https://www.landofmemory.eu/#website"},"datePublished":"2021-11-18T14:56:14+00:00","description":"Der Widerstand der französischen Armee bei der Verteidigung von Fort Vaux war so groß, dass die Deutschen eine Ehrengarde aus ihren Feinden bildeten.","breadcrumb":{"@id":"https://www.landofmemory.eu/de/temoignages/eine-ehrengarde-vor-dem-feind/#breadcrumb"},"inLanguage":"de","potentialAction":[{"@type":"ReadAction","target":["https://www.landofmemory.eu/de/temoignages/eine-ehrengarde-vor-dem-feind/"]}]},{"@type":"BreadcrumbList","@id":"https://www.landofmemory.eu/de/temoignages/eine-ehrengarde-vor-dem-feind/#breadcrumb","itemListElement":[{"@type":"ListItem","position":1,"name":"Accueil","item":"https://www.landofmemory.eu/"},{"@type":"ListItem","position":2,"name":"Eine Ehrengarde vor dem Feind"}]},{"@type":"WebSite","@id":"https://www.landofmemory.eu/#website","url":"https://www.landofmemory.eu/","name":"Land Of Memory","description":"L&#039;histoire commence ici","publisher":{"@id":"https://www.landofmemory.eu/#organization"},"potentialAction":[{"@type":"SearchAction","target":{"@type":"EntryPoint","urlTemplate":"https://www.landofmemory.eu/?s={search_term_string}"},"query-input":{"@type":"PropertyValueSpecification","valueRequired":true,"valueName":"search_term_string"}}],"inLanguage":"de"},{"@type":"Organization","@id":"https://www.landofmemory.eu/#organization","name":"Land Of Memory","url":"https://www.landofmemory.eu/","logo":{"@type":"ImageObject","inLanguage":"de","@id":"https://www.landofmemory.eu/#/schema/logo/image/","url":"https://www.landofmemory.eu/wp-content/uploads/2022/10/logo-land-of-memory.jpg","contentUrl":"https://www.landofmemory.eu/wp-content/uploads/2022/10/logo-land-of-memory.jpg","width":1000,"height":500,"caption":"Land Of Memory"},"image":{"@id":"https://www.landofmemory.eu/#/schema/logo/image/"},"sameAs":["https://www.facebook.com/landofmemory.eu","https://www.instagram.com/landofmemory_eu/"]}]}</script>
<!-- / Yoast SEO plugin. -->

Der Widerstand der französischen Armee bei der Verteidigung von Fort Vaux war so groß, dass die Deutschen eine Ehrengarde aus ihren Feinden bildeten.
