{"id":7252,"date":"2022-02-04T10:25:27","date_gmt":"2022-02-04T09:25:27","guid":{"rendered":"https:\/\/www.landofmemory.eu\/temoignages\/gemaelde-des-feuerkreuzes-im-bastogne-war-museum\/"},"modified":"2022-02-04T10:25:28","modified_gmt":"2022-02-04T09:25:28","slug":"gemaelde-des-feuerkreuzes-im-bastogne-war-museum","status":"publish","type":"temoignages","link":"https:\/\/www.landofmemory.eu\/de\/temoignages\/gemaelde-des-feuerkreuzes-im-bastogne-war-museum\/","title":{"rendered":"Gem\u00e4lde des Feuerkreuzes im Bastogne War Museum"},"content":{"rendered":"\n<p>Dieses kleine Bild wurde mit Versorgungsmarken angefertigt, die bis 1948 herausgegeben wurden, und zeigt ein &#8222;Croix du Feu&#8220;. Diese belgische milit\u00e4rische Auszeichnung wurde an Veteranen, K\u00e4mpfer oder Zivilisten verliehen, die die Front des <strong>Ersten Weltkriegs<\/strong> \u00fcberlebt hatten.<\/p>\n\n<p>Auf der Vorderseite des Kreuzes lassen sich Symbole erkennen. Ein belgischer Helm sitzt auf einem Bajonett, w\u00e4hrend sich auf der R\u00fcckseite eine Haubitze auf einem H\u00fcgel erhebt. Auf der Spitze der Medaille bricht die Sonne durch die Wolken. Lorbeerzweige umgeben die Darstellung. \u00dcber dem Bild erinnert ein Totenkopf an das Opfer der belgischen Soldaten, die w\u00e4hrend des Ersten Weltkriegs gefallen sind. Sp\u00e4ter wurden die Jahreszahlen &#8222;1940-1945&#8220; hinzugef\u00fcgt, um der neuen Opfer des zweiten Weltkriegs zu gedenken. Das Motto &#8222;SALUS PATRIAE SUPREMA LEX&#8220; (Das Heil der Nation ist das oberste Gesetz) verst\u00e4rkt die Idee der Selbstlosigkeit, die der Soldat zur Verteidigung seines Landes auf sich nimmt.<\/p>\n\n<p>Dieses Bild mit hohem Symbolwert sammelt die Marken, die seit Beginn der <strong>Besatzung<\/strong> verwendet wurden. Schon bald herrschte Nahrungsmittelknappheit und die lebensnotwendigen Produkte wurden rationiert. Die Bev\u00f6lkerung erhielt vom Landwirtschaftsministerium Zettel, die mit Versorgungsmarken ausgef\u00fcllt werden mussten. Diese Tickets oder Marken wurden in den Gesch\u00e4ften gegen Grundnahrungsmittel wie Brot, Fleisch, Zucker, Milchprodukte oder auch Tabak eingetauscht. Nach dem Krieg wurden die Versorgungsmarken noch einige Zeit weiter verwendet, um die Bed\u00fcrfnisse aller B\u00fcrger zu decken und eine strenge Kontrolle des Lebensmittelverkehrs in einem im Wiederaufbau befindlichen Land zu gew\u00e4hrleisten. Hier wurden die mit &#8222;Mechelen&#8220; gestempelten Marken in der Gegend von Mechelen eingesammelt.<\/p>\n","protected":false},"template":"","class_list":["post-7252","temoignages","type-temoignages","status-publish","hentry"],"acf":[],"yoast_head":"<!-- This site is optimized with the Yoast SEO plugin v26.0 - https:\/\/yoast.com\/wordpress\/plugins\/seo\/ -->\n<title>Kriegsanekdote: Was ist aus diesen Briefmarken geworden? - Land Of Memory<\/title>\n<meta name=\"description\" content=\"Eine Anekdote \u00fcber ein Bild wie kein anderes: Von der Versorgungsmarke zum Kunstwerk, entdecken Sie ihre Geschichte...\" \/>\n<meta name=\"robots\" content=\"index, follow, max-snippet:-1, max-image-preview:large, max-video-preview:-1\" \/>\n<link rel=\"canonical\" href=\"https:\/\/www.landofmemory.eu\/de\/temoignages\/gemaelde-des-feuerkreuzes-im-bastogne-war-museum\/\" \/>\n<meta property=\"og:locale\" content=\"de_DE\" \/>\n<meta property=\"og:type\" content=\"article\" \/>\n<meta property=\"og:title\" content=\"Kriegsanekdote: Was ist aus diesen Briefmarken geworden? - Land Of Memory\" \/>\n<meta property=\"og:description\" content=\"Eine Anekdote \u00fcber ein Bild wie kein anderes: Von der Versorgungsmarke zum Kunstwerk, entdecken Sie ihre Geschichte...\" \/>\n<meta property=\"og:url\" content=\"https:\/\/www.landofmemory.eu\/de\/temoignages\/gemaelde-des-feuerkreuzes-im-bastogne-war-museum\/\" \/>\n<meta property=\"og:site_name\" content=\"Land Of Memory\" \/>\n<meta property=\"article:publisher\" content=\"https:\/\/www.facebook.com\/landofmemory.eu\" \/>\n<meta property=\"article:modified_time\" content=\"2022-02-04T09:25:28+00:00\" \/>\n<meta name=\"twitter:card\" content=\"summary_large_image\" \/>\n<meta name=\"twitter:label1\" content=\"Gesch\u00e4tzte Lesezeit\" \/>\n\t<meta name=\"twitter:data1\" content=\"1\u00a0Minute\" \/>\n<script type=\"application\/ld+json\" class=\"yoast-schema-graph\">{\"@context\":\"https:\/\/schema.org\",\"@graph\":[{\"@type\":\"WebPage\",\"@id\":\"https:\/\/www.landofmemory.eu\/de\/temoignages\/gemaelde-des-feuerkreuzes-im-bastogne-war-museum\/\",\"url\":\"https:\/\/www.landofmemory.eu\/de\/temoignages\/gemaelde-des-feuerkreuzes-im-bastogne-war-museum\/\",\"name\":\"Kriegsanekdote: Was ist aus diesen Briefmarken geworden? - Land Of Memory\",\"isPartOf\":{\"@id\":\"https:\/\/www.landofmemory.eu\/#website\"},\"datePublished\":\"2022-02-04T09:25:27+00:00\",\"dateModified\":\"2022-02-04T09:25:28+00:00\",\"description\":\"Eine Anekdote \u00fcber ein Bild wie kein anderes: Von der Versorgungsmarke zum Kunstwerk, entdecken Sie ihre Geschichte...\",\"breadcrumb\":{\"@id\":\"https:\/\/www.landofmemory.eu\/de\/temoignages\/gemaelde-des-feuerkreuzes-im-bastogne-war-museum\/#breadcrumb\"},\"inLanguage\":\"de\",\"potentialAction\":[{\"@type\":\"ReadAction\",\"target\":[\"https:\/\/www.landofmemory.eu\/de\/temoignages\/gemaelde-des-feuerkreuzes-im-bastogne-war-museum\/\"]}]},{\"@type\":\"BreadcrumbList\",\"@id\":\"https:\/\/www.landofmemory.eu\/de\/temoignages\/gemaelde-des-feuerkreuzes-im-bastogne-war-museum\/#breadcrumb\",\"itemListElement\":[{\"@type\":\"ListItem\",\"position\":1,\"name\":\"Accueil\",\"item\":\"https:\/\/www.landofmemory.eu\/\"},{\"@type\":\"ListItem\",\"position\":2,\"name\":\"Gem\u00e4lde des Feuerkreuzes im Bastogne War Museum\"}]},{\"@type\":\"WebSite\",\"@id\":\"https:\/\/www.landofmemory.eu\/#website\",\"url\":\"https:\/\/www.landofmemory.eu\/\",\"name\":\"Land Of Memory\",\"description\":\"L&#039;histoire commence ici\",\"publisher\":{\"@id\":\"https:\/\/www.landofmemory.eu\/#organization\"},\"potentialAction\":[{\"@type\":\"SearchAction\",\"target\":{\"@type\":\"EntryPoint\",\"urlTemplate\":\"https:\/\/www.landofmemory.eu\/?s={search_term_string}\"},\"query-input\":{\"@type\":\"PropertyValueSpecification\",\"valueRequired\":true,\"valueName\":\"search_term_string\"}}],\"inLanguage\":\"de\"},{\"@type\":\"Organization\",\"@id\":\"https:\/\/www.landofmemory.eu\/#organization\",\"name\":\"Land Of Memory\",\"url\":\"https:\/\/www.landofmemory.eu\/\",\"logo\":{\"@type\":\"ImageObject\",\"inLanguage\":\"de\",\"@id\":\"https:\/\/www.landofmemory.eu\/#\/schema\/logo\/image\/\",\"url\":\"https:\/\/www.landofmemory.eu\/wp-content\/uploads\/2022\/10\/logo-land-of-memory.jpg\",\"contentUrl\":\"https:\/\/www.landofmemory.eu\/wp-content\/uploads\/2022\/10\/logo-land-of-memory.jpg\",\"width\":1000,\"height\":500,\"caption\":\"Land Of Memory\"},\"image\":{\"@id\":\"https:\/\/www.landofmemory.eu\/#\/schema\/logo\/image\/\"},\"sameAs\":[\"https:\/\/www.facebook.com\/landofmemory.eu\",\"https:\/\/www.instagram.com\/landofmemory_eu\/\"]}]}<\/script>\n<!-- \/ Yoast SEO plugin. -->","yoast_head_json":{"title":"Kriegsanekdote: Was ist aus diesen Briefmarken geworden? - Land Of Memory","description":"Eine Anekdote \u00fcber ein Bild wie kein anderes: Von der Versorgungsmarke zum Kunstwerk, entdecken Sie ihre Geschichte...","robots":{"index":"index","follow":"follow","max-snippet":"max-snippet:-1","max-image-preview":"max-image-preview:large","max-video-preview":"max-video-preview:-1"},"canonical":"https:\/\/www.landofmemory.eu\/de\/temoignages\/gemaelde-des-feuerkreuzes-im-bastogne-war-museum\/","og_locale":"de_DE","og_type":"article","og_title":"Kriegsanekdote: Was ist aus diesen Briefmarken geworden? - Land Of Memory","og_description":"Eine Anekdote \u00fcber ein Bild wie kein anderes: Von der Versorgungsmarke zum Kunstwerk, entdecken Sie ihre Geschichte...","og_url":"https:\/\/www.landofmemory.eu\/de\/temoignages\/gemaelde-des-feuerkreuzes-im-bastogne-war-museum\/","og_site_name":"Land Of Memory","article_publisher":"https:\/\/www.facebook.com\/landofmemory.eu","article_modified_time":"2022-02-04T09:25:28+00:00","twitter_card":"summary_large_image","twitter_misc":{"Gesch\u00e4tzte Lesezeit":"1\u00a0Minute"},"schema":{"@context":"https:\/\/schema.org","@graph":[{"@type":"WebPage","@id":"https:\/\/www.landofmemory.eu\/de\/temoignages\/gemaelde-des-feuerkreuzes-im-bastogne-war-museum\/","url":"https:\/\/www.landofmemory.eu\/de\/temoignages\/gemaelde-des-feuerkreuzes-im-bastogne-war-museum\/","name":"Kriegsanekdote: Was ist aus diesen Briefmarken geworden? - Land Of Memory","isPartOf":{"@id":"https:\/\/www.landofmemory.eu\/#website"},"datePublished":"2022-02-04T09:25:27+00:00","dateModified":"2022-02-04T09:25:28+00:00","description":"Eine Anekdote \u00fcber ein Bild wie kein anderes: Von der Versorgungsmarke zum Kunstwerk, entdecken Sie ihre Geschichte...","breadcrumb":{"@id":"https:\/\/www.landofmemory.eu\/de\/temoignages\/gemaelde-des-feuerkreuzes-im-bastogne-war-museum\/#breadcrumb"},"inLanguage":"de","potentialAction":[{"@type":"ReadAction","target":["https:\/\/www.landofmemory.eu\/de\/temoignages\/gemaelde-des-feuerkreuzes-im-bastogne-war-museum\/"]}]},{"@type":"BreadcrumbList","@id":"https:\/\/www.landofmemory.eu\/de\/temoignages\/gemaelde-des-feuerkreuzes-im-bastogne-war-museum\/#breadcrumb","itemListElement":[{"@type":"ListItem","position":1,"name":"Accueil","item":"https:\/\/www.landofmemory.eu\/"},{"@type":"ListItem","position":2,"name":"Gem\u00e4lde des Feuerkreuzes im Bastogne War Museum"}]},{"@type":"WebSite","@id":"https:\/\/www.landofmemory.eu\/#website","url":"https:\/\/www.landofmemory.eu\/","name":"Land Of Memory","description":"L&#039;histoire commence ici","publisher":{"@id":"https:\/\/www.landofmemory.eu\/#organization"},"potentialAction":[{"@type":"SearchAction","target":{"@type":"EntryPoint","urlTemplate":"https:\/\/www.landofmemory.eu\/?s={search_term_string}"},"query-input":{"@type":"PropertyValueSpecification","valueRequired":true,"valueName":"search_term_string"}}],"inLanguage":"de"},{"@type":"Organization","@id":"https:\/\/www.landofmemory.eu\/#organization","name":"Land Of Memory","url":"https:\/\/www.landofmemory.eu\/","logo":{"@type":"ImageObject","inLanguage":"de","@id":"https:\/\/www.landofmemory.eu\/#\/schema\/logo\/image\/","url":"https:\/\/www.landofmemory.eu\/wp-content\/uploads\/2022\/10\/logo-land-of-memory.jpg","contentUrl":"https:\/\/www.landofmemory.eu\/wp-content\/uploads\/2022\/10\/logo-land-of-memory.jpg","width":1000,"height":500,"caption":"Land Of Memory"},"image":{"@id":"https:\/\/www.landofmemory.eu\/#\/schema\/logo\/image\/"},"sameAs":["https:\/\/www.facebook.com\/landofmemory.eu","https:\/\/www.instagram.com\/landofmemory_eu\/"]}]}},"_links":{"self":[{"href":"https:\/\/www.landofmemory.eu\/de\/wp-json\/wp\/v2\/temoignages\/7252","targetHints":{"allow":["GET"]}}],"collection":[{"href":"https:\/\/www.landofmemory.eu\/de\/wp-json\/wp\/v2\/temoignages"}],"about":[{"href":"https:\/\/www.landofmemory.eu\/de\/wp-json\/wp\/v2\/types\/temoignages"}],"wp:attachment":[{"href":"https:\/\/www.landofmemory.eu\/de\/wp-json\/wp\/v2\/media?parent=7252"}],"curies":[{"name":"wp","href":"https:\/\/api.w.org\/{rel}","templated":true}]}}

Gemälde des Feuerkreuzes im Bastogne War Museum

<p>Dieses kleine Bild wurde mit Versorgungsmarken angefertigt, die bis 1948 herausgegeben wurden, und zeigt ein &#8222;Croix du Feu&#8220;. Diese belgische militärische Auszeichnung wurde an Veteranen, Kämpfer oder Zivilisten verliehen, die die Front des <strong>Ersten Weltkriegs</strong> überlebt hatten.</p>

<p>Auf der Vorderseite des Kreuzes lassen sich Symbole erkennen. Ein belgischer Helm sitzt auf einem Bajonett, während sich auf der Rückseite eine Haubitze auf einem Hügel erhebt. Auf der Spitze der Medaille bricht die Sonne durch die Wolken. Lorbeerzweige umgeben die Darstellung. Über dem Bild erinnert ein Totenkopf an das Opfer der belgischen Soldaten, die während des Ersten Weltkriegs gefallen sind. Später wurden die Jahreszahlen &#8222;1940-1945&#8220; hinzugefügt, um der neuen Opfer des zweiten Weltkriegs zu gedenken. Das Motto &#8222;SALUS PATRIAE SUPREMA LEX&#8220; (Das Heil der Nation ist das oberste Gesetz) verstärkt die Idee der Selbstlosigkeit, die der Soldat zur Verteidigung seines Landes auf sich nimmt.</p>

<p>Dieses Bild mit hohem Symbolwert sammelt die Marken, die seit Beginn der <strong>Besatzung</strong> verwendet wurden. Schon bald herrschte Nahrungsmittelknappheit und die lebensnotwendigen Produkte wurden rationiert. Die Bevölkerung erhielt vom Landwirtschaftsministerium Zettel, die mit Versorgungsmarken ausgefüllt werden mussten. Diese Tickets oder Marken wurden in den Geschäften gegen Grundnahrungsmittel wie Brot, Fleisch, Zucker, Milchprodukte oder auch Tabak eingetauscht. Nach dem Krieg wurden die Versorgungsmarken noch einige Zeit weiter verwendet, um die Bedürfnisse aller Bürger zu decken und eine strenge Kontrolle des Lebensmittelverkehrs in einem im Wiederaufbau befindlichen Land zu gewährleisten. Hier wurden die mit &#8222;Mechelen&#8220; gestempelten Marken in der Gegend von Mechelen eingesammelt.</p>

<!-- This site is optimized with the Yoast SEO plugin v26.0 - https://yoast.com/wordpress/plugins/seo/ -->
<title>Kriegsanekdote: Was ist aus diesen Briefmarken geworden? - Land Of Memory</title>
<meta name="description" content="Eine Anekdote über ein Bild wie kein anderes: Von der Versorgungsmarke zum Kunstwerk, entdecken Sie ihre Geschichte..." />
<meta name="robots" content="index, follow, max-snippet:-1, max-image-preview:large, max-video-preview:-1" />
<link rel="canonical" href="https://www.landofmemory.eu/de/temoignages/gemaelde-des-feuerkreuzes-im-bastogne-war-museum/" />
<meta property="og:locale" content="de_DE" />
<meta property="og:type" content="article" />
<meta property="og:title" content="Kriegsanekdote: Was ist aus diesen Briefmarken geworden? - Land Of Memory" />
<meta property="og:description" content="Eine Anekdote über ein Bild wie kein anderes: Von der Versorgungsmarke zum Kunstwerk, entdecken Sie ihre Geschichte..." />
<meta property="og:url" content="https://www.landofmemory.eu/de/temoignages/gemaelde-des-feuerkreuzes-im-bastogne-war-museum/" />
<meta property="og:site_name" content="Land Of Memory" />
<meta property="article:publisher" content="https://www.facebook.com/landofmemory.eu" />
<meta property="article:modified_time" content="2022-02-04T09:25:28+00:00" />
<meta name="twitter:card" content="summary_large_image" />
<meta name="twitter:label1" content="Geschätzte Lesezeit" />
	<meta name="twitter:data1" content="1 Minute" />
<script type="application/ld+json" class="yoast-schema-graph">{"@context":"https://schema.org","@graph":[{"@type":"WebPage","@id":"https://www.landofmemory.eu/de/temoignages/gemaelde-des-feuerkreuzes-im-bastogne-war-museum/","url":"https://www.landofmemory.eu/de/temoignages/gemaelde-des-feuerkreuzes-im-bastogne-war-museum/","name":"Kriegsanekdote: Was ist aus diesen Briefmarken geworden? - Land Of Memory","isPartOf":{"@id":"https://www.landofmemory.eu/#website"},"datePublished":"2022-02-04T09:25:27+00:00","dateModified":"2022-02-04T09:25:28+00:00","description":"Eine Anekdote über ein Bild wie kein anderes: Von der Versorgungsmarke zum Kunstwerk, entdecken Sie ihre Geschichte...","breadcrumb":{"@id":"https://www.landofmemory.eu/de/temoignages/gemaelde-des-feuerkreuzes-im-bastogne-war-museum/#breadcrumb"},"inLanguage":"de","potentialAction":[{"@type":"ReadAction","target":["https://www.landofmemory.eu/de/temoignages/gemaelde-des-feuerkreuzes-im-bastogne-war-museum/"]}]},{"@type":"BreadcrumbList","@id":"https://www.landofmemory.eu/de/temoignages/gemaelde-des-feuerkreuzes-im-bastogne-war-museum/#breadcrumb","itemListElement":[{"@type":"ListItem","position":1,"name":"Accueil","item":"https://www.landofmemory.eu/"},{"@type":"ListItem","position":2,"name":"Gemälde des Feuerkreuzes im Bastogne War Museum"}]},{"@type":"WebSite","@id":"https://www.landofmemory.eu/#website","url":"https://www.landofmemory.eu/","name":"Land Of Memory","description":"L&#039;histoire commence ici","publisher":{"@id":"https://www.landofmemory.eu/#organization"},"potentialAction":[{"@type":"SearchAction","target":{"@type":"EntryPoint","urlTemplate":"https://www.landofmemory.eu/?s={search_term_string}"},"query-input":{"@type":"PropertyValueSpecification","valueRequired":true,"valueName":"search_term_string"}}],"inLanguage":"de"},{"@type":"Organization","@id":"https://www.landofmemory.eu/#organization","name":"Land Of Memory","url":"https://www.landofmemory.eu/","logo":{"@type":"ImageObject","inLanguage":"de","@id":"https://www.landofmemory.eu/#/schema/logo/image/","url":"https://www.landofmemory.eu/wp-content/uploads/2022/10/logo-land-of-memory.jpg","contentUrl":"https://www.landofmemory.eu/wp-content/uploads/2022/10/logo-land-of-memory.jpg","width":1000,"height":500,"caption":"Land Of Memory"},"image":{"@id":"https://www.landofmemory.eu/#/schema/logo/image/"},"sameAs":["https://www.facebook.com/landofmemory.eu","https://www.instagram.com/landofmemory_eu/"]}]}</script>
<!-- / Yoast SEO plugin. -->

Eine Anekdote über ein Bild wie kein anderes: Von der Versorgungsmarke zum Kunstwerk, entdecken Sie ihre Geschichte...
