{"id":6822,"date":"2022-01-10T10:20:05","date_gmt":"2022-01-10T09:20:05","guid":{"rendered":"https:\/\/www.landofmemory.eu\/oeuvres\/the-rest-of-us-at-vauquois\/"},"modified":"2022-01-10T10:20:08","modified_gmt":"2022-01-10T09:20:08","slug":"the-rest-of-us-at-vauquois","status":"publish","type":"oeuvres","link":"https:\/\/www.landofmemory.eu\/en\/oeuvres\/the-rest-of-us-at-vauquois\/","title":{"rendered":"The Rest of Us at Vauquois"},"content":{"rendered":"\n<p><em>&#8220;Nous autres \u00e0 Vauquois&#8221;<\/em> or &#8220;The Rest of Us at Vauquois&#8221;  is the autobiographical account of the years spent in the trenches by Andr\u00e9 P\u00e9zard and his comrades. Written from his personal notebooks, this testimony is of great depth and shook the literary sphere of writers. The 2016 reissue by Editions de La Table Ronde includes a letter from the author to Jean Norton Cru from which the quote is taken. Norton Cru is the author of <em>Witnesses, an analysis and critique of the memories of combatants published in French from 1915 to 1928.<\/em><\/p>\n","protected":false},"template":"","class_list":["post-6822","oeuvres","type-oeuvres","status-publish","hentry","type_oeuvre-world-war-books"],"acf":[],"yoast_head":"<!-- This site is optimized with the Yoast SEO plugin v26.0 - https:\/\/yoast.com\/wordpress\/plugins\/seo\/ -->\n<title>The Rest of Us at Vauquois - Works Land Of Memory<\/title>\n<meta name=\"description\" content=\"Nous autres \u00e0 Vauquois is the autobiography of Andr\u00e9 P\u00e9zard. He tells the story of his years spent fighting in the Great War.\" \/>\n<meta name=\"robots\" content=\"index, follow, max-snippet:-1, max-image-preview:large, max-video-preview:-1\" \/>\n<link rel=\"canonical\" href=\"https:\/\/www.landofmemory.eu\/en\/oeuvres\/the-rest-of-us-at-vauquois\/\" \/>\n<meta property=\"og:locale\" content=\"en_US\" \/>\n<meta property=\"og:type\" content=\"article\" \/>\n<meta property=\"og:title\" content=\"The Rest of Us at Vauquois - Works Land Of Memory\" \/>\n<meta property=\"og:description\" content=\"Nous autres \u00e0 Vauquois is the autobiography of Andr\u00e9 P\u00e9zard. He tells the story of his years spent fighting in the Great War.\" \/>\n<meta property=\"og:url\" content=\"https:\/\/www.landofmemory.eu\/en\/oeuvres\/the-rest-of-us-at-vauquois\/\" \/>\n<meta property=\"og:site_name\" content=\"Land Of Memory\" \/>\n<meta property=\"article:publisher\" content=\"https:\/\/www.facebook.com\/landofmemory.eu\" \/>\n<meta property=\"article:modified_time\" content=\"2022-01-10T09:20:08+00:00\" \/>\n<meta name=\"twitter:card\" content=\"summary_large_image\" \/>\n<script type=\"application\/ld+json\" class=\"yoast-schema-graph\">{\"@context\":\"https:\/\/schema.org\",\"@graph\":[{\"@type\":\"WebPage\",\"@id\":\"https:\/\/www.landofmemory.eu\/en\/oeuvres\/the-rest-of-us-at-vauquois\/\",\"url\":\"https:\/\/www.landofmemory.eu\/en\/oeuvres\/the-rest-of-us-at-vauquois\/\",\"name\":\"The Rest of Us at Vauquois - Works Land Of Memory\",\"isPartOf\":{\"@id\":\"https:\/\/www.landofmemory.eu\/#website\"},\"datePublished\":\"2022-01-10T09:20:05+00:00\",\"dateModified\":\"2022-01-10T09:20:08+00:00\",\"description\":\"Nous autres \u00e0 Vauquois is the autobiography of Andr\u00e9 P\u00e9zard. He tells the story of his years spent fighting in the Great War.\",\"breadcrumb\":{\"@id\":\"https:\/\/www.landofmemory.eu\/en\/oeuvres\/the-rest-of-us-at-vauquois\/#breadcrumb\"},\"inLanguage\":\"en-US\",\"potentialAction\":[{\"@type\":\"ReadAction\",\"target\":[\"https:\/\/www.landofmemory.eu\/en\/oeuvres\/the-rest-of-us-at-vauquois\/\"]}]},{\"@type\":\"BreadcrumbList\",\"@id\":\"https:\/\/www.landofmemory.eu\/en\/oeuvres\/the-rest-of-us-at-vauquois\/#breadcrumb\",\"itemListElement\":[{\"@type\":\"ListItem\",\"position\":1,\"name\":\"Accueil\",\"item\":\"https:\/\/www.landofmemory.eu\/\"},{\"@type\":\"ListItem\",\"position\":2,\"name\":\"The Rest of Us at Vauquois\"}]},{\"@type\":\"WebSite\",\"@id\":\"https:\/\/www.landofmemory.eu\/#website\",\"url\":\"https:\/\/www.landofmemory.eu\/\",\"name\":\"Land Of Memory\",\"description\":\"L&#039;histoire commence ici\",\"publisher\":{\"@id\":\"https:\/\/www.landofmemory.eu\/#organization\"},\"potentialAction\":[{\"@type\":\"SearchAction\",\"target\":{\"@type\":\"EntryPoint\",\"urlTemplate\":\"https:\/\/www.landofmemory.eu\/?s={search_term_string}\"},\"query-input\":{\"@type\":\"PropertyValueSpecification\",\"valueRequired\":true,\"valueName\":\"search_term_string\"}}],\"inLanguage\":\"en-US\"},{\"@type\":\"Organization\",\"@id\":\"https:\/\/www.landofmemory.eu\/#organization\",\"name\":\"Land Of Memory\",\"url\":\"https:\/\/www.landofmemory.eu\/\",\"logo\":{\"@type\":\"ImageObject\",\"inLanguage\":\"en-US\",\"@id\":\"https:\/\/www.landofmemory.eu\/#\/schema\/logo\/image\/\",\"url\":\"https:\/\/www.landofmemory.eu\/wp-content\/uploads\/2022\/10\/logo-land-of-memory.jpg\",\"contentUrl\":\"https:\/\/www.landofmemory.eu\/wp-content\/uploads\/2022\/10\/logo-land-of-memory.jpg\",\"width\":1000,\"height\":500,\"caption\":\"Land Of Memory\"},\"image\":{\"@id\":\"https:\/\/www.landofmemory.eu\/#\/schema\/logo\/image\/\"},\"sameAs\":[\"https:\/\/www.facebook.com\/landofmemory.eu\",\"https:\/\/www.instagram.com\/landofmemory_eu\/\"]}]}<\/script>\n<!-- \/ Yoast SEO plugin. -->","yoast_head_json":{"title":"The Rest of Us at Vauquois - Works Land Of Memory","description":"Nous autres \u00e0 Vauquois is the autobiography of Andr\u00e9 P\u00e9zard. He tells the story of his years spent fighting in the Great War.","robots":{"index":"index","follow":"follow","max-snippet":"max-snippet:-1","max-image-preview":"max-image-preview:large","max-video-preview":"max-video-preview:-1"},"canonical":"https:\/\/www.landofmemory.eu\/en\/oeuvres\/the-rest-of-us-at-vauquois\/","og_locale":"en_US","og_type":"article","og_title":"The Rest of Us at Vauquois - Works Land Of Memory","og_description":"Nous autres \u00e0 Vauquois is the autobiography of Andr\u00e9 P\u00e9zard. He tells the story of his years spent fighting in the Great War.","og_url":"https:\/\/www.landofmemory.eu\/en\/oeuvres\/the-rest-of-us-at-vauquois\/","og_site_name":"Land Of Memory","article_publisher":"https:\/\/www.facebook.com\/landofmemory.eu","article_modified_time":"2022-01-10T09:20:08+00:00","twitter_card":"summary_large_image","schema":{"@context":"https:\/\/schema.org","@graph":[{"@type":"WebPage","@id":"https:\/\/www.landofmemory.eu\/en\/oeuvres\/the-rest-of-us-at-vauquois\/","url":"https:\/\/www.landofmemory.eu\/en\/oeuvres\/the-rest-of-us-at-vauquois\/","name":"The Rest of Us at Vauquois - Works Land Of Memory","isPartOf":{"@id":"https:\/\/www.landofmemory.eu\/#website"},"datePublished":"2022-01-10T09:20:05+00:00","dateModified":"2022-01-10T09:20:08+00:00","description":"Nous autres \u00e0 Vauquois is the autobiography of Andr\u00e9 P\u00e9zard. He tells the story of his years spent fighting in the Great War.","breadcrumb":{"@id":"https:\/\/www.landofmemory.eu\/en\/oeuvres\/the-rest-of-us-at-vauquois\/#breadcrumb"},"inLanguage":"en-US","potentialAction":[{"@type":"ReadAction","target":["https:\/\/www.landofmemory.eu\/en\/oeuvres\/the-rest-of-us-at-vauquois\/"]}]},{"@type":"BreadcrumbList","@id":"https:\/\/www.landofmemory.eu\/en\/oeuvres\/the-rest-of-us-at-vauquois\/#breadcrumb","itemListElement":[{"@type":"ListItem","position":1,"name":"Accueil","item":"https:\/\/www.landofmemory.eu\/"},{"@type":"ListItem","position":2,"name":"The Rest of Us at Vauquois"}]},{"@type":"WebSite","@id":"https:\/\/www.landofmemory.eu\/#website","url":"https:\/\/www.landofmemory.eu\/","name":"Land Of Memory","description":"L&#039;histoire commence ici","publisher":{"@id":"https:\/\/www.landofmemory.eu\/#organization"},"potentialAction":[{"@type":"SearchAction","target":{"@type":"EntryPoint","urlTemplate":"https:\/\/www.landofmemory.eu\/?s={search_term_string}"},"query-input":{"@type":"PropertyValueSpecification","valueRequired":true,"valueName":"search_term_string"}}],"inLanguage":"en-US"},{"@type":"Organization","@id":"https:\/\/www.landofmemory.eu\/#organization","name":"Land Of Memory","url":"https:\/\/www.landofmemory.eu\/","logo":{"@type":"ImageObject","inLanguage":"en-US","@id":"https:\/\/www.landofmemory.eu\/#\/schema\/logo\/image\/","url":"https:\/\/www.landofmemory.eu\/wp-content\/uploads\/2022\/10\/logo-land-of-memory.jpg","contentUrl":"https:\/\/www.landofmemory.eu\/wp-content\/uploads\/2022\/10\/logo-land-of-memory.jpg","width":1000,"height":500,"caption":"Land Of Memory"},"image":{"@id":"https:\/\/www.landofmemory.eu\/#\/schema\/logo\/image\/"},"sameAs":["https:\/\/www.facebook.com\/landofmemory.eu","https:\/\/www.instagram.com\/landofmemory_eu\/"]}]}},"_links":{"self":[{"href":"https:\/\/www.landofmemory.eu\/en\/wp-json\/wp\/v2\/oeuvres\/6822","targetHints":{"allow":["GET"]}}],"collection":[{"href":"https:\/\/www.landofmemory.eu\/en\/wp-json\/wp\/v2\/oeuvres"}],"about":[{"href":"https:\/\/www.landofmemory.eu\/en\/wp-json\/wp\/v2\/types\/oeuvres"}],"wp:attachment":[{"href":"https:\/\/www.landofmemory.eu\/en\/wp-json\/wp\/v2\/media?parent=6822"}],"curies":[{"name":"wp","href":"https:\/\/api.w.org\/{rel}","templated":true}]}}

<p><em>&#8220;Nous autres à Vauquois&#8221;</em> or &#8220;The Rest of Us at Vauquois&#8221;  is the autobiographical account of the years spent in the trenches by André Pézard and his comrades. Written from his personal notebooks, this testimony is of great depth and shook the literary sphere of writers. The 2016 reissue by Editions de La Table Ronde includes a letter from the author to Jean Norton Cru from which the quote is taken. Norton Cru is the author of <em>Witnesses, an analysis and critique of the memories of combatants published in French from 1915 to 1928.</em></p>

<!-- This site is optimized with the Yoast SEO plugin v26.0 - https://yoast.com/wordpress/plugins/seo/ -->
<title>The Rest of Us at Vauquois - Works Land Of Memory</title>
<meta name="description" content="Nous autres à Vauquois is the autobiography of André Pézard. He tells the story of his years spent fighting in the Great War." />
<meta name="robots" content="index, follow, max-snippet:-1, max-image-preview:large, max-video-preview:-1" />
<link rel="canonical" href="https://www.landofmemory.eu/en/oeuvres/the-rest-of-us-at-vauquois/" />
<meta property="og:locale" content="en_US" />
<meta property="og:type" content="article" />
<meta property="og:title" content="The Rest of Us at Vauquois - Works Land Of Memory" />
<meta property="og:description" content="Nous autres à Vauquois is the autobiography of André Pézard. He tells the story of his years spent fighting in the Great War." />
<meta property="og:url" content="https://www.landofmemory.eu/en/oeuvres/the-rest-of-us-at-vauquois/" />
<meta property="og:site_name" content="Land Of Memory" />
<meta property="article:publisher" content="https://www.facebook.com/landofmemory.eu" />
<meta property="article:modified_time" content="2022-01-10T09:20:08+00:00" />
<meta name="twitter:card" content="summary_large_image" />
<script type="application/ld+json" class="yoast-schema-graph">{"@context":"https://schema.org","@graph":[{"@type":"WebPage","@id":"https://www.landofmemory.eu/en/oeuvres/the-rest-of-us-at-vauquois/","url":"https://www.landofmemory.eu/en/oeuvres/the-rest-of-us-at-vauquois/","name":"The Rest of Us at Vauquois - Works Land Of Memory","isPartOf":{"@id":"https://www.landofmemory.eu/#website"},"datePublished":"2022-01-10T09:20:05+00:00","dateModified":"2022-01-10T09:20:08+00:00","description":"Nous autres à Vauquois is the autobiography of André Pézard. He tells the story of his years spent fighting in the Great War.","breadcrumb":{"@id":"https://www.landofmemory.eu/en/oeuvres/the-rest-of-us-at-vauquois/#breadcrumb"},"inLanguage":"en-US","potentialAction":[{"@type":"ReadAction","target":["https://www.landofmemory.eu/en/oeuvres/the-rest-of-us-at-vauquois/"]}]},{"@type":"BreadcrumbList","@id":"https://www.landofmemory.eu/en/oeuvres/the-rest-of-us-at-vauquois/#breadcrumb","itemListElement":[{"@type":"ListItem","position":1,"name":"Accueil","item":"https://www.landofmemory.eu/"},{"@type":"ListItem","position":2,"name":"The Rest of Us at Vauquois"}]},{"@type":"WebSite","@id":"https://www.landofmemory.eu/#website","url":"https://www.landofmemory.eu/","name":"Land Of Memory","description":"L&#039;histoire commence ici","publisher":{"@id":"https://www.landofmemory.eu/#organization"},"potentialAction":[{"@type":"SearchAction","target":{"@type":"EntryPoint","urlTemplate":"https://www.landofmemory.eu/?s={search_term_string}"},"query-input":{"@type":"PropertyValueSpecification","valueRequired":true,"valueName":"search_term_string"}}],"inLanguage":"en-US"},{"@type":"Organization","@id":"https://www.landofmemory.eu/#organization","name":"Land Of Memory","url":"https://www.landofmemory.eu/","logo":{"@type":"ImageObject","inLanguage":"en-US","@id":"https://www.landofmemory.eu/#/schema/logo/image/","url":"https://www.landofmemory.eu/wp-content/uploads/2022/10/logo-land-of-memory.jpg","contentUrl":"https://www.landofmemory.eu/wp-content/uploads/2022/10/logo-land-of-memory.jpg","width":1000,"height":500,"caption":"Land Of Memory"},"image":{"@id":"https://www.landofmemory.eu/#/schema/logo/image/"},"sameAs":["https://www.facebook.com/landofmemory.eu","https://www.instagram.com/landofmemory_eu/"]}]}</script>
<!-- / Yoast SEO plugin. -->

Nous autres à Vauquois is the autobiography of André Pézard. He tells the story of his years spent fighting in the Great War.
