{"id":4732,"date":"2021-10-17T09:18:51","date_gmt":"2021-10-17T07:18:51","guid":{"rendered":"https:\/\/www.landofmemory.eu\/en-nos-partenaires\/"},"modified":"2022-02-14T10:16:25","modified_gmt":"2022-02-14T09:16:25","slug":"our-partners","status":"publish","type":"page","link":"https:\/\/www.landofmemory.eu\/en\/our-partners\/","title":{"rendered":"Our partners"},"content":{"rendered":"\n<h2 class=\"wp-block-heading\" id=\"federation-du-tourisme-de-la-province-de-liege-ftpl\">The F\u00e9d\u00e9ration du Tourisme de la Province de Li\u00e8ge (FTPL) <\/h2>\n\n<p>The FTPL markets the area&#8217;s tourist attractions to individual visitors, to groups (excursions and holidays in the Ardennes) and to the business tourism segment. It brings together and supports stakeholders in the local touristic economy (helping with training and up-skilling), as well as being active in the development of quality tourism infrastructure (inland waterways tourism and long-distance cycle path networks).<\/p>\n\n<ul class=\"wp-block-list\"><li>Lucil MAWET<\/li><li>Place de la r\u00e9publique fran\u00e7aise, 1<\/li><li>4000 Liege<\/li><li>Belgium<\/li><li>+ 32 (0)4 279 55 81<\/li><li><a href=\"mailto:lucil.mawet@provincedeliege.be\">lucil.mawet@provincedeliege.be<\/a>\u00a0<\/li><li>https:\/\/en.liegetourisme.be<\/li><\/ul>\n\n<p><\/p>\n\n<h2 class=\"wp-block-heading\" id=\"association-touristique-du-luxembourg-belge-atlb\">The Association Touristique du Luxembourg Belge (ATLB) <\/h2>\n\n<p>The ATLB is tasked with promoting and developing tourism in all its guises in the Belgian Province of Luxembourg. This body helps preserve the region&#8217;s natural and historical heritage, as well as buildings of specific historical significance and commemorative sites.&#13;\n<\/p>\n\n<ul class=\"wp-block-list\"><li>Pascale GHISLAIN<\/li><li>The Association Touristique du Luxembourg Belge<\/li><li>Boucle de la Famenne, 23 A<br\/>6900 Marche-en-Famenne<\/li><li>Belgium<\/li><li>+32 (0) 84 410 208<\/li><li><a href=\"mailto:p.ghislain@atlb.be\">p.ghislain@atlb.be<\/a> \u00a0<\/li><li>https:\/\/www.luxembourg-belge.be<\/li><\/ul>\n\n<p><\/p>\n\n<h2 class=\"wp-block-heading\" id=\"office-regional-du-tourisme-eislek-ort-ardennes-luxembourgeoises\"><strong><strong>Regional Tourist Office \u00c9islek (ORT Luxembourg Ardennes)<\/strong><\/strong><\/h2>\n\n<p>The Office R\u00e9gional du Tourisme des Ardennes Luxembourgeoises was set up in 2007 and is located in Vianden in the Grand-Duchy of Luxembourg. This organization&#8217;s role is to coordinate the efforts of regional players, to preserve and promote the local area&#8217;s natural, cultural and historical heritage and to boost tourism in the region. &#13;\n<\/p>\n\n<ul class=\"wp-block-list\"><li>Paul IHRY<\/li><li>Office R\u00e9gional du Tourisme \u00c9islek<\/li><li>B.P. 12\u00a0 L-9401 Vianden<\/li><li>Luxembourg<\/li><li>+35 (0)2 26 95 05 66<\/li><li><a href=\"mailto:info@visit-eislek.lu\">info@visit-eislek.lu<\/a><\/li><li>https:\/\/www.visit-eislek.lu\/en<\/li><\/ul>\n\n<p><\/p>\n\n<h2 class=\"wp-block-heading\" id=\"meuse-attractivite\">Meuse Attractivit\u00e9<\/h2>\n\n<p>The vision of the Meuse Attractivit\u00e9 is to showcase the d\u00e9partement of the Meuse and raise its public profile. It draws up and implements the d\u00e9partement&#8217;s tourism strategy and helps develop, promote and market tourism products and services in partnership with industry professionals. It&#8217;s an incredibly valuable source of support, practical help and advice for actors in the field of tourism and public and private-sector project leads.<\/p>\n\n<ul class=\"wp-block-list\"><li>Agence Meuse Attractivit\u00e9<\/li><li>Centre d\u2019affaires C\u0153ur de Meuse\u00a0<\/li><li>ZID Meuse TGV\u00a0<\/li><li>55 220 Les Trois Domaines<\/li><li>France<\/li><li>+33 (0)3 29 45 78 40<\/li><li><a href=\"mailto:contact@lameuse.fr\">contact@lameuse.fr<\/a>\u00a0<\/li><li>https:\/\/www.meusetourism.com<\/li><\/ul>\n\n<p><\/p>\n\n<h2 class=\"wp-block-heading\" id=\"office-de-tourisme-du-grand-verdun-otgv\">Office de Tourisme du Grand Verdun (OTGV)<\/h2>\n\n<p>Tourisme Grand Verdun is your first stop for preparing your stay in the Verdun area. It&#8217;s there to offer you advice and suggestions, enabling you to discover the full range of what&#8217;s on offer in the local area and make the most of your time here! It promotes the Grand Verdun area as an exciting destination, bringing out the best in the local region through special events and tourist products and services.&#13;\n<\/p>\n\n<ul class=\"wp-block-list\"><li>Place de la Nation\u00a0<\/li><li>55 100 Verdun<\/li><li>France<\/li><li>+ 33 (0)3 29 86 14 18<\/li><li><a href=\"mailto:contact@tourisme-verdun.com\">contact@tourisme-verdun.com<\/a>\u00a0<\/li><li>https:\/\/en.tourisme-verdun.com<\/li><\/ul>\n\n<p><\/p>\n","protected":false},"excerpt":{"rendered":"<p>The F\u00e9d\u00e9ration du Tourisme de la Province de Li\u00e8ge (FTPL) The FTPL markets the area&#8217;s tourist attractions to individual visitors, to groups (excursions and holidays in the Ardennes) and to the business tourism segment. It brings together and supports stakeholders in the local touristic economy (helping with training and up-skilling), as well as being active [&hellip;]<\/p>\n","protected":false},"author":1,"featured_media":0,"parent":0,"menu_order":0,"comment_status":"closed","ping_status":"closed","template":"page-courante.php","meta":{"_acf_changed":false,"footnotes":""},"class_list":["post-4732","page","type-page","status-publish","hentry"],"acf":[],"yoast_head":"<!-- This site is optimized with the Yoast SEO plugin v26.0 - https:\/\/yoast.com\/wordpress\/plugins\/seo\/ -->\n<title>Our partners : Land of Memory<\/title>\n<meta name=\"description\" content=\"Land of Memory is a federative project that brings together several partners from four countries: France, Belgium, Luxembourg and Germany.\" \/>\n<meta name=\"robots\" content=\"index, follow, max-snippet:-1, max-image-preview:large, max-video-preview:-1\" \/>\n<link rel=\"canonical\" href=\"https:\/\/www.landofmemory.eu\/en\/our-partners\/\" \/>\n<meta property=\"og:locale\" content=\"en_US\" \/>\n<meta property=\"og:type\" content=\"article\" \/>\n<meta property=\"og:title\" content=\"Our partners : Land of Memory\" \/>\n<meta property=\"og:description\" content=\"Land of Memory is a federative project that brings together several partners from four countries: France, Belgium, Luxembourg and Germany.\" \/>\n<meta property=\"og:url\" content=\"https:\/\/www.landofmemory.eu\/en\/our-partners\/\" \/>\n<meta property=\"og:site_name\" content=\"Land Of Memory\" \/>\n<meta property=\"article:publisher\" content=\"https:\/\/www.facebook.com\/landofmemory.eu\" \/>\n<meta property=\"article:modified_time\" content=\"2022-02-14T09:16:25+00:00\" \/>\n<meta name=\"twitter:card\" content=\"summary_large_image\" \/>\n<meta name=\"twitter:label1\" content=\"Est. reading time\" \/>\n\t<meta name=\"twitter:data1\" content=\"2 minutes\" \/>\n<script type=\"application\/ld+json\" class=\"yoast-schema-graph\">{\"@context\":\"https:\/\/schema.org\",\"@graph\":[{\"@type\":\"WebPage\",\"@id\":\"https:\/\/www.landofmemory.eu\/en\/our-partners\/\",\"url\":\"https:\/\/www.landofmemory.eu\/en\/our-partners\/\",\"name\":\"Our partners : Land of Memory\",\"isPartOf\":{\"@id\":\"https:\/\/www.landofmemory.eu\/#website\"},\"datePublished\":\"2021-10-17T07:18:51+00:00\",\"dateModified\":\"2022-02-14T09:16:25+00:00\",\"description\":\"Land of Memory is a federative project that brings together several partners from four countries: France, Belgium, Luxembourg and Germany.\",\"breadcrumb\":{\"@id\":\"https:\/\/www.landofmemory.eu\/en\/our-partners\/#breadcrumb\"},\"inLanguage\":\"en-US\",\"potentialAction\":[{\"@type\":\"ReadAction\",\"target\":[\"https:\/\/www.landofmemory.eu\/en\/our-partners\/\"]}]},{\"@type\":\"BreadcrumbList\",\"@id\":\"https:\/\/www.landofmemory.eu\/en\/our-partners\/#breadcrumb\",\"itemListElement\":[{\"@type\":\"ListItem\",\"position\":1,\"name\":\"Accueil\",\"item\":\"https:\/\/www.landofmemory.eu\/\"},{\"@type\":\"ListItem\",\"position\":2,\"name\":\"Our partners\"}]},{\"@type\":\"WebSite\",\"@id\":\"https:\/\/www.landofmemory.eu\/#website\",\"url\":\"https:\/\/www.landofmemory.eu\/\",\"name\":\"Land Of Memory\",\"description\":\"L&#039;histoire commence ici\",\"publisher\":{\"@id\":\"https:\/\/www.landofmemory.eu\/#organization\"},\"potentialAction\":[{\"@type\":\"SearchAction\",\"target\":{\"@type\":\"EntryPoint\",\"urlTemplate\":\"https:\/\/www.landofmemory.eu\/?s={search_term_string}\"},\"query-input\":{\"@type\":\"PropertyValueSpecification\",\"valueRequired\":true,\"valueName\":\"search_term_string\"}}],\"inLanguage\":\"en-US\"},{\"@type\":\"Organization\",\"@id\":\"https:\/\/www.landofmemory.eu\/#organization\",\"name\":\"Land Of Memory\",\"url\":\"https:\/\/www.landofmemory.eu\/\",\"logo\":{\"@type\":\"ImageObject\",\"inLanguage\":\"en-US\",\"@id\":\"https:\/\/www.landofmemory.eu\/#\/schema\/logo\/image\/\",\"url\":\"https:\/\/www.landofmemory.eu\/wp-content\/uploads\/2022\/10\/logo-land-of-memory.jpg\",\"contentUrl\":\"https:\/\/www.landofmemory.eu\/wp-content\/uploads\/2022\/10\/logo-land-of-memory.jpg\",\"width\":1000,\"height\":500,\"caption\":\"Land Of Memory\"},\"image\":{\"@id\":\"https:\/\/www.landofmemory.eu\/#\/schema\/logo\/image\/\"},\"sameAs\":[\"https:\/\/www.facebook.com\/landofmemory.eu\",\"https:\/\/www.instagram.com\/landofmemory_eu\/\"]}]}<\/script>\n<!-- \/ Yoast SEO plugin. -->","yoast_head_json":{"title":"Our partners : Land of Memory","description":"Land of Memory is a federative project that brings together several partners from four countries: France, Belgium, Luxembourg and Germany.","robots":{"index":"index","follow":"follow","max-snippet":"max-snippet:-1","max-image-preview":"max-image-preview:large","max-video-preview":"max-video-preview:-1"},"canonical":"https:\/\/www.landofmemory.eu\/en\/our-partners\/","og_locale":"en_US","og_type":"article","og_title":"Our partners : Land of Memory","og_description":"Land of Memory is a federative project that brings together several partners from four countries: France, Belgium, Luxembourg and Germany.","og_url":"https:\/\/www.landofmemory.eu\/en\/our-partners\/","og_site_name":"Land Of Memory","article_publisher":"https:\/\/www.facebook.com\/landofmemory.eu","article_modified_time":"2022-02-14T09:16:25+00:00","twitter_card":"summary_large_image","twitter_misc":{"Est. reading time":"2 minutes"},"schema":{"@context":"https:\/\/schema.org","@graph":[{"@type":"WebPage","@id":"https:\/\/www.landofmemory.eu\/en\/our-partners\/","url":"https:\/\/www.landofmemory.eu\/en\/our-partners\/","name":"Our partners : Land of Memory","isPartOf":{"@id":"https:\/\/www.landofmemory.eu\/#website"},"datePublished":"2021-10-17T07:18:51+00:00","dateModified":"2022-02-14T09:16:25+00:00","description":"Land of Memory is a federative project that brings together several partners from four countries: France, Belgium, Luxembourg and Germany.","breadcrumb":{"@id":"https:\/\/www.landofmemory.eu\/en\/our-partners\/#breadcrumb"},"inLanguage":"en-US","potentialAction":[{"@type":"ReadAction","target":["https:\/\/www.landofmemory.eu\/en\/our-partners\/"]}]},{"@type":"BreadcrumbList","@id":"https:\/\/www.landofmemory.eu\/en\/our-partners\/#breadcrumb","itemListElement":[{"@type":"ListItem","position":1,"name":"Accueil","item":"https:\/\/www.landofmemory.eu\/"},{"@type":"ListItem","position":2,"name":"Our partners"}]},{"@type":"WebSite","@id":"https:\/\/www.landofmemory.eu\/#website","url":"https:\/\/www.landofmemory.eu\/","name":"Land Of Memory","description":"L&#039;histoire commence ici","publisher":{"@id":"https:\/\/www.landofmemory.eu\/#organization"},"potentialAction":[{"@type":"SearchAction","target":{"@type":"EntryPoint","urlTemplate":"https:\/\/www.landofmemory.eu\/?s={search_term_string}"},"query-input":{"@type":"PropertyValueSpecification","valueRequired":true,"valueName":"search_term_string"}}],"inLanguage":"en-US"},{"@type":"Organization","@id":"https:\/\/www.landofmemory.eu\/#organization","name":"Land Of Memory","url":"https:\/\/www.landofmemory.eu\/","logo":{"@type":"ImageObject","inLanguage":"en-US","@id":"https:\/\/www.landofmemory.eu\/#\/schema\/logo\/image\/","url":"https:\/\/www.landofmemory.eu\/wp-content\/uploads\/2022\/10\/logo-land-of-memory.jpg","contentUrl":"https:\/\/www.landofmemory.eu\/wp-content\/uploads\/2022\/10\/logo-land-of-memory.jpg","width":1000,"height":500,"caption":"Land Of Memory"},"image":{"@id":"https:\/\/www.landofmemory.eu\/#\/schema\/logo\/image\/"},"sameAs":["https:\/\/www.facebook.com\/landofmemory.eu","https:\/\/www.instagram.com\/landofmemory_eu\/"]}]}},"_links":{"self":[{"href":"https:\/\/www.landofmemory.eu\/en\/wp-json\/wp\/v2\/pages\/4732","targetHints":{"allow":["GET"]}}],"collection":[{"href":"https:\/\/www.landofmemory.eu\/en\/wp-json\/wp\/v2\/pages"}],"about":[{"href":"https:\/\/www.landofmemory.eu\/en\/wp-json\/wp\/v2\/types\/page"}],"author":[{"embeddable":true,"href":"https:\/\/www.landofmemory.eu\/en\/wp-json\/wp\/v2\/users\/1"}],"replies":[{"embeddable":true,"href":"https:\/\/www.landofmemory.eu\/en\/wp-json\/wp\/v2\/comments?post=4732"}],"version-history":[{"count":12,"href":"https:\/\/www.landofmemory.eu\/en\/wp-json\/wp\/v2\/pages\/4732\/revisions"}],"predecessor-version":[{"id":7680,"href":"https:\/\/www.landofmemory.eu\/en\/wp-json\/wp\/v2\/pages\/4732\/revisions\/7680"}],"wp:attachment":[{"href":"https:\/\/www.landofmemory.eu\/en\/wp-json\/wp\/v2\/media?parent=4732"}],"curies":[{"name":"wp","href":"https:\/\/api.w.org\/{rel}","templated":true}]}}

<h2 class="wp-block-heading" id="federation-du-tourisme-de-la-province-de-liege-ftpl">The Fédération du Tourisme de la Province de Liège (FTPL) </h2>

<p>The FTPL markets the area&#8217;s tourist attractions to individual visitors, to groups (excursions and holidays in the Ardennes) and to the business tourism segment. It brings together and supports stakeholders in the local touristic economy (helping with training and up-skilling), as well as being active in the development of quality tourism infrastructure (inland waterways tourism and long-distance cycle path networks).</p>

<ul class="wp-block-list"><li>Lucil MAWET</li><li>Place de la république française, 1</li><li>4000 Liege</li><li>Belgium</li><li>+ 32 (0)4 279 55 81</li><li><a href="mailto:lucil.mawet@provincedeliege.be">lucil.mawet@provincedeliege.be</a> </li><li>https://en.liegetourisme.be</li></ul>

<p></p>

<h2 class="wp-block-heading" id="association-touristique-du-luxembourg-belge-atlb">The Association Touristique du Luxembourg Belge (ATLB) </h2>

<p>The ATLB is tasked with promoting and developing tourism in all its guises in the Belgian Province of Luxembourg. This body helps preserve the region&#8217;s natural and historical heritage, as well as buildings of specific historical significance and commemorative sites.&#13;
</p>

<ul class="wp-block-list"><li>Pascale GHISLAIN</li><li>The Association Touristique du Luxembourg Belge</li><li>Boucle de la Famenne, 23 A<br/>6900 Marche-en-Famenne</li><li>Belgium</li><li>+32 (0) 84 410 208</li><li><a href="mailto:p.ghislain@atlb.be">p.ghislain@atlb.be</a>  </li><li>https://www.luxembourg-belge.be</li></ul>

<p></p>

<h2 class="wp-block-heading" id="office-regional-du-tourisme-eislek-ort-ardennes-luxembourgeoises"><strong><strong>Regional Tourist Office Éislek (ORT Luxembourg Ardennes)</strong></strong></h2>

<p>The Office Régional du Tourisme des Ardennes Luxembourgeoises was set up in 2007 and is located in Vianden in the Grand-Duchy of Luxembourg. This organization&#8217;s role is to coordinate the efforts of regional players, to preserve and promote the local area&#8217;s natural, cultural and historical heritage and to boost tourism in the region. &#13;
</p>

<ul class="wp-block-list"><li>Paul IHRY</li><li>Office Régional du Tourisme Éislek</li><li>B.P. 12  L-9401 Vianden</li><li>Luxembourg</li><li>+35 (0)2 26 95 05 66</li><li><a href="mailto:info@visit-eislek.lu">info@visit-eislek.lu</a></li><li>https://www.visit-eislek.lu/en</li></ul>

<p></p>

<h2 class="wp-block-heading" id="meuse-attractivite">Meuse Attractivité</h2>

<p>The vision of the Meuse Attractivité is to showcase the département of the Meuse and raise its public profile. It draws up and implements the département&#8217;s tourism strategy and helps develop, promote and market tourism products and services in partnership with industry professionals. It&#8217;s an incredibly valuable source of support, practical help and advice for actors in the field of tourism and public and private-sector project leads.</p>

<ul class="wp-block-list"><li>Agence Meuse Attractivité</li><li>Centre d’affaires Cœur de Meuse </li><li>ZID Meuse TGV </li><li>55 220 Les Trois Domaines</li><li>France</li><li>+33 (0)3 29 45 78 40</li><li><a href="mailto:contact@lameuse.fr">contact@lameuse.fr</a> </li><li>https://www.meusetourism.com</li></ul>

<p></p>

<h2 class="wp-block-heading" id="office-de-tourisme-du-grand-verdun-otgv">Office de Tourisme du Grand Verdun (OTGV)</h2>

<p>Tourisme Grand Verdun is your first stop for preparing your stay in the Verdun area. It&#8217;s there to offer you advice and suggestions, enabling you to discover the full range of what&#8217;s on offer in the local area and make the most of your time here! It promotes the Grand Verdun area as an exciting destination, bringing out the best in the local region through special events and tourist products and services.&#13;
</p>

<ul class="wp-block-list"><li>Place de la Nation </li><li>55 100 Verdun</li><li>France</li><li>+ 33 (0)3 29 86 14 18</li><li><a href="mailto:contact@tourisme-verdun.com">contact@tourisme-verdun.com</a> </li><li>https://en.tourisme-verdun.com</li></ul>

<p></p>

<p>The Fédération du Tourisme de la Province de Liège (FTPL) The FTPL markets the area&#8217;s tourist attractions to individual visitors, to groups (excursions and holidays in the Ardennes) and to the business tourism segment. It brings together and supports stakeholders in the local touristic economy (helping with training and up-skilling), as well as being active [&hellip;]</p>
