{"id":3369,"date":"2021-09-24T12:49:19","date_gmt":"2021-09-24T10:49:19","guid":{"rendered":"https:\/\/www.landofmemory.eu\/sites-historiques\/regional-museum-of-archaeology-and-history"},"modified":"2022-08-03T10:08:32","modified_gmt":"2022-08-03T08:08:32","slug":"regional-museum-of-archaeology-and-history","status":"publish","type":"sites-historiques","link":"https:\/\/www.landofmemory.eu\/en\/sites-historiques\/regional-museum-of-archaeology-and-history\/","title":{"rendered":"Regional Museum of Archaeology and History"},"content":{"rendered":"\n<h2 class=\"wp-block-heading\">A testimony to the history of Vis\u00e9<\/h2>\n\n<p>The Regional Museum of Archaeology and History is located in a former convent of the S\u00e9pulcrines. The convent was rebuilt in the style of the Mosan Renaissance after the 14-18 war. <\/p>\n\n<p>Today, it is a general museum that presents collections related to the heritage of the Lower Meuse region of Li\u00e8ge. It mainly deals with the history of Vis\u00e9, its architectural evolution, its daily life, its know-how, etc. Vis\u00e9 was greatly affected by the first world conflict, representing the first martyred city of the Great War. Therefore, particular attention is paid to this period in the museum. Several objects bear witness to critical periods: the arrival of the Germans and their occupation, daily life during the First World War, life in the trenches, the burning of the city, and the liberation of the region by the American troops of the 30th Division in 1944.&#13;\n<\/p>\n\n<h2 class=\"wp-block-heading\">Discovering history through tours<\/h2>\n\n<p>Set up by the Royal Archaeological-Historical Society of Vis\u00e9, there&#8217;s a tour for groups entitled &#8220;14-18: discovering the Great War in the north of Liege&#8221;. It tells the story of the tragedy of Vis\u00e9 from August 4, 1914, until the reconstruction of the city. &#13;\nThe Memorial Route explains the arrival of the German troops, the resistance of the Belgian soldiers, and the daily life in Vis\u00e9 during the four years of war. <\/p>\n\n<p>The Memorial Route is a 120 km bus tour, with stops and visits and the viewing of a documentary. Among the emblematic locations of the circuit, there is the cemetery of Rabos\u00e9e, where 500 Belgian soldiers resisted the attack of two German regiments composed of 6,000 men, from the night of August 5 to 6. Next is Fort Barchon, one of the twelve forts built by General Brialmont around Li\u00e8ge. On August 8, 1914, it was the first to succumb to the German assault. And finally, Fort Loncin, which fell on August 15, 1914, due to the explosion of one of its two powder magazines, leaving 250 soldiers buried under the fort.<\/p>\n\n<p>The museum also offers a memorial tour which can be done alone, with the family, or in groups. This tour can be done on foot thanks to 18 panels placed in the city center of Vis\u00e9. During the tour, fictitious witnesses tell the story of Vis\u00e9:&#13;\nThe fire&#13;\nThe German occupation&#13;\nThe deportation&#13;\nThe post-war period&#13;\nThe reconstruction of the town&#13;\nYou can really get a sense of what really happened in this small village on the Meuse.<\/p>\n\n<p>Ready to live the experience? <\/p>\n","protected":false},"template":"","type_site":[41],"class_list":["post-3369","sites-historiques","type-sites-historiques","status-publish","hentry","type_site-museums-exhibitions"],"acf":[],"yoast_head":"<!-- This site is optimized with the Yoast SEO plugin v26.0 - https:\/\/yoast.com\/wordpress\/plugins\/seo\/ -->\n<title>City of Vis\u00e9: Regional Museum of Archaeology and History<\/title>\n<meta name=\"description\" content=\"The Regional Museum of Archaeology and History deals with the world wars and the city of Vis\u00e9, the first martyred city of the Great War.\" \/>\n<meta name=\"robots\" content=\"index, follow, max-snippet:-1, max-image-preview:large, max-video-preview:-1\" \/>\n<link rel=\"canonical\" href=\"https:\/\/www.landofmemory.eu\/en\/sites-historiques\/regional-museum-of-archaeology-and-history\/\" \/>\n<meta property=\"og:locale\" content=\"en_US\" \/>\n<meta property=\"og:type\" content=\"article\" \/>\n<meta property=\"og:title\" content=\"City of Vis\u00e9: Regional Museum of Archaeology and History\" \/>\n<meta property=\"og:description\" content=\"The Regional Museum of Archaeology and History deals with the world wars and the city of Vis\u00e9, the first martyred city of the Great War.\" \/>\n<meta property=\"og:url\" content=\"https:\/\/www.landofmemory.eu\/en\/sites-historiques\/regional-museum-of-archaeology-and-history\/\" \/>\n<meta property=\"og:site_name\" content=\"Land Of Memory\" \/>\n<meta property=\"article:publisher\" content=\"https:\/\/www.facebook.com\/landofmemory.eu\" \/>\n<meta property=\"article:modified_time\" content=\"2022-08-03T08:08:32+00:00\" \/>\n<meta name=\"twitter:card\" content=\"summary_large_image\" \/>\n<meta name=\"twitter:label1\" content=\"Est. reading time\" \/>\n\t<meta name=\"twitter:data1\" content=\"2 minutes\" \/>\n<script type=\"application\/ld+json\" class=\"yoast-schema-graph\">{\"@context\":\"https:\/\/schema.org\",\"@graph\":[{\"@type\":\"WebPage\",\"@id\":\"https:\/\/www.landofmemory.eu\/en\/sites-historiques\/regional-museum-of-archaeology-and-history\/\",\"url\":\"https:\/\/www.landofmemory.eu\/en\/sites-historiques\/regional-museum-of-archaeology-and-history\/\",\"name\":\"City of Vis\u00e9: Regional Museum of Archaeology and History\",\"isPartOf\":{\"@id\":\"https:\/\/www.landofmemory.eu\/#website\"},\"datePublished\":\"2021-09-24T10:49:19+00:00\",\"dateModified\":\"2022-08-03T08:08:32+00:00\",\"description\":\"The Regional Museum of Archaeology and History deals with the world wars and the city of Vis\u00e9, the first martyred city of the Great War.\",\"breadcrumb\":{\"@id\":\"https:\/\/www.landofmemory.eu\/en\/sites-historiques\/regional-museum-of-archaeology-and-history\/#breadcrumb\"},\"inLanguage\":\"en-US\",\"potentialAction\":[{\"@type\":\"ReadAction\",\"target\":[\"https:\/\/www.landofmemory.eu\/en\/sites-historiques\/regional-museum-of-archaeology-and-history\/\"]}]},{\"@type\":\"BreadcrumbList\",\"@id\":\"https:\/\/www.landofmemory.eu\/en\/sites-historiques\/regional-museum-of-archaeology-and-history\/#breadcrumb\",\"itemListElement\":[{\"@type\":\"ListItem\",\"position\":1,\"name\":\"Accueil\",\"item\":\"https:\/\/www.landofmemory.eu\/\"},{\"@type\":\"ListItem\",\"position\":2,\"name\":\"Regional Museum of Archaeology and History\"}]},{\"@type\":\"WebSite\",\"@id\":\"https:\/\/www.landofmemory.eu\/#website\",\"url\":\"https:\/\/www.landofmemory.eu\/\",\"name\":\"Land Of Memory\",\"description\":\"L&#039;histoire commence ici\",\"publisher\":{\"@id\":\"https:\/\/www.landofmemory.eu\/#organization\"},\"potentialAction\":[{\"@type\":\"SearchAction\",\"target\":{\"@type\":\"EntryPoint\",\"urlTemplate\":\"https:\/\/www.landofmemory.eu\/?s={search_term_string}\"},\"query-input\":{\"@type\":\"PropertyValueSpecification\",\"valueRequired\":true,\"valueName\":\"search_term_string\"}}],\"inLanguage\":\"en-US\"},{\"@type\":\"Organization\",\"@id\":\"https:\/\/www.landofmemory.eu\/#organization\",\"name\":\"Land Of Memory\",\"url\":\"https:\/\/www.landofmemory.eu\/\",\"logo\":{\"@type\":\"ImageObject\",\"inLanguage\":\"en-US\",\"@id\":\"https:\/\/www.landofmemory.eu\/#\/schema\/logo\/image\/\",\"url\":\"https:\/\/www.landofmemory.eu\/wp-content\/uploads\/2022\/10\/logo-land-of-memory.jpg\",\"contentUrl\":\"https:\/\/www.landofmemory.eu\/wp-content\/uploads\/2022\/10\/logo-land-of-memory.jpg\",\"width\":1000,\"height\":500,\"caption\":\"Land Of Memory\"},\"image\":{\"@id\":\"https:\/\/www.landofmemory.eu\/#\/schema\/logo\/image\/\"},\"sameAs\":[\"https:\/\/www.facebook.com\/landofmemory.eu\",\"https:\/\/www.instagram.com\/landofmemory_eu\/\"]}]}<\/script>\n<!-- \/ Yoast SEO plugin. -->","yoast_head_json":{"title":"City of Vis\u00e9: Regional Museum of Archaeology and History","description":"The Regional Museum of Archaeology and History deals with the world wars and the city of Vis\u00e9, the first martyred city of the Great War.","robots":{"index":"index","follow":"follow","max-snippet":"max-snippet:-1","max-image-preview":"max-image-preview:large","max-video-preview":"max-video-preview:-1"},"canonical":"https:\/\/www.landofmemory.eu\/en\/sites-historiques\/regional-museum-of-archaeology-and-history\/","og_locale":"en_US","og_type":"article","og_title":"City of Vis\u00e9: Regional Museum of Archaeology and History","og_description":"The Regional Museum of Archaeology and History deals with the world wars and the city of Vis\u00e9, the first martyred city of the Great War.","og_url":"https:\/\/www.landofmemory.eu\/en\/sites-historiques\/regional-museum-of-archaeology-and-history\/","og_site_name":"Land Of Memory","article_publisher":"https:\/\/www.facebook.com\/landofmemory.eu","article_modified_time":"2022-08-03T08:08:32+00:00","twitter_card":"summary_large_image","twitter_misc":{"Est. reading time":"2 minutes"},"schema":{"@context":"https:\/\/schema.org","@graph":[{"@type":"WebPage","@id":"https:\/\/www.landofmemory.eu\/en\/sites-historiques\/regional-museum-of-archaeology-and-history\/","url":"https:\/\/www.landofmemory.eu\/en\/sites-historiques\/regional-museum-of-archaeology-and-history\/","name":"City of Vis\u00e9: Regional Museum of Archaeology and History","isPartOf":{"@id":"https:\/\/www.landofmemory.eu\/#website"},"datePublished":"2021-09-24T10:49:19+00:00","dateModified":"2022-08-03T08:08:32+00:00","description":"The Regional Museum of Archaeology and History deals with the world wars and the city of Vis\u00e9, the first martyred city of the Great War.","breadcrumb":{"@id":"https:\/\/www.landofmemory.eu\/en\/sites-historiques\/regional-museum-of-archaeology-and-history\/#breadcrumb"},"inLanguage":"en-US","potentialAction":[{"@type":"ReadAction","target":["https:\/\/www.landofmemory.eu\/en\/sites-historiques\/regional-museum-of-archaeology-and-history\/"]}]},{"@type":"BreadcrumbList","@id":"https:\/\/www.landofmemory.eu\/en\/sites-historiques\/regional-museum-of-archaeology-and-history\/#breadcrumb","itemListElement":[{"@type":"ListItem","position":1,"name":"Accueil","item":"https:\/\/www.landofmemory.eu\/"},{"@type":"ListItem","position":2,"name":"Regional Museum of Archaeology and History"}]},{"@type":"WebSite","@id":"https:\/\/www.landofmemory.eu\/#website","url":"https:\/\/www.landofmemory.eu\/","name":"Land Of Memory","description":"L&#039;histoire commence ici","publisher":{"@id":"https:\/\/www.landofmemory.eu\/#organization"},"potentialAction":[{"@type":"SearchAction","target":{"@type":"EntryPoint","urlTemplate":"https:\/\/www.landofmemory.eu\/?s={search_term_string}"},"query-input":{"@type":"PropertyValueSpecification","valueRequired":true,"valueName":"search_term_string"}}],"inLanguage":"en-US"},{"@type":"Organization","@id":"https:\/\/www.landofmemory.eu\/#organization","name":"Land Of Memory","url":"https:\/\/www.landofmemory.eu\/","logo":{"@type":"ImageObject","inLanguage":"en-US","@id":"https:\/\/www.landofmemory.eu\/#\/schema\/logo\/image\/","url":"https:\/\/www.landofmemory.eu\/wp-content\/uploads\/2022\/10\/logo-land-of-memory.jpg","contentUrl":"https:\/\/www.landofmemory.eu\/wp-content\/uploads\/2022\/10\/logo-land-of-memory.jpg","width":1000,"height":500,"caption":"Land Of Memory"},"image":{"@id":"https:\/\/www.landofmemory.eu\/#\/schema\/logo\/image\/"},"sameAs":["https:\/\/www.facebook.com\/landofmemory.eu","https:\/\/www.instagram.com\/landofmemory_eu\/"]}]}},"_links":{"self":[{"href":"https:\/\/www.landofmemory.eu\/en\/wp-json\/wp\/v2\/sites-historiques\/3369","targetHints":{"allow":["GET"]}}],"collection":[{"href":"https:\/\/www.landofmemory.eu\/en\/wp-json\/wp\/v2\/sites-historiques"}],"about":[{"href":"https:\/\/www.landofmemory.eu\/en\/wp-json\/wp\/v2\/types\/sites-historiques"}],"wp:attachment":[{"href":"https:\/\/www.landofmemory.eu\/en\/wp-json\/wp\/v2\/media?parent=3369"}],"wp:term":[{"taxonomy":"type_site","embeddable":true,"href":"https:\/\/www.landofmemory.eu\/en\/wp-json\/wp\/v2\/type_site?post=3369"}],"curies":[{"name":"wp","href":"https:\/\/api.w.org\/{rel}","templated":true}]}}

<h2 class="wp-block-heading">A testimony to the history of Visé</h2>

<p>The Regional Museum of Archaeology and History is located in a former convent of the Sépulcrines. The convent was rebuilt in the style of the Mosan Renaissance after the 14-18 war. </p>

<p>Today, it is a general museum that presents collections related to the heritage of the Lower Meuse region of Liège. It mainly deals with the history of Visé, its architectural evolution, its daily life, its know-how, etc. Visé was greatly affected by the first world conflict, representing the first martyred city of the Great War. Therefore, particular attention is paid to this period in the museum. Several objects bear witness to critical periods: the arrival of the Germans and their occupation, daily life during the First World War, life in the trenches, the burning of the city, and the liberation of the region by the American troops of the 30th Division in 1944.&#13;
</p>

<h2 class="wp-block-heading">Discovering history through tours</h2>

<p>Set up by the Royal Archaeological-Historical Society of Visé, there&#8217;s a tour for groups entitled &#8220;14-18: discovering the Great War in the north of Liege&#8221;. It tells the story of the tragedy of Visé from August 4, 1914, until the reconstruction of the city. &#13;
The Memorial Route explains the arrival of the German troops, the resistance of the Belgian soldiers, and the daily life in Visé during the four years of war. </p>

<p>The Memorial Route is a 120 km bus tour, with stops and visits and the viewing of a documentary. Among the emblematic locations of the circuit, there is the cemetery of Rabosée, where 500 Belgian soldiers resisted the attack of two German regiments composed of 6,000 men, from the night of August 5 to 6. Next is Fort Barchon, one of the twelve forts built by General Brialmont around Liège. On August 8, 1914, it was the first to succumb to the German assault. And finally, Fort Loncin, which fell on August 15, 1914, due to the explosion of one of its two powder magazines, leaving 250 soldiers buried under the fort.</p>

<p>The museum also offers a memorial tour which can be done alone, with the family, or in groups. This tour can be done on foot thanks to 18 panels placed in the city center of Visé. During the tour, fictitious witnesses tell the story of Visé:&#13;
The fire&#13;
The German occupation&#13;
The deportation&#13;
The post-war period&#13;
The reconstruction of the town&#13;
You can really get a sense of what really happened in this small village on the Meuse.</p>

<p>Ready to live the experience? </p>

<!-- This site is optimized with the Yoast SEO plugin v26.0 - https://yoast.com/wordpress/plugins/seo/ -->
<title>City of Visé: Regional Museum of Archaeology and History</title>
<meta name="description" content="The Regional Museum of Archaeology and History deals with the world wars and the city of Visé, the first martyred city of the Great War." />
<meta name="robots" content="index, follow, max-snippet:-1, max-image-preview:large, max-video-preview:-1" />
<link rel="canonical" href="https://www.landofmemory.eu/en/sites-historiques/regional-museum-of-archaeology-and-history/" />
<meta property="og:locale" content="en_US" />
<meta property="og:type" content="article" />
<meta property="og:title" content="City of Visé: Regional Museum of Archaeology and History" />
<meta property="og:description" content="The Regional Museum of Archaeology and History deals with the world wars and the city of Visé, the first martyred city of the Great War." />
<meta property="og:url" content="https://www.landofmemory.eu/en/sites-historiques/regional-museum-of-archaeology-and-history/" />
<meta property="og:site_name" content="Land Of Memory" />
<meta property="article:publisher" content="https://www.facebook.com/landofmemory.eu" />
<meta property="article:modified_time" content="2022-08-03T08:08:32+00:00" />
<meta name="twitter:card" content="summary_large_image" />
<meta name="twitter:label1" content="Est. reading time" />
	<meta name="twitter:data1" content="2 minutes" />
<script type="application/ld+json" class="yoast-schema-graph">{"@context":"https://schema.org","@graph":[{"@type":"WebPage","@id":"https://www.landofmemory.eu/en/sites-historiques/regional-museum-of-archaeology-and-history/","url":"https://www.landofmemory.eu/en/sites-historiques/regional-museum-of-archaeology-and-history/","name":"City of Visé: Regional Museum of Archaeology and History","isPartOf":{"@id":"https://www.landofmemory.eu/#website"},"datePublished":"2021-09-24T10:49:19+00:00","dateModified":"2022-08-03T08:08:32+00:00","description":"The Regional Museum of Archaeology and History deals with the world wars and the city of Visé, the first martyred city of the Great War.","breadcrumb":{"@id":"https://www.landofmemory.eu/en/sites-historiques/regional-museum-of-archaeology-and-history/#breadcrumb"},"inLanguage":"en-US","potentialAction":[{"@type":"ReadAction","target":["https://www.landofmemory.eu/en/sites-historiques/regional-museum-of-archaeology-and-history/"]}]},{"@type":"BreadcrumbList","@id":"https://www.landofmemory.eu/en/sites-historiques/regional-museum-of-archaeology-and-history/#breadcrumb","itemListElement":[{"@type":"ListItem","position":1,"name":"Accueil","item":"https://www.landofmemory.eu/"},{"@type":"ListItem","position":2,"name":"Regional Museum of Archaeology and History"}]},{"@type":"WebSite","@id":"https://www.landofmemory.eu/#website","url":"https://www.landofmemory.eu/","name":"Land Of Memory","description":"L&#039;histoire commence ici","publisher":{"@id":"https://www.landofmemory.eu/#organization"},"potentialAction":[{"@type":"SearchAction","target":{"@type":"EntryPoint","urlTemplate":"https://www.landofmemory.eu/?s={search_term_string}"},"query-input":{"@type":"PropertyValueSpecification","valueRequired":true,"valueName":"search_term_string"}}],"inLanguage":"en-US"},{"@type":"Organization","@id":"https://www.landofmemory.eu/#organization","name":"Land Of Memory","url":"https://www.landofmemory.eu/","logo":{"@type":"ImageObject","inLanguage":"en-US","@id":"https://www.landofmemory.eu/#/schema/logo/image/","url":"https://www.landofmemory.eu/wp-content/uploads/2022/10/logo-land-of-memory.jpg","contentUrl":"https://www.landofmemory.eu/wp-content/uploads/2022/10/logo-land-of-memory.jpg","width":1000,"height":500,"caption":"Land Of Memory"},"image":{"@id":"https://www.landofmemory.eu/#/schema/logo/image/"},"sameAs":["https://www.facebook.com/landofmemory.eu","https://www.instagram.com/landofmemory_eu/"]}]}</script>
<!-- / Yoast SEO plugin. -->

City of Visé: Regional Museum of Archaeology and History

The Regional Museum of Archaeology and History deals with the world wars and the city of Visé, the first martyred city of the Great War.
