{"id":5692,"date":"2021-11-04T15:34:26","date_gmt":"2021-11-04T14:34:26","guid":{"rendered":"https:\/\/www.landofmemory.eu\/sites-historiques\/destroyed-villages\/"},"modified":"2022-08-02T12:14:07","modified_gmt":"2022-08-02T10:14:07","slug":"destroyed-villages","status":"publish","type":"sites-historiques","link":"https:\/\/www.landofmemory.eu\/en\/sites-historiques\/destroyed-villages\/","title":{"rendered":"Destroyed Villages"},"content":{"rendered":"\n<h2 class=\"wp-block-heading\">The villages of Verdun<\/h2>\n\n<p>In the Meuse Region, marked trails lead to nine ghost villages destroyed by bombing during the Battle of Verdun in 1916.<\/p>\n\n<p>The villages are Beaumont-en-Verdunois, Bezonvaux, Cumi\u00e8res-le-Mort-Homme, Douaumont, Fleury-devant-Douaumont, Haumont-pr\u00e8s-Samogneux, Louvemont-C\u00f4te-du-Poivre, Ornes, and Vaux-devant-Damloup. All located in the &#8220;Red Zone&#8221;, they were wiped off the map and were never rebuilt. The red zone represents 120,000 hectares of battlefields in France. To this day, the law prohibits activities in the zone, due to remains of bodies, ammunition, and major physical damage on the landscape.<\/p>\n\n<p>The markers on the trail lead us to the traces of destroyed houses and public places to discover the activities and old trades of the time. Thus,these dead villages are symbols where chapels and memorial sites leave an emotionally moving imprint. It is also possible to visit some underground galleries. &#13;\n<\/p>\n\n<p>Today, the destroyed villages are classified as historical monuments. Moreover, their nine communes are all members of the Communaut\u00e9 d&#8217;agglom\u00e9ration du Grand Verdun.<\/p>\n\n<div style=\"height:100px\" aria-hidden=\"true\" class=\"wp-block-spacer\"><\/div>\n\n<div class=\"wp-block-columns is-layout-flex wp-container-core-columns-is-layout-9d6595d7 wp-block-columns-is-layout-flex\">\n<div class=\"wp-block-column is-layout-flow wp-block-column-is-layout-flow\">\n<div class=\"wp-block-image\"><figure class=\"aligncenter size-medium is-resized\"><img loading=\"lazy\" decoding=\"async\" src=\"https:\/\/www.landofmemory.eu\/wp-content\/uploads\/2021\/10\/&#xA9;Tourisme-Grand-Verdun-1-min-300x225.jpg\" alt=\"Ruins of destroyed villages\" class=\"wp-image-4301\" width=\"563\" height=\"422\"\/><figcaption>\u00a9 Tourisme Grand Verdun<\/figcaption><\/figure><\/div>\n<\/div>\n<\/div>\n\n<p><\/p>\n","protected":false},"template":"","type_site":[49,68],"class_list":["post-5692","sites-historiques","type-sites-historiques","status-publish","hentry","type_site-world-war-memorials","type_site-trails"],"acf":[],"yoast_head":"<!-- This site is optimized with the Yoast SEO plugin v26.0 - https:\/\/yoast.com\/wordpress\/plugins\/seo\/ -->\n<title>First World War: Villages destroyed in the Battle of Verdun<\/title>\n<meta name=\"description\" content=\"In the Meuse region, the Battle of Verdun decimated entire villages. The remains of these villages represent the memory of the war.\" \/>\n<meta name=\"robots\" content=\"index, follow, max-snippet:-1, max-image-preview:large, max-video-preview:-1\" \/>\n<link rel=\"canonical\" href=\"https:\/\/www.landofmemory.eu\/en\/sites-historiques\/destroyed-villages\/\" \/>\n<meta property=\"og:locale\" content=\"en_US\" \/>\n<meta property=\"og:type\" content=\"article\" \/>\n<meta property=\"og:title\" content=\"First World War: Villages destroyed in the Battle of Verdun\" \/>\n<meta property=\"og:description\" content=\"In the Meuse region, the Battle of Verdun decimated entire villages. The remains of these villages represent the memory of the war.\" \/>\n<meta property=\"og:url\" content=\"https:\/\/www.landofmemory.eu\/en\/sites-historiques\/destroyed-villages\/\" \/>\n<meta property=\"og:site_name\" content=\"Land Of Memory\" \/>\n<meta property=\"article:publisher\" content=\"https:\/\/www.facebook.com\/landofmemory.eu\" \/>\n<meta property=\"article:modified_time\" content=\"2022-08-02T10:14:07+00:00\" \/>\n<meta property=\"og:image\" content=\"https:\/\/www.landofmemory.eu\/wp-content\/uploads\/2021\/10\/&#xA9;Tourisme-Grand-Verdun-1-min-300x225.jpg\" \/>\n<meta name=\"twitter:card\" content=\"summary_large_image\" \/>\n<meta name=\"twitter:label1\" content=\"Est. reading time\" \/>\n\t<meta name=\"twitter:data1\" content=\"1 minute\" \/>\n<script type=\"application\/ld+json\" class=\"yoast-schema-graph\">{\"@context\":\"https:\/\/schema.org\",\"@graph\":[{\"@type\":\"WebPage\",\"@id\":\"https:\/\/www.landofmemory.eu\/en\/sites-historiques\/destroyed-villages\/\",\"url\":\"https:\/\/www.landofmemory.eu\/en\/sites-historiques\/destroyed-villages\/\",\"name\":\"First World War: Villages destroyed in the Battle of Verdun\",\"isPartOf\":{\"@id\":\"https:\/\/www.landofmemory.eu\/#website\"},\"primaryImageOfPage\":{\"@id\":\"https:\/\/www.landofmemory.eu\/en\/sites-historiques\/destroyed-villages\/#primaryimage\"},\"image\":{\"@id\":\"https:\/\/www.landofmemory.eu\/en\/sites-historiques\/destroyed-villages\/#primaryimage\"},\"thumbnailUrl\":\"https:\/\/www.landofmemory.eu\/wp-content\/uploads\/2021\/10\/&#xA9;Tourisme-Grand-Verdun-1-min-300x225.jpg\",\"datePublished\":\"2021-11-04T14:34:26+00:00\",\"dateModified\":\"2022-08-02T10:14:07+00:00\",\"description\":\"In the Meuse region, the Battle of Verdun decimated entire villages. The remains of these villages represent the memory of the war.\",\"breadcrumb\":{\"@id\":\"https:\/\/www.landofmemory.eu\/en\/sites-historiques\/destroyed-villages\/#breadcrumb\"},\"inLanguage\":\"en-US\",\"potentialAction\":[{\"@type\":\"ReadAction\",\"target\":[\"https:\/\/www.landofmemory.eu\/en\/sites-historiques\/destroyed-villages\/\"]}]},{\"@type\":\"ImageObject\",\"inLanguage\":\"en-US\",\"@id\":\"https:\/\/www.landofmemory.eu\/en\/sites-historiques\/destroyed-villages\/#primaryimage\",\"url\":\"https:\/\/www.landofmemory.eu\/wp-content\/uploads\/2021\/10\/&#xA9;Tourisme-Grand-Verdun-1-min-300x225.jpg\",\"contentUrl\":\"https:\/\/www.landofmemory.eu\/wp-content\/uploads\/2021\/10\/&#xA9;Tourisme-Grand-Verdun-1-min-300x225.jpg\"},{\"@type\":\"BreadcrumbList\",\"@id\":\"https:\/\/www.landofmemory.eu\/en\/sites-historiques\/destroyed-villages\/#breadcrumb\",\"itemListElement\":[{\"@type\":\"ListItem\",\"position\":1,\"name\":\"Accueil\",\"item\":\"https:\/\/www.landofmemory.eu\/\"},{\"@type\":\"ListItem\",\"position\":2,\"name\":\"Destroyed Villages\"}]},{\"@type\":\"WebSite\",\"@id\":\"https:\/\/www.landofmemory.eu\/#website\",\"url\":\"https:\/\/www.landofmemory.eu\/\",\"name\":\"Land Of Memory\",\"description\":\"L&#039;histoire commence ici\",\"publisher\":{\"@id\":\"https:\/\/www.landofmemory.eu\/#organization\"},\"potentialAction\":[{\"@type\":\"SearchAction\",\"target\":{\"@type\":\"EntryPoint\",\"urlTemplate\":\"https:\/\/www.landofmemory.eu\/?s={search_term_string}\"},\"query-input\":{\"@type\":\"PropertyValueSpecification\",\"valueRequired\":true,\"valueName\":\"search_term_string\"}}],\"inLanguage\":\"en-US\"},{\"@type\":\"Organization\",\"@id\":\"https:\/\/www.landofmemory.eu\/#organization\",\"name\":\"Land Of Memory\",\"url\":\"https:\/\/www.landofmemory.eu\/\",\"logo\":{\"@type\":\"ImageObject\",\"inLanguage\":\"en-US\",\"@id\":\"https:\/\/www.landofmemory.eu\/#\/schema\/logo\/image\/\",\"url\":\"https:\/\/www.landofmemory.eu\/wp-content\/uploads\/2022\/10\/logo-land-of-memory.jpg\",\"contentUrl\":\"https:\/\/www.landofmemory.eu\/wp-content\/uploads\/2022\/10\/logo-land-of-memory.jpg\",\"width\":1000,\"height\":500,\"caption\":\"Land Of Memory\"},\"image\":{\"@id\":\"https:\/\/www.landofmemory.eu\/#\/schema\/logo\/image\/\"},\"sameAs\":[\"https:\/\/www.facebook.com\/landofmemory.eu\",\"https:\/\/www.instagram.com\/landofmemory_eu\/\"]}]}<\/script>\n<!-- \/ Yoast SEO plugin. -->","yoast_head_json":{"title":"First World War: Villages destroyed in the Battle of Verdun","description":"In the Meuse region, the Battle of Verdun decimated entire villages. The remains of these villages represent the memory of the war.","robots":{"index":"index","follow":"follow","max-snippet":"max-snippet:-1","max-image-preview":"max-image-preview:large","max-video-preview":"max-video-preview:-1"},"canonical":"https:\/\/www.landofmemory.eu\/en\/sites-historiques\/destroyed-villages\/","og_locale":"en_US","og_type":"article","og_title":"First World War: Villages destroyed in the Battle of Verdun","og_description":"In the Meuse region, the Battle of Verdun decimated entire villages. The remains of these villages represent the memory of the war.","og_url":"https:\/\/www.landofmemory.eu\/en\/sites-historiques\/destroyed-villages\/","og_site_name":"Land Of Memory","article_publisher":"https:\/\/www.facebook.com\/landofmemory.eu","article_modified_time":"2022-08-02T10:14:07+00:00","og_image":[{"url":"https:\/\/www.landofmemory.eu\/wp-content\/uploads\/2021\/10\/&#xA9;Tourisme-Grand-Verdun-1-min-300x225.jpg","type":"","width":"","height":""}],"twitter_card":"summary_large_image","twitter_misc":{"Est. reading time":"1 minute"},"schema":{"@context":"https:\/\/schema.org","@graph":[{"@type":"WebPage","@id":"https:\/\/www.landofmemory.eu\/en\/sites-historiques\/destroyed-villages\/","url":"https:\/\/www.landofmemory.eu\/en\/sites-historiques\/destroyed-villages\/","name":"First World War: Villages destroyed in the Battle of Verdun","isPartOf":{"@id":"https:\/\/www.landofmemory.eu\/#website"},"primaryImageOfPage":{"@id":"https:\/\/www.landofmemory.eu\/en\/sites-historiques\/destroyed-villages\/#primaryimage"},"image":{"@id":"https:\/\/www.landofmemory.eu\/en\/sites-historiques\/destroyed-villages\/#primaryimage"},"thumbnailUrl":"https:\/\/www.landofmemory.eu\/wp-content\/uploads\/2021\/10\/&#xA9;Tourisme-Grand-Verdun-1-min-300x225.jpg","datePublished":"2021-11-04T14:34:26+00:00","dateModified":"2022-08-02T10:14:07+00:00","description":"In the Meuse region, the Battle of Verdun decimated entire villages. The remains of these villages represent the memory of the war.","breadcrumb":{"@id":"https:\/\/www.landofmemory.eu\/en\/sites-historiques\/destroyed-villages\/#breadcrumb"},"inLanguage":"en-US","potentialAction":[{"@type":"ReadAction","target":["https:\/\/www.landofmemory.eu\/en\/sites-historiques\/destroyed-villages\/"]}]},{"@type":"ImageObject","inLanguage":"en-US","@id":"https:\/\/www.landofmemory.eu\/en\/sites-historiques\/destroyed-villages\/#primaryimage","url":"https:\/\/www.landofmemory.eu\/wp-content\/uploads\/2021\/10\/&#xA9;Tourisme-Grand-Verdun-1-min-300x225.jpg","contentUrl":"https:\/\/www.landofmemory.eu\/wp-content\/uploads\/2021\/10\/&#xA9;Tourisme-Grand-Verdun-1-min-300x225.jpg"},{"@type":"BreadcrumbList","@id":"https:\/\/www.landofmemory.eu\/en\/sites-historiques\/destroyed-villages\/#breadcrumb","itemListElement":[{"@type":"ListItem","position":1,"name":"Accueil","item":"https:\/\/www.landofmemory.eu\/"},{"@type":"ListItem","position":2,"name":"Destroyed Villages"}]},{"@type":"WebSite","@id":"https:\/\/www.landofmemory.eu\/#website","url":"https:\/\/www.landofmemory.eu\/","name":"Land Of Memory","description":"L&#039;histoire commence ici","publisher":{"@id":"https:\/\/www.landofmemory.eu\/#organization"},"potentialAction":[{"@type":"SearchAction","target":{"@type":"EntryPoint","urlTemplate":"https:\/\/www.landofmemory.eu\/?s={search_term_string}"},"query-input":{"@type":"PropertyValueSpecification","valueRequired":true,"valueName":"search_term_string"}}],"inLanguage":"en-US"},{"@type":"Organization","@id":"https:\/\/www.landofmemory.eu\/#organization","name":"Land Of Memory","url":"https:\/\/www.landofmemory.eu\/","logo":{"@type":"ImageObject","inLanguage":"en-US","@id":"https:\/\/www.landofmemory.eu\/#\/schema\/logo\/image\/","url":"https:\/\/www.landofmemory.eu\/wp-content\/uploads\/2022\/10\/logo-land-of-memory.jpg","contentUrl":"https:\/\/www.landofmemory.eu\/wp-content\/uploads\/2022\/10\/logo-land-of-memory.jpg","width":1000,"height":500,"caption":"Land Of Memory"},"image":{"@id":"https:\/\/www.landofmemory.eu\/#\/schema\/logo\/image\/"},"sameAs":["https:\/\/www.facebook.com\/landofmemory.eu","https:\/\/www.instagram.com\/landofmemory_eu\/"]}]}},"_links":{"self":[{"href":"https:\/\/www.landofmemory.eu\/en\/wp-json\/wp\/v2\/sites-historiques\/5692","targetHints":{"allow":["GET"]}}],"collection":[{"href":"https:\/\/www.landofmemory.eu\/en\/wp-json\/wp\/v2\/sites-historiques"}],"about":[{"href":"https:\/\/www.landofmemory.eu\/en\/wp-json\/wp\/v2\/types\/sites-historiques"}],"wp:attachment":[{"href":"https:\/\/www.landofmemory.eu\/en\/wp-json\/wp\/v2\/media?parent=5692"}],"wp:term":[{"taxonomy":"type_site","embeddable":true,"href":"https:\/\/www.landofmemory.eu\/en\/wp-json\/wp\/v2\/type_site?post=5692"}],"curies":[{"name":"wp","href":"https:\/\/api.w.org\/{rel}","templated":true}]}}

<h2 class="wp-block-heading">The villages of Verdun</h2>

<p>In the Meuse Region, marked trails lead to nine ghost villages destroyed by bombing during the Battle of Verdun in 1916.</p>

<p>The villages are Beaumont-en-Verdunois, Bezonvaux, Cumières-le-Mort-Homme, Douaumont, Fleury-devant-Douaumont, Haumont-près-Samogneux, Louvemont-Côte-du-Poivre, Ornes, and Vaux-devant-Damloup. All located in the &#8220;Red Zone&#8221;, they were wiped off the map and were never rebuilt. The red zone represents 120,000 hectares of battlefields in France. To this day, the law prohibits activities in the zone, due to remains of bodies, ammunition, and major physical damage on the landscape.</p>

<p>The markers on the trail lead us to the traces of destroyed houses and public places to discover the activities and old trades of the time. Thus,these dead villages are symbols where chapels and memorial sites leave an emotionally moving imprint. It is also possible to visit some underground galleries. &#13;
</p>

<p>Today, the destroyed villages are classified as historical monuments. Moreover, their nine communes are all members of the Communauté d&#8217;agglomération du Grand Verdun.</p>

<div style="height:100px" aria-hidden="true" class="wp-block-spacer"></div>

<div class="wp-block-columns is-layout-flex wp-container-core-columns-is-layout-9d6595d7 wp-block-columns-is-layout-flex">
<div class="wp-block-column is-layout-flow wp-block-column-is-layout-flow">
<div class="wp-block-image"><figure class="aligncenter size-medium is-resized"><img loading="lazy" decoding="async" src="https://www.landofmemory.eu/wp-content/uploads/2021/10/&#xA9;Tourisme-Grand-Verdun-1-min-300x225.jpg" alt="Ruins of destroyed villages" class="wp-image-4301" width="563" height="422"/><figcaption>© Tourisme Grand Verdun</figcaption></figure></div>
</div>
</div>

<p></p>
