{"id":5954,"date":"2021-11-10T11:36:40","date_gmt":"2021-11-10T10:36:40","guid":{"rendered":"https:\/\/www.landofmemory.eu\/temoignages\/the-liege-coffee\/"},"modified":"2021-11-12T09:36:51","modified_gmt":"2021-11-12T08:36:51","slug":"the-liege-coffee","status":"publish","type":"temoignages","link":"https:\/\/www.landofmemory.eu\/en\/temoignages\/the-liege-coffee\/","title":{"rendered":"The Li\u00e8ge coffee"},"content":{"rendered":"\n<p>The origin of the name of the Li\u00e8ge caf\u00e9 goes back to World War I and the battle of the Li\u00e8ge forts in Belgium.<\/p>\n\n<p>The heroic resistance of Li\u00e8ge aroused great interest in France, which awarded the city the Legion of Honor on August 7, 1914 (awarded on July 24, 1919). At the same time, Paris renamed the Viennese coffee, a name that evoked the enemy, to Li\u00e8ge coffee (as well as other dishes). The Li\u00e8ge coffee is a hot drink, composed of a single or double espresso, usually with a roasted coffee. This rather light coffee is topped with beaten milk, crowned with whipped cream, and then decorated with chocolate powder or shavings to embellish it. Li\u00e8ge coffee is also available in a cold recipe consumed as a dessert. It is then prepared with slightly sweetened coffee, coffee-flavored ice cream, and whipped cream.<\/p>\n","protected":false},"template":"","class_list":["post-5954","temoignages","type-temoignages","status-publish","hentry"],"acf":[],"yoast_head":"<!-- This site is optimized with the Yoast SEO plugin v26.0 - https:\/\/yoast.com\/wordpress\/plugins\/seo\/ -->\n<title>Origin of the name of the Li\u00e8ge coffee<\/title>\n<meta name=\"description\" content=\"Contrary to what its name may suggest, Li\u00e8ge coffee is not a specialty of the city of Li\u00e8ge. Discover its origin!\" \/>\n<meta name=\"robots\" content=\"index, follow, max-snippet:-1, max-image-preview:large, max-video-preview:-1\" \/>\n<link rel=\"canonical\" href=\"https:\/\/www.landofmemory.eu\/en\/temoignages\/the-liege-coffee\/\" \/>\n<meta property=\"og:locale\" content=\"en_US\" \/>\n<meta property=\"og:type\" content=\"article\" \/>\n<meta property=\"og:title\" content=\"Origin of the name of the Li\u00e8ge coffee\" \/>\n<meta property=\"og:description\" content=\"Contrary to what its name may suggest, Li\u00e8ge coffee is not a specialty of the city of Li\u00e8ge. Discover its origin!\" \/>\n<meta property=\"og:url\" content=\"https:\/\/www.landofmemory.eu\/en\/temoignages\/the-liege-coffee\/\" \/>\n<meta property=\"og:site_name\" content=\"Land Of Memory\" \/>\n<meta property=\"article:publisher\" content=\"https:\/\/www.facebook.com\/landofmemory.eu\" \/>\n<meta property=\"article:modified_time\" content=\"2021-11-12T08:36:51+00:00\" \/>\n<meta name=\"twitter:card\" content=\"summary_large_image\" \/>\n<meta name=\"twitter:label1\" content=\"Est. reading time\" \/>\n\t<meta name=\"twitter:data1\" content=\"1 minute\" \/>\n<script type=\"application\/ld+json\" class=\"yoast-schema-graph\">{\"@context\":\"https:\/\/schema.org\",\"@graph\":[{\"@type\":\"WebPage\",\"@id\":\"https:\/\/www.landofmemory.eu\/en\/temoignages\/the-liege-coffee\/\",\"url\":\"https:\/\/www.landofmemory.eu\/en\/temoignages\/the-liege-coffee\/\",\"name\":\"Origin of the name of the Li\u00e8ge coffee\",\"isPartOf\":{\"@id\":\"https:\/\/www.landofmemory.eu\/#website\"},\"datePublished\":\"2021-11-10T10:36:40+00:00\",\"dateModified\":\"2021-11-12T08:36:51+00:00\",\"description\":\"Contrary to what its name may suggest, Li\u00e8ge coffee is not a specialty of the city of Li\u00e8ge. Discover its origin!\",\"breadcrumb\":{\"@id\":\"https:\/\/www.landofmemory.eu\/en\/temoignages\/the-liege-coffee\/#breadcrumb\"},\"inLanguage\":\"en-US\",\"potentialAction\":[{\"@type\":\"ReadAction\",\"target\":[\"https:\/\/www.landofmemory.eu\/en\/temoignages\/the-liege-coffee\/\"]}]},{\"@type\":\"BreadcrumbList\",\"@id\":\"https:\/\/www.landofmemory.eu\/en\/temoignages\/the-liege-coffee\/#breadcrumb\",\"itemListElement\":[{\"@type\":\"ListItem\",\"position\":1,\"name\":\"Accueil\",\"item\":\"https:\/\/www.landofmemory.eu\/\"},{\"@type\":\"ListItem\",\"position\":2,\"name\":\"The Li\u00e8ge coffee\"}]},{\"@type\":\"WebSite\",\"@id\":\"https:\/\/www.landofmemory.eu\/#website\",\"url\":\"https:\/\/www.landofmemory.eu\/\",\"name\":\"Land Of Memory\",\"description\":\"L&#039;histoire commence ici\",\"publisher\":{\"@id\":\"https:\/\/www.landofmemory.eu\/#organization\"},\"potentialAction\":[{\"@type\":\"SearchAction\",\"target\":{\"@type\":\"EntryPoint\",\"urlTemplate\":\"https:\/\/www.landofmemory.eu\/?s={search_term_string}\"},\"query-input\":{\"@type\":\"PropertyValueSpecification\",\"valueRequired\":true,\"valueName\":\"search_term_string\"}}],\"inLanguage\":\"en-US\"},{\"@type\":\"Organization\",\"@id\":\"https:\/\/www.landofmemory.eu\/#organization\",\"name\":\"Land Of Memory\",\"url\":\"https:\/\/www.landofmemory.eu\/\",\"logo\":{\"@type\":\"ImageObject\",\"inLanguage\":\"en-US\",\"@id\":\"https:\/\/www.landofmemory.eu\/#\/schema\/logo\/image\/\",\"url\":\"https:\/\/www.landofmemory.eu\/wp-content\/uploads\/2022\/10\/logo-land-of-memory.jpg\",\"contentUrl\":\"https:\/\/www.landofmemory.eu\/wp-content\/uploads\/2022\/10\/logo-land-of-memory.jpg\",\"width\":1000,\"height\":500,\"caption\":\"Land Of Memory\"},\"image\":{\"@id\":\"https:\/\/www.landofmemory.eu\/#\/schema\/logo\/image\/\"},\"sameAs\":[\"https:\/\/www.facebook.com\/landofmemory.eu\",\"https:\/\/www.instagram.com\/landofmemory_eu\/\"]}]}<\/script>\n<!-- \/ Yoast SEO plugin. -->","yoast_head_json":{"title":"Origin of the name of the Li\u00e8ge coffee","description":"Contrary to what its name may suggest, Li\u00e8ge coffee is not a specialty of the city of Li\u00e8ge. Discover its origin!","robots":{"index":"index","follow":"follow","max-snippet":"max-snippet:-1","max-image-preview":"max-image-preview:large","max-video-preview":"max-video-preview:-1"},"canonical":"https:\/\/www.landofmemory.eu\/en\/temoignages\/the-liege-coffee\/","og_locale":"en_US","og_type":"article","og_title":"Origin of the name of the Li\u00e8ge coffee","og_description":"Contrary to what its name may suggest, Li\u00e8ge coffee is not a specialty of the city of Li\u00e8ge. Discover its origin!","og_url":"https:\/\/www.landofmemory.eu\/en\/temoignages\/the-liege-coffee\/","og_site_name":"Land Of Memory","article_publisher":"https:\/\/www.facebook.com\/landofmemory.eu","article_modified_time":"2021-11-12T08:36:51+00:00","twitter_card":"summary_large_image","twitter_misc":{"Est. reading time":"1 minute"},"schema":{"@context":"https:\/\/schema.org","@graph":[{"@type":"WebPage","@id":"https:\/\/www.landofmemory.eu\/en\/temoignages\/the-liege-coffee\/","url":"https:\/\/www.landofmemory.eu\/en\/temoignages\/the-liege-coffee\/","name":"Origin of the name of the Li\u00e8ge coffee","isPartOf":{"@id":"https:\/\/www.landofmemory.eu\/#website"},"datePublished":"2021-11-10T10:36:40+00:00","dateModified":"2021-11-12T08:36:51+00:00","description":"Contrary to what its name may suggest, Li\u00e8ge coffee is not a specialty of the city of Li\u00e8ge. Discover its origin!","breadcrumb":{"@id":"https:\/\/www.landofmemory.eu\/en\/temoignages\/the-liege-coffee\/#breadcrumb"},"inLanguage":"en-US","potentialAction":[{"@type":"ReadAction","target":["https:\/\/www.landofmemory.eu\/en\/temoignages\/the-liege-coffee\/"]}]},{"@type":"BreadcrumbList","@id":"https:\/\/www.landofmemory.eu\/en\/temoignages\/the-liege-coffee\/#breadcrumb","itemListElement":[{"@type":"ListItem","position":1,"name":"Accueil","item":"https:\/\/www.landofmemory.eu\/"},{"@type":"ListItem","position":2,"name":"The Li\u00e8ge coffee"}]},{"@type":"WebSite","@id":"https:\/\/www.landofmemory.eu\/#website","url":"https:\/\/www.landofmemory.eu\/","name":"Land Of Memory","description":"L&#039;histoire commence ici","publisher":{"@id":"https:\/\/www.landofmemory.eu\/#organization"},"potentialAction":[{"@type":"SearchAction","target":{"@type":"EntryPoint","urlTemplate":"https:\/\/www.landofmemory.eu\/?s={search_term_string}"},"query-input":{"@type":"PropertyValueSpecification","valueRequired":true,"valueName":"search_term_string"}}],"inLanguage":"en-US"},{"@type":"Organization","@id":"https:\/\/www.landofmemory.eu\/#organization","name":"Land Of Memory","url":"https:\/\/www.landofmemory.eu\/","logo":{"@type":"ImageObject","inLanguage":"en-US","@id":"https:\/\/www.landofmemory.eu\/#\/schema\/logo\/image\/","url":"https:\/\/www.landofmemory.eu\/wp-content\/uploads\/2022\/10\/logo-land-of-memory.jpg","contentUrl":"https:\/\/www.landofmemory.eu\/wp-content\/uploads\/2022\/10\/logo-land-of-memory.jpg","width":1000,"height":500,"caption":"Land Of Memory"},"image":{"@id":"https:\/\/www.landofmemory.eu\/#\/schema\/logo\/image\/"},"sameAs":["https:\/\/www.facebook.com\/landofmemory.eu","https:\/\/www.instagram.com\/landofmemory_eu\/"]}]}},"_links":{"self":[{"href":"https:\/\/www.landofmemory.eu\/en\/wp-json\/wp\/v2\/temoignages\/5954","targetHints":{"allow":["GET"]}}],"collection":[{"href":"https:\/\/www.landofmemory.eu\/en\/wp-json\/wp\/v2\/temoignages"}],"about":[{"href":"https:\/\/www.landofmemory.eu\/en\/wp-json\/wp\/v2\/types\/temoignages"}],"wp:attachment":[{"href":"https:\/\/www.landofmemory.eu\/en\/wp-json\/wp\/v2\/media?parent=5954"}],"curies":[{"name":"wp","href":"https:\/\/api.w.org\/{rel}","templated":true}]}}

The Liège coffee

<p>The origin of the name of the Liège café goes back to World War I and the battle of the Liège forts in Belgium.</p>

<p>The heroic resistance of Liège aroused great interest in France, which awarded the city the Legion of Honor on August 7, 1914 (awarded on July 24, 1919). At the same time, Paris renamed the Viennese coffee, a name that evoked the enemy, to Liège coffee (as well as other dishes). The Liège coffee is a hot drink, composed of a single or double espresso, usually with a roasted coffee. This rather light coffee is topped with beaten milk, crowned with whipped cream, and then decorated with chocolate powder or shavings to embellish it. Liège coffee is also available in a cold recipe consumed as a dessert. It is then prepared with slightly sweetened coffee, coffee-flavored ice cream, and whipped cream.</p>

<!-- This site is optimized with the Yoast SEO plugin v26.0 - https://yoast.com/wordpress/plugins/seo/ -->
<title>Origin of the name of the Liège coffee</title>
<meta name="description" content="Contrary to what its name may suggest, Liège coffee is not a specialty of the city of Liège. Discover its origin!" />
<meta name="robots" content="index, follow, max-snippet:-1, max-image-preview:large, max-video-preview:-1" />
<link rel="canonical" href="https://www.landofmemory.eu/en/temoignages/the-liege-coffee/" />
<meta property="og:locale" content="en_US" />
<meta property="og:type" content="article" />
<meta property="og:title" content="Origin of the name of the Liège coffee" />
<meta property="og:description" content="Contrary to what its name may suggest, Liège coffee is not a specialty of the city of Liège. Discover its origin!" />
<meta property="og:url" content="https://www.landofmemory.eu/en/temoignages/the-liege-coffee/" />
<meta property="og:site_name" content="Land Of Memory" />
<meta property="article:publisher" content="https://www.facebook.com/landofmemory.eu" />
<meta property="article:modified_time" content="2021-11-12T08:36:51+00:00" />
<meta name="twitter:card" content="summary_large_image" />
<meta name="twitter:label1" content="Est. reading time" />
	<meta name="twitter:data1" content="1 minute" />
<script type="application/ld+json" class="yoast-schema-graph">{"@context":"https://schema.org","@graph":[{"@type":"WebPage","@id":"https://www.landofmemory.eu/en/temoignages/the-liege-coffee/","url":"https://www.landofmemory.eu/en/temoignages/the-liege-coffee/","name":"Origin of the name of the Liège coffee","isPartOf":{"@id":"https://www.landofmemory.eu/#website"},"datePublished":"2021-11-10T10:36:40+00:00","dateModified":"2021-11-12T08:36:51+00:00","description":"Contrary to what its name may suggest, Liège coffee is not a specialty of the city of Liège. Discover its origin!","breadcrumb":{"@id":"https://www.landofmemory.eu/en/temoignages/the-liege-coffee/#breadcrumb"},"inLanguage":"en-US","potentialAction":[{"@type":"ReadAction","target":["https://www.landofmemory.eu/en/temoignages/the-liege-coffee/"]}]},{"@type":"BreadcrumbList","@id":"https://www.landofmemory.eu/en/temoignages/the-liege-coffee/#breadcrumb","itemListElement":[{"@type":"ListItem","position":1,"name":"Accueil","item":"https://www.landofmemory.eu/"},{"@type":"ListItem","position":2,"name":"The Liège coffee"}]},{"@type":"WebSite","@id":"https://www.landofmemory.eu/#website","url":"https://www.landofmemory.eu/","name":"Land Of Memory","description":"L&#039;histoire commence ici","publisher":{"@id":"https://www.landofmemory.eu/#organization"},"potentialAction":[{"@type":"SearchAction","target":{"@type":"EntryPoint","urlTemplate":"https://www.landofmemory.eu/?s={search_term_string}"},"query-input":{"@type":"PropertyValueSpecification","valueRequired":true,"valueName":"search_term_string"}}],"inLanguage":"en-US"},{"@type":"Organization","@id":"https://www.landofmemory.eu/#organization","name":"Land Of Memory","url":"https://www.landofmemory.eu/","logo":{"@type":"ImageObject","inLanguage":"en-US","@id":"https://www.landofmemory.eu/#/schema/logo/image/","url":"https://www.landofmemory.eu/wp-content/uploads/2022/10/logo-land-of-memory.jpg","contentUrl":"https://www.landofmemory.eu/wp-content/uploads/2022/10/logo-land-of-memory.jpg","width":1000,"height":500,"caption":"Land Of Memory"},"image":{"@id":"https://www.landofmemory.eu/#/schema/logo/image/"},"sameAs":["https://www.facebook.com/landofmemory.eu","https://www.instagram.com/landofmemory_eu/"]}]}</script>
<!-- / Yoast SEO plugin. -->

Origin of the name of the Liège coffee

Contrary to what its name may suggest, Liège coffee is not a specialty of the city of Liège. Discover its origin!
