{"id":11354,"date":"2022-09-12T14:57:47","date_gmt":"2022-09-12T12:57:47","guid":{"rendered":"https:\/\/www.landofmemory.eu\/oeuvres\/auf-winters-schneide\/"},"modified":"2022-09-12T14:57:47","modified_gmt":"2022-09-12T12:57:47","slug":"auf-winters-schneide","status":"publish","type":"oeuvres","link":"https:\/\/www.landofmemory.eu\/nl\/oeuvres\/auf-winters-schneide\/","title":{"rendered":"Auf Winters Schneide"},"content":{"rendered":"\n<p>Andr\u00e9 Link publiceerde in 2010 <em>Auf Winters Schneide<\/em>, wat in het Duits &#8220;Aan de rand van de winter&#8221; betekent. De roman gaat over de gebeurtenissen die voorafgaan aan de troonsafstand van groothertogin Marie-Ad\u00e9la\u00efde in 1919. Nikolaus Welter, Auguste Liesch en de toenmalige Minister van Staat, Emile Reuter, speelden een rol in deze gebeurtenissen.<\/p>\n","protected":false},"template":"","class_list":["post-11354","oeuvres","type-oeuvres","status-publish","hentry","type_oeuvre-livres-guerres-mondiales"],"acf":[],"yoast_head":"<!-- This site is optimized with the Yoast SEO plugin v26.0 - https:\/\/yoast.com\/wordpress\/plugins\/seo\/ -->\n<title>Auf Winters Schneide - Land Of Memory<\/title>\n<meta name=\"description\" content=\"Auf Winters Schneide is een roman van Andr\u00e9 Link waarin het verhaal van de troonsafstand van groothertogin Marie-Ad\u00e9la\u00efde in 1919 wordt verteld.\" \/>\n<meta name=\"robots\" content=\"index, follow, max-snippet:-1, max-image-preview:large, max-video-preview:-1\" \/>\n<link rel=\"canonical\" href=\"https:\/\/www.landofmemory.eu\/nl\/oeuvres\/auf-winters-schneide\/\" \/>\n<meta property=\"og:locale\" content=\"nl_NL\" \/>\n<meta property=\"og:type\" content=\"article\" \/>\n<meta property=\"og:title\" content=\"Auf Winters Schneide - Land Of Memory\" \/>\n<meta property=\"og:description\" content=\"Auf Winters Schneide is een roman van Andr\u00e9 Link waarin het verhaal van de troonsafstand van groothertogin Marie-Ad\u00e9la\u00efde in 1919 wordt verteld.\" \/>\n<meta property=\"og:url\" content=\"https:\/\/www.landofmemory.eu\/nl\/oeuvres\/auf-winters-schneide\/\" \/>\n<meta property=\"og:site_name\" content=\"Land Of Memory\" \/>\n<meta property=\"article:publisher\" content=\"https:\/\/www.facebook.com\/landofmemory.eu\" \/>\n<meta name=\"twitter:card\" content=\"summary_large_image\" \/>\n<script type=\"application\/ld+json\" class=\"yoast-schema-graph\">{\"@context\":\"https:\/\/schema.org\",\"@graph\":[{\"@type\":\"WebPage\",\"@id\":\"https:\/\/www.landofmemory.eu\/nl\/oeuvres\/auf-winters-schneide\/\",\"url\":\"https:\/\/www.landofmemory.eu\/nl\/oeuvres\/auf-winters-schneide\/\",\"name\":\"Auf Winters Schneide - Land Of Memory\",\"isPartOf\":{\"@id\":\"https:\/\/www.landofmemory.eu\/#website\"},\"datePublished\":\"2022-09-12T12:57:47+00:00\",\"description\":\"Auf Winters Schneide is een roman van Andr\u00e9 Link waarin het verhaal van de troonsafstand van groothertogin Marie-Ad\u00e9la\u00efde in 1919 wordt verteld.\",\"breadcrumb\":{\"@id\":\"https:\/\/www.landofmemory.eu\/nl\/oeuvres\/auf-winters-schneide\/#breadcrumb\"},\"inLanguage\":\"nl-NL\",\"potentialAction\":[{\"@type\":\"ReadAction\",\"target\":[\"https:\/\/www.landofmemory.eu\/nl\/oeuvres\/auf-winters-schneide\/\"]}]},{\"@type\":\"BreadcrumbList\",\"@id\":\"https:\/\/www.landofmemory.eu\/nl\/oeuvres\/auf-winters-schneide\/#breadcrumb\",\"itemListElement\":[{\"@type\":\"ListItem\",\"position\":1,\"name\":\"Accueil\",\"item\":\"https:\/\/www.landofmemory.eu\/\"},{\"@type\":\"ListItem\",\"position\":2,\"name\":\"Auf Winters Schneide\"}]},{\"@type\":\"WebSite\",\"@id\":\"https:\/\/www.landofmemory.eu\/#website\",\"url\":\"https:\/\/www.landofmemory.eu\/\",\"name\":\"Land Of Memory\",\"description\":\"L&#039;histoire commence ici\",\"publisher\":{\"@id\":\"https:\/\/www.landofmemory.eu\/#organization\"},\"potentialAction\":[{\"@type\":\"SearchAction\",\"target\":{\"@type\":\"EntryPoint\",\"urlTemplate\":\"https:\/\/www.landofmemory.eu\/?s={search_term_string}\"},\"query-input\":{\"@type\":\"PropertyValueSpecification\",\"valueRequired\":true,\"valueName\":\"search_term_string\"}}],\"inLanguage\":\"nl-NL\"},{\"@type\":\"Organization\",\"@id\":\"https:\/\/www.landofmemory.eu\/#organization\",\"name\":\"Land Of Memory\",\"url\":\"https:\/\/www.landofmemory.eu\/\",\"logo\":{\"@type\":\"ImageObject\",\"inLanguage\":\"nl-NL\",\"@id\":\"https:\/\/www.landofmemory.eu\/#\/schema\/logo\/image\/\",\"url\":\"https:\/\/www.landofmemory.eu\/wp-content\/uploads\/2022\/10\/logo-land-of-memory.jpg\",\"contentUrl\":\"https:\/\/www.landofmemory.eu\/wp-content\/uploads\/2022\/10\/logo-land-of-memory.jpg\",\"width\":1000,\"height\":500,\"caption\":\"Land Of Memory\"},\"image\":{\"@id\":\"https:\/\/www.landofmemory.eu\/#\/schema\/logo\/image\/\"},\"sameAs\":[\"https:\/\/www.facebook.com\/landofmemory.eu\",\"https:\/\/www.instagram.com\/landofmemory_eu\/\"]}]}<\/script>\n<!-- \/ Yoast SEO plugin. -->","yoast_head_json":{"title":"Auf Winters Schneide - Land Of Memory","description":"Auf Winters Schneide is een roman van Andr\u00e9 Link waarin het verhaal van de troonsafstand van groothertogin Marie-Ad\u00e9la\u00efde in 1919 wordt verteld.","robots":{"index":"index","follow":"follow","max-snippet":"max-snippet:-1","max-image-preview":"max-image-preview:large","max-video-preview":"max-video-preview:-1"},"canonical":"https:\/\/www.landofmemory.eu\/nl\/oeuvres\/auf-winters-schneide\/","og_locale":"nl_NL","og_type":"article","og_title":"Auf Winters Schneide - Land Of Memory","og_description":"Auf Winters Schneide is een roman van Andr\u00e9 Link waarin het verhaal van de troonsafstand van groothertogin Marie-Ad\u00e9la\u00efde in 1919 wordt verteld.","og_url":"https:\/\/www.landofmemory.eu\/nl\/oeuvres\/auf-winters-schneide\/","og_site_name":"Land Of Memory","article_publisher":"https:\/\/www.facebook.com\/landofmemory.eu","twitter_card":"summary_large_image","schema":{"@context":"https:\/\/schema.org","@graph":[{"@type":"WebPage","@id":"https:\/\/www.landofmemory.eu\/nl\/oeuvres\/auf-winters-schneide\/","url":"https:\/\/www.landofmemory.eu\/nl\/oeuvres\/auf-winters-schneide\/","name":"Auf Winters Schneide - Land Of Memory","isPartOf":{"@id":"https:\/\/www.landofmemory.eu\/#website"},"datePublished":"2022-09-12T12:57:47+00:00","description":"Auf Winters Schneide is een roman van Andr\u00e9 Link waarin het verhaal van de troonsafstand van groothertogin Marie-Ad\u00e9la\u00efde in 1919 wordt verteld.","breadcrumb":{"@id":"https:\/\/www.landofmemory.eu\/nl\/oeuvres\/auf-winters-schneide\/#breadcrumb"},"inLanguage":"nl-NL","potentialAction":[{"@type":"ReadAction","target":["https:\/\/www.landofmemory.eu\/nl\/oeuvres\/auf-winters-schneide\/"]}]},{"@type":"BreadcrumbList","@id":"https:\/\/www.landofmemory.eu\/nl\/oeuvres\/auf-winters-schneide\/#breadcrumb","itemListElement":[{"@type":"ListItem","position":1,"name":"Accueil","item":"https:\/\/www.landofmemory.eu\/"},{"@type":"ListItem","position":2,"name":"Auf Winters Schneide"}]},{"@type":"WebSite","@id":"https:\/\/www.landofmemory.eu\/#website","url":"https:\/\/www.landofmemory.eu\/","name":"Land Of Memory","description":"L&#039;histoire commence ici","publisher":{"@id":"https:\/\/www.landofmemory.eu\/#organization"},"potentialAction":[{"@type":"SearchAction","target":{"@type":"EntryPoint","urlTemplate":"https:\/\/www.landofmemory.eu\/?s={search_term_string}"},"query-input":{"@type":"PropertyValueSpecification","valueRequired":true,"valueName":"search_term_string"}}],"inLanguage":"nl-NL"},{"@type":"Organization","@id":"https:\/\/www.landofmemory.eu\/#organization","name":"Land Of Memory","url":"https:\/\/www.landofmemory.eu\/","logo":{"@type":"ImageObject","inLanguage":"nl-NL","@id":"https:\/\/www.landofmemory.eu\/#\/schema\/logo\/image\/","url":"https:\/\/www.landofmemory.eu\/wp-content\/uploads\/2022\/10\/logo-land-of-memory.jpg","contentUrl":"https:\/\/www.landofmemory.eu\/wp-content\/uploads\/2022\/10\/logo-land-of-memory.jpg","width":1000,"height":500,"caption":"Land Of Memory"},"image":{"@id":"https:\/\/www.landofmemory.eu\/#\/schema\/logo\/image\/"},"sameAs":["https:\/\/www.facebook.com\/landofmemory.eu","https:\/\/www.instagram.com\/landofmemory_eu\/"]}]}},"_links":{"self":[{"href":"https:\/\/www.landofmemory.eu\/nl\/wp-json\/wp\/v2\/oeuvres\/11354","targetHints":{"allow":["GET"]}}],"collection":[{"href":"https:\/\/www.landofmemory.eu\/nl\/wp-json\/wp\/v2\/oeuvres"}],"about":[{"href":"https:\/\/www.landofmemory.eu\/nl\/wp-json\/wp\/v2\/types\/oeuvres"}],"wp:attachment":[{"href":"https:\/\/www.landofmemory.eu\/nl\/wp-json\/wp\/v2\/media?parent=11354"}],"curies":[{"name":"wp","href":"https:\/\/api.w.org\/{rel}","templated":true}]}}

<p>André Link publiceerde in 2010 <em>Auf Winters Schneide</em>, wat in het Duits &#8220;Aan de rand van de winter&#8221; betekent. De roman gaat over de gebeurtenissen die voorafgaan aan de troonsafstand van groothertogin Marie-Adélaïde in 1919. Nikolaus Welter, Auguste Liesch en de toenmalige Minister van Staat, Emile Reuter, speelden een rol in deze gebeurtenissen.</p>

<!-- This site is optimized with the Yoast SEO plugin v26.0 - https://yoast.com/wordpress/plugins/seo/ -->
<title>Auf Winters Schneide - Land Of Memory</title>
<meta name="description" content="Auf Winters Schneide is een roman van André Link waarin het verhaal van de troonsafstand van groothertogin Marie-Adélaïde in 1919 wordt verteld." />
<meta name="robots" content="index, follow, max-snippet:-1, max-image-preview:large, max-video-preview:-1" />
<link rel="canonical" href="https://www.landofmemory.eu/nl/oeuvres/auf-winters-schneide/" />
<meta property="og:locale" content="nl_NL" />
<meta property="og:type" content="article" />
<meta property="og:title" content="Auf Winters Schneide - Land Of Memory" />
<meta property="og:description" content="Auf Winters Schneide is een roman van André Link waarin het verhaal van de troonsafstand van groothertogin Marie-Adélaïde in 1919 wordt verteld." />
<meta property="og:url" content="https://www.landofmemory.eu/nl/oeuvres/auf-winters-schneide/" />
<meta property="og:site_name" content="Land Of Memory" />
<meta property="article:publisher" content="https://www.facebook.com/landofmemory.eu" />
<meta name="twitter:card" content="summary_large_image" />
<script type="application/ld+json" class="yoast-schema-graph">{"@context":"https://schema.org","@graph":[{"@type":"WebPage","@id":"https://www.landofmemory.eu/nl/oeuvres/auf-winters-schneide/","url":"https://www.landofmemory.eu/nl/oeuvres/auf-winters-schneide/","name":"Auf Winters Schneide - Land Of Memory","isPartOf":{"@id":"https://www.landofmemory.eu/#website"},"datePublished":"2022-09-12T12:57:47+00:00","description":"Auf Winters Schneide is een roman van André Link waarin het verhaal van de troonsafstand van groothertogin Marie-Adélaïde in 1919 wordt verteld.","breadcrumb":{"@id":"https://www.landofmemory.eu/nl/oeuvres/auf-winters-schneide/#breadcrumb"},"inLanguage":"nl-NL","potentialAction":[{"@type":"ReadAction","target":["https://www.landofmemory.eu/nl/oeuvres/auf-winters-schneide/"]}]},{"@type":"BreadcrumbList","@id":"https://www.landofmemory.eu/nl/oeuvres/auf-winters-schneide/#breadcrumb","itemListElement":[{"@type":"ListItem","position":1,"name":"Accueil","item":"https://www.landofmemory.eu/"},{"@type":"ListItem","position":2,"name":"Auf Winters Schneide"}]},{"@type":"WebSite","@id":"https://www.landofmemory.eu/#website","url":"https://www.landofmemory.eu/","name":"Land Of Memory","description":"L&#039;histoire commence ici","publisher":{"@id":"https://www.landofmemory.eu/#organization"},"potentialAction":[{"@type":"SearchAction","target":{"@type":"EntryPoint","urlTemplate":"https://www.landofmemory.eu/?s={search_term_string}"},"query-input":{"@type":"PropertyValueSpecification","valueRequired":true,"valueName":"search_term_string"}}],"inLanguage":"nl-NL"},{"@type":"Organization","@id":"https://www.landofmemory.eu/#organization","name":"Land Of Memory","url":"https://www.landofmemory.eu/","logo":{"@type":"ImageObject","inLanguage":"nl-NL","@id":"https://www.landofmemory.eu/#/schema/logo/image/","url":"https://www.landofmemory.eu/wp-content/uploads/2022/10/logo-land-of-memory.jpg","contentUrl":"https://www.landofmemory.eu/wp-content/uploads/2022/10/logo-land-of-memory.jpg","width":1000,"height":500,"caption":"Land Of Memory"},"image":{"@id":"https://www.landofmemory.eu/#/schema/logo/image/"},"sameAs":["https://www.facebook.com/landofmemory.eu","https://www.instagram.com/landofmemory_eu/"]}]}</script>
<!-- / Yoast SEO plugin. -->

Auf Winters Schneide is een roman van André Link waarin het verhaal van de troonsafstand van groothertogin Marie-Adélaïde in 1919 wordt verteld.
