{"id":6837,"date":"2022-01-10T11:24:36","date_gmt":"2022-01-10T10:24:36","guid":{"rendered":"https:\/\/www.landofmemory.eu\/oeuvres\/wij-allemaal-in-vauquois\/"},"modified":"2022-01-10T11:24:37","modified_gmt":"2022-01-10T10:24:37","slug":"wij-allemaal-in-vauquois","status":"publish","type":"oeuvres","link":"https:\/\/www.landofmemory.eu\/nl\/oeuvres\/wij-allemaal-in-vauquois\/","title":{"rendered":"Wij allemaal in Vauquois"},"content":{"rendered":"\n<p>\u201c<strong>Nous autres \u00e0 Vauquois<\/strong>\u201d (Wij allemaal in Vauquois) is het autobiografische verhaal van Andr\u00e9 P\u00e9zard en zijn kameraden gedurende de jaren die zij doorbrachten in de loopgraven. Hierbij ging hij uit van zijn persoonlijke notitieboekjes en dit geeft deze getuigenis een grote diepgang en schokte ook de literaire kring van ge\u00ebngageerde schrijvers. De heruitgave van 2016 bij Editions de la Table Ronde bevat een brief van de schrijver Jean Norton Cru dat volgend citaat bevat. Deze laatste is auteur van <em>T\u00e9moins: een essay over de analyse en kritiek van de herinneringen van soldaten uitgegeven in het Frans van 1915 tot 1928<\/em>.<\/p>\n","protected":false},"template":"","class_list":["post-6837","oeuvres","type-oeuvres","status-publish","hentry","type_oeuvre-boeken"],"acf":[],"yoast_head":"<!-- This site is optimized with the Yoast SEO plugin v26.0 - https:\/\/yoast.com\/wordpress\/plugins\/seo\/ -->\n<title>Wij allemaal in Vauquois %sepsitename%%<\/title>\n<meta name=\"description\" content=\"Nous autres \u00e0 Vauquois is de autobiografie van Andr\u00e9 P\u00e9zard. Hij vertelt het verhaal van de jaren dat hij vocht in de Grote Oorlog.\" \/>\n<meta name=\"robots\" content=\"index, follow, max-snippet:-1, max-image-preview:large, max-video-preview:-1\" \/>\n<link rel=\"canonical\" href=\"https:\/\/www.landofmemory.eu\/nl\/oeuvres\/wij-allemaal-in-vauquois\/\" \/>\n<meta property=\"og:locale\" content=\"nl_NL\" \/>\n<meta property=\"og:type\" content=\"article\" \/>\n<meta property=\"og:title\" content=\"Wij allemaal in Vauquois %sepsitename%%\" \/>\n<meta property=\"og:description\" content=\"Nous autres \u00e0 Vauquois is de autobiografie van Andr\u00e9 P\u00e9zard. Hij vertelt het verhaal van de jaren dat hij vocht in de Grote Oorlog.\" \/>\n<meta property=\"og:url\" content=\"https:\/\/www.landofmemory.eu\/nl\/oeuvres\/wij-allemaal-in-vauquois\/\" \/>\n<meta property=\"og:site_name\" content=\"Land Of Memory\" \/>\n<meta property=\"article:publisher\" content=\"https:\/\/www.facebook.com\/landofmemory.eu\" \/>\n<meta property=\"article:modified_time\" content=\"2022-01-10T10:24:37+00:00\" \/>\n<meta name=\"twitter:card\" content=\"summary_large_image\" \/>\n<meta name=\"twitter:label1\" content=\"Geschatte leestijd\" \/>\n\t<meta name=\"twitter:data1\" content=\"1 minuut\" \/>\n<script type=\"application\/ld+json\" class=\"yoast-schema-graph\">{\"@context\":\"https:\/\/schema.org\",\"@graph\":[{\"@type\":\"WebPage\",\"@id\":\"https:\/\/www.landofmemory.eu\/nl\/oeuvres\/wij-allemaal-in-vauquois\/\",\"url\":\"https:\/\/www.landofmemory.eu\/nl\/oeuvres\/wij-allemaal-in-vauquois\/\",\"name\":\"Wij allemaal in Vauquois %sepsitename%%\",\"isPartOf\":{\"@id\":\"https:\/\/www.landofmemory.eu\/#website\"},\"datePublished\":\"2022-01-10T10:24:36+00:00\",\"dateModified\":\"2022-01-10T10:24:37+00:00\",\"description\":\"Nous autres \u00e0 Vauquois is de autobiografie van Andr\u00e9 P\u00e9zard. Hij vertelt het verhaal van de jaren dat hij vocht in de Grote Oorlog.\",\"breadcrumb\":{\"@id\":\"https:\/\/www.landofmemory.eu\/nl\/oeuvres\/wij-allemaal-in-vauquois\/#breadcrumb\"},\"inLanguage\":\"nl-NL\",\"potentialAction\":[{\"@type\":\"ReadAction\",\"target\":[\"https:\/\/www.landofmemory.eu\/nl\/oeuvres\/wij-allemaal-in-vauquois\/\"]}]},{\"@type\":\"BreadcrumbList\",\"@id\":\"https:\/\/www.landofmemory.eu\/nl\/oeuvres\/wij-allemaal-in-vauquois\/#breadcrumb\",\"itemListElement\":[{\"@type\":\"ListItem\",\"position\":1,\"name\":\"Accueil\",\"item\":\"https:\/\/www.landofmemory.eu\/\"},{\"@type\":\"ListItem\",\"position\":2,\"name\":\"Wij allemaal in Vauquois\"}]},{\"@type\":\"WebSite\",\"@id\":\"https:\/\/www.landofmemory.eu\/#website\",\"url\":\"https:\/\/www.landofmemory.eu\/\",\"name\":\"Land Of Memory\",\"description\":\"L&#039;histoire commence ici\",\"publisher\":{\"@id\":\"https:\/\/www.landofmemory.eu\/#organization\"},\"potentialAction\":[{\"@type\":\"SearchAction\",\"target\":{\"@type\":\"EntryPoint\",\"urlTemplate\":\"https:\/\/www.landofmemory.eu\/?s={search_term_string}\"},\"query-input\":{\"@type\":\"PropertyValueSpecification\",\"valueRequired\":true,\"valueName\":\"search_term_string\"}}],\"inLanguage\":\"nl-NL\"},{\"@type\":\"Organization\",\"@id\":\"https:\/\/www.landofmemory.eu\/#organization\",\"name\":\"Land Of Memory\",\"url\":\"https:\/\/www.landofmemory.eu\/\",\"logo\":{\"@type\":\"ImageObject\",\"inLanguage\":\"nl-NL\",\"@id\":\"https:\/\/www.landofmemory.eu\/#\/schema\/logo\/image\/\",\"url\":\"https:\/\/www.landofmemory.eu\/wp-content\/uploads\/2022\/10\/logo-land-of-memory.jpg\",\"contentUrl\":\"https:\/\/www.landofmemory.eu\/wp-content\/uploads\/2022\/10\/logo-land-of-memory.jpg\",\"width\":1000,\"height\":500,\"caption\":\"Land Of Memory\"},\"image\":{\"@id\":\"https:\/\/www.landofmemory.eu\/#\/schema\/logo\/image\/\"},\"sameAs\":[\"https:\/\/www.facebook.com\/landofmemory.eu\",\"https:\/\/www.instagram.com\/landofmemory_eu\/\"]}]}<\/script>\n<!-- \/ Yoast SEO plugin. -->","yoast_head_json":{"title":"Wij allemaal in Vauquois %sepsitename%%","description":"Nous autres \u00e0 Vauquois is de autobiografie van Andr\u00e9 P\u00e9zard. Hij vertelt het verhaal van de jaren dat hij vocht in de Grote Oorlog.","robots":{"index":"index","follow":"follow","max-snippet":"max-snippet:-1","max-image-preview":"max-image-preview:large","max-video-preview":"max-video-preview:-1"},"canonical":"https:\/\/www.landofmemory.eu\/nl\/oeuvres\/wij-allemaal-in-vauquois\/","og_locale":"nl_NL","og_type":"article","og_title":"Wij allemaal in Vauquois %sepsitename%%","og_description":"Nous autres \u00e0 Vauquois is de autobiografie van Andr\u00e9 P\u00e9zard. Hij vertelt het verhaal van de jaren dat hij vocht in de Grote Oorlog.","og_url":"https:\/\/www.landofmemory.eu\/nl\/oeuvres\/wij-allemaal-in-vauquois\/","og_site_name":"Land Of Memory","article_publisher":"https:\/\/www.facebook.com\/landofmemory.eu","article_modified_time":"2022-01-10T10:24:37+00:00","twitter_card":"summary_large_image","twitter_misc":{"Geschatte leestijd":"1 minuut"},"schema":{"@context":"https:\/\/schema.org","@graph":[{"@type":"WebPage","@id":"https:\/\/www.landofmemory.eu\/nl\/oeuvres\/wij-allemaal-in-vauquois\/","url":"https:\/\/www.landofmemory.eu\/nl\/oeuvres\/wij-allemaal-in-vauquois\/","name":"Wij allemaal in Vauquois %sepsitename%%","isPartOf":{"@id":"https:\/\/www.landofmemory.eu\/#website"},"datePublished":"2022-01-10T10:24:36+00:00","dateModified":"2022-01-10T10:24:37+00:00","description":"Nous autres \u00e0 Vauquois is de autobiografie van Andr\u00e9 P\u00e9zard. Hij vertelt het verhaal van de jaren dat hij vocht in de Grote Oorlog.","breadcrumb":{"@id":"https:\/\/www.landofmemory.eu\/nl\/oeuvres\/wij-allemaal-in-vauquois\/#breadcrumb"},"inLanguage":"nl-NL","potentialAction":[{"@type":"ReadAction","target":["https:\/\/www.landofmemory.eu\/nl\/oeuvres\/wij-allemaal-in-vauquois\/"]}]},{"@type":"BreadcrumbList","@id":"https:\/\/www.landofmemory.eu\/nl\/oeuvres\/wij-allemaal-in-vauquois\/#breadcrumb","itemListElement":[{"@type":"ListItem","position":1,"name":"Accueil","item":"https:\/\/www.landofmemory.eu\/"},{"@type":"ListItem","position":2,"name":"Wij allemaal in Vauquois"}]},{"@type":"WebSite","@id":"https:\/\/www.landofmemory.eu\/#website","url":"https:\/\/www.landofmemory.eu\/","name":"Land Of Memory","description":"L&#039;histoire commence ici","publisher":{"@id":"https:\/\/www.landofmemory.eu\/#organization"},"potentialAction":[{"@type":"SearchAction","target":{"@type":"EntryPoint","urlTemplate":"https:\/\/www.landofmemory.eu\/?s={search_term_string}"},"query-input":{"@type":"PropertyValueSpecification","valueRequired":true,"valueName":"search_term_string"}}],"inLanguage":"nl-NL"},{"@type":"Organization","@id":"https:\/\/www.landofmemory.eu\/#organization","name":"Land Of Memory","url":"https:\/\/www.landofmemory.eu\/","logo":{"@type":"ImageObject","inLanguage":"nl-NL","@id":"https:\/\/www.landofmemory.eu\/#\/schema\/logo\/image\/","url":"https:\/\/www.landofmemory.eu\/wp-content\/uploads\/2022\/10\/logo-land-of-memory.jpg","contentUrl":"https:\/\/www.landofmemory.eu\/wp-content\/uploads\/2022\/10\/logo-land-of-memory.jpg","width":1000,"height":500,"caption":"Land Of Memory"},"image":{"@id":"https:\/\/www.landofmemory.eu\/#\/schema\/logo\/image\/"},"sameAs":["https:\/\/www.facebook.com\/landofmemory.eu","https:\/\/www.instagram.com\/landofmemory_eu\/"]}]}},"_links":{"self":[{"href":"https:\/\/www.landofmemory.eu\/nl\/wp-json\/wp\/v2\/oeuvres\/6837","targetHints":{"allow":["GET"]}}],"collection":[{"href":"https:\/\/www.landofmemory.eu\/nl\/wp-json\/wp\/v2\/oeuvres"}],"about":[{"href":"https:\/\/www.landofmemory.eu\/nl\/wp-json\/wp\/v2\/types\/oeuvres"}],"wp:attachment":[{"href":"https:\/\/www.landofmemory.eu\/nl\/wp-json\/wp\/v2\/media?parent=6837"}],"curies":[{"name":"wp","href":"https:\/\/api.w.org\/{rel}","templated":true}]}}

<p>“<strong>Nous autres à Vauquois</strong>” (Wij allemaal in Vauquois) is het autobiografische verhaal van André Pézard en zijn kameraden gedurende de jaren die zij doorbrachten in de loopgraven. Hierbij ging hij uit van zijn persoonlijke notitieboekjes en dit geeft deze getuigenis een grote diepgang en schokte ook de literaire kring van geëngageerde schrijvers. De heruitgave van 2016 bij Editions de la Table Ronde bevat een brief van de schrijver Jean Norton Cru dat volgend citaat bevat. Deze laatste is auteur van <em>Témoins: een essay over de analyse en kritiek van de herinneringen van soldaten uitgegeven in het Frans van 1915 tot 1928</em>.</p>

<!-- This site is optimized with the Yoast SEO plugin v26.0 - https://yoast.com/wordpress/plugins/seo/ -->
<title>Wij allemaal in Vauquois %sepsitename%%</title>
<meta name="description" content="Nous autres à Vauquois is de autobiografie van André Pézard. Hij vertelt het verhaal van de jaren dat hij vocht in de Grote Oorlog." />
<meta name="robots" content="index, follow, max-snippet:-1, max-image-preview:large, max-video-preview:-1" />
<link rel="canonical" href="https://www.landofmemory.eu/nl/oeuvres/wij-allemaal-in-vauquois/" />
<meta property="og:locale" content="nl_NL" />
<meta property="og:type" content="article" />
<meta property="og:title" content="Wij allemaal in Vauquois %sepsitename%%" />
<meta property="og:description" content="Nous autres à Vauquois is de autobiografie van André Pézard. Hij vertelt het verhaal van de jaren dat hij vocht in de Grote Oorlog." />
<meta property="og:url" content="https://www.landofmemory.eu/nl/oeuvres/wij-allemaal-in-vauquois/" />
<meta property="og:site_name" content="Land Of Memory" />
<meta property="article:publisher" content="https://www.facebook.com/landofmemory.eu" />
<meta property="article:modified_time" content="2022-01-10T10:24:37+00:00" />
<meta name="twitter:card" content="summary_large_image" />
<meta name="twitter:label1" content="Geschatte leestijd" />
	<meta name="twitter:data1" content="1 minuut" />
<script type="application/ld+json" class="yoast-schema-graph">{"@context":"https://schema.org","@graph":[{"@type":"WebPage","@id":"https://www.landofmemory.eu/nl/oeuvres/wij-allemaal-in-vauquois/","url":"https://www.landofmemory.eu/nl/oeuvres/wij-allemaal-in-vauquois/","name":"Wij allemaal in Vauquois %sepsitename%%","isPartOf":{"@id":"https://www.landofmemory.eu/#website"},"datePublished":"2022-01-10T10:24:36+00:00","dateModified":"2022-01-10T10:24:37+00:00","description":"Nous autres à Vauquois is de autobiografie van André Pézard. Hij vertelt het verhaal van de jaren dat hij vocht in de Grote Oorlog.","breadcrumb":{"@id":"https://www.landofmemory.eu/nl/oeuvres/wij-allemaal-in-vauquois/#breadcrumb"},"inLanguage":"nl-NL","potentialAction":[{"@type":"ReadAction","target":["https://www.landofmemory.eu/nl/oeuvres/wij-allemaal-in-vauquois/"]}]},{"@type":"BreadcrumbList","@id":"https://www.landofmemory.eu/nl/oeuvres/wij-allemaal-in-vauquois/#breadcrumb","itemListElement":[{"@type":"ListItem","position":1,"name":"Accueil","item":"https://www.landofmemory.eu/"},{"@type":"ListItem","position":2,"name":"Wij allemaal in Vauquois"}]},{"@type":"WebSite","@id":"https://www.landofmemory.eu/#website","url":"https://www.landofmemory.eu/","name":"Land Of Memory","description":"L&#039;histoire commence ici","publisher":{"@id":"https://www.landofmemory.eu/#organization"},"potentialAction":[{"@type":"SearchAction","target":{"@type":"EntryPoint","urlTemplate":"https://www.landofmemory.eu/?s={search_term_string}"},"query-input":{"@type":"PropertyValueSpecification","valueRequired":true,"valueName":"search_term_string"}}],"inLanguage":"nl-NL"},{"@type":"Organization","@id":"https://www.landofmemory.eu/#organization","name":"Land Of Memory","url":"https://www.landofmemory.eu/","logo":{"@type":"ImageObject","inLanguage":"nl-NL","@id":"https://www.landofmemory.eu/#/schema/logo/image/","url":"https://www.landofmemory.eu/wp-content/uploads/2022/10/logo-land-of-memory.jpg","contentUrl":"https://www.landofmemory.eu/wp-content/uploads/2022/10/logo-land-of-memory.jpg","width":1000,"height":500,"caption":"Land Of Memory"},"image":{"@id":"https://www.landofmemory.eu/#/schema/logo/image/"},"sameAs":["https://www.facebook.com/landofmemory.eu","https://www.instagram.com/landofmemory_eu/"]}]}</script>
<!-- / Yoast SEO plugin. -->

Nous autres à Vauquois is de autobiografie van André Pézard. Hij vertelt het verhaal van de jaren dat hij vocht in de Grote Oorlog.
