{"id":4175,"date":"2021-10-06T15:17:17","date_gmt":"2021-10-06T13:17:17","guid":{"rendered":"https:\/\/www.landofmemory.eu\/sites-historiques\/regionaal-museum-voor-archeologie-en-geschiednis"},"modified":"2022-08-03T10:08:04","modified_gmt":"2022-08-03T08:08:04","slug":"regionaal-museum-voor-archeologie-en-geschiednis","status":"publish","type":"sites-historiques","link":"https:\/\/www.landofmemory.eu\/nl\/sites-historiques\/regionaal-museum-voor-archeologie-en-geschiednis\/","title":{"rendered":"Regionaal Museum voor Archeologie en Geschiednis"},"content":{"rendered":"\n<h2 class=\"wp-block-heading\">Een getuigenis van de geschiedenis van Vis\u00e9<\/h2>\n\n<p>Het Mus\u00e9e r\u00e9gional d\u2019Arch\u00e9ologie et d\u2019Histoire is een voormalig klooster van Sepulcrines. Het werd na de oorlog van 14-18 heropgebouwd in Renaissance stijl van de Maas.&#13;\n<\/p>\n\n<p>Vandaag is het meer een algemeen museum met verzamelingen die verband houden met het erfgoed van de Luikse Beneden-Maas. Het richt zich meerbepaald op de geschiedenis van Vis\u00e9, de vooruitgang op het vlak van architectuur, het dagelijkse leven en de knowhow, enz. Tijdens het eerste wereldconflict, werd Vis\u00e9 zwaar getroffen en wordt deze stad voorgesteld als de eerste slachtofferstad van de Grote oorlog. In het museum wordt aan deze periode bijzondere aandacht geschonken. Meerdere voorwerpen getuigen van sleutelmomenten. De komst van de Duitsers en hun bezetting, het dagelijkse leven tijdens WO I, het leven in de loopgraven, de brand van de eerste slachtofferstad, de bevrijding in 1944 van de streek door de Amerikaanse troepen van de 30ste divisie\u2026<\/p>\n\n<h2 class=\"wp-block-heading\">De geschiedenis ontdekken via parcours<\/h2>\n\n<p>De Soci\u00e9t\u00e9 Royale Arch\u00e9o-Historique de Vis\u00e9 heeft een parcours voor groepen samengesteld met de titel: \u201c14-18: de Grote oorlog ontdekken ten noorden van Luik\u201d. Hier wordt het verhaal verteld van de tragedie in Vis\u00e9 op 4 augustus 1914 tot de heropbouw van de stad. Dit herdenkingsparcours vangt aan met de komst van de Duitse troepen, de weerstand van de Belgische soldaten alsook het dagelijkse leven in Vis\u00e9 gedurende de vier oorlogsjaren.&#13;\n<\/p>\n\n<p>Het gaat om een omloop van 120 km, in autobus, met stopplaatsen en bezoek evenals het bekijken van een documentaire. Van de meest symbolische plaatsen, is er het kerkhof van Rabos\u00e9e, waar, in de nabijheid, 500 Belgische soldaten weerstand geboden hebben aan de aanval van twee Duitse regimenten van 6000 mannen, tijdens de nacht van 5 op 6 augustus. Het Fort van Barchon, \u00e9\u00e9n van de twaalf forten gebouwd door Generaal brialmont in de omgeving van Luik, volgt. Op 8 augustus 1914 is dit het eerste fort dat valt door de aanvallen van de Duitsers. En om te eindigen, het Fort van Loncin, dat viel op 15 augustus 1914, door een ontploffing van \u00e9\u00e9n van de twee poedermagazijnen en waarbij 250 soldaten onder het fort bedolven werden.<\/p>\n\n<p>Het museum stelt eveneens een herdenkingsparcours voor bedoeld om alleen, in gezinsverband of in groep te doen. Een parcours dat te voet gedaan wordt dankzij de 18 borden die geplaatst zijn in het centrum van Vis\u00e9. Tijdens deze omloop, verhalen fictieve getuigenissen de geschiedenis van Vis\u00e9: de brand, de Duitse bezetting, de deportatie, de naoorlogse periode en de heropbouw van de stad\u2026. Om zich beter te kunnen inleven in wat er echt gebeurd is in dit dorpje aan de Maas.&#13;\n<\/p>\n\n<p>Klaar voor deze beleving?<\/p>\n","protected":false},"template":"","type_site":[55],"class_list":["post-4175","sites-historiques","type-sites-historiques","status-publish","hentry","type_site-musea-en-tentoonstellingen"],"acf":[],"yoast_head":"<!-- This site is optimized with the Yoast SEO plugin v26.0 - https:\/\/yoast.com\/wordpress\/plugins\/seo\/ -->\n<title>Stad van Vis\u00e9: Regionaal Museum voor Archeologie en Geschiednis<\/title>\n<meta name=\"description\" content=\"Het Mus\u00e9e r\u00e9gional d\u2019Arch\u00e9ologie et d\u2019Histoire vertelt de geschiedenis van de wereldoorlogen en van Vis\u00e9, de eerste slachtofferstad van de Grote Oorlog.\" \/>\n<meta name=\"robots\" content=\"index, follow, max-snippet:-1, max-image-preview:large, max-video-preview:-1\" \/>\n<link rel=\"canonical\" href=\"https:\/\/www.landofmemory.eu\/nl\/sites-historiques\/regionaal-museum-voor-archeologie-en-geschiednis\/\" \/>\n<meta property=\"og:locale\" content=\"nl_NL\" \/>\n<meta property=\"og:type\" content=\"article\" \/>\n<meta property=\"og:title\" content=\"Stad van Vis\u00e9: Regionaal Museum voor Archeologie en Geschiednis\" \/>\n<meta property=\"og:description\" content=\"Het Mus\u00e9e r\u00e9gional d\u2019Arch\u00e9ologie et d\u2019Histoire vertelt de geschiedenis van de wereldoorlogen en van Vis\u00e9, de eerste slachtofferstad van de Grote Oorlog.\" \/>\n<meta property=\"og:url\" content=\"https:\/\/www.landofmemory.eu\/nl\/sites-historiques\/regionaal-museum-voor-archeologie-en-geschiednis\/\" \/>\n<meta property=\"og:site_name\" content=\"Land Of Memory\" \/>\n<meta property=\"article:publisher\" content=\"https:\/\/www.facebook.com\/landofmemory.eu\" \/>\n<meta property=\"article:modified_time\" content=\"2022-08-03T08:08:04+00:00\" \/>\n<meta name=\"twitter:card\" content=\"summary_large_image\" \/>\n<meta name=\"twitter:label1\" content=\"Geschatte leestijd\" \/>\n\t<meta name=\"twitter:data1\" content=\"2 minuten\" \/>\n<script type=\"application\/ld+json\" class=\"yoast-schema-graph\">{\"@context\":\"https:\/\/schema.org\",\"@graph\":[{\"@type\":\"WebPage\",\"@id\":\"https:\/\/www.landofmemory.eu\/nl\/sites-historiques\/regionaal-museum-voor-archeologie-en-geschiednis\/\",\"url\":\"https:\/\/www.landofmemory.eu\/nl\/sites-historiques\/regionaal-museum-voor-archeologie-en-geschiednis\/\",\"name\":\"Stad van Vis\u00e9: Regionaal Museum voor Archeologie en Geschiednis\",\"isPartOf\":{\"@id\":\"https:\/\/www.landofmemory.eu\/#website\"},\"datePublished\":\"2021-10-06T13:17:17+00:00\",\"dateModified\":\"2022-08-03T08:08:04+00:00\",\"description\":\"Het Mus\u00e9e r\u00e9gional d\u2019Arch\u00e9ologie et d\u2019Histoire vertelt de geschiedenis van de wereldoorlogen en van Vis\u00e9, de eerste slachtofferstad van de Grote Oorlog.\",\"breadcrumb\":{\"@id\":\"https:\/\/www.landofmemory.eu\/nl\/sites-historiques\/regionaal-museum-voor-archeologie-en-geschiednis\/#breadcrumb\"},\"inLanguage\":\"nl-NL\",\"potentialAction\":[{\"@type\":\"ReadAction\",\"target\":[\"https:\/\/www.landofmemory.eu\/nl\/sites-historiques\/regionaal-museum-voor-archeologie-en-geschiednis\/\"]}]},{\"@type\":\"BreadcrumbList\",\"@id\":\"https:\/\/www.landofmemory.eu\/nl\/sites-historiques\/regionaal-museum-voor-archeologie-en-geschiednis\/#breadcrumb\",\"itemListElement\":[{\"@type\":\"ListItem\",\"position\":1,\"name\":\"Accueil\",\"item\":\"https:\/\/www.landofmemory.eu\/\"},{\"@type\":\"ListItem\",\"position\":2,\"name\":\"Regionaal Museum voor Archeologie en Geschiednis\"}]},{\"@type\":\"WebSite\",\"@id\":\"https:\/\/www.landofmemory.eu\/#website\",\"url\":\"https:\/\/www.landofmemory.eu\/\",\"name\":\"Land Of Memory\",\"description\":\"L&#039;histoire commence ici\",\"publisher\":{\"@id\":\"https:\/\/www.landofmemory.eu\/#organization\"},\"potentialAction\":[{\"@type\":\"SearchAction\",\"target\":{\"@type\":\"EntryPoint\",\"urlTemplate\":\"https:\/\/www.landofmemory.eu\/?s={search_term_string}\"},\"query-input\":{\"@type\":\"PropertyValueSpecification\",\"valueRequired\":true,\"valueName\":\"search_term_string\"}}],\"inLanguage\":\"nl-NL\"},{\"@type\":\"Organization\",\"@id\":\"https:\/\/www.landofmemory.eu\/#organization\",\"name\":\"Land Of Memory\",\"url\":\"https:\/\/www.landofmemory.eu\/\",\"logo\":{\"@type\":\"ImageObject\",\"inLanguage\":\"nl-NL\",\"@id\":\"https:\/\/www.landofmemory.eu\/#\/schema\/logo\/image\/\",\"url\":\"https:\/\/www.landofmemory.eu\/wp-content\/uploads\/2022\/10\/logo-land-of-memory.jpg\",\"contentUrl\":\"https:\/\/www.landofmemory.eu\/wp-content\/uploads\/2022\/10\/logo-land-of-memory.jpg\",\"width\":1000,\"height\":500,\"caption\":\"Land Of Memory\"},\"image\":{\"@id\":\"https:\/\/www.landofmemory.eu\/#\/schema\/logo\/image\/\"},\"sameAs\":[\"https:\/\/www.facebook.com\/landofmemory.eu\",\"https:\/\/www.instagram.com\/landofmemory_eu\/\"]}]}<\/script>\n<!-- \/ Yoast SEO plugin. -->","yoast_head_json":{"title":"Stad van Vis\u00e9: Regionaal Museum voor Archeologie en Geschiednis","description":"Het Mus\u00e9e r\u00e9gional d\u2019Arch\u00e9ologie et d\u2019Histoire vertelt de geschiedenis van de wereldoorlogen en van Vis\u00e9, de eerste slachtofferstad van de Grote Oorlog.","robots":{"index":"index","follow":"follow","max-snippet":"max-snippet:-1","max-image-preview":"max-image-preview:large","max-video-preview":"max-video-preview:-1"},"canonical":"https:\/\/www.landofmemory.eu\/nl\/sites-historiques\/regionaal-museum-voor-archeologie-en-geschiednis\/","og_locale":"nl_NL","og_type":"article","og_title":"Stad van Vis\u00e9: Regionaal Museum voor Archeologie en Geschiednis","og_description":"Het Mus\u00e9e r\u00e9gional d\u2019Arch\u00e9ologie et d\u2019Histoire vertelt de geschiedenis van de wereldoorlogen en van Vis\u00e9, de eerste slachtofferstad van de Grote Oorlog.","og_url":"https:\/\/www.landofmemory.eu\/nl\/sites-historiques\/regionaal-museum-voor-archeologie-en-geschiednis\/","og_site_name":"Land Of Memory","article_publisher":"https:\/\/www.facebook.com\/landofmemory.eu","article_modified_time":"2022-08-03T08:08:04+00:00","twitter_card":"summary_large_image","twitter_misc":{"Geschatte leestijd":"2 minuten"},"schema":{"@context":"https:\/\/schema.org","@graph":[{"@type":"WebPage","@id":"https:\/\/www.landofmemory.eu\/nl\/sites-historiques\/regionaal-museum-voor-archeologie-en-geschiednis\/","url":"https:\/\/www.landofmemory.eu\/nl\/sites-historiques\/regionaal-museum-voor-archeologie-en-geschiednis\/","name":"Stad van Vis\u00e9: Regionaal Museum voor Archeologie en Geschiednis","isPartOf":{"@id":"https:\/\/www.landofmemory.eu\/#website"},"datePublished":"2021-10-06T13:17:17+00:00","dateModified":"2022-08-03T08:08:04+00:00","description":"Het Mus\u00e9e r\u00e9gional d\u2019Arch\u00e9ologie et d\u2019Histoire vertelt de geschiedenis van de wereldoorlogen en van Vis\u00e9, de eerste slachtofferstad van de Grote Oorlog.","breadcrumb":{"@id":"https:\/\/www.landofmemory.eu\/nl\/sites-historiques\/regionaal-museum-voor-archeologie-en-geschiednis\/#breadcrumb"},"inLanguage":"nl-NL","potentialAction":[{"@type":"ReadAction","target":["https:\/\/www.landofmemory.eu\/nl\/sites-historiques\/regionaal-museum-voor-archeologie-en-geschiednis\/"]}]},{"@type":"BreadcrumbList","@id":"https:\/\/www.landofmemory.eu\/nl\/sites-historiques\/regionaal-museum-voor-archeologie-en-geschiednis\/#breadcrumb","itemListElement":[{"@type":"ListItem","position":1,"name":"Accueil","item":"https:\/\/www.landofmemory.eu\/"},{"@type":"ListItem","position":2,"name":"Regionaal Museum voor Archeologie en Geschiednis"}]},{"@type":"WebSite","@id":"https:\/\/www.landofmemory.eu\/#website","url":"https:\/\/www.landofmemory.eu\/","name":"Land Of Memory","description":"L&#039;histoire commence ici","publisher":{"@id":"https:\/\/www.landofmemory.eu\/#organization"},"potentialAction":[{"@type":"SearchAction","target":{"@type":"EntryPoint","urlTemplate":"https:\/\/www.landofmemory.eu\/?s={search_term_string}"},"query-input":{"@type":"PropertyValueSpecification","valueRequired":true,"valueName":"search_term_string"}}],"inLanguage":"nl-NL"},{"@type":"Organization","@id":"https:\/\/www.landofmemory.eu\/#organization","name":"Land Of Memory","url":"https:\/\/www.landofmemory.eu\/","logo":{"@type":"ImageObject","inLanguage":"nl-NL","@id":"https:\/\/www.landofmemory.eu\/#\/schema\/logo\/image\/","url":"https:\/\/www.landofmemory.eu\/wp-content\/uploads\/2022\/10\/logo-land-of-memory.jpg","contentUrl":"https:\/\/www.landofmemory.eu\/wp-content\/uploads\/2022\/10\/logo-land-of-memory.jpg","width":1000,"height":500,"caption":"Land Of Memory"},"image":{"@id":"https:\/\/www.landofmemory.eu\/#\/schema\/logo\/image\/"},"sameAs":["https:\/\/www.facebook.com\/landofmemory.eu","https:\/\/www.instagram.com\/landofmemory_eu\/"]}]}},"_links":{"self":[{"href":"https:\/\/www.landofmemory.eu\/nl\/wp-json\/wp\/v2\/sites-historiques\/4175","targetHints":{"allow":["GET"]}}],"collection":[{"href":"https:\/\/www.landofmemory.eu\/nl\/wp-json\/wp\/v2\/sites-historiques"}],"about":[{"href":"https:\/\/www.landofmemory.eu\/nl\/wp-json\/wp\/v2\/types\/sites-historiques"}],"wp:attachment":[{"href":"https:\/\/www.landofmemory.eu\/nl\/wp-json\/wp\/v2\/media?parent=4175"}],"wp:term":[{"taxonomy":"type_site","embeddable":true,"href":"https:\/\/www.landofmemory.eu\/nl\/wp-json\/wp\/v2\/type_site?post=4175"}],"curies":[{"name":"wp","href":"https:\/\/api.w.org\/{rel}","templated":true}]}}

<h2 class="wp-block-heading">Een getuigenis van de geschiedenis van Visé</h2>

<p>Het Musée régional d’Archéologie et d’Histoire is een voormalig klooster van Sepulcrines. Het werd na de oorlog van 14-18 heropgebouwd in Renaissance stijl van de Maas.&#13;
</p>

<p>Vandaag is het meer een algemeen museum met verzamelingen die verband houden met het erfgoed van de Luikse Beneden-Maas. Het richt zich meerbepaald op de geschiedenis van Visé, de vooruitgang op het vlak van architectuur, het dagelijkse leven en de knowhow, enz. Tijdens het eerste wereldconflict, werd Visé zwaar getroffen en wordt deze stad voorgesteld als de eerste slachtofferstad van de Grote oorlog. In het museum wordt aan deze periode bijzondere aandacht geschonken. Meerdere voorwerpen getuigen van sleutelmomenten. De komst van de Duitsers en hun bezetting, het dagelijkse leven tijdens WO I, het leven in de loopgraven, de brand van de eerste slachtofferstad, de bevrijding in 1944 van de streek door de Amerikaanse troepen van de 30ste divisie…</p>

<h2 class="wp-block-heading">De geschiedenis ontdekken via parcours</h2>

<p>De Société Royale Archéo-Historique de Visé heeft een parcours voor groepen samengesteld met de titel: “14-18: de Grote oorlog ontdekken ten noorden van Luik”. Hier wordt het verhaal verteld van de tragedie in Visé op 4 augustus 1914 tot de heropbouw van de stad. Dit herdenkingsparcours vangt aan met de komst van de Duitse troepen, de weerstand van de Belgische soldaten alsook het dagelijkse leven in Visé gedurende de vier oorlogsjaren.&#13;
</p>

<p>Het gaat om een omloop van 120 km, in autobus, met stopplaatsen en bezoek evenals het bekijken van een documentaire. Van de meest symbolische plaatsen, is er het kerkhof van Rabosée, waar, in de nabijheid, 500 Belgische soldaten weerstand geboden hebben aan de aanval van twee Duitse regimenten van 6000 mannen, tijdens de nacht van 5 op 6 augustus. Het Fort van Barchon, één van de twaalf forten gebouwd door Generaal brialmont in de omgeving van Luik, volgt. Op 8 augustus 1914 is dit het eerste fort dat valt door de aanvallen van de Duitsers. En om te eindigen, het Fort van Loncin, dat viel op 15 augustus 1914, door een ontploffing van één van de twee poedermagazijnen en waarbij 250 soldaten onder het fort bedolven werden.</p>

<p>Het museum stelt eveneens een herdenkingsparcours voor bedoeld om alleen, in gezinsverband of in groep te doen. Een parcours dat te voet gedaan wordt dankzij de 18 borden die geplaatst zijn in het centrum van Visé. Tijdens deze omloop, verhalen fictieve getuigenissen de geschiedenis van Visé: de brand, de Duitse bezetting, de deportatie, de naoorlogse periode en de heropbouw van de stad…. Om zich beter te kunnen inleven in wat er echt gebeurd is in dit dorpje aan de Maas.&#13;
</p>

<p>Klaar voor deze beleving?</p>

<!-- This site is optimized with the Yoast SEO plugin v26.0 - https://yoast.com/wordpress/plugins/seo/ -->
<title>Stad van Visé: Regionaal Museum voor Archeologie en Geschiednis</title>
<meta name="description" content="Het Musée régional d’Archéologie et d’Histoire vertelt de geschiedenis van de wereldoorlogen en van Visé, de eerste slachtofferstad van de Grote Oorlog." />
<meta name="robots" content="index, follow, max-snippet:-1, max-image-preview:large, max-video-preview:-1" />
<link rel="canonical" href="https://www.landofmemory.eu/nl/sites-historiques/regionaal-museum-voor-archeologie-en-geschiednis/" />
<meta property="og:locale" content="nl_NL" />
<meta property="og:type" content="article" />
<meta property="og:title" content="Stad van Visé: Regionaal Museum voor Archeologie en Geschiednis" />
<meta property="og:description" content="Het Musée régional d’Archéologie et d’Histoire vertelt de geschiedenis van de wereldoorlogen en van Visé, de eerste slachtofferstad van de Grote Oorlog." />
<meta property="og:url" content="https://www.landofmemory.eu/nl/sites-historiques/regionaal-museum-voor-archeologie-en-geschiednis/" />
<meta property="og:site_name" content="Land Of Memory" />
<meta property="article:publisher" content="https://www.facebook.com/landofmemory.eu" />
<meta property="article:modified_time" content="2022-08-03T08:08:04+00:00" />
<meta name="twitter:card" content="summary_large_image" />
<meta name="twitter:label1" content="Geschatte leestijd" />
	<meta name="twitter:data1" content="2 minuten" />
<script type="application/ld+json" class="yoast-schema-graph">{"@context":"https://schema.org","@graph":[{"@type":"WebPage","@id":"https://www.landofmemory.eu/nl/sites-historiques/regionaal-museum-voor-archeologie-en-geschiednis/","url":"https://www.landofmemory.eu/nl/sites-historiques/regionaal-museum-voor-archeologie-en-geschiednis/","name":"Stad van Visé: Regionaal Museum voor Archeologie en Geschiednis","isPartOf":{"@id":"https://www.landofmemory.eu/#website"},"datePublished":"2021-10-06T13:17:17+00:00","dateModified":"2022-08-03T08:08:04+00:00","description":"Het Musée régional d’Archéologie et d’Histoire vertelt de geschiedenis van de wereldoorlogen en van Visé, de eerste slachtofferstad van de Grote Oorlog.","breadcrumb":{"@id":"https://www.landofmemory.eu/nl/sites-historiques/regionaal-museum-voor-archeologie-en-geschiednis/#breadcrumb"},"inLanguage":"nl-NL","potentialAction":[{"@type":"ReadAction","target":["https://www.landofmemory.eu/nl/sites-historiques/regionaal-museum-voor-archeologie-en-geschiednis/"]}]},{"@type":"BreadcrumbList","@id":"https://www.landofmemory.eu/nl/sites-historiques/regionaal-museum-voor-archeologie-en-geschiednis/#breadcrumb","itemListElement":[{"@type":"ListItem","position":1,"name":"Accueil","item":"https://www.landofmemory.eu/"},{"@type":"ListItem","position":2,"name":"Regionaal Museum voor Archeologie en Geschiednis"}]},{"@type":"WebSite","@id":"https://www.landofmemory.eu/#website","url":"https://www.landofmemory.eu/","name":"Land Of Memory","description":"L&#039;histoire commence ici","publisher":{"@id":"https://www.landofmemory.eu/#organization"},"potentialAction":[{"@type":"SearchAction","target":{"@type":"EntryPoint","urlTemplate":"https://www.landofmemory.eu/?s={search_term_string}"},"query-input":{"@type":"PropertyValueSpecification","valueRequired":true,"valueName":"search_term_string"}}],"inLanguage":"nl-NL"},{"@type":"Organization","@id":"https://www.landofmemory.eu/#organization","name":"Land Of Memory","url":"https://www.landofmemory.eu/","logo":{"@type":"ImageObject","inLanguage":"nl-NL","@id":"https://www.landofmemory.eu/#/schema/logo/image/","url":"https://www.landofmemory.eu/wp-content/uploads/2022/10/logo-land-of-memory.jpg","contentUrl":"https://www.landofmemory.eu/wp-content/uploads/2022/10/logo-land-of-memory.jpg","width":1000,"height":500,"caption":"Land Of Memory"},"image":{"@id":"https://www.landofmemory.eu/#/schema/logo/image/"},"sameAs":["https://www.facebook.com/landofmemory.eu","https://www.instagram.com/landofmemory_eu/"]}]}</script>
<!-- / Yoast SEO plugin. -->

Stad van Visé: Regionaal Museum voor Archeologie en Geschiednis

Het Musée régional d’Archéologie et d’Histoire vertelt de geschiedenis van de wereldoorlogen en van Visé, de eerste slachtofferstad van de Grote Oorlog.
