{"id":4959,"date":"2021-10-21T12:09:44","date_gmt":"2021-10-21T10:09:44","guid":{"rendered":"https:\/\/www.landofmemory.eu\/sites-historiques\/de-stad-verdun\/"},"modified":"2022-01-14T16:03:00","modified_gmt":"2022-01-14T15:03:00","slug":"de-stad-verdun","status":"publish","type":"sites-historiques","link":"https:\/\/www.landofmemory.eu\/nl\/sites-historiques\/de-stad-verdun\/","title":{"rendered":"De Stad Verdun"},"content":{"rendered":"\n<h2 class=\"wp-block-heading\"><strong>Een herdenkingsplaats<\/strong><\/h2>\n\n<div style=\"height:100px\" aria-hidden=\"true\" class=\"wp-block-spacer\"><\/div>\n\n<div class=\"wp-block-columns is-layout-flex wp-container-core-columns-is-layout-9d6595d7 wp-block-columns-is-layout-flex\">\n<div class=\"wp-block-column is-vertically-aligned-center is-layout-flow wp-block-column-is-layout-flow\">\n<figure class=\"wp-block-image size-medium is-resized\"><img loading=\"lazy\" decoding=\"async\" src=\"https:\/\/www.landofmemory.eu\/wp-content\/uploads\/2021\/10\/Verdun_Denis_Bdts1-min-300x200.jpg\" alt=\"Zicht op de stad Verdun.\" class=\"wp-image-4222\" width=\"432\" height=\"288\" srcset=\"https:\/\/www.landofmemory.eu\/wp-content\/uploads\/2021\/10\/Verdun_Denis_Bdts1-min-300x200.jpg 300w, https:\/\/www.landofmemory.eu\/wp-content\/uploads\/2021\/10\/Verdun_Denis_Bdts1-min-1024x684.jpg 1024w, https:\/\/www.landofmemory.eu\/wp-content\/uploads\/2021\/10\/Verdun_Denis_Bdts1-min-768x513.jpg 768w, https:\/\/www.landofmemory.eu\/wp-content\/uploads\/2021\/10\/Verdun_Denis_Bdts1-min-1536x1025.jpg 1536w, https:\/\/www.landofmemory.eu\/wp-content\/uploads\/2021\/10\/Verdun_Denis_Bdts1-min-2048x1367.jpg 2048w, https:\/\/www.landofmemory.eu\/wp-content\/uploads\/2021\/10\/Verdun_Denis_Bdts1-min-600x401.jpg 600w\" sizes=\"auto, (max-width: 432px) 100vw, 432px\" \/><figcaption>\u00a9 Land of Memory<\/figcaption><\/figure>\n<\/div>\n\n\n\n<div class=\"wp-block-column is-vertically-aligned-center is-layout-flow wp-block-column-is-layout-flow\">\n<p>Verdun is een klein stadje met 18 000 inwoners en bekend voor zijn slagveld tijdens de eerste Wereldoorlog. Vandaag, getuigen vele musea, sites en herdenkingsmonumenten over de pijn van het verleden en de heldhaftigheid van zij die zich opgeofferd hebben voor de vrijheid.<\/p>\n\n\n\n<p>Zo ontdekken we er meer bepaald het ossuarium van Douaumont waar de resten liggen van meer dan 100 000 soldaten. In het noordwesten van de stad, brengt het Amerikaanse kerkhof van Maas-Argonne hulde aan de Amerikaanse soldaten die in grote mate bijgedragen hebben aan de overwinning van Frankrijk.<\/p>\n<\/div>\n<\/div>\n\n<p>Op het einde van de oorlog was de stad verwoest: \u00e9\u00e9n vierde totaal vernietigd, \u00e9\u00e9n helft zwaar beschadigd en het laatste kwart werd geplunderd. Tijdens het interbellum werd de stad heropgebouwd. In 1929 krijgt de stad een tweede adem. De nieuwe straten worden verbreed, de krivierkades worden vrijgemaakt en de monumenten, zoals de kathedraal, worden gerestaureerd. Vele herdenkingsmonumenten worden er opgericht en Verdun wordt een pelgrimsoord voor de oudstrijders van de Grote oorlog en hun families.<\/p>\n","protected":false},"template":"","type_site":[73],"class_list":["post-4959","sites-historiques","type-sites-historiques","status-publish","hentry","type_site-steden"],"acf":[],"yoast_head":"<!-- This site is optimized with the Yoast SEO plugin v26.0 - https:\/\/yoast.com\/wordpress\/plugins\/seo\/ -->\n<title>Eerste Wereldoorlog: De Stad Verdun<\/title>\n<meta name=\"description\" content=\"Als herdenkingsoord en met goed bewaarde geheimen, toont Verdun de authentieke overblijfselen van een symbool van de Eerste Wereldoorlog.\" \/>\n<meta name=\"robots\" content=\"index, follow, max-snippet:-1, max-image-preview:large, max-video-preview:-1\" \/>\n<link rel=\"canonical\" href=\"https:\/\/www.landofmemory.eu\/nl\/sites-historiques\/de-stad-verdun\/\" \/>\n<meta property=\"og:locale\" content=\"nl_NL\" \/>\n<meta property=\"og:type\" content=\"article\" \/>\n<meta property=\"og:title\" content=\"Eerste Wereldoorlog: De Stad Verdun\" \/>\n<meta property=\"og:description\" content=\"Als herdenkingsoord en met goed bewaarde geheimen, toont Verdun de authentieke overblijfselen van een symbool van de Eerste Wereldoorlog.\" \/>\n<meta property=\"og:url\" content=\"https:\/\/www.landofmemory.eu\/nl\/sites-historiques\/de-stad-verdun\/\" \/>\n<meta property=\"og:site_name\" content=\"Land Of Memory\" \/>\n<meta property=\"article:publisher\" content=\"https:\/\/www.facebook.com\/landofmemory.eu\" \/>\n<meta property=\"article:modified_time\" content=\"2022-01-14T15:03:00+00:00\" \/>\n<meta property=\"og:image\" content=\"https:\/\/www.landofmemory.eu\/wp-content\/uploads\/2021\/10\/Verdun_Denis_Bdts1-min-300x200.jpg\" \/>\n<meta name=\"twitter:card\" content=\"summary_large_image\" \/>\n<meta name=\"twitter:label1\" content=\"Geschatte leestijd\" \/>\n\t<meta name=\"twitter:data1\" content=\"1 minuut\" \/>\n<script type=\"application\/ld+json\" class=\"yoast-schema-graph\">{\"@context\":\"https:\/\/schema.org\",\"@graph\":[{\"@type\":\"WebPage\",\"@id\":\"https:\/\/www.landofmemory.eu\/nl\/sites-historiques\/de-stad-verdun\/\",\"url\":\"https:\/\/www.landofmemory.eu\/nl\/sites-historiques\/de-stad-verdun\/\",\"name\":\"Eerste Wereldoorlog: De Stad Verdun\",\"isPartOf\":{\"@id\":\"https:\/\/www.landofmemory.eu\/#website\"},\"primaryImageOfPage\":{\"@id\":\"https:\/\/www.landofmemory.eu\/nl\/sites-historiques\/de-stad-verdun\/#primaryimage\"},\"image\":{\"@id\":\"https:\/\/www.landofmemory.eu\/nl\/sites-historiques\/de-stad-verdun\/#primaryimage\"},\"thumbnailUrl\":\"https:\/\/www.landofmemory.eu\/wp-content\/uploads\/2021\/10\/Verdun_Denis_Bdts1-min-300x200.jpg\",\"datePublished\":\"2021-10-21T10:09:44+00:00\",\"dateModified\":\"2022-01-14T15:03:00+00:00\",\"description\":\"Als herdenkingsoord en met goed bewaarde geheimen, toont Verdun de authentieke overblijfselen van een symbool van de Eerste Wereldoorlog.\",\"breadcrumb\":{\"@id\":\"https:\/\/www.landofmemory.eu\/nl\/sites-historiques\/de-stad-verdun\/#breadcrumb\"},\"inLanguage\":\"nl-NL\",\"potentialAction\":[{\"@type\":\"ReadAction\",\"target\":[\"https:\/\/www.landofmemory.eu\/nl\/sites-historiques\/de-stad-verdun\/\"]}]},{\"@type\":\"ImageObject\",\"inLanguage\":\"nl-NL\",\"@id\":\"https:\/\/www.landofmemory.eu\/nl\/sites-historiques\/de-stad-verdun\/#primaryimage\",\"url\":\"https:\/\/www.landofmemory.eu\/wp-content\/uploads\/2021\/10\/Verdun_Denis_Bdts1-min-300x200.jpg\",\"contentUrl\":\"https:\/\/www.landofmemory.eu\/wp-content\/uploads\/2021\/10\/Verdun_Denis_Bdts1-min-300x200.jpg\"},{\"@type\":\"BreadcrumbList\",\"@id\":\"https:\/\/www.landofmemory.eu\/nl\/sites-historiques\/de-stad-verdun\/#breadcrumb\",\"itemListElement\":[{\"@type\":\"ListItem\",\"position\":1,\"name\":\"Accueil\",\"item\":\"https:\/\/www.landofmemory.eu\/\"},{\"@type\":\"ListItem\",\"position\":2,\"name\":\"De Stad Verdun\"}]},{\"@type\":\"WebSite\",\"@id\":\"https:\/\/www.landofmemory.eu\/#website\",\"url\":\"https:\/\/www.landofmemory.eu\/\",\"name\":\"Land Of Memory\",\"description\":\"L&#039;histoire commence ici\",\"publisher\":{\"@id\":\"https:\/\/www.landofmemory.eu\/#organization\"},\"potentialAction\":[{\"@type\":\"SearchAction\",\"target\":{\"@type\":\"EntryPoint\",\"urlTemplate\":\"https:\/\/www.landofmemory.eu\/?s={search_term_string}\"},\"query-input\":{\"@type\":\"PropertyValueSpecification\",\"valueRequired\":true,\"valueName\":\"search_term_string\"}}],\"inLanguage\":\"nl-NL\"},{\"@type\":\"Organization\",\"@id\":\"https:\/\/www.landofmemory.eu\/#organization\",\"name\":\"Land Of Memory\",\"url\":\"https:\/\/www.landofmemory.eu\/\",\"logo\":{\"@type\":\"ImageObject\",\"inLanguage\":\"nl-NL\",\"@id\":\"https:\/\/www.landofmemory.eu\/#\/schema\/logo\/image\/\",\"url\":\"https:\/\/www.landofmemory.eu\/wp-content\/uploads\/2022\/10\/logo-land-of-memory.jpg\",\"contentUrl\":\"https:\/\/www.landofmemory.eu\/wp-content\/uploads\/2022\/10\/logo-land-of-memory.jpg\",\"width\":1000,\"height\":500,\"caption\":\"Land Of Memory\"},\"image\":{\"@id\":\"https:\/\/www.landofmemory.eu\/#\/schema\/logo\/image\/\"},\"sameAs\":[\"https:\/\/www.facebook.com\/landofmemory.eu\",\"https:\/\/www.instagram.com\/landofmemory_eu\/\"]}]}<\/script>\n<!-- \/ Yoast SEO plugin. -->","yoast_head_json":{"title":"Eerste Wereldoorlog: De Stad Verdun","description":"Als herdenkingsoord en met goed bewaarde geheimen, toont Verdun de authentieke overblijfselen van een symbool van de Eerste Wereldoorlog.","robots":{"index":"index","follow":"follow","max-snippet":"max-snippet:-1","max-image-preview":"max-image-preview:large","max-video-preview":"max-video-preview:-1"},"canonical":"https:\/\/www.landofmemory.eu\/nl\/sites-historiques\/de-stad-verdun\/","og_locale":"nl_NL","og_type":"article","og_title":"Eerste Wereldoorlog: De Stad Verdun","og_description":"Als herdenkingsoord en met goed bewaarde geheimen, toont Verdun de authentieke overblijfselen van een symbool van de Eerste Wereldoorlog.","og_url":"https:\/\/www.landofmemory.eu\/nl\/sites-historiques\/de-stad-verdun\/","og_site_name":"Land Of Memory","article_publisher":"https:\/\/www.facebook.com\/landofmemory.eu","article_modified_time":"2022-01-14T15:03:00+00:00","og_image":[{"url":"https:\/\/www.landofmemory.eu\/wp-content\/uploads\/2021\/10\/Verdun_Denis_Bdts1-min-300x200.jpg","type":"","width":"","height":""}],"twitter_card":"summary_large_image","twitter_misc":{"Geschatte leestijd":"1 minuut"},"schema":{"@context":"https:\/\/schema.org","@graph":[{"@type":"WebPage","@id":"https:\/\/www.landofmemory.eu\/nl\/sites-historiques\/de-stad-verdun\/","url":"https:\/\/www.landofmemory.eu\/nl\/sites-historiques\/de-stad-verdun\/","name":"Eerste Wereldoorlog: De Stad Verdun","isPartOf":{"@id":"https:\/\/www.landofmemory.eu\/#website"},"primaryImageOfPage":{"@id":"https:\/\/www.landofmemory.eu\/nl\/sites-historiques\/de-stad-verdun\/#primaryimage"},"image":{"@id":"https:\/\/www.landofmemory.eu\/nl\/sites-historiques\/de-stad-verdun\/#primaryimage"},"thumbnailUrl":"https:\/\/www.landofmemory.eu\/wp-content\/uploads\/2021\/10\/Verdun_Denis_Bdts1-min-300x200.jpg","datePublished":"2021-10-21T10:09:44+00:00","dateModified":"2022-01-14T15:03:00+00:00","description":"Als herdenkingsoord en met goed bewaarde geheimen, toont Verdun de authentieke overblijfselen van een symbool van de Eerste Wereldoorlog.","breadcrumb":{"@id":"https:\/\/www.landofmemory.eu\/nl\/sites-historiques\/de-stad-verdun\/#breadcrumb"},"inLanguage":"nl-NL","potentialAction":[{"@type":"ReadAction","target":["https:\/\/www.landofmemory.eu\/nl\/sites-historiques\/de-stad-verdun\/"]}]},{"@type":"ImageObject","inLanguage":"nl-NL","@id":"https:\/\/www.landofmemory.eu\/nl\/sites-historiques\/de-stad-verdun\/#primaryimage","url":"https:\/\/www.landofmemory.eu\/wp-content\/uploads\/2021\/10\/Verdun_Denis_Bdts1-min-300x200.jpg","contentUrl":"https:\/\/www.landofmemory.eu\/wp-content\/uploads\/2021\/10\/Verdun_Denis_Bdts1-min-300x200.jpg"},{"@type":"BreadcrumbList","@id":"https:\/\/www.landofmemory.eu\/nl\/sites-historiques\/de-stad-verdun\/#breadcrumb","itemListElement":[{"@type":"ListItem","position":1,"name":"Accueil","item":"https:\/\/www.landofmemory.eu\/"},{"@type":"ListItem","position":2,"name":"De Stad Verdun"}]},{"@type":"WebSite","@id":"https:\/\/www.landofmemory.eu\/#website","url":"https:\/\/www.landofmemory.eu\/","name":"Land Of Memory","description":"L&#039;histoire commence ici","publisher":{"@id":"https:\/\/www.landofmemory.eu\/#organization"},"potentialAction":[{"@type":"SearchAction","target":{"@type":"EntryPoint","urlTemplate":"https:\/\/www.landofmemory.eu\/?s={search_term_string}"},"query-input":{"@type":"PropertyValueSpecification","valueRequired":true,"valueName":"search_term_string"}}],"inLanguage":"nl-NL"},{"@type":"Organization","@id":"https:\/\/www.landofmemory.eu\/#organization","name":"Land Of Memory","url":"https:\/\/www.landofmemory.eu\/","logo":{"@type":"ImageObject","inLanguage":"nl-NL","@id":"https:\/\/www.landofmemory.eu\/#\/schema\/logo\/image\/","url":"https:\/\/www.landofmemory.eu\/wp-content\/uploads\/2022\/10\/logo-land-of-memory.jpg","contentUrl":"https:\/\/www.landofmemory.eu\/wp-content\/uploads\/2022\/10\/logo-land-of-memory.jpg","width":1000,"height":500,"caption":"Land Of Memory"},"image":{"@id":"https:\/\/www.landofmemory.eu\/#\/schema\/logo\/image\/"},"sameAs":["https:\/\/www.facebook.com\/landofmemory.eu","https:\/\/www.instagram.com\/landofmemory_eu\/"]}]}},"_links":{"self":[{"href":"https:\/\/www.landofmemory.eu\/nl\/wp-json\/wp\/v2\/sites-historiques\/4959","targetHints":{"allow":["GET"]}}],"collection":[{"href":"https:\/\/www.landofmemory.eu\/nl\/wp-json\/wp\/v2\/sites-historiques"}],"about":[{"href":"https:\/\/www.landofmemory.eu\/nl\/wp-json\/wp\/v2\/types\/sites-historiques"}],"wp:attachment":[{"href":"https:\/\/www.landofmemory.eu\/nl\/wp-json\/wp\/v2\/media?parent=4959"}],"wp:term":[{"taxonomy":"type_site","embeddable":true,"href":"https:\/\/www.landofmemory.eu\/nl\/wp-json\/wp\/v2\/type_site?post=4959"}],"curies":[{"name":"wp","href":"https:\/\/api.w.org\/{rel}","templated":true}]}}

<h2 class="wp-block-heading"><strong>Een herdenkingsplaats</strong></h2>

<div style="height:100px" aria-hidden="true" class="wp-block-spacer"></div>

<div class="wp-block-columns is-layout-flex wp-container-core-columns-is-layout-9d6595d7 wp-block-columns-is-layout-flex">
<div class="wp-block-column is-vertically-aligned-center is-layout-flow wp-block-column-is-layout-flow">
<figure class="wp-block-image size-medium is-resized"><img loading="lazy" decoding="async" src="https://www.landofmemory.eu/wp-content/uploads/2021/10/Verdun_Denis_Bdts1-min-300x200.jpg" alt="Zicht op de stad Verdun." class="wp-image-4222" width="432" height="288" srcset="https://www.landofmemory.eu/wp-content/uploads/2021/10/Verdun_Denis_Bdts1-min-300x200.jpg 300w, https://www.landofmemory.eu/wp-content/uploads/2021/10/Verdun_Denis_Bdts1-min-1024x684.jpg 1024w, https://www.landofmemory.eu/wp-content/uploads/2021/10/Verdun_Denis_Bdts1-min-768x513.jpg 768w, https://www.landofmemory.eu/wp-content/uploads/2021/10/Verdun_Denis_Bdts1-min-1536x1025.jpg 1536w, https://www.landofmemory.eu/wp-content/uploads/2021/10/Verdun_Denis_Bdts1-min-2048x1367.jpg 2048w, https://www.landofmemory.eu/wp-content/uploads/2021/10/Verdun_Denis_Bdts1-min-600x401.jpg 600w" sizes="auto, (max-width: 432px) 100vw, 432px" /><figcaption>© Land of Memory</figcaption></figure>
</div>



<div class="wp-block-column is-vertically-aligned-center is-layout-flow wp-block-column-is-layout-flow">
<p>Verdun is een klein stadje met 18 000 inwoners en bekend voor zijn slagveld tijdens de eerste Wereldoorlog. Vandaag, getuigen vele musea, sites en herdenkingsmonumenten over de pijn van het verleden en de heldhaftigheid van zij die zich opgeofferd hebben voor de vrijheid.</p>



<p>Zo ontdekken we er meer bepaald het ossuarium van Douaumont waar de resten liggen van meer dan 100 000 soldaten. In het noordwesten van de stad, brengt het Amerikaanse kerkhof van Maas-Argonne hulde aan de Amerikaanse soldaten die in grote mate bijgedragen hebben aan de overwinning van Frankrijk.</p>
</div>
</div>

<p>Op het einde van de oorlog was de stad verwoest: één vierde totaal vernietigd, één helft zwaar beschadigd en het laatste kwart werd geplunderd. Tijdens het interbellum werd de stad heropgebouwd. In 1929 krijgt de stad een tweede adem. De nieuwe straten worden verbreed, de krivierkades worden vrijgemaakt en de monumenten, zoals de kathedraal, worden gerestaureerd. Vele herdenkingsmonumenten worden er opgericht en Verdun wordt een pelgrimsoord voor de oudstrijders van de Grote oorlog en hun families.</p>
