{"id":5845,"date":"2021-11-09T12:29:05","date_gmt":"2021-11-09T11:29:05","guid":{"rendered":"https:\/\/www.landofmemory.eu\/sujets-thematiques\/de-slag-om-de-ardennen\/"},"modified":"2022-08-03T11:20:24","modified_gmt":"2022-08-03T09:20:24","slug":"de-slag-om-de-ardennen","status":"publish","type":"sujets-thematiques","link":"https:\/\/www.landofmemory.eu\/nl\/sujets-thematiques\/de-slag-om-de-ardennen\/","title":{"rendered":"De Slag om de Ardennen"},"content":{"rendered":"\n<p>Vijf jaren van oorlog hebben Europa verscheurd. Burgers en militaire zijn op het einde van hun krachten. Sedert de ontscheping in Normandi\u00eb, juni 44, heeft de op\u00e9\u00e9nvolgende bevrijdingen van steden en dorpen in Frankrijk, Belgi\u00eb en Luxemburg vreugde en hoop op vrede gebracht. Het nazi Duitsland wordt naar haar laatste verschansingen teruggedreven. Tegen Kerstmis, iedereen is ervan overtuigd, zal men verlost zijn van de wrede oorlog.<\/p>\n\n<p>Maar dit is buiten de woede van Hitler gerekend, die nog in zijn overwinning wil geloven en in een ommekeer van het verloop van de oorlog. Geen enkele Duitse officier op het strijdveld gelooft in het slagen van zijn laatste plan. Op 16 december 44 om 5.30u, lanceert hij een offensief op een front van 125 km, van Montjoie tot Echternach, in Belgi\u00eb en het Groot Hertogdom Luxemburg, door Ardense steden, dorpen en bossen.<\/p>\n\n<div class=\"wp-block-columns is-layout-flex wp-container-core-columns-is-layout-9d6595d7 wp-block-columns-is-layout-flex\">\n<div class=\"wp-block-column is-layout-flow wp-block-column-is-layout-flow\">\n<div class=\"wp-block-image\"><figure class=\"aligncenter size-medium is-resized\"><img loading=\"lazy\" decoding=\"async\" src=\"https:\/\/www.landofmemory.eu\/wp-content\/uploads\/2021\/11\/VBOB.60.Originals-0701-300x239.jpg\" alt=\"Amerikaanse soldaten in de winter 1944.\" class=\"wp-image-5608\" width=\"512\" height=\"408\" srcset=\"https:\/\/www.landofmemory.eu\/wp-content\/uploads\/2021\/11\/VBOB.60.Originals-0701-300x239.jpg 300w, https:\/\/www.landofmemory.eu\/wp-content\/uploads\/2021\/11\/VBOB.60.Originals-0701-1024x815.jpg 1024w, https:\/\/www.landofmemory.eu\/wp-content\/uploads\/2021\/11\/VBOB.60.Originals-0701-768x611.jpg 768w, https:\/\/www.landofmemory.eu\/wp-content\/uploads\/2021\/11\/VBOB.60.Originals-0701-1536x1223.jpg 1536w, https:\/\/www.landofmemory.eu\/wp-content\/uploads\/2021\/11\/VBOB.60.Originals-0701-2048x1630.jpg 2048w, https:\/\/www.landofmemory.eu\/wp-content\/uploads\/2021\/11\/VBOB.60.Originals-0701-600x478.jpg 600w\" sizes=\"auto, (max-width: 512px) 100vw, 512px\" \/><figcaption>\u00a9 Mus\u00e9e Baugnez 1944<\/figcaption><\/figure><\/div>\n<\/div>\n<\/div>\n\n<p>Zijn laatste plan \u201cWacht aan de Rijn\u201d ( Wacht am Rhein) dat \u201cHerfstnevel\u201d (Herbstnebel) zal worden heeft als doel de inname van Antwerpen, een plaats van levensbelang voor de geallieerden. Het gaat hier inderdaad om hun bevoorradingshaven. Indien Hitler slaat in zijn opzet, zouden de Geallieerden in twee gesneden zijn. En zo begint, tot ieders verbazing, de Slag om de Ardennen, die de Amerikanen de \u201cBattle of the Bulge\u201d noemen.<\/p>\n\n<p>Het geallieerde tegenoffensief wordt gelanceerd op 3 januari 1945. Op het einde van de maand, na bittere gevechten, en soms bloedbaden, is de ultieme pokerzet van Hitler een mislukking. De balans aan slachtoffers is catastrofaal, zowel burgers als soldaten van beide kampen. De Geallieerden zetten hun vooruitgang verder tot in Duitsland. Eens de gevechten be\u00ebindigd zijn, zullen vele organismen een vernietigde bevolking ter hulp moeten komen op alle vlakken. De heropbouw van de Ardennen gaat jaren duren, sommige ru\u00efnes zullen nog altijd zichtbaar zijn in de jaren 60.<\/p>\n","protected":false},"template":"","type_sujet":[32,76],"class_list":["post-5845","sujets-thematiques","type-sujets-thematiques","status-publish","hentry","type_sujet-1939-1945","type_sujet-1939-1945-nl"],"acf":[],"yoast_head":"<!-- This site is optimized with the Yoast SEO plugin v26.0 - https:\/\/yoast.com\/wordpress\/plugins\/seo\/ -->\n<title>Tweede Wereldoorlog: de Slag om de Ardennen<\/title>\n<meta name=\"description\" content=\"Het ultieme offensief van Hitler, de Slag om de Ardennen, heeft grondig het landschap en ook de soldaten beschadigd van beide vijandige kampen.\" \/>\n<meta name=\"robots\" content=\"index, follow, max-snippet:-1, max-image-preview:large, max-video-preview:-1\" \/>\n<link rel=\"canonical\" href=\"https:\/\/www.landofmemory.eu\/nl\/sujets-thematiques\/de-slag-om-de-ardennen\/\" \/>\n<meta property=\"og:locale\" content=\"nl_NL\" \/>\n<meta property=\"og:type\" content=\"article\" \/>\n<meta property=\"og:title\" content=\"Tweede Wereldoorlog: de Slag om de Ardennen\" \/>\n<meta property=\"og:description\" content=\"Het ultieme offensief van Hitler, de Slag om de Ardennen, heeft grondig het landschap en ook de soldaten beschadigd van beide vijandige kampen.\" \/>\n<meta property=\"og:url\" content=\"https:\/\/www.landofmemory.eu\/nl\/sujets-thematiques\/de-slag-om-de-ardennen\/\" \/>\n<meta property=\"og:site_name\" content=\"Land Of Memory\" \/>\n<meta property=\"article:publisher\" content=\"https:\/\/www.facebook.com\/landofmemory.eu\" \/>\n<meta property=\"article:modified_time\" content=\"2022-08-03T09:20:24+00:00\" \/>\n<meta property=\"og:image\" content=\"https:\/\/www.landofmemory.eu\/wp-content\/uploads\/2021\/11\/VBOB.60.Originals-0701-300x239.jpg\" \/>\n<meta name=\"twitter:card\" content=\"summary_large_image\" \/>\n<meta name=\"twitter:label1\" content=\"Geschatte leestijd\" \/>\n\t<meta name=\"twitter:data1\" content=\"1 minuut\" \/>\n<script type=\"application\/ld+json\" class=\"yoast-schema-graph\">{\"@context\":\"https:\/\/schema.org\",\"@graph\":[{\"@type\":\"WebPage\",\"@id\":\"https:\/\/www.landofmemory.eu\/nl\/sujets-thematiques\/de-slag-om-de-ardennen\/\",\"url\":\"https:\/\/www.landofmemory.eu\/nl\/sujets-thematiques\/de-slag-om-de-ardennen\/\",\"name\":\"Tweede Wereldoorlog: de Slag om de Ardennen\",\"isPartOf\":{\"@id\":\"https:\/\/www.landofmemory.eu\/#website\"},\"primaryImageOfPage\":{\"@id\":\"https:\/\/www.landofmemory.eu\/nl\/sujets-thematiques\/de-slag-om-de-ardennen\/#primaryimage\"},\"image\":{\"@id\":\"https:\/\/www.landofmemory.eu\/nl\/sujets-thematiques\/de-slag-om-de-ardennen\/#primaryimage\"},\"thumbnailUrl\":\"https:\/\/www.landofmemory.eu\/wp-content\/uploads\/2021\/11\/VBOB.60.Originals-0701-300x239.jpg\",\"datePublished\":\"2021-11-09T11:29:05+00:00\",\"dateModified\":\"2022-08-03T09:20:24+00:00\",\"description\":\"Het ultieme offensief van Hitler, de Slag om de Ardennen, heeft grondig het landschap en ook de soldaten beschadigd van beide vijandige kampen.\",\"breadcrumb\":{\"@id\":\"https:\/\/www.landofmemory.eu\/nl\/sujets-thematiques\/de-slag-om-de-ardennen\/#breadcrumb\"},\"inLanguage\":\"nl-NL\",\"potentialAction\":[{\"@type\":\"ReadAction\",\"target\":[\"https:\/\/www.landofmemory.eu\/nl\/sujets-thematiques\/de-slag-om-de-ardennen\/\"]}]},{\"@type\":\"ImageObject\",\"inLanguage\":\"nl-NL\",\"@id\":\"https:\/\/www.landofmemory.eu\/nl\/sujets-thematiques\/de-slag-om-de-ardennen\/#primaryimage\",\"url\":\"https:\/\/www.landofmemory.eu\/wp-content\/uploads\/2021\/11\/VBOB.60.Originals-0701-300x239.jpg\",\"contentUrl\":\"https:\/\/www.landofmemory.eu\/wp-content\/uploads\/2021\/11\/VBOB.60.Originals-0701-300x239.jpg\"},{\"@type\":\"BreadcrumbList\",\"@id\":\"https:\/\/www.landofmemory.eu\/nl\/sujets-thematiques\/de-slag-om-de-ardennen\/#breadcrumb\",\"itemListElement\":[{\"@type\":\"ListItem\",\"position\":1,\"name\":\"Accueil\",\"item\":\"https:\/\/www.landofmemory.eu\/\"},{\"@type\":\"ListItem\",\"position\":2,\"name\":\"De Slag om de Ardennen\"}]},{\"@type\":\"WebSite\",\"@id\":\"https:\/\/www.landofmemory.eu\/#website\",\"url\":\"https:\/\/www.landofmemory.eu\/\",\"name\":\"Land Of Memory\",\"description\":\"L&#039;histoire commence ici\",\"publisher\":{\"@id\":\"https:\/\/www.landofmemory.eu\/#organization\"},\"potentialAction\":[{\"@type\":\"SearchAction\",\"target\":{\"@type\":\"EntryPoint\",\"urlTemplate\":\"https:\/\/www.landofmemory.eu\/?s={search_term_string}\"},\"query-input\":{\"@type\":\"PropertyValueSpecification\",\"valueRequired\":true,\"valueName\":\"search_term_string\"}}],\"inLanguage\":\"nl-NL\"},{\"@type\":\"Organization\",\"@id\":\"https:\/\/www.landofmemory.eu\/#organization\",\"name\":\"Land Of Memory\",\"url\":\"https:\/\/www.landofmemory.eu\/\",\"logo\":{\"@type\":\"ImageObject\",\"inLanguage\":\"nl-NL\",\"@id\":\"https:\/\/www.landofmemory.eu\/#\/schema\/logo\/image\/\",\"url\":\"https:\/\/www.landofmemory.eu\/wp-content\/uploads\/2022\/10\/logo-land-of-memory.jpg\",\"contentUrl\":\"https:\/\/www.landofmemory.eu\/wp-content\/uploads\/2022\/10\/logo-land-of-memory.jpg\",\"width\":1000,\"height\":500,\"caption\":\"Land Of Memory\"},\"image\":{\"@id\":\"https:\/\/www.landofmemory.eu\/#\/schema\/logo\/image\/\"},\"sameAs\":[\"https:\/\/www.facebook.com\/landofmemory.eu\",\"https:\/\/www.instagram.com\/landofmemory_eu\/\"]}]}<\/script>\n<!-- \/ Yoast SEO plugin. -->","yoast_head_json":{"title":"Tweede Wereldoorlog: de Slag om de Ardennen","description":"Het ultieme offensief van Hitler, de Slag om de Ardennen, heeft grondig het landschap en ook de soldaten beschadigd van beide vijandige kampen.","robots":{"index":"index","follow":"follow","max-snippet":"max-snippet:-1","max-image-preview":"max-image-preview:large","max-video-preview":"max-video-preview:-1"},"canonical":"https:\/\/www.landofmemory.eu\/nl\/sujets-thematiques\/de-slag-om-de-ardennen\/","og_locale":"nl_NL","og_type":"article","og_title":"Tweede Wereldoorlog: de Slag om de Ardennen","og_description":"Het ultieme offensief van Hitler, de Slag om de Ardennen, heeft grondig het landschap en ook de soldaten beschadigd van beide vijandige kampen.","og_url":"https:\/\/www.landofmemory.eu\/nl\/sujets-thematiques\/de-slag-om-de-ardennen\/","og_site_name":"Land Of Memory","article_publisher":"https:\/\/www.facebook.com\/landofmemory.eu","article_modified_time":"2022-08-03T09:20:24+00:00","og_image":[{"url":"https:\/\/www.landofmemory.eu\/wp-content\/uploads\/2021\/11\/VBOB.60.Originals-0701-300x239.jpg","type":"","width":"","height":""}],"twitter_card":"summary_large_image","twitter_misc":{"Geschatte leestijd":"1 minuut"},"schema":{"@context":"https:\/\/schema.org","@graph":[{"@type":"WebPage","@id":"https:\/\/www.landofmemory.eu\/nl\/sujets-thematiques\/de-slag-om-de-ardennen\/","url":"https:\/\/www.landofmemory.eu\/nl\/sujets-thematiques\/de-slag-om-de-ardennen\/","name":"Tweede Wereldoorlog: de Slag om de Ardennen","isPartOf":{"@id":"https:\/\/www.landofmemory.eu\/#website"},"primaryImageOfPage":{"@id":"https:\/\/www.landofmemory.eu\/nl\/sujets-thematiques\/de-slag-om-de-ardennen\/#primaryimage"},"image":{"@id":"https:\/\/www.landofmemory.eu\/nl\/sujets-thematiques\/de-slag-om-de-ardennen\/#primaryimage"},"thumbnailUrl":"https:\/\/www.landofmemory.eu\/wp-content\/uploads\/2021\/11\/VBOB.60.Originals-0701-300x239.jpg","datePublished":"2021-11-09T11:29:05+00:00","dateModified":"2022-08-03T09:20:24+00:00","description":"Het ultieme offensief van Hitler, de Slag om de Ardennen, heeft grondig het landschap en ook de soldaten beschadigd van beide vijandige kampen.","breadcrumb":{"@id":"https:\/\/www.landofmemory.eu\/nl\/sujets-thematiques\/de-slag-om-de-ardennen\/#breadcrumb"},"inLanguage":"nl-NL","potentialAction":[{"@type":"ReadAction","target":["https:\/\/www.landofmemory.eu\/nl\/sujets-thematiques\/de-slag-om-de-ardennen\/"]}]},{"@type":"ImageObject","inLanguage":"nl-NL","@id":"https:\/\/www.landofmemory.eu\/nl\/sujets-thematiques\/de-slag-om-de-ardennen\/#primaryimage","url":"https:\/\/www.landofmemory.eu\/wp-content\/uploads\/2021\/11\/VBOB.60.Originals-0701-300x239.jpg","contentUrl":"https:\/\/www.landofmemory.eu\/wp-content\/uploads\/2021\/11\/VBOB.60.Originals-0701-300x239.jpg"},{"@type":"BreadcrumbList","@id":"https:\/\/www.landofmemory.eu\/nl\/sujets-thematiques\/de-slag-om-de-ardennen\/#breadcrumb","itemListElement":[{"@type":"ListItem","position":1,"name":"Accueil","item":"https:\/\/www.landofmemory.eu\/"},{"@type":"ListItem","position":2,"name":"De Slag om de Ardennen"}]},{"@type":"WebSite","@id":"https:\/\/www.landofmemory.eu\/#website","url":"https:\/\/www.landofmemory.eu\/","name":"Land Of Memory","description":"L&#039;histoire commence ici","publisher":{"@id":"https:\/\/www.landofmemory.eu\/#organization"},"potentialAction":[{"@type":"SearchAction","target":{"@type":"EntryPoint","urlTemplate":"https:\/\/www.landofmemory.eu\/?s={search_term_string}"},"query-input":{"@type":"PropertyValueSpecification","valueRequired":true,"valueName":"search_term_string"}}],"inLanguage":"nl-NL"},{"@type":"Organization","@id":"https:\/\/www.landofmemory.eu\/#organization","name":"Land Of Memory","url":"https:\/\/www.landofmemory.eu\/","logo":{"@type":"ImageObject","inLanguage":"nl-NL","@id":"https:\/\/www.landofmemory.eu\/#\/schema\/logo\/image\/","url":"https:\/\/www.landofmemory.eu\/wp-content\/uploads\/2022\/10\/logo-land-of-memory.jpg","contentUrl":"https:\/\/www.landofmemory.eu\/wp-content\/uploads\/2022\/10\/logo-land-of-memory.jpg","width":1000,"height":500,"caption":"Land Of Memory"},"image":{"@id":"https:\/\/www.landofmemory.eu\/#\/schema\/logo\/image\/"},"sameAs":["https:\/\/www.facebook.com\/landofmemory.eu","https:\/\/www.instagram.com\/landofmemory_eu\/"]}]}},"_links":{"self":[{"href":"https:\/\/www.landofmemory.eu\/nl\/wp-json\/wp\/v2\/sujets-thematiques\/5845","targetHints":{"allow":["GET"]}}],"collection":[{"href":"https:\/\/www.landofmemory.eu\/nl\/wp-json\/wp\/v2\/sujets-thematiques"}],"about":[{"href":"https:\/\/www.landofmemory.eu\/nl\/wp-json\/wp\/v2\/types\/sujets-thematiques"}],"wp:attachment":[{"href":"https:\/\/www.landofmemory.eu\/nl\/wp-json\/wp\/v2\/media?parent=5845"}],"wp:term":[{"taxonomy":"type_sujet","embeddable":true,"href":"https:\/\/www.landofmemory.eu\/nl\/wp-json\/wp\/v2\/type_sujet?post=5845"}],"curies":[{"name":"wp","href":"https:\/\/api.w.org\/{rel}","templated":true}]}}

<p>Vijf jaren van oorlog hebben Europa verscheurd. Burgers en militaire zijn op het einde van hun krachten. Sedert de ontscheping in Normandië, juni 44, heeft de opéénvolgende bevrijdingen van steden en dorpen in Frankrijk, België en Luxemburg vreugde en hoop op vrede gebracht. Het nazi Duitsland wordt naar haar laatste verschansingen teruggedreven. Tegen Kerstmis, iedereen is ervan overtuigd, zal men verlost zijn van de wrede oorlog.</p>

<p>Maar dit is buiten de woede van Hitler gerekend, die nog in zijn overwinning wil geloven en in een ommekeer van het verloop van de oorlog. Geen enkele Duitse officier op het strijdveld gelooft in het slagen van zijn laatste plan. Op 16 december 44 om 5.30u, lanceert hij een offensief op een front van 125 km, van Montjoie tot Echternach, in België en het Groot Hertogdom Luxemburg, door Ardense steden, dorpen en bossen.</p>

<div class="wp-block-columns is-layout-flex wp-container-core-columns-is-layout-9d6595d7 wp-block-columns-is-layout-flex">
<div class="wp-block-column is-layout-flow wp-block-column-is-layout-flow">
<div class="wp-block-image"><figure class="aligncenter size-medium is-resized"><img loading="lazy" decoding="async" src="https://www.landofmemory.eu/wp-content/uploads/2021/11/VBOB.60.Originals-0701-300x239.jpg" alt="Amerikaanse soldaten in de winter 1944." class="wp-image-5608" width="512" height="408" srcset="https://www.landofmemory.eu/wp-content/uploads/2021/11/VBOB.60.Originals-0701-300x239.jpg 300w, https://www.landofmemory.eu/wp-content/uploads/2021/11/VBOB.60.Originals-0701-1024x815.jpg 1024w, https://www.landofmemory.eu/wp-content/uploads/2021/11/VBOB.60.Originals-0701-768x611.jpg 768w, https://www.landofmemory.eu/wp-content/uploads/2021/11/VBOB.60.Originals-0701-1536x1223.jpg 1536w, https://www.landofmemory.eu/wp-content/uploads/2021/11/VBOB.60.Originals-0701-2048x1630.jpg 2048w, https://www.landofmemory.eu/wp-content/uploads/2021/11/VBOB.60.Originals-0701-600x478.jpg 600w" sizes="auto, (max-width: 512px) 100vw, 512px" /><figcaption>© Musée Baugnez 1944</figcaption></figure></div>
</div>
</div>

<p>Zijn laatste plan “Wacht aan de Rijn” ( Wacht am Rhein) dat “Herfstnevel” (Herbstnebel) zal worden heeft als doel de inname van Antwerpen, een plaats van levensbelang voor de geallieerden. Het gaat hier inderdaad om hun bevoorradingshaven. Indien Hitler slaat in zijn opzet, zouden de Geallieerden in twee gesneden zijn. En zo begint, tot ieders verbazing, de Slag om de Ardennen, die de Amerikanen de “Battle of the Bulge” noemen.</p>

<p>Het geallieerde tegenoffensief wordt gelanceerd op 3 januari 1945. Op het einde van de maand, na bittere gevechten, en soms bloedbaden, is de ultieme pokerzet van Hitler een mislukking. De balans aan slachtoffers is catastrofaal, zowel burgers als soldaten van beide kampen. De Geallieerden zetten hun vooruitgang verder tot in Duitsland. Eens de gevechten beëindigd zijn, zullen vele organismen een vernietigde bevolking ter hulp moeten komen op alle vlakken. De heropbouw van de Ardennen gaat jaren duren, sommige ruïnes zullen nog altijd zichtbaar zijn in de jaren 60.</p>
