{"id":5757,"date":"2021-11-05T14:19:57","date_gmt":"2021-11-05T13:19:57","guid":{"rendered":"https:\/\/www.landofmemory.eu\/temoignages\/de-slag-om-de-ardennen-of-de-slag-om-de-buik\/"},"modified":"2022-01-04T09:59:04","modified_gmt":"2022-01-04T08:59:04","slug":"de-slag-om-de-ardennen-of-de-slag-om-de-buik","status":"publish","type":"temoignages","link":"https:\/\/www.landofmemory.eu\/nl\/temoignages\/de-slag-om-de-ardennen-of-de-slag-om-de-buik\/","title":{"rendered":"De Slag om de Ardennen, of de slag om de buik"},"content":{"rendered":"\n<p><span data-sheets-value=\"{&quot;1&quot;:2,&quot;2&quot;:&quot;La Batailles des Ardennes, \\&quot;Battle of the Bulge\\&quot; en anglais, est d&#xE9;sign&#xE9;e comme \\&quot;la plus grande bataille am&#xE9;ricaine de la guerre\\&quot; par Winston Churchill. En effet il s'agit de la derni&#xE8;re grande offensive d'Adolf Hitler sur le front occidental pendant la Seconde Guerre mondiale. L'objectif d'Hitler &#xE9;tait de diviser les Alli&#xE9;s dans leur progression vers l'Allemagne. L'&#xE9;chec des troupes allemandes &#xE0; diviser la Grande-Bretagne, la France et l'Am&#xE9;rique avec l'offensive des Ardennes a ouvert la voie &#xE0; la victoire des alli&#xE9;s.\\n\\nPourquoi \\&quot;the Battle of the Bulge\\&quot; ?\\n\\nPendant l'assaut, au fur et &#xE0; mesure que les Allemands s'enfon&#xE7;aient dans les Ardennes, la ligne alli&#xE9;e prenait l'apparence d'un grand renflement, d'o&#xF9; le nom \\&quot;bulge\\&quot; qui signifie gonflement en anglais.\\n\\n&quot;}\" data-sheets-userformat=\"{&quot;2&quot;:769,&quot;3&quot;:{&quot;1&quot;:0},&quot;11&quot;:4,&quot;12&quot;:0}\" data-sheets-textstyleruns=\"{&quot;1&quot;:0}&#xEE10;{&quot;1&quot;:27,&quot;2&quot;:{&quot;6&quot;:1}}&#xEE10;{&quot;1&quot;:49}&#xEE10;{&quot;1&quot;:536,&quot;2&quot;:{&quot;6&quot;:1}}&#xEE10;{&quot;1&quot;:560}&#xEE10;{&quot;1&quot;:723,&quot;2&quot;:{&quot;6&quot;:1}}&#xEE10;{&quot;1&quot;:730}\">La Batailles des Ardennes, &#8220;Battle of the Bulge&#8221; en anglais, est la derni\u00e8re grande offensive d\u2019Adolf Hitler sur le front occidental.<\/span> <span data-sheets-value=\"{&quot;1&quot;:2,&quot;2&quot;:&quot;La Batailles des Ardennes, \\&quot;Battle of the Bulge\\&quot; en anglais, est d&#xE9;sign&#xE9;e comme \\&quot;la plus grande bataille am&#xE9;ricaine de la guerre\\&quot; par Winston Churchill. En effet il s'agit de la derni&#xE8;re grande offensive d'Adolf Hitler sur le front occidental pendant la Seconde Guerre mondiale. L'objectif d'Hitler &#xE9;tait de diviser les Alli&#xE9;s dans leur progression vers l'Allemagne. L'&#xE9;chec des troupes allemandes &#xE0; diviser la Grande-Bretagne, la France et l'Am&#xE9;rique avec l'offensive des Ardennes a ouvert la voie &#xE0; la victoire des alli&#xE9;s.\\n\\nPourquoi \\&quot;the Battle of the Bulge\\&quot; ?\\n\\nPendant l'assaut, au fur et &#xE0; mesure que les Allemands s'enfon&#xE7;aient dans les Ardennes, la ligne alli&#xE9;e prenait l'apparence d'un grand renflement, d'o&#xF9; le nom \\&quot;bulge\\&quot; qui signifie gonflement en anglais.\\n\\n&quot;}\" data-sheets-userformat=\"{&quot;2&quot;:769,&quot;3&quot;:{&quot;1&quot;:0},&quot;11&quot;:4,&quot;12&quot;:0}\" data-sheets-textstyleruns=\"{&quot;1&quot;:0}&#xEE10;{&quot;1&quot;:27,&quot;2&quot;:{&quot;6&quot;:1}}&#xEE10;{&quot;1&quot;:49}&#xEE10;{&quot;1&quot;:536,&quot;2&quot;:{&quot;6&quot;:1}}&#xEE10;{&quot;1&quot;:560}&#xEE10;{&quot;1&quot;:723,&quot;2&quot;:{&quot;6&quot;:1}}&#xEE10;{&quot;1&quot;:730}\">L\u2019ordre du jour \u00e9tait pour les Allemands : \u00abEs geht um das Ganze\u00bb : le tout pour le tout. Ils jettent toutes les forces dans la bataille pour une ultime tentative de renverser le sort des armes et contraindre les alli\u00e9s occidentaux \u00e0 n\u00e9gocier une paix s\u00e9par\u00e9e. L\u2019\u00e9chec de l\u2019offensive des Ardennes n\u2019est pas encore la fin de guerre pour les Alli\u00e9s.<br\/><\/span><\/p>\n\n<h2 class=\"wp-block-heading\">De betekenis van de Battle of the Bulge<\/h2>\n\n<p>Naarmate de Duitsers, tijdens de aanval, dieper de Ardennen introkken, kreeg de geallieerde linie het aanzien van een grote uitstulping, vandaar de naam \u201cbulge\u201d wat zwelling betekent of een uitstulping in het Engels.&#13;\n<\/p>\n","protected":false},"template":"","class_list":["post-5757","temoignages","type-temoignages","status-publish","hentry"],"acf":[],"yoast_head":"<!-- This site is optimized with the Yoast SEO plugin v26.0 - https:\/\/yoast.com\/wordpress\/plugins\/seo\/ -->\n<title>Betekenis van Battle of the Bulge \u2013 Land of Memory<\/title>\n<meta name=\"description\" content=\"De Slag om de Ardennen, in het Engels, Battle of the Bulge is de dodelijkste strijd die het Amerikaanse leger ooit gevoerd heeft. Waarom deze naam?\" \/>\n<meta name=\"robots\" content=\"index, follow, max-snippet:-1, max-image-preview:large, max-video-preview:-1\" \/>\n<link rel=\"canonical\" href=\"https:\/\/www.landofmemory.eu\/nl\/temoignages\/de-slag-om-de-ardennen-of-de-slag-om-de-buik\/\" \/>\n<meta property=\"og:locale\" content=\"nl_NL\" \/>\n<meta property=\"og:type\" content=\"article\" \/>\n<meta property=\"og:title\" content=\"Betekenis van Battle of the Bulge \u2013 Land of Memory\" \/>\n<meta property=\"og:description\" content=\"De Slag om de Ardennen, in het Engels, Battle of the Bulge is de dodelijkste strijd die het Amerikaanse leger ooit gevoerd heeft. Waarom deze naam?\" \/>\n<meta property=\"og:url\" content=\"https:\/\/www.landofmemory.eu\/nl\/temoignages\/de-slag-om-de-ardennen-of-de-slag-om-de-buik\/\" \/>\n<meta property=\"og:site_name\" content=\"Land Of Memory\" \/>\n<meta property=\"article:publisher\" content=\"https:\/\/www.facebook.com\/landofmemory.eu\" \/>\n<meta property=\"article:modified_time\" content=\"2022-01-04T08:59:04+00:00\" \/>\n<meta name=\"twitter:card\" content=\"summary_large_image\" \/>\n<meta name=\"twitter:label1\" content=\"Geschatte leestijd\" \/>\n\t<meta name=\"twitter:data1\" content=\"1 minuut\" \/>\n<script type=\"application\/ld+json\" class=\"yoast-schema-graph\">{\"@context\":\"https:\/\/schema.org\",\"@graph\":[{\"@type\":\"WebPage\",\"@id\":\"https:\/\/www.landofmemory.eu\/nl\/temoignages\/de-slag-om-de-ardennen-of-de-slag-om-de-buik\/\",\"url\":\"https:\/\/www.landofmemory.eu\/nl\/temoignages\/de-slag-om-de-ardennen-of-de-slag-om-de-buik\/\",\"name\":\"Betekenis van Battle of the Bulge \u2013 Land of Memory\",\"isPartOf\":{\"@id\":\"https:\/\/www.landofmemory.eu\/#website\"},\"datePublished\":\"2021-11-05T13:19:57+00:00\",\"dateModified\":\"2022-01-04T08:59:04+00:00\",\"description\":\"De Slag om de Ardennen, in het Engels, Battle of the Bulge is de dodelijkste strijd die het Amerikaanse leger ooit gevoerd heeft. Waarom deze naam?\",\"breadcrumb\":{\"@id\":\"https:\/\/www.landofmemory.eu\/nl\/temoignages\/de-slag-om-de-ardennen-of-de-slag-om-de-buik\/#breadcrumb\"},\"inLanguage\":\"nl-NL\",\"potentialAction\":[{\"@type\":\"ReadAction\",\"target\":[\"https:\/\/www.landofmemory.eu\/nl\/temoignages\/de-slag-om-de-ardennen-of-de-slag-om-de-buik\/\"]}]},{\"@type\":\"BreadcrumbList\",\"@id\":\"https:\/\/www.landofmemory.eu\/nl\/temoignages\/de-slag-om-de-ardennen-of-de-slag-om-de-buik\/#breadcrumb\",\"itemListElement\":[{\"@type\":\"ListItem\",\"position\":1,\"name\":\"Accueil\",\"item\":\"https:\/\/www.landofmemory.eu\/\"},{\"@type\":\"ListItem\",\"position\":2,\"name\":\"De Slag om de Ardennen, of de slag om de buik\"}]},{\"@type\":\"WebSite\",\"@id\":\"https:\/\/www.landofmemory.eu\/#website\",\"url\":\"https:\/\/www.landofmemory.eu\/\",\"name\":\"Land Of Memory\",\"description\":\"L&#039;histoire commence ici\",\"publisher\":{\"@id\":\"https:\/\/www.landofmemory.eu\/#organization\"},\"potentialAction\":[{\"@type\":\"SearchAction\",\"target\":{\"@type\":\"EntryPoint\",\"urlTemplate\":\"https:\/\/www.landofmemory.eu\/?s={search_term_string}\"},\"query-input\":{\"@type\":\"PropertyValueSpecification\",\"valueRequired\":true,\"valueName\":\"search_term_string\"}}],\"inLanguage\":\"nl-NL\"},{\"@type\":\"Organization\",\"@id\":\"https:\/\/www.landofmemory.eu\/#organization\",\"name\":\"Land Of Memory\",\"url\":\"https:\/\/www.landofmemory.eu\/\",\"logo\":{\"@type\":\"ImageObject\",\"inLanguage\":\"nl-NL\",\"@id\":\"https:\/\/www.landofmemory.eu\/#\/schema\/logo\/image\/\",\"url\":\"https:\/\/www.landofmemory.eu\/wp-content\/uploads\/2022\/10\/logo-land-of-memory.jpg\",\"contentUrl\":\"https:\/\/www.landofmemory.eu\/wp-content\/uploads\/2022\/10\/logo-land-of-memory.jpg\",\"width\":1000,\"height\":500,\"caption\":\"Land Of Memory\"},\"image\":{\"@id\":\"https:\/\/www.landofmemory.eu\/#\/schema\/logo\/image\/\"},\"sameAs\":[\"https:\/\/www.facebook.com\/landofmemory.eu\",\"https:\/\/www.instagram.com\/landofmemory_eu\/\"]}]}<\/script>\n<!-- \/ Yoast SEO plugin. -->","yoast_head_json":{"title":"Betekenis van Battle of the Bulge \u2013 Land of Memory","description":"De Slag om de Ardennen, in het Engels, Battle of the Bulge is de dodelijkste strijd die het Amerikaanse leger ooit gevoerd heeft. Waarom deze naam?","robots":{"index":"index","follow":"follow","max-snippet":"max-snippet:-1","max-image-preview":"max-image-preview:large","max-video-preview":"max-video-preview:-1"},"canonical":"https:\/\/www.landofmemory.eu\/nl\/temoignages\/de-slag-om-de-ardennen-of-de-slag-om-de-buik\/","og_locale":"nl_NL","og_type":"article","og_title":"Betekenis van Battle of the Bulge \u2013 Land of Memory","og_description":"De Slag om de Ardennen, in het Engels, Battle of the Bulge is de dodelijkste strijd die het Amerikaanse leger ooit gevoerd heeft. Waarom deze naam?","og_url":"https:\/\/www.landofmemory.eu\/nl\/temoignages\/de-slag-om-de-ardennen-of-de-slag-om-de-buik\/","og_site_name":"Land Of Memory","article_publisher":"https:\/\/www.facebook.com\/landofmemory.eu","article_modified_time":"2022-01-04T08:59:04+00:00","twitter_card":"summary_large_image","twitter_misc":{"Geschatte leestijd":"1 minuut"},"schema":{"@context":"https:\/\/schema.org","@graph":[{"@type":"WebPage","@id":"https:\/\/www.landofmemory.eu\/nl\/temoignages\/de-slag-om-de-ardennen-of-de-slag-om-de-buik\/","url":"https:\/\/www.landofmemory.eu\/nl\/temoignages\/de-slag-om-de-ardennen-of-de-slag-om-de-buik\/","name":"Betekenis van Battle of the Bulge \u2013 Land of Memory","isPartOf":{"@id":"https:\/\/www.landofmemory.eu\/#website"},"datePublished":"2021-11-05T13:19:57+00:00","dateModified":"2022-01-04T08:59:04+00:00","description":"De Slag om de Ardennen, in het Engels, Battle of the Bulge is de dodelijkste strijd die het Amerikaanse leger ooit gevoerd heeft. Waarom deze naam?","breadcrumb":{"@id":"https:\/\/www.landofmemory.eu\/nl\/temoignages\/de-slag-om-de-ardennen-of-de-slag-om-de-buik\/#breadcrumb"},"inLanguage":"nl-NL","potentialAction":[{"@type":"ReadAction","target":["https:\/\/www.landofmemory.eu\/nl\/temoignages\/de-slag-om-de-ardennen-of-de-slag-om-de-buik\/"]}]},{"@type":"BreadcrumbList","@id":"https:\/\/www.landofmemory.eu\/nl\/temoignages\/de-slag-om-de-ardennen-of-de-slag-om-de-buik\/#breadcrumb","itemListElement":[{"@type":"ListItem","position":1,"name":"Accueil","item":"https:\/\/www.landofmemory.eu\/"},{"@type":"ListItem","position":2,"name":"De Slag om de Ardennen, of de slag om de buik"}]},{"@type":"WebSite","@id":"https:\/\/www.landofmemory.eu\/#website","url":"https:\/\/www.landofmemory.eu\/","name":"Land Of Memory","description":"L&#039;histoire commence ici","publisher":{"@id":"https:\/\/www.landofmemory.eu\/#organization"},"potentialAction":[{"@type":"SearchAction","target":{"@type":"EntryPoint","urlTemplate":"https:\/\/www.landofmemory.eu\/?s={search_term_string}"},"query-input":{"@type":"PropertyValueSpecification","valueRequired":true,"valueName":"search_term_string"}}],"inLanguage":"nl-NL"},{"@type":"Organization","@id":"https:\/\/www.landofmemory.eu\/#organization","name":"Land Of Memory","url":"https:\/\/www.landofmemory.eu\/","logo":{"@type":"ImageObject","inLanguage":"nl-NL","@id":"https:\/\/www.landofmemory.eu\/#\/schema\/logo\/image\/","url":"https:\/\/www.landofmemory.eu\/wp-content\/uploads\/2022\/10\/logo-land-of-memory.jpg","contentUrl":"https:\/\/www.landofmemory.eu\/wp-content\/uploads\/2022\/10\/logo-land-of-memory.jpg","width":1000,"height":500,"caption":"Land Of Memory"},"image":{"@id":"https:\/\/www.landofmemory.eu\/#\/schema\/logo\/image\/"},"sameAs":["https:\/\/www.facebook.com\/landofmemory.eu","https:\/\/www.instagram.com\/landofmemory_eu\/"]}]}},"_links":{"self":[{"href":"https:\/\/www.landofmemory.eu\/nl\/wp-json\/wp\/v2\/temoignages\/5757","targetHints":{"allow":["GET"]}}],"collection":[{"href":"https:\/\/www.landofmemory.eu\/nl\/wp-json\/wp\/v2\/temoignages"}],"about":[{"href":"https:\/\/www.landofmemory.eu\/nl\/wp-json\/wp\/v2\/types\/temoignages"}],"wp:attachment":[{"href":"https:\/\/www.landofmemory.eu\/nl\/wp-json\/wp\/v2\/media?parent=5757"}],"curies":[{"name":"wp","href":"https:\/\/api.w.org\/{rel}","templated":true}]}}

<p><span data-sheets-value="{&quot;1&quot;:2,&quot;2&quot;:&quot;La Batailles des Ardennes, \&quot;Battle of the Bulge\&quot; en anglais, est d&#xE9;sign&#xE9;e comme \&quot;la plus grande bataille am&#xE9;ricaine de la guerre\&quot; par Winston Churchill. En effet il s'agit de la derni&#xE8;re grande offensive d'Adolf Hitler sur le front occidental pendant la Seconde Guerre mondiale. L'objectif d'Hitler &#xE9;tait de diviser les Alli&#xE9;s dans leur progression vers l'Allemagne. L'&#xE9;chec des troupes allemandes &#xE0; diviser la Grande-Bretagne, la France et l'Am&#xE9;rique avec l'offensive des Ardennes a ouvert la voie &#xE0; la victoire des alli&#xE9;s.\n\nPourquoi \&quot;the Battle of the Bulge\&quot; ?\n\nPendant l'assaut, au fur et &#xE0; mesure que les Allemands s'enfon&#xE7;aient dans les Ardennes, la ligne alli&#xE9;e prenait l'apparence d'un grand renflement, d'o&#xF9; le nom \&quot;bulge\&quot; qui signifie gonflement en anglais.\n\n&quot;}" data-sheets-userformat="{&quot;2&quot;:769,&quot;3&quot;:{&quot;1&quot;:0},&quot;11&quot;:4,&quot;12&quot;:0}" data-sheets-textstyleruns="{&quot;1&quot;:0}&#xEE10;{&quot;1&quot;:27,&quot;2&quot;:{&quot;6&quot;:1}}&#xEE10;{&quot;1&quot;:49}&#xEE10;{&quot;1&quot;:536,&quot;2&quot;:{&quot;6&quot;:1}}&#xEE10;{&quot;1&quot;:560}&#xEE10;{&quot;1&quot;:723,&quot;2&quot;:{&quot;6&quot;:1}}&#xEE10;{&quot;1&quot;:730}">La Batailles des Ardennes, &#8220;Battle of the Bulge&#8221; en anglais, est la dernière grande offensive d’Adolf Hitler sur le front occidental.</span> <span data-sheets-value="{&quot;1&quot;:2,&quot;2&quot;:&quot;La Batailles des Ardennes, \&quot;Battle of the Bulge\&quot; en anglais, est d&#xE9;sign&#xE9;e comme \&quot;la plus grande bataille am&#xE9;ricaine de la guerre\&quot; par Winston Churchill. En effet il s'agit de la derni&#xE8;re grande offensive d'Adolf Hitler sur le front occidental pendant la Seconde Guerre mondiale. L'objectif d'Hitler &#xE9;tait de diviser les Alli&#xE9;s dans leur progression vers l'Allemagne. L'&#xE9;chec des troupes allemandes &#xE0; diviser la Grande-Bretagne, la France et l'Am&#xE9;rique avec l'offensive des Ardennes a ouvert la voie &#xE0; la victoire des alli&#xE9;s.\n\nPourquoi \&quot;the Battle of the Bulge\&quot; ?\n\nPendant l'assaut, au fur et &#xE0; mesure que les Allemands s'enfon&#xE7;aient dans les Ardennes, la ligne alli&#xE9;e prenait l'apparence d'un grand renflement, d'o&#xF9; le nom \&quot;bulge\&quot; qui signifie gonflement en anglais.\n\n&quot;}" data-sheets-userformat="{&quot;2&quot;:769,&quot;3&quot;:{&quot;1&quot;:0},&quot;11&quot;:4,&quot;12&quot;:0}" data-sheets-textstyleruns="{&quot;1&quot;:0}&#xEE10;{&quot;1&quot;:27,&quot;2&quot;:{&quot;6&quot;:1}}&#xEE10;{&quot;1&quot;:49}&#xEE10;{&quot;1&quot;:536,&quot;2&quot;:{&quot;6&quot;:1}}&#xEE10;{&quot;1&quot;:560}&#xEE10;{&quot;1&quot;:723,&quot;2&quot;:{&quot;6&quot;:1}}&#xEE10;{&quot;1&quot;:730}">L’ordre du jour était pour les Allemands : «Es geht um das Ganze» : le tout pour le tout. Ils jettent toutes les forces dans la bataille pour une ultime tentative de renverser le sort des armes et contraindre les alliés occidentaux à négocier une paix séparée. L’échec de l’offensive des Ardennes n’est pas encore la fin de guerre pour les Alliés.<br/></span></p>

<h2 class="wp-block-heading">De betekenis van de Battle of the Bulge</h2>

<p>Naarmate de Duitsers, tijdens de aanval, dieper de Ardennen introkken, kreeg de geallieerde linie het aanzien van een grote uitstulping, vandaar de naam “bulge” wat zwelling betekent of een uitstulping in het Engels.&#13;
</p>
