{"id":5787,"date":"2021-11-05T15:25:33","date_gmt":"2021-11-05T14:25:33","guid":{"rendered":"https:\/\/www.landofmemory.eu\/temoignages\/het-gedenkteken-van-douaumont-een-symbolische-vorm\/"},"modified":"2021-12-07T16:12:21","modified_gmt":"2021-12-07T15:12:21","slug":"het-gedenkteken-van-douaumont-een-symbolische-vorm","status":"publish","type":"temoignages","link":"https:\/\/www.landofmemory.eu\/nl\/temoignages\/het-gedenkteken-van-douaumont-een-symbolische-vorm\/","title":{"rendered":"Het gedenkteken van Douaumont: een symbolische vorm"},"content":{"rendered":"\n<p>Niettegenstaande de vorm van het Ossuarium van Douaumont wel degelijk een bijzondere symboliek heeft, vergist men zich vaak in verband met de interpretatie ervan. Meestal denkt men dat het een obus voorstelt of een zwaard in de aarde om de vrede te symboliseren tussen de naties. Maar we horen ook spreken over een mogelijke Egyptische invloed, waarbij het monument zou ge\u00efnspireerd zijn door de Egyptische obelisken. En inderdaad, \u00e9\u00e9n van de drie architecten van het Ossuarium, Azema, kwam uit Alexandri\u00eb.<\/p>\n\n<p>In feite, werd het gedenkteken van Douaumont ontworpen met een toren om aan het bouwwerk een extra hoogtedimensie te geven. Zo wil het de soldaten, die nog op het slagveld liggen van de <strong>Slag om Verdun<\/strong>, toelaten vrede te vinden. Men schat dat ongeveer 80\u00a0000 soldaten nooit teruggevonden werden en dus nog steeds onder de grond liggen. Zij die wel teruggevonden werden, rusten in 46 graven die overeenstemmen met de 46 sectoren van het slagveld. De beenderen werden gesorteerd volgens de plaats waar ze teruggevonden werden. In totaal, rusten 130\u00a0000 ongekende soldaten van alle nationaliteiten op deze plaats. De beenderen zijn door ruiten zichtbaar van buitenaf.<\/p>\n\n<p>In het midden van de laan die naar de kapel leidt, heeft de gouden kazuifel, die onder glas bewaard wordt, ook een bijzondere geschiedenis. Op het einde van de Eerste Wereldoorlog, redt Korporaal Halvik van de 89ste Divisie de kazuifel van een kerk te Verdun die in lichterlaaie staat. Hij bewaart de kazuifel en steekt deze onder zijn uniform. Toen hij gezond en wel terugkeerde naar zijn land, schreef hij zijn geluk toe aan de gouden kazuifel. De kleinkinderen van Korporaal Halvik schonken deze kazuifel aan het Ossuarium.<\/p>\n","protected":false},"template":"","class_list":["post-5787","temoignages","type-temoignages","status-publish","hentry"],"acf":[],"yoast_head":"<!-- This site is optimized with the Yoast SEO plugin v26.0 - https:\/\/yoast.com\/wordpress\/plugins\/seo\/ -->\n<title>Het gedenkteken van Douaumont: een symbolische vorm - Land Of Memory<\/title>\n<meta name=\"description\" content=\"De architectuur van het gedenkteken van het Ossuarium van Douaumont wekt veel verschillende interpretaties op. Maar wat is de \u00e9chte symboliek?\" \/>\n<meta name=\"robots\" content=\"index, follow, max-snippet:-1, max-image-preview:large, max-video-preview:-1\" \/>\n<link rel=\"canonical\" href=\"https:\/\/www.landofmemory.eu\/nl\/temoignages\/het-gedenkteken-van-douaumont-een-symbolische-vorm\/\" \/>\n<meta property=\"og:locale\" content=\"nl_NL\" \/>\n<meta property=\"og:type\" content=\"article\" \/>\n<meta property=\"og:title\" content=\"Het gedenkteken van Douaumont: een symbolische vorm - Land Of Memory\" \/>\n<meta property=\"og:description\" content=\"De architectuur van het gedenkteken van het Ossuarium van Douaumont wekt veel verschillende interpretaties op. Maar wat is de \u00e9chte symboliek?\" \/>\n<meta property=\"og:url\" content=\"https:\/\/www.landofmemory.eu\/nl\/temoignages\/het-gedenkteken-van-douaumont-een-symbolische-vorm\/\" \/>\n<meta property=\"og:site_name\" content=\"Land Of Memory\" \/>\n<meta property=\"article:publisher\" content=\"https:\/\/www.facebook.com\/landofmemory.eu\" \/>\n<meta property=\"article:modified_time\" content=\"2021-12-07T15:12:21+00:00\" \/>\n<meta name=\"twitter:card\" content=\"summary_large_image\" \/>\n<meta name=\"twitter:label1\" content=\"Geschatte leestijd\" \/>\n\t<meta name=\"twitter:data1\" content=\"1 minuut\" \/>\n<script type=\"application\/ld+json\" class=\"yoast-schema-graph\">{\"@context\":\"https:\/\/schema.org\",\"@graph\":[{\"@type\":\"WebPage\",\"@id\":\"https:\/\/www.landofmemory.eu\/nl\/temoignages\/het-gedenkteken-van-douaumont-een-symbolische-vorm\/\",\"url\":\"https:\/\/www.landofmemory.eu\/nl\/temoignages\/het-gedenkteken-van-douaumont-een-symbolische-vorm\/\",\"name\":\"Het gedenkteken van Douaumont: een symbolische vorm - Land Of Memory\",\"isPartOf\":{\"@id\":\"https:\/\/www.landofmemory.eu\/#website\"},\"datePublished\":\"2021-11-05T14:25:33+00:00\",\"dateModified\":\"2021-12-07T15:12:21+00:00\",\"description\":\"De architectuur van het gedenkteken van het Ossuarium van Douaumont wekt veel verschillende interpretaties op. Maar wat is de \u00e9chte symboliek?\",\"breadcrumb\":{\"@id\":\"https:\/\/www.landofmemory.eu\/nl\/temoignages\/het-gedenkteken-van-douaumont-een-symbolische-vorm\/#breadcrumb\"},\"inLanguage\":\"nl-NL\",\"potentialAction\":[{\"@type\":\"ReadAction\",\"target\":[\"https:\/\/www.landofmemory.eu\/nl\/temoignages\/het-gedenkteken-van-douaumont-een-symbolische-vorm\/\"]}]},{\"@type\":\"BreadcrumbList\",\"@id\":\"https:\/\/www.landofmemory.eu\/nl\/temoignages\/het-gedenkteken-van-douaumont-een-symbolische-vorm\/#breadcrumb\",\"itemListElement\":[{\"@type\":\"ListItem\",\"position\":1,\"name\":\"Accueil\",\"item\":\"https:\/\/www.landofmemory.eu\/\"},{\"@type\":\"ListItem\",\"position\":2,\"name\":\"Het gedenkteken van Douaumont: een symbolische vorm\"}]},{\"@type\":\"WebSite\",\"@id\":\"https:\/\/www.landofmemory.eu\/#website\",\"url\":\"https:\/\/www.landofmemory.eu\/\",\"name\":\"Land Of Memory\",\"description\":\"L&#039;histoire commence ici\",\"publisher\":{\"@id\":\"https:\/\/www.landofmemory.eu\/#organization\"},\"potentialAction\":[{\"@type\":\"SearchAction\",\"target\":{\"@type\":\"EntryPoint\",\"urlTemplate\":\"https:\/\/www.landofmemory.eu\/?s={search_term_string}\"},\"query-input\":{\"@type\":\"PropertyValueSpecification\",\"valueRequired\":true,\"valueName\":\"search_term_string\"}}],\"inLanguage\":\"nl-NL\"},{\"@type\":\"Organization\",\"@id\":\"https:\/\/www.landofmemory.eu\/#organization\",\"name\":\"Land Of Memory\",\"url\":\"https:\/\/www.landofmemory.eu\/\",\"logo\":{\"@type\":\"ImageObject\",\"inLanguage\":\"nl-NL\",\"@id\":\"https:\/\/www.landofmemory.eu\/#\/schema\/logo\/image\/\",\"url\":\"https:\/\/www.landofmemory.eu\/wp-content\/uploads\/2022\/10\/logo-land-of-memory.jpg\",\"contentUrl\":\"https:\/\/www.landofmemory.eu\/wp-content\/uploads\/2022\/10\/logo-land-of-memory.jpg\",\"width\":1000,\"height\":500,\"caption\":\"Land Of Memory\"},\"image\":{\"@id\":\"https:\/\/www.landofmemory.eu\/#\/schema\/logo\/image\/\"},\"sameAs\":[\"https:\/\/www.facebook.com\/landofmemory.eu\",\"https:\/\/www.instagram.com\/landofmemory_eu\/\"]}]}<\/script>\n<!-- \/ Yoast SEO plugin. -->","yoast_head_json":{"title":"Het gedenkteken van Douaumont: een symbolische vorm - Land Of Memory","description":"De architectuur van het gedenkteken van het Ossuarium van Douaumont wekt veel verschillende interpretaties op. Maar wat is de \u00e9chte symboliek?","robots":{"index":"index","follow":"follow","max-snippet":"max-snippet:-1","max-image-preview":"max-image-preview:large","max-video-preview":"max-video-preview:-1"},"canonical":"https:\/\/www.landofmemory.eu\/nl\/temoignages\/het-gedenkteken-van-douaumont-een-symbolische-vorm\/","og_locale":"nl_NL","og_type":"article","og_title":"Het gedenkteken van Douaumont: een symbolische vorm - Land Of Memory","og_description":"De architectuur van het gedenkteken van het Ossuarium van Douaumont wekt veel verschillende interpretaties op. Maar wat is de \u00e9chte symboliek?","og_url":"https:\/\/www.landofmemory.eu\/nl\/temoignages\/het-gedenkteken-van-douaumont-een-symbolische-vorm\/","og_site_name":"Land Of Memory","article_publisher":"https:\/\/www.facebook.com\/landofmemory.eu","article_modified_time":"2021-12-07T15:12:21+00:00","twitter_card":"summary_large_image","twitter_misc":{"Geschatte leestijd":"1 minuut"},"schema":{"@context":"https:\/\/schema.org","@graph":[{"@type":"WebPage","@id":"https:\/\/www.landofmemory.eu\/nl\/temoignages\/het-gedenkteken-van-douaumont-een-symbolische-vorm\/","url":"https:\/\/www.landofmemory.eu\/nl\/temoignages\/het-gedenkteken-van-douaumont-een-symbolische-vorm\/","name":"Het gedenkteken van Douaumont: een symbolische vorm - Land Of Memory","isPartOf":{"@id":"https:\/\/www.landofmemory.eu\/#website"},"datePublished":"2021-11-05T14:25:33+00:00","dateModified":"2021-12-07T15:12:21+00:00","description":"De architectuur van het gedenkteken van het Ossuarium van Douaumont wekt veel verschillende interpretaties op. Maar wat is de \u00e9chte symboliek?","breadcrumb":{"@id":"https:\/\/www.landofmemory.eu\/nl\/temoignages\/het-gedenkteken-van-douaumont-een-symbolische-vorm\/#breadcrumb"},"inLanguage":"nl-NL","potentialAction":[{"@type":"ReadAction","target":["https:\/\/www.landofmemory.eu\/nl\/temoignages\/het-gedenkteken-van-douaumont-een-symbolische-vorm\/"]}]},{"@type":"BreadcrumbList","@id":"https:\/\/www.landofmemory.eu\/nl\/temoignages\/het-gedenkteken-van-douaumont-een-symbolische-vorm\/#breadcrumb","itemListElement":[{"@type":"ListItem","position":1,"name":"Accueil","item":"https:\/\/www.landofmemory.eu\/"},{"@type":"ListItem","position":2,"name":"Het gedenkteken van Douaumont: een symbolische vorm"}]},{"@type":"WebSite","@id":"https:\/\/www.landofmemory.eu\/#website","url":"https:\/\/www.landofmemory.eu\/","name":"Land Of Memory","description":"L&#039;histoire commence ici","publisher":{"@id":"https:\/\/www.landofmemory.eu\/#organization"},"potentialAction":[{"@type":"SearchAction","target":{"@type":"EntryPoint","urlTemplate":"https:\/\/www.landofmemory.eu\/?s={search_term_string}"},"query-input":{"@type":"PropertyValueSpecification","valueRequired":true,"valueName":"search_term_string"}}],"inLanguage":"nl-NL"},{"@type":"Organization","@id":"https:\/\/www.landofmemory.eu\/#organization","name":"Land Of Memory","url":"https:\/\/www.landofmemory.eu\/","logo":{"@type":"ImageObject","inLanguage":"nl-NL","@id":"https:\/\/www.landofmemory.eu\/#\/schema\/logo\/image\/","url":"https:\/\/www.landofmemory.eu\/wp-content\/uploads\/2022\/10\/logo-land-of-memory.jpg","contentUrl":"https:\/\/www.landofmemory.eu\/wp-content\/uploads\/2022\/10\/logo-land-of-memory.jpg","width":1000,"height":500,"caption":"Land Of Memory"},"image":{"@id":"https:\/\/www.landofmemory.eu\/#\/schema\/logo\/image\/"},"sameAs":["https:\/\/www.facebook.com\/landofmemory.eu","https:\/\/www.instagram.com\/landofmemory_eu\/"]}]}},"_links":{"self":[{"href":"https:\/\/www.landofmemory.eu\/nl\/wp-json\/wp\/v2\/temoignages\/5787","targetHints":{"allow":["GET"]}}],"collection":[{"href":"https:\/\/www.landofmemory.eu\/nl\/wp-json\/wp\/v2\/temoignages"}],"about":[{"href":"https:\/\/www.landofmemory.eu\/nl\/wp-json\/wp\/v2\/types\/temoignages"}],"wp:attachment":[{"href":"https:\/\/www.landofmemory.eu\/nl\/wp-json\/wp\/v2\/media?parent=5787"}],"curies":[{"name":"wp","href":"https:\/\/api.w.org\/{rel}","templated":true}]}}

<p>Niettegenstaande de vorm van het Ossuarium van Douaumont wel degelijk een bijzondere symboliek heeft, vergist men zich vaak in verband met de interpretatie ervan. Meestal denkt men dat het een obus voorstelt of een zwaard in de aarde om de vrede te symboliseren tussen de naties. Maar we horen ook spreken over een mogelijke Egyptische invloed, waarbij het monument zou geïnspireerd zijn door de Egyptische obelisken. En inderdaad, één van de drie architecten van het Ossuarium, Azema, kwam uit Alexandrië.</p>

<p>In feite, werd het gedenkteken van Douaumont ontworpen met een toren om aan het bouwwerk een extra hoogtedimensie te geven. Zo wil het de soldaten, die nog op het slagveld liggen van de <strong>Slag om Verdun</strong>, toelaten vrede te vinden. Men schat dat ongeveer 80 000 soldaten nooit teruggevonden werden en dus nog steeds onder de grond liggen. Zij die wel teruggevonden werden, rusten in 46 graven die overeenstemmen met de 46 sectoren van het slagveld. De beenderen werden gesorteerd volgens de plaats waar ze teruggevonden werden. In totaal, rusten 130 000 ongekende soldaten van alle nationaliteiten op deze plaats. De beenderen zijn door ruiten zichtbaar van buitenaf.</p>

<p>In het midden van de laan die naar de kapel leidt, heeft de gouden kazuifel, die onder glas bewaard wordt, ook een bijzondere geschiedenis. Op het einde van de Eerste Wereldoorlog, redt Korporaal Halvik van de 89ste Divisie de kazuifel van een kerk te Verdun die in lichterlaaie staat. Hij bewaart de kazuifel en steekt deze onder zijn uniform. Toen hij gezond en wel terugkeerde naar zijn land, schreef hij zijn geluk toe aan de gouden kazuifel. De kleinkinderen van Korporaal Halvik schonken deze kazuifel aan het Ossuarium.</p>

<!-- This site is optimized with the Yoast SEO plugin v26.0 - https://yoast.com/wordpress/plugins/seo/ -->
<title>Het gedenkteken van Douaumont: een symbolische vorm - Land Of Memory</title>
<meta name="description" content="De architectuur van het gedenkteken van het Ossuarium van Douaumont wekt veel verschillende interpretaties op. Maar wat is de échte symboliek?" />
<meta name="robots" content="index, follow, max-snippet:-1, max-image-preview:large, max-video-preview:-1" />
<link rel="canonical" href="https://www.landofmemory.eu/nl/temoignages/het-gedenkteken-van-douaumont-een-symbolische-vorm/" />
<meta property="og:locale" content="nl_NL" />
<meta property="og:type" content="article" />
<meta property="og:title" content="Het gedenkteken van Douaumont: een symbolische vorm - Land Of Memory" />
<meta property="og:description" content="De architectuur van het gedenkteken van het Ossuarium van Douaumont wekt veel verschillende interpretaties op. Maar wat is de échte symboliek?" />
<meta property="og:url" content="https://www.landofmemory.eu/nl/temoignages/het-gedenkteken-van-douaumont-een-symbolische-vorm/" />
<meta property="og:site_name" content="Land Of Memory" />
<meta property="article:publisher" content="https://www.facebook.com/landofmemory.eu" />
<meta property="article:modified_time" content="2021-12-07T15:12:21+00:00" />
<meta name="twitter:card" content="summary_large_image" />
<meta name="twitter:label1" content="Geschatte leestijd" />
	<meta name="twitter:data1" content="1 minuut" />
<script type="application/ld+json" class="yoast-schema-graph">{"@context":"https://schema.org","@graph":[{"@type":"WebPage","@id":"https://www.landofmemory.eu/nl/temoignages/het-gedenkteken-van-douaumont-een-symbolische-vorm/","url":"https://www.landofmemory.eu/nl/temoignages/het-gedenkteken-van-douaumont-een-symbolische-vorm/","name":"Het gedenkteken van Douaumont: een symbolische vorm - Land Of Memory","isPartOf":{"@id":"https://www.landofmemory.eu/#website"},"datePublished":"2021-11-05T14:25:33+00:00","dateModified":"2021-12-07T15:12:21+00:00","description":"De architectuur van het gedenkteken van het Ossuarium van Douaumont wekt veel verschillende interpretaties op. Maar wat is de échte symboliek?","breadcrumb":{"@id":"https://www.landofmemory.eu/nl/temoignages/het-gedenkteken-van-douaumont-een-symbolische-vorm/#breadcrumb"},"inLanguage":"nl-NL","potentialAction":[{"@type":"ReadAction","target":["https://www.landofmemory.eu/nl/temoignages/het-gedenkteken-van-douaumont-een-symbolische-vorm/"]}]},{"@type":"BreadcrumbList","@id":"https://www.landofmemory.eu/nl/temoignages/het-gedenkteken-van-douaumont-een-symbolische-vorm/#breadcrumb","itemListElement":[{"@type":"ListItem","position":1,"name":"Accueil","item":"https://www.landofmemory.eu/"},{"@type":"ListItem","position":2,"name":"Het gedenkteken van Douaumont: een symbolische vorm"}]},{"@type":"WebSite","@id":"https://www.landofmemory.eu/#website","url":"https://www.landofmemory.eu/","name":"Land Of Memory","description":"L&#039;histoire commence ici","publisher":{"@id":"https://www.landofmemory.eu/#organization"},"potentialAction":[{"@type":"SearchAction","target":{"@type":"EntryPoint","urlTemplate":"https://www.landofmemory.eu/?s={search_term_string}"},"query-input":{"@type":"PropertyValueSpecification","valueRequired":true,"valueName":"search_term_string"}}],"inLanguage":"nl-NL"},{"@type":"Organization","@id":"https://www.landofmemory.eu/#organization","name":"Land Of Memory","url":"https://www.landofmemory.eu/","logo":{"@type":"ImageObject","inLanguage":"nl-NL","@id":"https://www.landofmemory.eu/#/schema/logo/image/","url":"https://www.landofmemory.eu/wp-content/uploads/2022/10/logo-land-of-memory.jpg","contentUrl":"https://www.landofmemory.eu/wp-content/uploads/2022/10/logo-land-of-memory.jpg","width":1000,"height":500,"caption":"Land Of Memory"},"image":{"@id":"https://www.landofmemory.eu/#/schema/logo/image/"},"sameAs":["https://www.facebook.com/landofmemory.eu","https://www.instagram.com/landofmemory_eu/"]}]}</script>
<!-- / Yoast SEO plugin. -->

De architectuur van het gedenkteken van het Ossuarium van Douaumont wekt veel verschillende interpretaties op. Maar wat is de échte symboliek?
